HEX
Server: Apache
System: Linux server-634962.emtiyz.com 5.14.0-611.11.1.el9_7.x86_64 #1 SMP PREEMPT_DYNAMIC Wed Dec 3 09:47:37 EST 2025 x86_64
User: codo66ho (1003)
PHP: 8.2.29
Disabled: exec,passthru,shell_exec,system
Upload Files
File: /home/codo66ho/access-logs/emtiyz.com
83.99.206.161 - - [19/Dec/2025:07:01:57 -0500] "GET /franchise/fistikzade/ HTTP/1.1" 200 168586 "-" "Mozilla/5.0 (X11; Linux x86_64) AppleWebKit/537.36 (KHTML, like Gecko; GeedoShopProductFinder) Chrome/142.0.0.0 Safari/537.36"
50.6.4.141 - - [19/Dec/2025:07:02:19 -0500] "POST /wp-cron.php?doing_wp_cron=1766145739.5154609680175781250000 HTTP/1.1" 200 - "-" "WordPress/6.9; http://emtiyz.com"
83.99.206.40 - - [19/Dec/2025:07:02:17 -0500] "GET /drive-type/800/ HTTP/1.1" 200 146301 "-" "Mozilla/5.0 (X11; Linux x86_64) AppleWebKit/537.36 (KHTML, like Gecko; GeedoShopProductFinder) Chrome/142.0.0.0 Safari/537.36"
83.99.206.40 - - [19/Dec/2025:07:02:36 -0500] "GET /franchise/yes-we-fix/ HTTP/1.1" 200 168949 "-" "Mozilla/5.0 (X11; Linux x86_64) AppleWebKit/537.36 (KHTML, like Gecko; GeedoShopProductFinder) Chrome/142.0.0.0 Safari/537.36"
83.99.206.181 - - [19/Dec/2025:07:03:06 -0500] "GET /franchise/hlayel-shawarma/ HTTP/1.1" 200 169334 "-" "Mozilla/5.0 (X11; Linux x86_64) AppleWebKit/537.36 (KHTML, like Gecko; GeedoShopProductFinder) Chrome/142.0.0.0 Safari/537.36"
50.6.4.141 - - [19/Dec/2025:07:03:28 -0500] "POST /wp-cron.php?doing_wp_cron=1766145808.3403780460357666015625 HTTP/1.1" 200 - "-" "WordPress/6.9; http://emtiyz.com"
83.99.206.2 - - [19/Dec/2025:07:03:27 -0500] "GET /drive-type/6/ HTTP/1.1" 200 145984 "-" "Mozilla/5.0 (X11; Linux x86_64) AppleWebKit/537.36 (KHTML, like Gecko; GeedoShopProductFinder) Chrome/142.0.0.0 Safari/537.36"
83.99.206.181 - - [19/Dec/2025:07:03:47 -0500] "GET /payment-invoice/?package_id=163 HTTP/1.1" 200 107862 "-" "Mozilla/5.0 (X11; Linux x86_64) AppleWebKit/537.36 (KHTML, like Gecko; GeedoShopProductFinder) Chrome/142.0.0.0 Safari/537.36"
83.99.206.181 - - [19/Dec/2025:07:04:06 -0500] "GET /transmission/5/ HTTP/1.1" 200 162465 "-" "Mozilla/5.0 (X11; Linux x86_64) AppleWebKit/537.36 (KHTML, like Gecko; GeedoShopProductFinder) Chrome/142.0.0.0 Safari/537.36"
50.6.4.141 - - [19/Dec/2025:07:04:27 -0500] "POST /wp-cron.php?doing_wp_cron=1766145867.8386650085449218750000 HTTP/1.1" 200 - "-" "WordPress/6.9; http://emtiyz.com"
83.99.206.181 - - [19/Dec/2025:07:04:27 -0500] "GET /emtiyz-consulting-wins-best-company-in-the-gulf-region-2024-award-at-abu-dhabi-ceremony/ HTTP/1.1" 200 118142 "-" "Mozilla/5.0 (X11; Linux x86_64) AppleWebKit/537.36 (KHTML, like Gecko; GeedoShopProductFinder) Chrome/142.0.0.0 Safari/537.36"
83.99.206.181 - - [19/Dec/2025:07:04:46 -0500] "GET /2025/11/20/ HTTP/1.1" 200 106529 "-" "Mozilla/5.0 (X11; Linux x86_64) AppleWebKit/537.36 (KHTML, like Gecko; GeedoShopProductFinder) Chrome/142.0.0.0 Safari/537.36"
83.99.206.195 - - [19/Dec/2025:07:05:19 -0500] "GET /payment-invoice/ HTTP/1.1" 200 107862 "-" "Mozilla/5.0 (X11; Linux x86_64) AppleWebKit/537.36 (KHTML, like Gecko; GeedoShopProductFinder) Chrome/142.0.0.0 Safari/537.36"
83.99.206.195 - - [19/Dec/2025:07:05:38 -0500] "GET /body/emarati-franchise/ HTTP/1.1" 200 146237 "-" "Mozilla/5.0 (X11; Linux x86_64) AppleWebKit/537.36 (KHTML, like Gecko; GeedoShopProductFinder) Chrome/142.0.0.0 Safari/537.36"
83.99.206.195 - - [19/Dec/2025:07:05:59 -0500] "GET / HTTP/1.1" 200 374961 "-" "Mozilla/5.0 (X11; Linux x86_64) AppleWebKit/537.36 (KHTML, like Gecko; GeedoShopProductFinder) Chrome/142.0.0.0 Safari/537.36"
50.6.4.141 - - [19/Dec/2025:07:06:20 -0500] "POST /wp-cron.php?doing_wp_cron=1766145980.2888479232788085937500 HTTP/1.1" 200 - "-" "WordPress/6.9; http://emtiyz.com"
83.99.206.197 - - [19/Dec/2025:07:06:19 -0500] "GET /dealer/dealer1/ HTTP/1.1" 200 120198 "-" "Mozilla/5.0 (X11; Linux x86_64) AppleWebKit/537.36 (KHTML, like Gecko; GeedoShopProductFinder) Chrome/142.0.0.0 Safari/537.36"
83.99.206.195 - - [19/Dec/2025:07:06:38 -0500] "GET /review/ HTTP/1.1" 200 107671 "-" "Mozilla/5.0 (X11; Linux x86_64) AppleWebKit/537.36 (KHTML, like Gecko; GeedoShopProductFinder) Chrome/142.0.0.0 Safari/537.36"
83.99.206.195 - - [19/Dec/2025:07:06:58 -0500] "GET /dealer/jones-stonie/ HTTP/1.1" 200 119884 "-" "Mozilla/5.0 (X11; Linux x86_64) AppleWebKit/537.36 (KHTML, like Gecko; GeedoShopProductFinder) Chrome/142.0.0.0 Safari/537.36"
50.6.4.141 - - [19/Dec/2025:07:07:33 -0500] "POST /wp-cron.php?doing_wp_cron=1766146053.0408790111541748046875 HTTP/1.1" 200 - "-" "WordPress/6.9; http://emtiyz.com"
83.99.206.151 - - [19/Dec/2025:07:07:32 -0500] "GET /dashboard/ HTTP/1.1" 200 107734 "-" "Mozilla/5.0 (X11; Linux x86_64) AppleWebKit/537.36 (KHTML, like Gecko; GeedoShopProductFinder) Chrome/142.0.0.0 Safari/537.36"
83.99.206.216 - - [19/Dec/2025:07:07:52 -0500] "GET /listing-list/ HTTP/1.1" 200 328437 "-" "Mozilla/5.0 (X11; Linux x86_64) AppleWebKit/537.36 (KHTML, like Gecko; GeedoShopProductFinder) Chrome/142.0.0.0 Safari/537.36"
83.99.206.216 - - [19/Dec/2025:07:08:12 -0500] "GET /franchise/ HTTP/1.1" 200 325687 "-" "Mozilla/5.0 (X11; Linux x86_64) AppleWebKit/537.36 (KHTML, like Gecko; GeedoShopProductFinder) Chrome/142.0.0.0 Safari/537.36"
50.6.4.141 - - [19/Dec/2025:07:08:26 -0500] "POST /wp-cron.php?doing_wp_cron=1766146106.2490549087524414062500 HTTP/1.1" 200 - "-" "WordPress/6.9; http://emtiyz.com"
107.189.5.145 - - [19/Dec/2025:07:08:25 -0500] "GET /wp-login.php HTTP/1.1" 200 10412 "https://www.yahoo.com/" "Mozilla/5.0 (Windows NT 10.0; Win64; x64) AppleWebKit/537.36 (KHTML, like Gecko) Chrome/118.0.5993.117 Safari/537.36"
83.99.206.216 - - [19/Dec/2025:07:08:32 -0500] "GET /drive-type/48/ HTTP/1.1" 200 146074 "-" "Mozilla/5.0 (X11; Linux x86_64) AppleWebKit/537.36 (KHTML, like Gecko; GeedoShopProductFinder) Chrome/142.0.0.0 Safari/537.36"
83.99.206.67 - - [19/Dec/2025:07:08:51 -0500] "GET /advanced-search/ HTTP/1.1" 200 321730 "-" "Mozilla/5.0 (X11; Linux x86_64) AppleWebKit/537.36 (KHTML, like Gecko; GeedoShopProductFinder) Chrome/142.0.0.0 Safari/537.36"
107.189.5.145 - - [19/Dec/2025:07:08:55 -0500] "POST /wp-login.php HTTP/1.1" 200 10868 "https://www.yahoo.com/" "Mozilla/5.0 (Windows NT 10.0; Win64; x64) AppleWebKit/537.36 (KHTML, like Gecko) Chrome/118.0.5993.117 Safari/537.36"
83.99.206.216 - - [19/Dec/2025:07:09:12 -0500] "GET /transmission/6/ HTTP/1.1" 200 211698 "-" "Mozilla/5.0 (X11; Linux x86_64) AppleWebKit/537.36 (KHTML, like Gecko; GeedoShopProductFinder) Chrome/142.0.0.0 Safari/537.36"
83.99.206.246 - - [19/Dec/2025:07:09:43 -0500] "GET /dealer/emtiyz/ HTTP/1.1" 200 330777 "-" "Mozilla/5.0 (X11; Linux x86_64) AppleWebKit/537.36 (KHTML, like Gecko; GeedoShopProductFinder) Chrome/142.0.0.0 Safari/537.36"
83.99.206.119 - - [19/Dec/2025:07:10:02 -0500] "GET /book-an-appointment/ HTTP/1.1" 200 103101 "-" "Mozilla/5.0 (X11; Linux x86_64) AppleWebKit/537.36 (KHTML, like Gecko; GeedoShopProductFinder) Chrome/142.0.0.0 Safari/537.36"
50.6.4.141 - - [19/Dec/2025:07:10:24 -0500] "POST /wp-cron.php?doing_wp_cron=1766146224.1294629573822021484375 HTTP/1.1" 200 - "-" "WordPress/6.9; http://emtiyz.com"
83.99.206.246 - - [19/Dec/2025:07:10:23 -0500] "GET /test/ HTTP/1.1" 200 104756 "-" "Mozilla/5.0 (X11; Linux x86_64) AppleWebKit/537.36 (KHTML, like Gecko; GeedoShopProductFinder) Chrome/142.0.0.0 Safari/537.36"
83.99.206.246 - - [19/Dec/2025:07:10:42 -0500] "GET /model/500-000-beauty/ HTTP/1.1" 200 146146 "-" "Mozilla/5.0 (X11; Linux x86_64) AppleWebKit/537.36 (KHTML, like Gecko; GeedoShopProductFinder) Chrome/142.0.0.0 Safari/537.36"
83.99.206.246 - - [19/Dec/2025:07:11:03 -0500] "GET /awards-ceremony/ HTTP/1.1" 200 115505 "-" "Mozilla/5.0 (X11; Linux x86_64) AppleWebKit/537.36 (KHTML, like Gecko; GeedoShopProductFinder) Chrome/142.0.0.0 Safari/537.36"
50.6.4.141 - - [19/Dec/2025:07:11:23 -0500] "POST /wp-cron.php?doing_wp_cron=1766146283.4018950462341308593750 HTTP/1.1" 200 - "-" "WordPress/6.9; http://emtiyz.com"
83.99.206.83 - - [19/Dec/2025:07:11:22 -0500] "GET /drive-type/5/ HTTP/1.1" 200 146072 "-" "Mozilla/5.0 (X11; Linux x86_64) AppleWebKit/537.36 (KHTML, like Gecko; GeedoShopProductFinder) Chrome/142.0.0.0 Safari/537.36"
83.99.206.9 - - [19/Dec/2025:07:11:52 -0500] "GET /franchise/coffee-house-prime/ HTTP/1.1" 200 169052 "-" "Mozilla/5.0 (X11; Linux x86_64) AppleWebKit/537.36 (KHTML, like Gecko; GeedoShopProductFinder) Chrome/142.0.0.0 Safari/537.36"
83.99.206.101 - - [19/Dec/2025:07:12:12 -0500] "GET /dealer/dealer4/ HTTP/1.1" 200 119792 "-" "Mozilla/5.0 (X11; Linux x86_64) AppleWebKit/537.36 (KHTML, like Gecko; GeedoShopProductFinder) Chrome/142.0.0.0 Safari/537.36"
50.6.4.141 - - [19/Dec/2025:07:12:34 -0500] "POST /wp-cron.php?doing_wp_cron=1766146354.0096518993377685546875 HTTP/1.1" 200 - "-" "WordPress/6.9; http://emtiyz.com"
83.99.206.9 - - [19/Dec/2025:07:12:33 -0500] "GET /2025/05/29/ HTTP/1.1" 200 111636 "-" "Mozilla/5.0 (X11; Linux x86_64) AppleWebKit/537.36 (KHTML, like Gecko; GeedoShopProductFinder) Chrome/142.0.0.0 Safari/537.36"
83.99.206.9 - - [19/Dec/2025:07:12:53 -0500] "GET /make/industries/ HTTP/1.1" 200 146121 "-" "Mozilla/5.0 (X11; Linux x86_64) AppleWebKit/537.36 (KHTML, like Gecko; GeedoShopProductFinder) Chrome/142.0.0.0 Safari/537.36"
83.99.206.172 - - [19/Dec/2025:07:13:13 -0500] "GET /design-corporate-identity/ HTTP/1.1" 200 118770 "-" "Mozilla/5.0 (X11; Linux x86_64) AppleWebKit/537.36 (KHTML, like Gecko; GeedoShopProductFinder) Chrome/142.0.0.0 Safari/537.36"
50.6.4.141 - - [19/Dec/2025:07:13:33 -0500] "POST /wp-cron.php?doing_wp_cron=1766146413.7360489368438720703125 HTTP/1.1" 200 - "-" "WordPress/6.9; http://emtiyz.com"
83.99.206.134 - - [19/Dec/2025:07:13:33 -0500] "GET /sale-agents/page/1/ HTTP/1.1" 301 - "-" "Mozilla/5.0 (X11; Linux x86_64) AppleWebKit/537.36 (KHTML, like Gecko; GeedoShopProductFinder) Chrome/142.0.0.0 Safari/537.36"
83.99.206.134 - - [19/Dec/2025:07:13:35 -0500] "GET /sale-agents/ HTTP/1.1" 200 125323 "-" "Mozilla/5.0 (X11; Linux x86_64) AppleWebKit/537.36 (KHTML, like Gecko; GeedoShopProductFinder) Chrome/142.0.0.0 Safari/537.36"
173.252.70.23 - - [19/Dec/2025:07:13:51 -0500] "GET /robots.txt HTTP/1.1" 200 151 "-" "facebookexternalhit/1.1 (+http://www.facebook.com/externalhit_uatext.php)"
83.99.206.197 - - [19/Dec/2025:07:14:09 -0500] "GET /emtiyz-consulting-and-ajman-chamber-sign-mou-to-support-entrepreneurs-and-expand-franchise-opportunities/ HTTP/1.1" 200 118629 "-" "Mozilla/5.0 (X11; Linux x86_64) AppleWebKit/537.36 (KHTML, like Gecko; GeedoShopProductFinder) Chrome/142.0.0.0 Safari/537.36"
50.6.4.141 - - [19/Dec/2025:07:14:30 -0500] "POST /wp-cron.php?doing_wp_cron=1766146470.3369889259338378906250 HTTP/1.1" 200 - "-" "WordPress/6.9; http://emtiyz.com"
83.99.206.20 - - [19/Dec/2025:07:14:29 -0500] "GET /dealer/dealer5/ HTTP/1.1" 200 119792 "-" "Mozilla/5.0 (X11; Linux x86_64) AppleWebKit/537.36 (KHTML, like Gecko; GeedoShopProductFinder) Chrome/142.0.0.0 Safari/537.36"
83.99.206.197 - - [19/Dec/2025:07:14:48 -0500] "GET /2025/05/29/page/2/ HTTP/1.1" 200 111900 "-" "Mozilla/5.0 (X11; Linux x86_64) AppleWebKit/537.36 (KHTML, like Gecko; GeedoShopProductFinder) Chrome/142.0.0.0 Safari/537.36"
83.99.206.162 - - [19/Dec/2025:07:15:09 -0500] "GET /make/healthcare/ HTTP/1.1" 200 132374 "-" "Mozilla/5.0 (X11; Linux x86_64) AppleWebKit/537.36 (KHTML, like Gecko; GeedoShopProductFinder) Chrome/142.0.0.0 Safari/537.36"
50.6.4.141 - - [19/Dec/2025:07:15:30 -0500] "POST /wp-cron.php?doing_wp_cron=1766146530.2059419155120849609375 HTTP/1.1" 200 - "-" "WordPress/6.9; http://emtiyz.com"
83.99.206.197 - - [19/Dec/2025:07:15:29 -0500] "GET /uae-ministry-of-economy-launches-scale-up-franchise-program-in-partnership-with-emtiyz-consulting/ HTTP/1.1" 200 118975 "-" "Mozilla/5.0 (X11; Linux x86_64) AppleWebKit/537.36 (KHTML, like Gecko; GeedoShopProductFinder) Chrome/142.0.0.0 Safari/537.36"
83.99.206.92 - - [19/Dec/2025:07:15:49 -0500] "GET /listing-list/?paged=2 HTTP/1.1" 301 - "-" "Mozilla/5.0 (X11; Linux x86_64) AppleWebKit/537.36 (KHTML, like Gecko; GeedoShopProductFinder) Chrome/142.0.0.0 Safari/537.36"
83.99.206.92 - - [19/Dec/2025:07:15:50 -0500] "GET /listing-list/page/2/ HTTP/1.1" 200 149260 "-" "Mozilla/5.0 (X11; Linux x86_64) AppleWebKit/537.36 (KHTML, like Gecko; GeedoShopProductFinder) Chrome/142.0.0.0 Safari/537.36"
50.6.4.141 - - [19/Dec/2025:07:16:22 -0500] "POST /wp-cron.php?doing_wp_cron=1766146582.1567840576171875000000 HTTP/1.1" 200 - "-" "WordPress/6.9; http://emtiyz.com"
83.99.206.113 - - [19/Dec/2025:07:16:21 -0500] "GET /model/300000-fnb/ HTTP/1.1" 200 146140 "-" "Mozilla/5.0 (X11; Linux x86_64) AppleWebKit/537.36 (KHTML, like Gecko; GeedoShopProductFinder) Chrome/142.0.0.0 Safari/537.36"
83.99.206.67 - - [19/Dec/2025:07:16:41 -0500] "GET /drive-type/3/ HTTP/1.1" 200 178615 "-" "Mozilla/5.0 (X11; Linux x86_64) AppleWebKit/537.36 (KHTML, like Gecko; GeedoShopProductFinder) Chrome/142.0.0.0 Safari/537.36"
83.99.206.113 - - [19/Dec/2025:07:17:01 -0500] "GET /2025/11/10/ HTTP/1.1" 200 108024 "-" "Mozilla/5.0 (X11; Linux x86_64) AppleWebKit/537.36 (KHTML, like Gecko; GeedoShopProductFinder) Chrome/142.0.0.0 Safari/537.36"
50.6.4.141 - - [19/Dec/2025:07:17:22 -0500] "POST /wp-cron.php?doing_wp_cron=1766146642.3950850963592529296875 HTTP/1.1" 200 - "-" "WordPress/6.9; http://emtiyz.com"
83.99.206.113 - - [19/Dec/2025:07:17:21 -0500] "GET /drive-type/4/ HTTP/1.1" 200 146015 "-" "Mozilla/5.0 (X11; Linux x86_64) AppleWebKit/537.36 (KHTML, like Gecko; GeedoShopProductFinder) Chrome/142.0.0.0 Safari/537.36"
83.99.206.19 - - [19/Dec/2025:07:17:40 -0500] "GET /advanced-search/?paged=2 HTTP/1.1" 301 - "-" "Mozilla/5.0 (X11; Linux x86_64) AppleWebKit/537.36 (KHTML, like Gecko; GeedoShopProductFinder) Chrome/142.0.0.0 Safari/537.36"
83.99.206.19 - - [19/Dec/2025:07:17:41 -0500] "GET /advanced-search/page/2/ HTTP/1.1" 200 142609 "-" "Mozilla/5.0 (X11; Linux x86_64) AppleWebKit/537.36 (KHTML, like Gecko; GeedoShopProductFinder) Chrome/142.0.0.0 Safari/537.36"
83.99.206.113 - - [19/Dec/2025:07:18:01 -0500] "GET /dealer/dealer7/ HTTP/1.1" 200 119940 "-" "Mozilla/5.0 (X11; Linux x86_64) AppleWebKit/537.36 (KHTML, like Gecko; GeedoShopProductFinder) Chrome/142.0.0.0 Safari/537.36"
50.6.4.141 - - [19/Dec/2025:07:18:38 -0500] "POST /wp-cron.php?doing_wp_cron=1766146718.6518030166625976562500 HTTP/1.1" 200 - "-" "WordPress/6.9; http://emtiyz.com"
83.99.206.40 - - [19/Dec/2025:07:18:38 -0500] "GET /model/800000-fnb/ HTTP/1.1" 200 146094 "-" "Mozilla/5.0 (X11; Linux x86_64) AppleWebKit/537.36 (KHTML, like Gecko; GeedoShopProductFinder) Chrome/142.0.0.0 Safari/537.36"
83.99.206.40 - - [19/Dec/2025:07:18:56 -0500] "GET /payment-invoice/?package_id=2619 HTTP/1.1" 200 107862 "-" "Mozilla/5.0 (X11; Linux x86_64) AppleWebKit/537.36 (KHTML, like Gecko; GeedoShopProductFinder) Chrome/142.0.0.0 Safari/537.36"
83.99.206.93 - - [19/Dec/2025:07:19:16 -0500] "GET /make/education/ HTTP/1.1" 200 132357 "-" "Mozilla/5.0 (X11; Linux x86_64) AppleWebKit/537.36 (KHTML, like Gecko; GeedoShopProductFinder) Chrome/142.0.0.0 Safari/537.36"
50.6.4.141 - - [19/Dec/2025:07:19:37 -0500] "POST /wp-cron.php?doing_wp_cron=1766146777.3640189170837402343750 HTTP/1.1" 200 - "-" "WordPress/6.9; http://emtiyz.com"
83.99.206.118 - - [19/Dec/2025:07:19:36 -0500] "GET /franchise/hot-stone-spa/ HTTP/1.1" 200 168499 "-" "Mozilla/5.0 (X11; Linux x86_64) AppleWebKit/537.36 (KHTML, like Gecko; GeedoShopProductFinder) Chrome/142.0.0.0 Safari/537.36"
83.99.206.150 - - [19/Dec/2025:07:19:56 -0500] "GET /drive-type/1/ HTTP/1.1" 200 146054 "-" "Mozilla/5.0 (X11; Linux x86_64) AppleWebKit/537.36 (KHTML, like Gecko; GeedoShopProductFinder) Chrome/142.0.0.0 Safari/537.36"
83.99.206.40 - - [19/Dec/2025:07:20:15 -0500] "GET /franchise/?paged=2 HTTP/1.1" 301 - "-" "Mozilla/5.0 (X11; Linux x86_64) AppleWebKit/537.36 (KHTML, like Gecko; GeedoShopProductFinder) Chrome/142.0.0.0 Safari/537.36"
50.6.4.141 - - [19/Dec/2025:07:20:19 -0500] "POST /wp-cron.php?doing_wp_cron=1766146819.8074860572814941406250 HTTP/1.1" 200 - "-" "WordPress/6.9; http://emtiyz.com"
83.99.206.40 - - [19/Dec/2025:07:20:19 -0500] "GET /franchise/page/2/ HTTP/1.1" 200 147709 "-" "Mozilla/5.0 (X11; Linux x86_64) AppleWebKit/537.36 (KHTML, like Gecko; GeedoShopProductFinder) Chrome/142.0.0.0 Safari/537.36"
34.59.57.159 - - [19/Dec/2025:07:20:28 -0500] "GET / HTTP/1.1" 200 374961 "-" "Mozilla/5.0 (Windows NT 10.0; Win64; x64) AppleWebKit/537.36 (KHTML, like Gecko) Chrome/78.0.3904.108 Safari/537.36"
34.59.57.159 - - [19/Dec/2025:07:20:29 -0500] "GET /?author=1 HTTP/1.1" 301 - "-" "Mozilla/5.0 (Windows NT 10.0; Win64; x64) AppleWebKit/537.36 (KHTML, like Gecko) Chrome/78.0.3904.108 Safari/537.36"
34.59.57.159 - - [19/Dec/2025:07:20:30 -0500] "GET /?author=2 HTTP/1.1" 301 - "-" "Mozilla/5.0 (Windows NT 10.0; Win64; x64) AppleWebKit/537.36 (KHTML, like Gecko) Chrome/78.0.3904.108 Safari/537.36"
34.59.57.159 - - [19/Dec/2025:07:20:30 -0500] "GET /wp-json/wp/v2/users/ HTTP/1.1" 200 830 "-" "Mozilla/5.0 (Windows NT 10.0; Win64; x64) AppleWebKit/537.36 (KHTML, like Gecko) Chrome/78.0.3904.108 Safari/537.36"
34.59.57.159 - - [19/Dec/2025:07:20:31 -0500] "POST /xmlrpc.php HTTP/1.1" 200 401 "-" "Mozilla/5.0 (Windows NT 10.0; Win64; x64) AppleWebKit/537.36 (KHTML, like Gecko) Chrome/78.0.3904.108 Safari/537.36"
34.59.57.159 - - [19/Dec/2025:07:20:31 -0500] "POST /xmlrpc.php HTTP/1.1" 200 401 "-" "Mozilla/5.0 (Windows NT 10.0; Win64; x64) AppleWebKit/537.36 (KHTML, like Gecko) Chrome/78.0.3904.108 Safari/537.36"
34.59.57.159 - - [19/Dec/2025:07:20:32 -0500] "POST /xmlrpc.php HTTP/1.1" 200 401 "-" "Mozilla/5.0 (Windows NT 10.0; Win64; x64) AppleWebKit/537.36 (KHTML, like Gecko) Chrome/78.0.3904.108 Safari/537.36"
34.59.57.159 - - [19/Dec/2025:07:20:32 -0500] "POST /xmlrpc.php HTTP/1.1" 200 401 "-" "Mozilla/5.0 (Windows NT 10.0; Win64; x64) AppleWebKit/537.36 (KHTML, like Gecko) Chrome/78.0.3904.108 Safari/537.36"
34.59.57.159 - - [19/Dec/2025:07:20:33 -0500] "POST /xmlrpc.php HTTP/1.1" 200 401 "-" "Mozilla/5.0 (Windows NT 10.0; Win64; x64) AppleWebKit/537.36 (KHTML, like Gecko) Chrome/78.0.3904.108 Safari/537.36"
34.59.57.159 - - [19/Dec/2025:07:20:34 -0500] "POST /xmlrpc.php HTTP/1.1" 200 401 "-" "Mozilla/5.0 (Windows NT 10.0; Win64; x64) AppleWebKit/537.36 (KHTML, like Gecko) Chrome/78.0.3904.108 Safari/537.36"
34.59.57.159 - - [19/Dec/2025:07:20:34 -0500] "POST /xmlrpc.php HTTP/1.1" 200 401 "-" "Mozilla/5.0 (Windows NT 10.0; Win64; x64) AppleWebKit/537.36 (KHTML, like Gecko) Chrome/78.0.3904.108 Safari/537.36"
34.59.57.159 - - [19/Dec/2025:07:20:35 -0500] "POST /xmlrpc.php HTTP/1.1" 200 401 "-" "Mozilla/5.0 (Windows NT 10.0; Win64; x64) AppleWebKit/537.36 (KHTML, like Gecko) Chrome/78.0.3904.108 Safari/537.36"
34.59.57.159 - - [19/Dec/2025:07:20:36 -0500] "POST /xmlrpc.php HTTP/1.1" 200 401 "-" "Mozilla/5.0 (Windows NT 10.0; Win64; x64) AppleWebKit/537.36 (KHTML, like Gecko) Chrome/78.0.3904.108 Safari/537.36"
34.59.57.159 - - [19/Dec/2025:07:20:37 -0500] "POST /xmlrpc.php HTTP/1.1" 200 401 "-" "Mozilla/5.0 (Windows NT 10.0; Win64; x64) AppleWebKit/537.36 (KHTML, like Gecko) Chrome/78.0.3904.108 Safari/537.36"
34.59.57.159 - - [19/Dec/2025:07:20:37 -0500] "POST /xmlrpc.php HTTP/1.1" 200 401 "-" "Mozilla/5.0 (Windows NT 10.0; Win64; x64) AppleWebKit/537.36 (KHTML, like Gecko) Chrome/78.0.3904.108 Safari/537.36"
34.59.57.159 - - [19/Dec/2025:07:20:38 -0500] "POST /xmlrpc.php HTTP/1.1" 200 401 "-" "Mozilla/5.0 (Windows NT 10.0; Win64; x64) AppleWebKit/537.36 (KHTML, like Gecko) Chrome/78.0.3904.108 Safari/537.36"
34.59.57.159 - - [19/Dec/2025:07:20:39 -0500] "POST /xmlrpc.php HTTP/1.1" 200 401 "-" "Mozilla/5.0 (Windows NT 10.0; Win64; x64) AppleWebKit/537.36 (KHTML, like Gecko) Chrome/78.0.3904.108 Safari/537.36"
34.59.57.159 - - [19/Dec/2025:07:20:39 -0500] "POST /xmlrpc.php HTTP/1.1" 200 401 "-" "Mozilla/5.0 (Windows NT 10.0; Win64; x64) AppleWebKit/537.36 (KHTML, like Gecko) Chrome/78.0.3904.108 Safari/537.36"
34.59.57.159 - - [19/Dec/2025:07:20:40 -0500] "POST /xmlrpc.php HTTP/1.1" 200 401 "-" "Mozilla/5.0 (Windows NT 10.0; Win64; x64) AppleWebKit/537.36 (KHTML, like Gecko) Chrome/78.0.3904.108 Safari/537.36"
34.59.57.159 - - [19/Dec/2025:07:20:40 -0500] "POST /xmlrpc.php HTTP/1.1" 200 401 "-" "Mozilla/5.0 (Windows NT 10.0; Win64; x64) AppleWebKit/537.36 (KHTML, like Gecko) Chrome/78.0.3904.108 Safari/537.36"
34.59.57.159 - - [19/Dec/2025:07:20:41 -0500] "POST /xmlrpc.php HTTP/1.1" 200 401 "-" "Mozilla/5.0 (Windows NT 10.0; Win64; x64) AppleWebKit/537.36 (KHTML, like Gecko) Chrome/78.0.3904.108 Safari/537.36"
34.59.57.159 - - [19/Dec/2025:07:20:42 -0500] "POST /xmlrpc.php HTTP/1.1" 200 401 "-" "Mozilla/5.0 (Windows NT 10.0; Win64; x64) AppleWebKit/537.36 (KHTML, like Gecko) Chrome/78.0.3904.108 Safari/537.36"
34.59.57.159 - - [19/Dec/2025:07:20:42 -0500] "POST /xmlrpc.php HTTP/1.1" 200 401 "-" "Mozilla/5.0 (Windows NT 10.0; Win64; x64) AppleWebKit/537.36 (KHTML, like Gecko) Chrome/78.0.3904.108 Safari/537.36"
34.59.57.159 - - [19/Dec/2025:07:20:43 -0500] "POST /xmlrpc.php HTTP/1.1" 200 401 "-" "Mozilla/5.0 (Windows NT 10.0; Win64; x64) AppleWebKit/537.36 (KHTML, like Gecko) Chrome/78.0.3904.108 Safari/537.36"
34.59.57.159 - - [19/Dec/2025:07:20:43 -0500] "POST /xmlrpc.php HTTP/1.1" 200 401 "-" "Mozilla/5.0 (Windows NT 10.0; Win64; x64) AppleWebKit/537.36 (KHTML, like Gecko) Chrome/78.0.3904.108 Safari/537.36"
34.59.57.159 - - [19/Dec/2025:07:20:44 -0500] "POST /xmlrpc.php HTTP/1.1" 200 401 "-" "Mozilla/5.0 (Windows NT 10.0; Win64; x64) AppleWebKit/537.36 (KHTML, like Gecko) Chrome/78.0.3904.108 Safari/537.36"
34.59.57.159 - - [19/Dec/2025:07:20:44 -0500] "POST /xmlrpc.php HTTP/1.1" 200 401 "-" "Mozilla/5.0 (Windows NT 10.0; Win64; x64) AppleWebKit/537.36 (KHTML, like Gecko) Chrome/78.0.3904.108 Safari/537.36"
34.59.57.159 - - [19/Dec/2025:07:20:45 -0500] "POST /xmlrpc.php HTTP/1.1" 200 401 "-" "Mozilla/5.0 (Windows NT 10.0; Win64; x64) AppleWebKit/537.36 (KHTML, like Gecko) Chrome/78.0.3904.108 Safari/537.36"
34.59.57.159 - - [19/Dec/2025:07:20:46 -0500] "POST /xmlrpc.php HTTP/1.1" 200 401 "-" "Mozilla/5.0 (Windows NT 10.0; Win64; x64) AppleWebKit/537.36 (KHTML, like Gecko) Chrome/78.0.3904.108 Safari/537.36"
34.59.57.159 - - [19/Dec/2025:07:20:46 -0500] "POST /xmlrpc.php HTTP/1.1" 200 401 "-" "Mozilla/5.0 (Windows NT 10.0; Win64; x64) AppleWebKit/537.36 (KHTML, like Gecko) Chrome/78.0.3904.108 Safari/537.36"
34.59.57.159 - - [19/Dec/2025:07:20:47 -0500] "POST /xmlrpc.php HTTP/1.1" 200 401 "-" "Mozilla/5.0 (Windows NT 10.0; Win64; x64) AppleWebKit/537.36 (KHTML, like Gecko) Chrome/78.0.3904.108 Safari/537.36"
34.59.57.159 - - [19/Dec/2025:07:20:48 -0500] "POST /xmlrpc.php HTTP/1.1" 200 401 "-" "Mozilla/5.0 (Windows NT 10.0; Win64; x64) AppleWebKit/537.36 (KHTML, like Gecko) Chrome/78.0.3904.108 Safari/537.36"
34.59.57.159 - - [19/Dec/2025:07:20:48 -0500] "POST /xmlrpc.php HTTP/1.1" 200 401 "-" "Mozilla/5.0 (Windows NT 10.0; Win64; x64) AppleWebKit/537.36 (KHTML, like Gecko) Chrome/78.0.3904.108 Safari/537.36"
34.59.57.159 - - [19/Dec/2025:07:20:49 -0500] "POST /xmlrpc.php HTTP/1.1" 200 401 "-" "Mozilla/5.0 (Windows NT 10.0; Win64; x64) AppleWebKit/537.36 (KHTML, like Gecko) Chrome/78.0.3904.108 Safari/537.36"
34.59.57.159 - - [19/Dec/2025:07:20:49 -0500] "POST /xmlrpc.php HTTP/1.1" 200 401 "-" "Mozilla/5.0 (Windows NT 10.0; Win64; x64) AppleWebKit/537.36 (KHTML, like Gecko) Chrome/78.0.3904.108 Safari/537.36"
34.59.57.159 - - [19/Dec/2025:07:20:50 -0500] "POST /xmlrpc.php HTTP/1.1" 200 401 "-" "Mozilla/5.0 (Windows NT 10.0; Win64; x64) AppleWebKit/537.36 (KHTML, like Gecko) Chrome/78.0.3904.108 Safari/537.36"
34.59.57.159 - - [19/Dec/2025:07:20:51 -0500] "POST /xmlrpc.php HTTP/1.1" 200 401 "-" "Mozilla/5.0 (Windows NT 10.0; Win64; x64) AppleWebKit/537.36 (KHTML, like Gecko) Chrome/78.0.3904.108 Safari/537.36"
34.59.57.159 - - [19/Dec/2025:07:20:51 -0500] "POST /xmlrpc.php HTTP/1.1" 200 401 "-" "Mozilla/5.0 (Windows NT 10.0; Win64; x64) AppleWebKit/537.36 (KHTML, like Gecko) Chrome/78.0.3904.108 Safari/537.36"
34.59.57.159 - - [19/Dec/2025:07:20:52 -0500] "POST /xmlrpc.php HTTP/1.1" 200 401 "-" "Mozilla/5.0 (Windows NT 10.0; Win64; x64) AppleWebKit/537.36 (KHTML, like Gecko) Chrome/78.0.3904.108 Safari/537.36"
34.59.57.159 - - [19/Dec/2025:07:20:52 -0500] "POST /xmlrpc.php HTTP/1.1" 200 401 "-" "Mozilla/5.0 (Windows NT 10.0; Win64; x64) AppleWebKit/537.36 (KHTML, like Gecko) Chrome/78.0.3904.108 Safari/537.36"
34.59.57.159 - - [19/Dec/2025:07:20:53 -0500] "POST /xmlrpc.php HTTP/1.1" 200 401 "-" "Mozilla/5.0 (Windows NT 10.0; Win64; x64) AppleWebKit/537.36 (KHTML, like Gecko) Chrome/78.0.3904.108 Safari/537.36"
34.59.57.159 - - [19/Dec/2025:07:20:54 -0500] "POST /xmlrpc.php HTTP/1.1" 200 401 "-" "Mozilla/5.0 (Windows NT 10.0; Win64; x64) AppleWebKit/537.36 (KHTML, like Gecko) Chrome/78.0.3904.108 Safari/537.36"
83.99.206.70 - - [19/Dec/2025:07:20:54 -0500] "GET /drive-type/44/ HTTP/1.1" 200 145987 "-" "Mozilla/5.0 (X11; Linux x86_64) AppleWebKit/537.36 (KHTML, like Gecko; GeedoShopProductFinder) Chrome/142.0.0.0 Safari/537.36"
34.59.57.159 - - [19/Dec/2025:07:20:54 -0500] "POST /xmlrpc.php HTTP/1.1" 200 401 "-" "Mozilla/5.0 (Windows NT 10.0; Win64; x64) AppleWebKit/537.36 (KHTML, like Gecko) Chrome/78.0.3904.108 Safari/537.36"
34.59.57.159 - - [19/Dec/2025:07:20:55 -0500] "POST /xmlrpc.php HTTP/1.1" 200 401 "-" "Mozilla/5.0 (Windows NT 10.0; Win64; x64) AppleWebKit/537.36 (KHTML, like Gecko) Chrome/78.0.3904.108 Safari/537.36"
34.59.57.159 - - [19/Dec/2025:07:20:56 -0500] "POST /xmlrpc.php HTTP/1.1" 200 401 "-" "Mozilla/5.0 (Windows NT 10.0; Win64; x64) AppleWebKit/537.36 (KHTML, like Gecko) Chrome/78.0.3904.108 Safari/537.36"
34.59.57.159 - - [19/Dec/2025:07:20:57 -0500] "POST /xmlrpc.php HTTP/1.1" 200 401 "-" "Mozilla/5.0 (Windows NT 10.0; Win64; x64) AppleWebKit/537.36 (KHTML, like Gecko) Chrome/78.0.3904.108 Safari/537.36"
34.59.57.159 - - [19/Dec/2025:07:20:57 -0500] "POST /xmlrpc.php HTTP/1.1" 200 401 "-" "Mozilla/5.0 (Windows NT 10.0; Win64; x64) AppleWebKit/537.36 (KHTML, like Gecko) Chrome/78.0.3904.108 Safari/537.36"
34.59.57.159 - - [19/Dec/2025:07:20:58 -0500] "POST /xmlrpc.php HTTP/1.1" 200 401 "-" "Mozilla/5.0 (Windows NT 10.0; Win64; x64) AppleWebKit/537.36 (KHTML, like Gecko) Chrome/78.0.3904.108 Safari/537.36"
34.59.57.159 - - [19/Dec/2025:07:20:59 -0500] "POST /xmlrpc.php HTTP/1.1" 200 401 "-" "Mozilla/5.0 (Windows NT 10.0; Win64; x64) AppleWebKit/537.36 (KHTML, like Gecko) Chrome/78.0.3904.108 Safari/537.36"
34.59.57.159 - - [19/Dec/2025:07:20:59 -0500] "POST /xmlrpc.php HTTP/1.1" 200 401 "-" "Mozilla/5.0 (Windows NT 10.0; Win64; x64) AppleWebKit/537.36 (KHTML, like Gecko) Chrome/78.0.3904.108 Safari/537.36"
34.59.57.159 - - [19/Dec/2025:07:21:00 -0500] "POST /xmlrpc.php HTTP/1.1" 200 401 "-" "Mozilla/5.0 (Windows NT 10.0; Win64; x64) AppleWebKit/537.36 (KHTML, like Gecko) Chrome/78.0.3904.108 Safari/537.36"
34.59.57.159 - - [19/Dec/2025:07:21:01 -0500] "POST /xmlrpc.php HTTP/1.1" 200 401 "-" "Mozilla/5.0 (Windows NT 10.0; Win64; x64) AppleWebKit/537.36 (KHTML, like Gecko) Chrome/78.0.3904.108 Safari/537.36"
34.59.57.159 - - [19/Dec/2025:07:21:01 -0500] "POST /xmlrpc.php HTTP/1.1" 200 401 "-" "Mozilla/5.0 (Windows NT 10.0; Win64; x64) AppleWebKit/537.36 (KHTML, like Gecko) Chrome/78.0.3904.108 Safari/537.36"
34.59.57.159 - - [19/Dec/2025:07:21:02 -0500] "POST /xmlrpc.php HTTP/1.1" 200 401 "-" "Mozilla/5.0 (Windows NT 10.0; Win64; x64) AppleWebKit/537.36 (KHTML, like Gecko) Chrome/78.0.3904.108 Safari/537.36"
34.59.57.159 - - [19/Dec/2025:07:21:03 -0500] "POST /xmlrpc.php HTTP/1.1" 200 401 "-" "Mozilla/5.0 (Windows NT 10.0; Win64; x64) AppleWebKit/537.36 (KHTML, like Gecko) Chrome/78.0.3904.108 Safari/537.36"
34.59.57.159 - - [19/Dec/2025:07:21:03 -0500] "POST /xmlrpc.php HTTP/1.1" 200 401 "-" "Mozilla/5.0 (Windows NT 10.0; Win64; x64) AppleWebKit/537.36 (KHTML, like Gecko) Chrome/78.0.3904.108 Safari/537.36"
34.59.57.159 - - [19/Dec/2025:07:21:04 -0500] "POST /xmlrpc.php HTTP/1.1" 200 401 "-" "Mozilla/5.0 (Windows NT 10.0; Win64; x64) AppleWebKit/537.36 (KHTML, like Gecko) Chrome/78.0.3904.108 Safari/537.36"
34.59.57.159 - - [19/Dec/2025:07:21:05 -0500] "POST /xmlrpc.php HTTP/1.1" 200 401 "-" "Mozilla/5.0 (Windows NT 10.0; Win64; x64) AppleWebKit/537.36 (KHTML, like Gecko) Chrome/78.0.3904.108 Safari/537.36"
34.59.57.159 - - [19/Dec/2025:07:21:05 -0500] "POST /xmlrpc.php HTTP/1.1" 200 401 "-" "Mozilla/5.0 (Windows NT 10.0; Win64; x64) AppleWebKit/537.36 (KHTML, like Gecko) Chrome/78.0.3904.108 Safari/537.36"
34.59.57.159 - - [19/Dec/2025:07:21:06 -0500] "POST /xmlrpc.php HTTP/1.1" 200 401 "-" "Mozilla/5.0 (Windows NT 10.0; Win64; x64) AppleWebKit/537.36 (KHTML, like Gecko) Chrome/78.0.3904.108 Safari/537.36"
34.59.57.159 - - [19/Dec/2025:07:21:06 -0500] "POST /xmlrpc.php HTTP/1.1" 200 401 "-" "Mozilla/5.0 (Windows NT 10.0; Win64; x64) AppleWebKit/537.36 (KHTML, like Gecko) Chrome/78.0.3904.108 Safari/537.36"
34.59.57.159 - - [19/Dec/2025:07:21:07 -0500] "POST /xmlrpc.php HTTP/1.1" 200 401 "-" "Mozilla/5.0 (Windows NT 10.0; Win64; x64) AppleWebKit/537.36 (KHTML, like Gecko) Chrome/78.0.3904.108 Safari/537.36"
34.59.57.159 - - [19/Dec/2025:07:21:08 -0500] "POST /xmlrpc.php HTTP/1.1" 200 401 "-" "Mozilla/5.0 (Windows NT 10.0; Win64; x64) AppleWebKit/537.36 (KHTML, like Gecko) Chrome/78.0.3904.108 Safari/537.36"
34.59.57.159 - - [19/Dec/2025:07:21:08 -0500] "POST /xmlrpc.php HTTP/1.1" 200 401 "-" "Mozilla/5.0 (Windows NT 10.0; Win64; x64) AppleWebKit/537.36 (KHTML, like Gecko) Chrome/78.0.3904.108 Safari/537.36"
34.59.57.159 - - [19/Dec/2025:07:21:09 -0500] "POST /xmlrpc.php HTTP/1.1" 200 401 "-" "Mozilla/5.0 (Windows NT 10.0; Win64; x64) AppleWebKit/537.36 (KHTML, like Gecko) Chrome/78.0.3904.108 Safari/537.36"
34.59.57.159 - - [19/Dec/2025:07:21:09 -0500] "POST /xmlrpc.php HTTP/1.1" 200 401 "-" "Mozilla/5.0 (Windows NT 10.0; Win64; x64) AppleWebKit/537.36 (KHTML, like Gecko) Chrome/78.0.3904.108 Safari/537.36"
34.59.57.159 - - [19/Dec/2025:07:21:10 -0500] "POST /xmlrpc.php HTTP/1.1" 200 401 "-" "Mozilla/5.0 (Windows NT 10.0; Win64; x64) AppleWebKit/537.36 (KHTML, like Gecko) Chrome/78.0.3904.108 Safari/537.36"
34.59.57.159 - - [19/Dec/2025:07:21:11 -0500] "POST /xmlrpc.php HTTP/1.1" 200 401 "-" "Mozilla/5.0 (Windows NT 10.0; Win64; x64) AppleWebKit/537.36 (KHTML, like Gecko) Chrome/78.0.3904.108 Safari/537.36"
34.59.57.159 - - [19/Dec/2025:07:21:11 -0500] "POST /xmlrpc.php HTTP/1.1" 200 401 "-" "Mozilla/5.0 (Windows NT 10.0; Win64; x64) AppleWebKit/537.36 (KHTML, like Gecko) Chrome/78.0.3904.108 Safari/537.36"
34.59.57.159 - - [19/Dec/2025:07:21:12 -0500] "POST /xmlrpc.php HTTP/1.1" 200 401 "-" "Mozilla/5.0 (Windows NT 10.0; Win64; x64) AppleWebKit/537.36 (KHTML, like Gecko) Chrome/78.0.3904.108 Safari/537.36"
34.59.57.159 - - [19/Dec/2025:07:21:12 -0500] "POST /xmlrpc.php HTTP/1.1" 200 401 "-" "Mozilla/5.0 (Windows NT 10.0; Win64; x64) AppleWebKit/537.36 (KHTML, like Gecko) Chrome/78.0.3904.108 Safari/537.36"
34.59.57.159 - - [19/Dec/2025:07:21:13 -0500] "POST /xmlrpc.php HTTP/1.1" 200 401 "-" "Mozilla/5.0 (Windows NT 10.0; Win64; x64) AppleWebKit/537.36 (KHTML, like Gecko) Chrome/78.0.3904.108 Safari/537.36"
34.59.57.159 - - [19/Dec/2025:07:21:14 -0500] "POST /xmlrpc.php HTTP/1.1" 200 401 "-" "Mozilla/5.0 (Windows NT 10.0; Win64; x64) AppleWebKit/537.36 (KHTML, like Gecko) Chrome/78.0.3904.108 Safari/537.36"
34.59.57.159 - - [19/Dec/2025:07:21:14 -0500] "POST /xmlrpc.php HTTP/1.1" 200 401 "-" "Mozilla/5.0 (Windows NT 10.0; Win64; x64) AppleWebKit/537.36 (KHTML, like Gecko) Chrome/78.0.3904.108 Safari/537.36"
83.99.206.165 - - [19/Dec/2025:07:21:14 -0500] "GET /2025/05/26/ HTTP/1.1" 200 106538 "-" "Mozilla/5.0 (X11; Linux x86_64) AppleWebKit/537.36 (KHTML, like Gecko; GeedoShopProductFinder) Chrome/142.0.0.0 Safari/537.36"
34.59.57.159 - - [19/Dec/2025:07:21:15 -0500] "POST /xmlrpc.php HTTP/1.1" 200 401 "-" "Mozilla/5.0 (Windows NT 10.0; Win64; x64) AppleWebKit/537.36 (KHTML, like Gecko) Chrome/78.0.3904.108 Safari/537.36"
50.6.4.141 - - [19/Dec/2025:07:21:17 -0500] "POST /wp-cron.php?doing_wp_cron=1766146877.2753579616546630859375 HTTP/1.1" 200 - "-" "WordPress/6.9; http://emtiyz.com"
34.59.57.159 - - [19/Dec/2025:07:21:16 -0500] "POST /xmlrpc.php HTTP/1.1" 200 401 "-" "Mozilla/5.0 (Windows NT 10.0; Win64; x64) AppleWebKit/537.36 (KHTML, like Gecko) Chrome/78.0.3904.108 Safari/537.36"
34.59.57.159 - - [19/Dec/2025:07:21:17 -0500] "POST /xmlrpc.php HTTP/1.1" 200 401 "-" "Mozilla/5.0 (Windows NT 10.0; Win64; x64) AppleWebKit/537.36 (KHTML, like Gecko) Chrome/78.0.3904.108 Safari/537.36"
34.59.57.159 - - [19/Dec/2025:07:21:18 -0500] "POST /xmlrpc.php HTTP/1.1" 200 401 "-" "Mozilla/5.0 (Windows NT 10.0; Win64; x64) AppleWebKit/537.36 (KHTML, like Gecko) Chrome/78.0.3904.108 Safari/537.36"
34.59.57.159 - - [19/Dec/2025:07:21:19 -0500] "POST /xmlrpc.php HTTP/1.1" 200 401 "-" "Mozilla/5.0 (Windows NT 10.0; Win64; x64) AppleWebKit/537.36 (KHTML, like Gecko) Chrome/78.0.3904.108 Safari/537.36"
34.59.57.159 - - [19/Dec/2025:07:21:20 -0500] "POST /xmlrpc.php HTTP/1.1" 200 401 "-" "Mozilla/5.0 (Windows NT 10.0; Win64; x64) AppleWebKit/537.36 (KHTML, like Gecko) Chrome/78.0.3904.108 Safari/537.36"
34.59.57.159 - - [19/Dec/2025:07:21:22 -0500] "POST /xmlrpc.php HTTP/1.1" 200 401 "-" "Mozilla/5.0 (Windows NT 10.0; Win64; x64) AppleWebKit/537.36 (KHTML, like Gecko) Chrome/78.0.3904.108 Safari/537.36"
34.59.57.159 - - [19/Dec/2025:07:21:24 -0500] "POST /xmlrpc.php HTTP/1.1" 200 401 "-" "Mozilla/5.0 (Windows NT 10.0; Win64; x64) AppleWebKit/537.36 (KHTML, like Gecko) Chrome/78.0.3904.108 Safari/537.36"
34.59.57.159 - - [19/Dec/2025:07:21:25 -0500] "POST /xmlrpc.php HTTP/1.1" 200 401 "-" "Mozilla/5.0 (Windows NT 10.0; Win64; x64) AppleWebKit/537.36 (KHTML, like Gecko) Chrome/78.0.3904.108 Safari/537.36"
34.59.57.159 - - [19/Dec/2025:07:21:27 -0500] "POST /xmlrpc.php HTTP/1.1" 200 401 "-" "Mozilla/5.0 (Windows NT 10.0; Win64; x64) AppleWebKit/537.36 (KHTML, like Gecko) Chrome/78.0.3904.108 Safari/537.36"
34.59.57.159 - - [19/Dec/2025:07:21:29 -0500] "POST /xmlrpc.php HTTP/1.1" 200 401 "-" "Mozilla/5.0 (Windows NT 10.0; Win64; x64) AppleWebKit/537.36 (KHTML, like Gecko) Chrome/78.0.3904.108 Safari/537.36"
34.59.57.159 - - [19/Dec/2025:07:21:30 -0500] "POST /xmlrpc.php HTTP/1.1" 200 401 "-" "Mozilla/5.0 (Windows NT 10.0; Win64; x64) AppleWebKit/537.36 (KHTML, like Gecko) Chrome/78.0.3904.108 Safari/537.36"
34.59.57.159 - - [19/Dec/2025:07:21:31 -0500] "POST /xmlrpc.php HTTP/1.1" 200 401 "-" "Mozilla/5.0 (Windows NT 10.0; Win64; x64) AppleWebKit/537.36 (KHTML, like Gecko) Chrome/78.0.3904.108 Safari/537.36"
34.59.57.159 - - [19/Dec/2025:07:21:31 -0500] "POST /xmlrpc.php HTTP/1.1" 200 401 "-" "Mozilla/5.0 (Windows NT 10.0; Win64; x64) AppleWebKit/537.36 (KHTML, like Gecko) Chrome/78.0.3904.108 Safari/537.36"
34.59.57.159 - - [19/Dec/2025:07:21:32 -0500] "POST /xmlrpc.php HTTP/1.1" 200 401 "-" "Mozilla/5.0 (Windows NT 10.0; Win64; x64) AppleWebKit/537.36 (KHTML, like Gecko) Chrome/78.0.3904.108 Safari/537.36"
34.59.57.159 - - [19/Dec/2025:07:21:33 -0500] "POST /xmlrpc.php HTTP/1.1" 200 401 "-" "Mozilla/5.0 (Windows NT 10.0; Win64; x64) AppleWebKit/537.36 (KHTML, like Gecko) Chrome/78.0.3904.108 Safari/537.36"
34.59.57.159 - - [19/Dec/2025:07:21:33 -0500] "POST /xmlrpc.php HTTP/1.1" 200 401 "-" "Mozilla/5.0 (Windows NT 10.0; Win64; x64) AppleWebKit/537.36 (KHTML, like Gecko) Chrome/78.0.3904.108 Safari/537.36"
34.59.57.159 - - [19/Dec/2025:07:21:34 -0500] "POST /xmlrpc.php HTTP/1.1" 200 401 "-" "Mozilla/5.0 (Windows NT 10.0; Win64; x64) AppleWebKit/537.36 (KHTML, like Gecko) Chrome/78.0.3904.108 Safari/537.36"
83.99.206.182 - - [19/Dec/2025:07:21:34 -0500] "GET /model/500-000-food-beverage/ HTTP/1.1" 200 146478 "-" "Mozilla/5.0 (X11; Linux x86_64) AppleWebKit/537.36 (KHTML, like Gecko; GeedoShopProductFinder) Chrome/142.0.0.0 Safari/537.36"
34.59.57.159 - - [19/Dec/2025:07:21:35 -0500] "POST /xmlrpc.php HTTP/1.1" 200 401 "-" "Mozilla/5.0 (Windows NT 10.0; Win64; x64) AppleWebKit/537.36 (KHTML, like Gecko) Chrome/78.0.3904.108 Safari/537.36"
34.59.57.159 - - [19/Dec/2025:07:21:36 -0500] "POST /xmlrpc.php HTTP/1.1" 200 401 "-" "Mozilla/5.0 (Windows NT 10.0; Win64; x64) AppleWebKit/537.36 (KHTML, like Gecko) Chrome/78.0.3904.108 Safari/537.36"
34.59.57.159 - - [19/Dec/2025:07:21:36 -0500] "POST /xmlrpc.php HTTP/1.1" 200 401 "-" "Mozilla/5.0 (Windows NT 10.0; Win64; x64) AppleWebKit/537.36 (KHTML, like Gecko) Chrome/78.0.3904.108 Safari/537.36"
34.59.57.159 - - [19/Dec/2025:07:21:37 -0500] "POST /xmlrpc.php HTTP/1.1" 200 401 "-" "Mozilla/5.0 (Windows NT 10.0; Win64; x64) AppleWebKit/537.36 (KHTML, like Gecko) Chrome/78.0.3904.108 Safari/537.36"
34.59.57.159 - - [19/Dec/2025:07:21:38 -0500] "POST /xmlrpc.php HTTP/1.1" 200 401 "-" "Mozilla/5.0 (Windows NT 10.0; Win64; x64) AppleWebKit/537.36 (KHTML, like Gecko) Chrome/78.0.3904.108 Safari/537.36"
34.59.57.159 - - [19/Dec/2025:07:21:38 -0500] "POST /xmlrpc.php HTTP/1.1" 200 401 "-" "Mozilla/5.0 (Windows NT 10.0; Win64; x64) AppleWebKit/537.36 (KHTML, like Gecko) Chrome/78.0.3904.108 Safari/537.36"
34.59.57.159 - - [19/Dec/2025:07:21:39 -0500] "POST /xmlrpc.php HTTP/1.1" 200 401 "-" "Mozilla/5.0 (Windows NT 10.0; Win64; x64) AppleWebKit/537.36 (KHTML, like Gecko) Chrome/78.0.3904.108 Safari/537.36"
34.59.57.159 - - [19/Dec/2025:07:21:40 -0500] "POST /xmlrpc.php HTTP/1.1" 200 401 "-" "Mozilla/5.0 (Windows NT 10.0; Win64; x64) AppleWebKit/537.36 (KHTML, like Gecko) Chrome/78.0.3904.108 Safari/537.36"
34.59.57.159 - - [19/Dec/2025:07:21:40 -0500] "POST /xmlrpc.php HTTP/1.1" 200 401 "-" "Mozilla/5.0 (Windows NT 10.0; Win64; x64) AppleWebKit/537.36 (KHTML, like Gecko) Chrome/78.0.3904.108 Safari/537.36"
34.59.57.159 - - [19/Dec/2025:07:21:41 -0500] "POST /xmlrpc.php HTTP/1.1" 200 401 "-" "Mozilla/5.0 (Windows NT 10.0; Win64; x64) AppleWebKit/537.36 (KHTML, like Gecko) Chrome/78.0.3904.108 Safari/537.36"
34.59.57.159 - - [19/Dec/2025:07:21:42 -0500] "POST /xmlrpc.php HTTP/1.1" 200 401 "-" "Mozilla/5.0 (Windows NT 10.0; Win64; x64) AppleWebKit/537.36 (KHTML, like Gecko) Chrome/78.0.3904.108 Safari/537.36"
34.59.57.159 - - [19/Dec/2025:07:21:42 -0500] "POST /xmlrpc.php HTTP/1.1" 200 401 "-" "Mozilla/5.0 (Windows NT 10.0; Win64; x64) AppleWebKit/537.36 (KHTML, like Gecko) Chrome/78.0.3904.108 Safari/537.36"
34.59.57.159 - - [19/Dec/2025:07:21:43 -0500] "POST /xmlrpc.php HTTP/1.1" 200 401 "-" "Mozilla/5.0 (Windows NT 10.0; Win64; x64) AppleWebKit/537.36 (KHTML, like Gecko) Chrome/78.0.3904.108 Safari/537.36"
34.59.57.159 - - [19/Dec/2025:07:21:44 -0500] "POST /xmlrpc.php HTTP/1.1" 200 401 "-" "Mozilla/5.0 (Windows NT 10.0; Win64; x64) AppleWebKit/537.36 (KHTML, like Gecko) Chrome/78.0.3904.108 Safari/537.36"
34.59.57.159 - - [19/Dec/2025:07:21:44 -0500] "POST /xmlrpc.php HTTP/1.1" 200 401 "-" "Mozilla/5.0 (Windows NT 10.0; Win64; x64) AppleWebKit/537.36 (KHTML, like Gecko) Chrome/78.0.3904.108 Safari/537.36"
34.59.57.159 - - [19/Dec/2025:07:21:45 -0500] "POST /xmlrpc.php HTTP/1.1" 200 401 "-" "Mozilla/5.0 (Windows NT 10.0; Win64; x64) AppleWebKit/537.36 (KHTML, like Gecko) Chrome/78.0.3904.108 Safari/537.36"
34.59.57.159 - - [19/Dec/2025:07:21:46 -0500] "POST /xmlrpc.php HTTP/1.1" 200 401 "-" "Mozilla/5.0 (Windows NT 10.0; Win64; x64) AppleWebKit/537.36 (KHTML, like Gecko) Chrome/78.0.3904.108 Safari/537.36"
34.59.57.159 - - [19/Dec/2025:07:21:46 -0500] "POST /xmlrpc.php HTTP/1.1" 200 401 "-" "Mozilla/5.0 (Windows NT 10.0; Win64; x64) AppleWebKit/537.36 (KHTML, like Gecko) Chrome/78.0.3904.108 Safari/537.36"
34.59.57.159 - - [19/Dec/2025:07:21:47 -0500] "POST /xmlrpc.php HTTP/1.1" 200 401 "-" "Mozilla/5.0 (Windows NT 10.0; Win64; x64) AppleWebKit/537.36 (KHTML, like Gecko) Chrome/78.0.3904.108 Safari/537.36"
34.59.57.159 - - [19/Dec/2025:07:21:48 -0500] "POST /xmlrpc.php HTTP/1.1" 200 401 "-" "Mozilla/5.0 (Windows NT 10.0; Win64; x64) AppleWebKit/537.36 (KHTML, like Gecko) Chrome/78.0.3904.108 Safari/537.36"
34.59.57.159 - - [19/Dec/2025:07:21:48 -0500] "POST /xmlrpc.php HTTP/1.1" 200 401 "-" "Mozilla/5.0 (Windows NT 10.0; Win64; x64) AppleWebKit/537.36 (KHTML, like Gecko) Chrome/78.0.3904.108 Safari/537.36"
34.59.57.159 - - [19/Dec/2025:07:21:49 -0500] "POST /xmlrpc.php HTTP/1.1" 200 401 "-" "Mozilla/5.0 (Windows NT 10.0; Win64; x64) AppleWebKit/537.36 (KHTML, like Gecko) Chrome/78.0.3904.108 Safari/537.36"
34.59.57.159 - - [19/Dec/2025:07:21:49 -0500] "POST /xmlrpc.php HTTP/1.1" 200 401 "-" "Mozilla/5.0 (Windows NT 10.0; Win64; x64) AppleWebKit/537.36 (KHTML, like Gecko) Chrome/78.0.3904.108 Safari/537.36"
34.59.57.159 - - [19/Dec/2025:07:21:50 -0500] "POST /xmlrpc.php HTTP/1.1" 200 401 "-" "Mozilla/5.0 (Windows NT 10.0; Win64; x64) AppleWebKit/537.36 (KHTML, like Gecko) Chrome/78.0.3904.108 Safari/537.36"
34.59.57.159 - - [19/Dec/2025:07:21:50 -0500] "POST /xmlrpc.php HTTP/1.1" 200 401 "-" "Mozilla/5.0 (Windows NT 10.0; Win64; x64) AppleWebKit/537.36 (KHTML, like Gecko) Chrome/78.0.3904.108 Safari/537.36"
34.59.57.159 - - [19/Dec/2025:07:21:51 -0500] "POST /xmlrpc.php HTTP/1.1" 200 401 "-" "Mozilla/5.0 (Windows NT 10.0; Win64; x64) AppleWebKit/537.36 (KHTML, like Gecko) Chrome/78.0.3904.108 Safari/537.36"
34.59.57.159 - - [19/Dec/2025:07:21:52 -0500] "POST /xmlrpc.php HTTP/1.1" 200 401 "-" "Mozilla/5.0 (Windows NT 10.0; Win64; x64) AppleWebKit/537.36 (KHTML, like Gecko) Chrome/78.0.3904.108 Safari/537.36"
34.59.57.159 - - [19/Dec/2025:07:21:52 -0500] "POST /xmlrpc.php HTTP/1.1" 200 401 "-" "Mozilla/5.0 (Windows NT 10.0; Win64; x64) AppleWebKit/537.36 (KHTML, like Gecko) Chrome/78.0.3904.108 Safari/537.36"
34.59.57.159 - - [19/Dec/2025:07:21:53 -0500] "POST /xmlrpc.php HTTP/1.1" 200 401 "-" "Mozilla/5.0 (Windows NT 10.0; Win64; x64) AppleWebKit/537.36 (KHTML, like Gecko) Chrome/78.0.3904.108 Safari/537.36"
34.59.57.159 - - [19/Dec/2025:07:21:53 -0500] "POST /xmlrpc.php HTTP/1.1" 200 401 "-" "Mozilla/5.0 (Windows NT 10.0; Win64; x64) AppleWebKit/537.36 (KHTML, like Gecko) Chrome/78.0.3904.108 Safari/537.36"
83.99.206.70 - - [19/Dec/2025:07:21:54 -0500] "GET /make/travel-hospitality/ HTTP/1.1" 200 132542 "-" "Mozilla/5.0 (X11; Linux x86_64) AppleWebKit/537.36 (KHTML, like Gecko; GeedoShopProductFinder) Chrome/142.0.0.0 Safari/537.36"
83.99.206.140 - - [19/Dec/2025:07:22:14 -0500] "GET /dealer/ronald-lasson/ HTTP/1.1" 200 120271 "-" "Mozilla/5.0 (X11; Linux x86_64) AppleWebKit/537.36 (KHTML, like Gecko; GeedoShopProductFinder) Chrome/142.0.0.0 Safari/537.36"
50.6.4.141 - - [19/Dec/2025:07:22:35 -0500] "POST /wp-cron.php?doing_wp_cron=1766146955.7734379768371582031250 HTTP/1.1" 200 - "-" "WordPress/6.9; http://emtiyz.com"
83.99.206.70 - - [19/Dec/2025:07:22:34 -0500] "GET /compare/ HTTP/1.1" 200 104471 "-" "Mozilla/5.0 (X11; Linux x86_64) AppleWebKit/537.36 (KHTML, like Gecko; GeedoShopProductFinder) Chrome/142.0.0.0 Safari/537.36"
83.99.206.246 - - [19/Dec/2025:07:23:07 -0500] "GET /make/entertainment/ HTTP/1.1" 200 132425 "-" "Mozilla/5.0 (X11; Linux x86_64) AppleWebKit/537.36 (KHTML, like Gecko; GeedoShopProductFinder) Chrome/142.0.0.0 Safari/537.36"
50.6.4.141 - - [19/Dec/2025:07:23:26 -0500] "POST /wp-cron.php?doing_wp_cron=1766147006.8067491054534912109375 HTTP/1.1" 200 - "-" "WordPress/6.9; http://emtiyz.com"
83.99.206.246 - - [19/Dec/2025:07:23:26 -0500] "GET /franchise/page/2/?paged=2 HTTP/1.1" 301 - "-" "Mozilla/5.0 (X11; Linux x86_64) AppleWebKit/537.36 (KHTML, like Gecko; GeedoShopProductFinder) Chrome/142.0.0.0 Safari/537.36"
83.99.206.246 - - [19/Dec/2025:07:23:27 -0500] "GET /franchise/page/2/ HTTP/1.1" 200 147709 "-" "Mozilla/5.0 (X11; Linux x86_64) AppleWebKit/537.36 (KHTML, like Gecko; GeedoShopProductFinder) Chrome/142.0.0.0 Safari/537.36"
83.99.206.246 - - [19/Dec/2025:07:23:47 -0500] "GET /dealer/ HTTP/1.1" 200 120288 "-" "Mozilla/5.0 (X11; Linux x86_64) AppleWebKit/537.36 (KHTML, like Gecko; GeedoShopProductFinder) Chrome/142.0.0.0 Safari/537.36"
83.99.206.150 - - [19/Dec/2025:07:24:07 -0500] "GET /my-listing/ HTTP/1.1" 200 107757 "-" "Mozilla/5.0 (X11; Linux x86_64) AppleWebKit/537.36 (KHTML, like Gecko; GeedoShopProductFinder) Chrome/142.0.0.0 Safari/537.36"
50.6.4.141 - - [19/Dec/2025:07:24:27 -0500] "POST /wp-cron.php?doing_wp_cron=1766147067.6406700611114501953125 HTTP/1.1" 200 - "-" "WordPress/6.9; http://emtiyz.com"
83.99.206.254 - - [19/Dec/2025:07:24:26 -0500] "GET /model/120000-fnb/ HTTP/1.1" 200 194899 "-" "Mozilla/5.0 (X11; Linux x86_64) AppleWebKit/537.36 (KHTML, like Gecko; GeedoShopProductFinder) Chrome/142.0.0.0 Safari/537.36"
83.99.206.244 - - [19/Dec/2025:07:24:46 -0500] "GET /tf_header_footer/ HTTP/1.1" 200 90272 "-" "Mozilla/5.0 (X11; Linux x86_64) AppleWebKit/537.36 (KHTML, like Gecko; GeedoShopProductFinder) Chrome/142.0.0.0 Safari/537.36"
50.6.4.141 - - [19/Dec/2025:07:25:21 -0500] "POST /wp-cron.php?doing_wp_cron=1766147120.9965770244598388671875 HTTP/1.1" 200 - "-" "WordPress/6.9; http://emtiyz.com"
83.99.206.178 - - [19/Dec/2025:07:25:20 -0500] "GET /drive-type/10/ HTTP/1.1" 200 162447 "-" "Mozilla/5.0 (X11; Linux x86_64) AppleWebKit/537.36 (KHTML, like Gecko; GeedoShopProductFinder) Chrome/142.0.0.0 Safari/537.36"
83.99.206.9 - - [19/Dec/2025:07:25:39 -0500] "GET /advanced-search/page/2/?paged=2 HTTP/1.1" 301 - "-" "Mozilla/5.0 (X11; Linux x86_64) AppleWebKit/537.36 (KHTML, like Gecko; GeedoShopProductFinder) Chrome/142.0.0.0 Safari/537.36"
83.99.206.9 - - [19/Dec/2025:07:25:42 -0500] "GET /advanced-search/page/2/ HTTP/1.1" 200 142609 "-" "Mozilla/5.0 (X11; Linux x86_64) AppleWebKit/537.36 (KHTML, like Gecko; GeedoShopProductFinder) Chrome/142.0.0.0 Safari/537.36"
83.99.206.251 - - [19/Dec/2025:07:25:59 -0500] "GET /cylinders/2/ HTTP/1.1" 200 178358 "-" "Mozilla/5.0 (X11; Linux x86_64) AppleWebKit/537.36 (KHTML, like Gecko; GeedoShopProductFinder) Chrome/142.0.0.0 Safari/537.36"
50.6.4.141 - - [19/Dec/2025:07:26:20 -0500] "POST /wp-cron.php?doing_wp_cron=1766147180.1189219951629638671875 HTTP/1.1" 200 - "-" "WordPress/6.9; http://emtiyz.com"
83.99.206.232 - - [19/Dec/2025:07:26:19 -0500] "GET /model/2000000-retail/ HTTP/1.1" 200 146421 "-" "Mozilla/5.0 (X11; Linux x86_64) AppleWebKit/537.36 (KHTML, like Gecko; GeedoShopProductFinder) Chrome/142.0.0.0 Safari/537.36"
83.99.206.9 - - [19/Dec/2025:07:26:39 -0500] "GET /fuel-type/united-state/ HTTP/1.1" 200 146146 "-" "Mozilla/5.0 (X11; Linux x86_64) AppleWebKit/537.36 (KHTML, like Gecko; GeedoShopProductFinder) Chrome/142.0.0.0 Safari/537.36"
83.99.206.9 - - [19/Dec/2025:07:26:59 -0500] "GET /dealer/page/3/ HTTP/1.1" 200 108272 "-" "Mozilla/5.0 (X11; Linux x86_64) AppleWebKit/537.36 (KHTML, like Gecko; GeedoShopProductFinder) Chrome/142.0.0.0 Safari/537.36"
83.99.206.117 - - [19/Dec/2025:07:27:36 -0500] "GET /payment-invoice/?package_id=2621 HTTP/1.1" 200 107862 "-" "Mozilla/5.0 (X11; Linux x86_64) AppleWebKit/537.36 (KHTML, like Gecko; GeedoShopProductFinder) Chrome/142.0.0.0 Safari/537.36"
83.99.206.212 - - [19/Dec/2025:07:27:56 -0500] "GET /model/200000-beauty/ HTTP/1.1" 200 146327 "-" "Mozilla/5.0 (X11; Linux x86_64) AppleWebKit/537.36 (KHTML, like Gecko; GeedoShopProductFinder) Chrome/142.0.0.0 Safari/537.36"
50.6.4.141 - - [19/Dec/2025:07:28:17 -0500] "POST /wp-cron.php?doing_wp_cron=1766147297.3877871036529541015625 HTTP/1.1" 200 - "-" "WordPress/6.9; http://emtiyz.com"
83.99.206.176 - - [19/Dec/2025:07:28:16 -0500] "GET /franchise-unit-management/ HTTP/1.1" 200 119688 "-" "Mozilla/5.0 (X11; Linux x86_64) AppleWebKit/537.36 (KHTML, like Gecko; GeedoShopProductFinder) Chrome/142.0.0.0 Safari/537.36"
83.99.206.13 - - [19/Dec/2025:07:28:36 -0500] "GET /dealer/page/2/ HTTP/1.1" 200 121003 "-" "Mozilla/5.0 (X11; Linux x86_64) AppleWebKit/537.36 (KHTML, like Gecko; GeedoShopProductFinder) Chrome/142.0.0.0 Safari/537.36"
83.99.206.40 - - [19/Dec/2025:07:28:56 -0500] "GET /tf_header_footer/footer/ HTTP/1.1" 200 106026 "-" "Mozilla/5.0 (X11; Linux x86_64) AppleWebKit/537.36 (KHTML, like Gecko; GeedoShopProductFinder) Chrome/142.0.0.0 Safari/537.36"
50.6.4.141 - - [19/Dec/2025:07:29:16 -0500] "POST /wp-cron.php?doing_wp_cron=1766147356.8671550750732421875000 HTTP/1.1" 200 - "-" "WordPress/6.9; http://emtiyz.com"
83.99.206.40 - - [19/Dec/2025:07:29:16 -0500] "GET /model/1000000-fnb/ HTTP/1.1" 200 146082 "-" "Mozilla/5.0 (X11; Linux x86_64) AppleWebKit/537.36 (KHTML, like Gecko; GeedoShopProductFinder) Chrome/142.0.0.0 Safari/537.36"
83.99.206.195 - - [19/Dec/2025:07:29:50 -0500] "GET /2025/05/21/ HTTP/1.1" 404 103163 "-" "Mozilla/5.0 (X11; Linux x86_64) AppleWebKit/537.36 (KHTML, like Gecko; GeedoShopProductFinder) Chrome/142.0.0.0 Safari/537.36"
50.117.105.250 - - [19/Dec/2025:07:29:51 -0500] "GET /2025/05/21/ HTTP/1.1" 404 103163 "-" "curl Mozilla/5.0 (Windows NT 10.0; Win64; x64) AppleWebKit/537.36 (KHTML, like Gecko) Chrome/139.0.0.0 Safari/537.36"
83.99.206.195 - - [19/Dec/2025:07:30:10 -0500] "GET /ai-chat-assistant/ HTTP/1.1" 200 107153 "-" "Mozilla/5.0 (X11; Linux x86_64) AppleWebKit/537.36 (KHTML, like Gecko; GeedoShopProductFinder) Chrome/142.0.0.0 Safari/537.36"
50.6.4.141 - - [19/Dec/2025:07:30:30 -0500] "POST /wp-cron.php?doing_wp_cron=1766147430.5027949810028076171875 HTTP/1.1" 200 - "-" "WordPress/6.9; http://emtiyz.com"
83.99.206.195 - - [19/Dec/2025:07:30:29 -0500] "GET /listing-list/page/2/?paged=2 HTTP/1.1" 301 - "-" "Mozilla/5.0 (X11; Linux x86_64) AppleWebKit/537.36 (KHTML, like Gecko; GeedoShopProductFinder) Chrome/142.0.0.0 Safari/537.36"
83.99.206.195 - - [19/Dec/2025:07:30:30 -0500] "GET /listing-list/page/2/ HTTP/1.1" 200 149260 "-" "Mozilla/5.0 (X11; Linux x86_64) AppleWebKit/537.36 (KHTML, like Gecko; GeedoShopProductFinder) Chrome/142.0.0.0 Safari/537.36"
83.99.206.34 - - [19/Dec/2025:07:30:50 -0500] "GET /franchise/choco-licious/ HTTP/1.1" 200 178392 "-" "Mozilla/5.0 (X11; Linux x86_64) AppleWebKit/537.36 (KHTML, like Gecko; GeedoShopProductFinder) Chrome/142.0.0.0 Safari/537.36"
