83.99.206.195 - - [19/Dec/2025:07:31:10 -0500] "GET /dealer/dealer3/ HTTP/1.1" 200 120154 "-" "Mozilla/5.0 (X11; Linux x86_64) AppleWebKit/537.36 (KHTML, like Gecko; GeedoShopProductFinder) Chrome/142.0.0.0 Safari/537.36"
83.99.206.195 - - [19/Dec/2025:07:31:30 -0500] "GET /franchise-system-development/ HTTP/1.1" 200 119071 "-" "Mozilla/5.0 (X11; Linux x86_64) AppleWebKit/537.36 (KHTML, like Gecko; GeedoShopProductFinder) Chrome/142.0.0.0 Safari/537.36"
83.99.206.152 - - [19/Dec/2025:07:32:01 -0500] "GET /fuel-type/saudi-arabia/ HTTP/1.1" 200 179108 "-" "Mozilla/5.0 (X11; Linux x86_64) AppleWebKit/537.36 (KHTML, like Gecko; GeedoShopProductFinder) Chrome/142.0.0.0 Safari/537.36"
50.6.4.141 - - [19/Dec/2025:07:32:22 -0500] "POST /wp-cron.php?doing_wp_cron=1766147542.1842019557952880859375 HTTP/1.1" 200 - "-" "WordPress/6.9; http://emtiyz.com"
83.99.206.196 - - [19/Dec/2025:07:32:21 -0500] "GET /dealer/james-rome/ HTTP/1.1" 200 119828 "-" "Mozilla/5.0 (X11; Linux x86_64) AppleWebKit/537.36 (KHTML, like Gecko; GeedoShopProductFinder) Chrome/142.0.0.0 Safari/537.36"
83.99.206.0 - - [19/Dec/2025:07:32:41 -0500] "GET /listing-default/page/2/?paged=2 HTTP/1.1" 301 - "-" "Mozilla/5.0 (X11; Linux x86_64) AppleWebKit/537.36 (KHTML, like Gecko; GeedoShopProductFinder) Chrome/142.0.0.0 Safari/537.36"
83.99.206.0 - - [19/Dec/2025:07:32:42 -0500] "GET /listing-default/page/2/ HTTP/1.1" 200 151439 "-" "Mozilla/5.0 (X11; Linux x86_64) AppleWebKit/537.36 (KHTML, like Gecko; GeedoShopProductFinder) Chrome/142.0.0.0 Safari/537.36"
83.99.206.152 - - [19/Dec/2025:07:33:01 -0500] "GET /fuel-type/united-arab-emirates/ HTTP/1.1" 200 227870 "-" "Mozilla/5.0 (X11; Linux x86_64) AppleWebKit/537.36 (KHTML, like Gecko; GeedoShopProductFinder) Chrome/142.0.0.0 Safari/537.36"
50.6.4.141 - - [19/Dec/2025:07:34:10 -0500] "POST /wp-cron.php?doing_wp_cron=1766147650.3538448810577392578125 HTTP/1.1" 200 - "-" "WordPress/6.9; http://emtiyz.com"
50.6.4.141 - - [19/Dec/2025:07:36:52 -0500] "POST /wp-cron.php?doing_wp_cron=1766147812.8989520072937011718750 HTTP/1.1" 200 - "-" "WordPress/6.9; http://emtiyz.com"
2a06:98c0:3600::103 - - [19/Dec/2025:07:36:52 -0500] "GET / HTTP/1.1" 200 374961 "-" "Mozilla/5.0 (X11; Linux x86_64) AppleWebKit/537.36 (KHTML, like Gecko) Chrome/83.0.4103.7 Safari/537.36"
54.39.203.110 - - [19/Dec/2025:07:37:09 -0500] "GET /awards-ceremony/feed/ HTTP/1.1" 200 797 "-" "Mozilla/5.0 (compatible; AhrefsBot/7.0; +http://ahrefs.com/robot/)"
50.6.4.141 - - [19/Dec/2025:07:40:09 -0500] "POST /wp-cron.php?doing_wp_cron=1766148009.0045099258422851562500 HTTP/1.1" 200 - "-" "WordPress/6.9; http://emtiyz.com"
216.244.66.237 - - [19/Dec/2025:07:40:08 -0500] "GET /robots.txt HTTP/1.1" 200 151 "-" "Mozilla/5.0 (compatible; DotBot/1.2; +https://opensiteexplorer.org/dotbot; help@moz.com)"
50.6.4.141 - - [19/Dec/2025:07:48:29 -0500] "POST /wp-cron.php?doing_wp_cron=1766148509.2788789272308349609375 HTTP/1.1" 200 - "-" "WordPress/6.9; http://emtiyz.com"
216.244.66.237 - - [19/Dec/2025:07:48:28 -0500] "GET /design-corporate-identity/ HTTP/1.1" 200 118770 "-" "Mozilla/5.0 (compatible; DotBot/1.2; +https://opensiteexplorer.org/dotbot; help@moz.com)"
50.6.4.141 - - [19/Dec/2025:07:49:23 -0500] "POST /wp-cron.php?doing_wp_cron=1766148563.3309400081634521484375 HTTP/1.1" 200 - "-" "WordPress/6.9; http://emtiyz.com"
216.244.66.237 - - [19/Dec/2025:07:49:22 -0500] "GET /make/entertainment/ HTTP/1.1" 200 132425 "-" "Mozilla/5.0 (compatible; DotBot/1.2; +https://opensiteexplorer.org/dotbot; help@moz.com)"
91.107.249.59 - - [19/Dec/2025:07:49:38 -0500] "HEAD / HTTP/1.1" 200 - "https://emtiyz.com/" "Mozilla/5.0 (Windows NT 10.0; Win64; x64) AppleWebKit/537.36 (KHTML, like Gecko) Chrome/91.0.4472.124 Safari/537.36"
51.38.187.132 - - [19/Dec/2025:07:51:34 -0500] "GET /wp-content/uploads/2025/06/Franchise-System-Development-scaled.jpg HTTP/1.1" 200 348727 "-" "Mozilla/5.0 (Windows NT 10.0; Win64; x64) AppleWebKit/537.36 (KHTML, like Gecko) Chrome/139.0.0.0 Safari/537.36"
57.129.135.175 - - [19/Dec/2025:07:51:34 -0500] "GET /wp-content/uploads/2025/06/Attracting-Global-Brands-scaled.jpg HTTP/1.1" 200 482160 "-" "Mozilla/5.0 (Windows NT 10.0; Win64; x64) AppleWebKit/537.36 (KHTML, like Gecko) Chrome/139.0.0.0 Safari/537.36"
57.129.139.60 - - [19/Dec/2025:07:51:34 -0500] "GET /wp-content/uploads/2025/06/Franchise-Unit-Management-scaled.jpg HTTP/1.1" 200 309429 "-" "Mozilla/5.0 (Windows NT 10.0; Win64; x64) AppleWebKit/537.36 (KHTML, like Gecko) Chrome/139.0.0.0 Safari/537.36"
51.91.255.135 - - [19/Dec/2025:07:51:35 -0500] "GET /wp-content/uploads/2025/06/Trademark-Registration-scaled.jpg HTTP/1.1" 200 415304 "-" "Mozilla/5.0 (Windows NT 10.0; Win64; x64) AppleWebKit/537.36 (KHTML, like Gecko) Chrome/139.0.0.0 Safari/537.36"
141.95.54.132 - - [19/Dec/2025:07:51:35 -0500] "GET /wp-content/uploads/2025/06/Franchise-Systems-Consulting-scaled.jpg HTTP/1.1" 200 331152 "-" "Mozilla/5.0 (Windows NT 10.0; Win64; x64) AppleWebKit/537.36 (KHTML, like Gecko) Chrome/139.0.0.0 Safari/537.36"
145.239.83.37 - - [19/Dec/2025:07:51:35 -0500] "GET /wp-content/uploads/2025/06/Franchise-Deal-Management-scaled.jpg HTTP/1.1" 200 331599 "-" "Mozilla/5.0 (Windows NT 10.0; Win64; x64) AppleWebKit/537.36 (KHTML, like Gecko) Chrome/139.0.0.0 Safari/537.36"
51.77.211.229 - - [19/Dec/2025:07:51:36 -0500] "GET /wp-content/uploads/2025/06/Franchise-Agreement-Review-scaled.jpg HTTP/1.1" 200 269747 "-" "Mozilla/5.0 (Windows NT 10.0; Win64; x64) AppleWebKit/537.36 (KHTML, like Gecko) Chrome/139.0.0.0 Safari/537.36"
57.129.81.153 - - [19/Dec/2025:07:51:36 -0500] "GET /wp-content/uploads/2024/10/young-asian-woman-professional-entrepreneur-stand-2025-02-22-01-15-59-utc-scaled.jpg HTTP/1.1" 200 359625 "-" "Mozilla/5.0 (Windows NT 10.0; Win64; x64) AppleWebKit/537.36 (KHTML, like Gecko) Chrome/139.0.0.0 Safari/537.36"
57.129.81.225 - - [19/Dec/2025:07:51:36 -0500] "GET /wp-content/uploads/2025/05/logo-brand-4-2.png HTTP/1.1" 200 8342 "-" "Mozilla/5.0 (Windows NT 10.0; Win64; x64) AppleWebKit/537.36 (KHTML, like Gecko) Chrome/139.0.0.0 Safari/537.36"
57.129.69.65 - - [19/Dec/2025:07:51:36 -0500] "GET /wp-content/uploads/2025/05/logo-brand-4-1.png HTTP/1.1" 200 16789 "-" "Mozilla/5.0 (Windows NT 10.0; Win64; x64) AppleWebKit/537.36 (KHTML, like Gecko) Chrome/139.0.0.0 Safari/537.36"
51.77.210.64 - - [19/Dec/2025:07:51:36 -0500] "GET /wp-content/uploads/2025/05/logo-brand-4-3.png HTTP/1.1" 200 10123 "-" "Mozilla/5.0 (Windows NT 10.0; Win64; x64) AppleWebKit/537.36 (KHTML, like Gecko) Chrome/139.0.0.0 Safari/537.36"
51.75.24.242 - - [19/Dec/2025:07:51:37 -0500] "GET /wp-content/uploads/2025/05/logo-brand-4.png HTTP/1.1" 200 24280 "-" "Mozilla/5.0 (Windows NT 10.0; Win64; x64) AppleWebKit/537.36 (KHTML, like Gecko) Chrome/139.0.0.0 Safari/537.36"
146.59.127.80 - - [19/Dec/2025:07:51:37 -0500] "GET /wp-content/uploads/2025/05/Logo-1.png HTTP/1.1" 200 10485 "-" "Mozilla/5.0 (Windows NT 10.0; Win64; x64) AppleWebKit/537.36 (KHTML, like Gecko) Chrome/139.0.0.0 Safari/537.36"
51.91.250.17 - - [19/Dec/2025:07:51:38 -0500] "GET /wp-content/uploads/2025/05/logo-brand-4-4.png HTTP/1.1" 200 22633 "-" "Mozilla/5.0 (Windows NT 10.0; Win64; x64) AppleWebKit/537.36 (KHTML, like Gecko) Chrome/139.0.0.0 Safari/537.36"
51.91.254.43 - - [19/Dec/2025:07:51:38 -0500] "GET /wp-content/uploads/2024/10/Logo-2.png HTTP/1.1" 200 94975 "-" "Mozilla/5.0 (Windows NT 10.0; Win64; x64) AppleWebKit/537.36 (KHTML, like Gecko) Chrome/139.0.0.0 Safari/537.36"
51.75.23.111 - - [19/Dec/2025:07:51:38 -0500] "GET /wp-content/uploads/2025/06/Design-Corporate-Identity-scaled.jpg HTTP/1.1" 200 558530 "-" "Mozilla/5.0 (Windows NT 10.0; Win64; x64) AppleWebKit/537.36 (KHTML, like Gecko) Chrome/139.0.0.0 Safari/537.36"
50.6.4.141 - - [19/Dec/2025:07:54:01 -0500] "POST /wp-cron.php?doing_wp_cron=1766148841.1608059406280517578125 HTTP/1.1" 200 - "-" "WordPress/6.9; http://emtiyz.com"
15.235.96.169 - - [19/Dec/2025:07:54:00 -0500] "GET /model/500-000-beauty/feed/ HTTP/1.1" 200 2489 "-" "Mozilla/5.0 (compatible; AhrefsBot/7.0; +http://ahrefs.com/robot/)"
50.6.4.141 - - [19/Dec/2025:08:03:42 -0500] "POST /wp-cron.php?doing_wp_cron=1766149422.5660569667816162109375 HTTP/1.1" 200 - "-" "WordPress/6.9; http://emtiyz.com"
158.173.157.120 - - [19/Dec/2025:08:03:41 -0500] "GET / HTTP/1.0" 200 374961 "http://emtiyz.com/" "Mozilla/5.0 (Windows NT 10.0; Win64; x64) AppleWebKit/537.36 (KHTML, like Gecko) Chrome/130.0.0.0 Safari/537.36"
158.173.157.120 - - [19/Dec/2025:08:03:43 -0500] "GET /contact/ HTTP/1.0" 200 115141 "http://emtiyz.com/contact/" "Mozilla/5.0 (Windows NT 10.0; Win64; x64) AppleWebKit/537.36 (KHTML, like Gecko) Chrome/130.0.0.0 Safari/537.36"
50.6.4.141 - - [19/Dec/2025:08:10:37 -0500] "POST /wp-cron.php?doing_wp_cron=1766149837.5651059150695800781250 HTTP/1.1" 200 - "-" "WordPress/6.9; http://emtiyz.com"
142.250.32.2 - - [19/Dec/2025:08:15:31 -0500] "GET /wp-content/uploads/2024/10/Logo-2.png HTTP/1.1" 200 94975 "-" "Mozilla/5.0 (Windows NT 5.1; rv:11.0) Gecko Firefox/11.0 (via ggpht.com GoogleImageProxy)"
91.107.249.59 - - [19/Dec/2025:08:16:08 -0500] "HEAD / HTTP/1.1" 200 - "https://emtiyz.com/" "Mozilla/5.0 (Windows NT 10.0; Win64; x64) AppleWebKit/537.36 (KHTML, like Gecko) Chrome/91.0.4472.124 Safari/537.36"
50.6.4.141 - - [19/Dec/2025:08:33:53 -0500] "POST /wp-cron.php?doing_wp_cron=1766151233.8783040046691894531250 HTTP/1.1" 200 - "-" "WordPress/6.9; http://emtiyz.com"
223.109.211.160 - - [19/Dec/2025:08:33:53 -0500] "GET /design-corporate-identity/ HTTP/1.1" 200 118770 "-" "Sogou web spider/4.0(+http://www.sogou.com/docs/help/webmasters.htm#07)"
50.6.4.141 - - [19/Dec/2025:08:41:41 -0500] "POST /wp-cron.php?doing_wp_cron=1766151701.7594649791717529296875 HTTP/1.1" 200 - "-" "WordPress/6.9; http://emtiyz.com"
3.140.182.19 - - [19/Dec/2025:08:41:40 -0500] "GET / HTTP/1.1" 301 - "-" "cypex.ai/scanning Mozilla/5.0 (Macintosh; Intel Mac OS X 10_15_7) Chrome/126.0.0.0 Safari/537.36"
3.140.182.19 - - [19/Dec/2025:08:41:41 -0500] "GET / HTTP/1.1" 200 229352 "http://mail.emtiyz.com/" "cypex.ai/scanning Mozilla/5.0 (Macintosh; Intel Mac OS X 10_15_7) Chrome/126.0.0.0 Safari/537.36"
50.6.4.141 - - [19/Dec/2025:08:55:02 -0500] "POST /wp-cron.php?doing_wp_cron=1766152502.7957520484924316406250 HTTP/1.1" 200 - "-" "WordPress/6.9; http://emtiyz.com"
107.189.10.79 - - [19/Dec/2025:08:55:02 -0500] "GET /wp-login.php HTTP/1.1" 200 10412 "-" "Mozilla/5.0 (Windows NT 6.1; rv:24.0) Gecko/20100101 Firefox/24.0"
107.189.10.79 - - [19/Dec/2025:08:55:02 -0500] "POST /wp-login.php HTTP/1.1" 200 10866 "-" "Mozilla/5.0 (Windows NT 6.1; rv:24.0) Gecko/20100101 Firefox/24.0"
72.14.199.137 - - [19/Dec/2025:09:20:11 -0500] "GET /wp-content/uploads/2024/10/Logo-2.png HTTP/1.1" 200 94975 "http://mail.google.com/" "Mozilla/5.0 (Windows NT 10.0; Win64; x64) AppleWebKit/537.36 (KHTML, like Gecko) Chrome/42.0.2311.135 Safari/537.36 Edge/12.246 Mozilla/5.0"
50.6.4.141 - - [19/Dec/2025:09:22:02 -0500] "POST /wp-cron.php?doing_wp_cron=1766154122.5181689262390136718750 HTTP/1.1" 200 - "-" "WordPress/6.9; http://emtiyz.com"
50.6.4.141 - - [19/Dec/2025:09:26:40 -0500] "POST /wp-cron.php?doing_wp_cron=1766154400.3226630687713623046875 HTTP/1.1" 200 - "-" "WordPress/6.9; http://emtiyz.com"
58.243.47.149 - - [19/Dec/2025:09:26:39 -0500] "GET /wp-login.php HTTP/1.1" 200 10412 "-" "GRequests/0.10"
58.243.47.149 - - [19/Dec/2025:09:26:45 -0500] "POST /wp-login.php HTTP/1.1" 200 10864 "-" "GRequests/0.10"
58.243.47.149 - - [19/Dec/2025:09:26:45 -0500] "GET /wp-admin/ HTTP/1.1" 302 - "-" "GRequests/0.10"
58.243.47.149 - - [19/Dec/2025:09:26:46 -0500] "GET /wp-login.php?redirect_to=http%3A%2F%2Femtiyz.com%2Fwp-admin%2F&reauth=1 HTTP/1.1" 200 10502 "http://emtiyz.com/wp-admin/" "GRequests/0.10"
66.249.74.99 - - [19/Dec/2025:09:33:58 -0500] "GET /robots.txt HTTP/1.1" 301 - "-" "Mozilla/5.0 (compatible; Googlebot/2.1; +http://www.google.com/bot.html)"
66.249.79.73 - - [19/Dec/2025:09:33:59 -0500] "GET /robots.txt HTTP/1.1" 200 151 "-" "Mozilla/5.0 (compatible; Googlebot/2.1; +http://www.google.com/bot.html)"
66.249.74.99 - - [19/Dec/2025:09:34:00 -0500] "GET / HTTP/1.1" 301 271 "-" "Mozilla/5.0 (Linux; Android 6.0.1; Nexus 5X Build/MMB29P) AppleWebKit/537.36 (KHTML, like Gecko) Chrome/141.0.7390.122 Mobile Safari/537.36 (compatible; Googlebot/2.1; +http://www.google.com/bot.html)"
66.249.74.99 - - [19/Dec/2025:09:34:01 -0500] "GET / HTTP/1.1" 301 271 "-" "Mozilla/5.0 (Linux; Android 6.0.1; Nexus 5X Build/MMB29P) AppleWebKit/537.36 (KHTML, like Gecko) Chrome/141.0.7390.122 Mobile Safari/537.36 (compatible; Googlebot/2.1; +http://www.google.com/bot.html)"
50.6.4.141 - - [19/Dec/2025:09:47:04 -0500] "POST /wp-cron.php?doing_wp_cron=1766155624.8024940490722656250000 HTTP/1.1" 200 - "-" "WordPress/6.9; http://emtiyz.com"
43.163.23.78 - - [19/Dec/2025:09:47:03 -0500] "GET /CompanyProfile.aspx?BrandId=9 HTTP/1.1" 404 103205 "-" "Mozilla/5.0 (Windows NT 6.1; Win64; x64) AppleWebKit/537.36 (KHTML, like Gecko) Chrome/126.0.6478.114 Safari/537.36"
43.173.179.196 - - [19/Dec/2025:09:47:08 -0500] "GET /CompanyProfile.aspx?BrandId=9 HTTP/1.1" 404 103205 "-" "Mozilla/5.0 (Windows NT 10.0; Win64; x64) AppleWebKit/537.36 (KHTML, like Gecko) Chrome/131.0.0.0 Safari/537.36"
50.6.4.141 - - [19/Dec/2025:09:55:38 -0500] "POST /wp-cron.php?doing_wp_cron=1766156138.7844700813293457031250 HTTP/1.1" 200 - "-" "WordPress/6.9; http://emtiyz.com"
104.244.75.37 - - [19/Dec/2025:09:55:38 -0500] "GET /wp-login.php HTTP/1.1" 200 10412 "-" "Mozilla/5.0 (X11; Linux x86_64) AppleWebKit/537.36 (KHTML, like Gecko) Ubuntu Chromium/36.0.1985.125 Chrome/36.0.1985.125 Safari/537.36"
50.6.4.141 - - [19/Dec/2025:09:56:54 -0500] "POST /wp-cron.php?doing_wp_cron=1766156214.5982730388641357421875 HTTP/1.1" 200 - "-" "WordPress/6.9; http://emtiyz.com"
104.244.75.37 - - [19/Dec/2025:09:56:54 -0500] "POST /wp-login.php HTTP/1.1" 200 10868 "-" "Mozilla/5.0 (X11; Linux x86_64) AppleWebKit/537.36 (KHTML, like Gecko) Ubuntu Chromium/36.0.1985.125 Chrome/36.0.1985.125 Safari/537.36"
223.15.245.170 - - [19/Dec/2025:10:04:10 -0500] "GET / HTTP/1.1" 200 294880 "-" "Mozilla/5.0 (iPhone; CPU iPhone OS 13_2_3 like Mac OS X) AppleWebKit/605.1.15 (KHTML, like Gecko) Version/13.0.3 Mobile/15E148 Safari/604.1"
69.171.249.6 - - [19/Dec/2025:10:17:22 -0500] "GET / HTTP/1.1" 301 271 "-" "facebookexternalhit/1.1 (+http://www.facebook.com/externalhit_uatext.php)"
50.6.4.141 - - [19/Dec/2025:10:24:21 -0500] "POST /wp-cron.php?doing_wp_cron=1766157861.4023129940032958984375 HTTP/1.1" 200 - "-" "WordPress/6.9; http://emtiyz.com"
114.119.146.126 - - [19/Dec/2025:10:24:20 -0500] "GET /uae-ministry-of-economy-launches-scale-up-franchise-program-in-partnership-with-emtiyz-consulting HTTP/1.1" 301 - "http://emtiyz.com/" "Mozilla/5.0 (Linux; Android 7.0;) AppleWebKit/537.36 (KHTML, like Gecko) Mobile Safari/537.36 (compatible; PetalBot;+https://webmaster.petalsearch.com/site/petalbot)"
114.119.146.126 - - [19/Dec/2025:10:24:21 -0500] "GET /uae-ministry-of-economy-launches-scale-up-franchise-program-in-partnership-with-emtiyz-consulting/ HTTP/1.1" 200 118975 "http://emtiyz.com/" "Mozilla/5.0 (Linux; Android 7.0;) AppleWebKit/537.36 (KHTML, like Gecko) Mobile Safari/537.36 (compatible; PetalBot;+https://webmaster.petalsearch.com/site/petalbot)"
50.6.4.141 - - [19/Dec/2025:10:33:10 -0500] "POST /wp-cron.php?doing_wp_cron=1766158390.5013520717620849609375 HTTP/1.1" 200 - "-" "WordPress/6.9; http://emtiyz.com"
34.86.141.121 - - [19/Dec/2025:10:34:31 -0500] "GET / HTTP/1.1" 200 374961 "-" "Mozilla/5.0 (compatible; CMS-Checker/1.0; +https://example.com)"
173.252.82.8 - - [19/Dec/2025:10:34:38 -0500] "GET /robots.txt HTTP/1.1" 301 - "-" "facebookexternalhit/1.1 (+http://www.facebook.com/externalhit_uatext.php)"
173.252.82.8 - - [19/Dec/2025:10:34:39 -0500] "GET /robots.txt HTTP/1.1" 200 151 "-" "facebookexternalhit/1.1 (+http://www.facebook.com/externalhit_uatext.php)"
50.6.4.141 - - [19/Dec/2025:10:42:07 -0500] "POST /wp-cron.php?doing_wp_cron=1766158927.2901799678802490234375 HTTP/1.1" 200 - "-" "WordPress/6.9; http://emtiyz.com"
189.1.245.236 - - [19/Dec/2025:10:42:06 -0500] "HEAD /franchise/coffee-house-prime/ HTTP/1.1" 200 - "-" "Mozilla/5.0 (Macintosh; Intel Mac OS X 10_15_7) AppleWebKit/537.36 (KHTML, like Gecko) Chrome/131.0.0.0 Safari/537.36"
189.1.245.236 - - [19/Dec/2025:10:42:07 -0500] "GET /franchise/coffee-house-prime/ HTTP/1.1" 200 169052 "-" "Mozilla/5.0 (Macintosh; Intel Mac OS X 10_15_7) AppleWebKit/537.36 (KHTML, like Gecko) Chrome/131.0.0.0 Safari/537.36"
43.153.10.83 - - [19/Dec/2025:10:43:23 -0500] "GET / HTTP/1.1" 200 374961 "-" "Mozilla/5.0 (iPhone; CPU iPhone OS 13_2_3 like Mac OS X) AppleWebKit/605.1.15 (KHTML, like Gecko) Version/13.0.3 Mobile/15E148 Safari/604.1"
50.6.4.141 - - [19/Dec/2025:10:50:23 -0500] "POST /wp-cron.php?doing_wp_cron=1766159423.0967369079589843750000 HTTP/1.1" 200 - "-" "WordPress/6.9; http://emtiyz.com"
205.185.114.254 - - [19/Dec/2025:10:50:22 -0500] "GET /wp-login.php HTTP/1.1" 200 10412 "https://www.yahoo.com/" "Mozilla/5.0 (Windows NT 10.0; Win64; x64; rv:120.0) Gecko/20100101 Firefox/120.0"
107.189.5.145 - - [19/Dec/2025:10:50:59 -0500] "GET /wp-login.php HTTP/1.1" 200 10412 "https://www.yahoo.com/" "Mozilla/5.0 (Macintosh; Intel Mac OS X 10_15_7) AppleWebKit/605.1.15 (KHTML, like Gecko) Version/16.6 Safari/605.1.15"
107.189.5.145 - - [19/Dec/2025:10:51:15 -0500] "POST /wp-login.php HTTP/1.1" 200 10868 "https://www.yahoo.com/" "Mozilla/5.0 (Macintosh; Intel Mac OS X 10_15_7) AppleWebKit/605.1.15 (KHTML, like Gecko) Version/16.6 Safari/605.1.15"
50.6.4.141 - - [19/Dec/2025:10:51:34 -0500] "POST /wp-cron.php?doing_wp_cron=1766159494.8164610862731933593750 HTTP/1.1" 200 - "-" "WordPress/6.9; http://emtiyz.com"
205.185.114.254 - - [19/Dec/2025:10:51:34 -0500] "POST /wp-login.php HTTP/1.1" 200 10866 "https://www.yahoo.com/" "Mozilla/5.0 (Windows NT 10.0; Win64; x64; rv:120.0) Gecko/20100101 Firefox/120.0"
50.6.4.141 - - [19/Dec/2025:10:54:07 -0500] "POST /wp-cron.php?doing_wp_cron=1766159647.6869430541992187500000 HTTP/1.1" 200 - "-" "WordPress/6.9; http://emtiyz.com"
216.244.66.237 - - [19/Dec/2025:10:54:07 -0500] "GET /robots.txt HTTP/1.1" 200 151 "-" "Mozilla/5.0 (compatible; DotBot/1.2; +https://opensiteexplorer.org/dotbot; help@moz.com)"
216.244.66.237 - - [19/Dec/2025:11:02:04 -0500] "GET /franchise/danube-home/ HTTP/1.1" 200 169288 "-" "Mozilla/5.0 (compatible; DotBot/1.2; +https://opensiteexplorer.org/dotbot; help@moz.com)"
151.80.133.171 - - [19/Dec/2025:11:14:40 -0500] "GET /wp-content/uploads/2024/10/user_01-2-2.jpg HTTP/1.1" 200 3713 "-" "Mozilla/5.0 (Windows NT 10.0; Win64; x64) AppleWebKit/537.36 (KHTML, like Gecko) Chrome/139.0.0.0 Safari/537.36"
74.7.241.176 - - [19/Dec/2025:11:15:01 -0500] "GET /robots.txt HTTP/1.1" 200 151 "-" "Mozilla/5.0 (Macintosh; Intel Mac OS X 10_15_7) AppleWebKit/537.36 (KHTML, like Gecko) Chrome/131.0.0.0 Safari/537.36; compatible; OAI-SearchBot/1.3; robots.txt; +https://openai.com/searchbot"
50.6.4.141 - - [19/Dec/2025:11:17:14 -0500] "POST /wp-cron.php?doing_wp_cron=1766161034.4001579284667968750000 HTTP/1.1" 200 - "-" "WordPress/6.9; http://emtiyz.com"
8.222.255.181 - - [19/Dec/2025:11:17:13 -0500] "GET /ImgDataBase/CompanyBanners/Cmp_Banner_brand_67_1.jpg HTTP/1.1" 404 103485 "-" "python-requests/2.32.5"
8.222.255.181 - - [19/Dec/2025:11:17:14 -0500] "GET /ImgDataBase/Photos/ThumbImg/Thumb_67_19.jpg HTTP/1.1" 404 103437 "-" "python-requests/2.32.5"
8.222.255.181 - - [19/Dec/2025:11:17:16 -0500] "GET /ImgDataBase/Photos/ThumbImg/Thumb_67_12.jpg HTTP/1.1" 404 103437 "-" "python-requests/2.32.5"
50.6.4.141 - - [19/Dec/2025:11:17:18 -0500] "POST /wp-cron.php?doing_wp_cron=1766161038.1788530349731445312500 HTTP/1.1" 200 - "-" "WordPress/6.9; http://emtiyz.com"
8.222.255.181 - - [19/Dec/2025:11:17:17 -0500] "GET /ImgDataBase/Photos/ThumbImg/Thumb_67_6.jpg HTTP/1.1" 404 103431 "-" "python-requests/2.32.5"
8.222.255.181 - - [19/Dec/2025:11:17:18 -0500] "GET /ImgDataBase/Photos/ThumbImg/Thumb_67_3.jpg HTTP/1.1" 404 103431 "-" "python-requests/2.32.5"
8.222.255.181 - - [19/Dec/2025:11:17:19 -0500] "GET /ImgDataBase/Photos/ThumbImg/Thumb_67_8.jpg HTTP/1.1" 404 103431 "-" "python-requests/2.32.5"
8.222.255.181 - - [19/Dec/2025:11:17:20 -0500] "GET /ImgDataBase/Photos/ThumbImg/Thumb_67_7.jpg HTTP/1.1" 404 103431 "-" "python-requests/2.32.5"
8.222.255.181 - - [19/Dec/2025:11:17:21 -0500] "GET /ImgDataBase/Photos/ThumbImg/Thumb_67_13.jpg HTTP/1.1" 404 103437 "-" "python-requests/2.32.5"
8.222.255.181 - - [19/Dec/2025:11:17:23 -0500] "GET /ImgDataBase/Photos/ThumbImg/Thumb_67_20.jpg HTTP/1.1" 404 103437 "-" "python-requests/2.32.5"
8.222.255.181 - - [19/Dec/2025:11:17:24 -0500] "GET /ImgDataBase/Photos/ThumbImg/Thumb_67_18.jpg HTTP/1.1" 404 103437 "-" "python-requests/2.32.5"
8.222.255.181 - - [19/Dec/2025:11:17:25 -0500] "GET /ImgDataBase/Photos/ThumbImg/Thumb_67_10.jpg HTTP/1.1" 404 103437 "-" "python-requests/2.32.5"
8.222.255.181 - - [19/Dec/2025:11:17:26 -0500] "GET /ImgDataBase/Photos/ThumbImg/Thumb_67_17.jpg HTTP/1.1" 404 103437 "-" "python-requests/2.32.5"
8.222.255.181 - - [19/Dec/2025:11:17:27 -0500] "GET /ImgDataBase/Photos/ThumbImg/Thumb_67_2.jpg HTTP/1.1" 404 103431 "-" "python-requests/2.32.5"
8.222.255.181 - - [19/Dec/2025:11:17:28 -0500] "GET /ImgDataBase/Photos/ThumbImg/Thumb_67_9.jpg HTTP/1.1" 404 103431 "-" "python-requests/2.32.5"
8.222.255.181 - - [19/Dec/2025:11:17:29 -0500] "GET /ImgDataBase/Photos/ThumbImg/Thumb_67_16.jpg HTTP/1.1" 404 103437 "-" "python-requests/2.32.5"
8.222.255.181 - - [19/Dec/2025:11:17:30 -0500] "GET /ImgDataBase/Photos/ThumbImg/Thumb_67_5.jpg HTTP/1.1" 404 103431 "-" "python-requests/2.32.5"
8.222.255.181 - - [19/Dec/2025:11:17:32 -0500] "GET /ImgDataBase/Photos/ThumbImg/Thumb_67_14.jpg HTTP/1.1" 404 103437 "-" "python-requests/2.32.5"
8.222.255.181 - - [19/Dec/2025:11:17:33 -0500] "GET /ImgDataBase/Photos/ThumbImg/Thumb_67_1.jpg HTTP/1.1" 404 103431 "-" "python-requests/2.32.5"
107.189.10.79 - - [19/Dec/2025:11:18:03 -0500] "GET /wp-login.php HTTP/1.1" 200 10412 "-" "Mozilla/5.0 (Macintosh; Intel Mac OS X 10_8_5) AppleWebKit/537.36 (KHTML, like Gecko) Chrome/36.0.1985.125 Safari/537.36"
50.6.4.141 - - [19/Dec/2025:11:18:37 -0500] "POST /wp-cron.php?doing_wp_cron=1766161117.4399530887603759765625 HTTP/1.1" 200 - "-" "WordPress/6.9; http://emtiyz.com"
34.86.141.121 - - [19/Dec/2025:11:18:36 -0500] "GET / HTTP/1.1" 200 374961 "-" "Mozilla/5.0 (Windows NT 10.0; Win64; x64) AppleWebKit/537.36 (KHTML, like Gecko) Chrome/78.0.3904.108 Safari/537.36"
34.86.141.121 - - [19/Dec/2025:11:18:37 -0500] "GET /?author=1 HTTP/1.1" 301 - "-" "Mozilla/5.0 (Windows NT 10.0; Win64; x64) AppleWebKit/537.36 (KHTML, like Gecko) Chrome/78.0.3904.108 Safari/537.36"
34.86.141.121 - - [19/Dec/2025:11:18:38 -0500] "GET /?author=2 HTTP/1.1" 301 - "-" "Mozilla/5.0 (Windows NT 10.0; Win64; x64) AppleWebKit/537.36 (KHTML, like Gecko) Chrome/78.0.3904.108 Safari/537.36"
34.86.141.121 - - [19/Dec/2025:11:18:39 -0500] "GET /wp-json/wp/v2/users/ HTTP/1.1" 200 830 "-" "Mozilla/5.0 (Windows NT 10.0; Win64; x64) AppleWebKit/537.36 (KHTML, like Gecko) Chrome/78.0.3904.108 Safari/537.36"
34.86.141.121 - - [19/Dec/2025:11:18:40 -0500] "POST /xmlrpc.php HTTP/1.1" 200 401 "-" "Mozilla/5.0 (Windows NT 10.0; Win64; x64) AppleWebKit/537.36 (KHTML, like Gecko) Chrome/78.0.3904.108 Safari/537.36"
34.86.141.121 - - [19/Dec/2025:11:18:41 -0500] "POST /xmlrpc.php HTTP/1.1" 200 401 "-" "Mozilla/5.0 (Windows NT 10.0; Win64; x64) AppleWebKit/537.36 (KHTML, like Gecko) Chrome/78.0.3904.108 Safari/537.36"
34.86.141.121 - - [19/Dec/2025:11:18:41 -0500] "POST /xmlrpc.php HTTP/1.1" 200 401 "-" "Mozilla/5.0 (Windows NT 10.0; Win64; x64) AppleWebKit/537.36 (KHTML, like Gecko) Chrome/78.0.3904.108 Safari/537.36"
34.86.141.121 - - [19/Dec/2025:11:18:42 -0500] "POST /xmlrpc.php HTTP/1.1" 200 401 "-" "Mozilla/5.0 (Windows NT 10.0; Win64; x64) AppleWebKit/537.36 (KHTML, like Gecko) Chrome/78.0.3904.108 Safari/537.36"
34.86.141.121 - - [19/Dec/2025:11:18:43 -0500] "POST /xmlrpc.php HTTP/1.1" 200 401 "-" "Mozilla/5.0 (Windows NT 10.0; Win64; x64) AppleWebKit/537.36 (KHTML, like Gecko) Chrome/78.0.3904.108 Safari/537.36"
34.86.141.121 - - [19/Dec/2025:11:18:44 -0500] "POST /xmlrpc.php HTTP/1.1" 200 401 "-" "Mozilla/5.0 (Windows NT 10.0; Win64; x64) AppleWebKit/537.36 (KHTML, like Gecko) Chrome/78.0.3904.108 Safari/537.36"
34.86.141.121 - - [19/Dec/2025:11:18:44 -0500] "POST /xmlrpc.php HTTP/1.1" 200 401 "-" "Mozilla/5.0 (Windows NT 10.0; Win64; x64) AppleWebKit/537.36 (KHTML, like Gecko) Chrome/78.0.3904.108 Safari/537.36"
34.86.141.121 - - [19/Dec/2025:11:18:45 -0500] "POST /xmlrpc.php HTTP/1.1" 200 401 "-" "Mozilla/5.0 (Windows NT 10.0; Win64; x64) AppleWebKit/537.36 (KHTML, like Gecko) Chrome/78.0.3904.108 Safari/537.36"
34.86.141.121 - - [19/Dec/2025:11:18:46 -0500] "POST /xmlrpc.php HTTP/1.1" 200 401 "-" "Mozilla/5.0 (Windows NT 10.0; Win64; x64) AppleWebKit/537.36 (KHTML, like Gecko) Chrome/78.0.3904.108 Safari/537.36"
34.86.141.121 - - [19/Dec/2025:11:18:46 -0500] "POST /xmlrpc.php HTTP/1.1" 200 401 "-" "Mozilla/5.0 (Windows NT 10.0; Win64; x64) AppleWebKit/537.36 (KHTML, like Gecko) Chrome/78.0.3904.108 Safari/537.36"
34.86.141.121 - - [19/Dec/2025:11:18:47 -0500] "POST /xmlrpc.php HTTP/1.1" 200 401 "-" "Mozilla/5.0 (Windows NT 10.0; Win64; x64) AppleWebKit/537.36 (KHTML, like Gecko) Chrome/78.0.3904.108 Safari/537.36"
34.86.141.121 - - [19/Dec/2025:11:18:48 -0500] "POST /xmlrpc.php HTTP/1.1" 200 401 "-" "Mozilla/5.0 (Windows NT 10.0; Win64; x64) AppleWebKit/537.36 (KHTML, like Gecko) Chrome/78.0.3904.108 Safari/537.36"
34.86.141.121 - - [19/Dec/2025:11:18:48 -0500] "POST /xmlrpc.php HTTP/1.1" 200 401 "-" "Mozilla/5.0 (Windows NT 10.0; Win64; x64) AppleWebKit/537.36 (KHTML, like Gecko) Chrome/78.0.3904.108 Safari/537.36"
34.86.141.121 - - [19/Dec/2025:11:18:49 -0500] "POST /xmlrpc.php HTTP/1.1" 200 401 "-" "Mozilla/5.0 (Windows NT 10.0; Win64; x64) AppleWebKit/537.36 (KHTML, like Gecko) Chrome/78.0.3904.108 Safari/537.36"
34.86.141.121 - - [19/Dec/2025:11:18:49 -0500] "POST /xmlrpc.php HTTP/1.1" 200 401 "-" "Mozilla/5.0 (Windows NT 10.0; Win64; x64) AppleWebKit/537.36 (KHTML, like Gecko) Chrome/78.0.3904.108 Safari/537.36"
34.86.141.121 - - [19/Dec/2025:11:18:50 -0500] "POST /xmlrpc.php HTTP/1.1" 200 401 "-" "Mozilla/5.0 (Windows NT 10.0; Win64; x64) AppleWebKit/537.36 (KHTML, like Gecko) Chrome/78.0.3904.108 Safari/537.36"
34.86.141.121 - - [19/Dec/2025:11:18:51 -0500] "POST /xmlrpc.php HTTP/1.1" 200 401 "-" "Mozilla/5.0 (Windows NT 10.0; Win64; x64) AppleWebKit/537.36 (KHTML, like Gecko) Chrome/78.0.3904.108 Safari/537.36"
34.86.141.121 - - [19/Dec/2025:11:18:51 -0500] "POST /xmlrpc.php HTTP/1.1" 200 401 "-" "Mozilla/5.0 (Windows NT 10.0; Win64; x64) AppleWebKit/537.36 (KHTML, like Gecko) Chrome/78.0.3904.108 Safari/537.36"
34.86.141.121 - - [19/Dec/2025:11:18:52 -0500] "POST /xmlrpc.php HTTP/1.1" 200 401 "-" "Mozilla/5.0 (Windows NT 10.0; Win64; x64) AppleWebKit/537.36 (KHTML, like Gecko) Chrome/78.0.3904.108 Safari/537.36"
34.86.141.121 - - [19/Dec/2025:11:18:53 -0500] "POST /xmlrpc.php HTTP/1.1" 200 401 "-" "Mozilla/5.0 (Windows NT 10.0; Win64; x64) AppleWebKit/537.36 (KHTML, like Gecko) Chrome/78.0.3904.108 Safari/537.36"
34.86.141.121 - - [19/Dec/2025:11:18:53 -0500] "POST /xmlrpc.php HTTP/1.1" 200 401 "-" "Mozilla/5.0 (Windows NT 10.0; Win64; x64) AppleWebKit/537.36 (KHTML, like Gecko) Chrome/78.0.3904.108 Safari/537.36"
34.86.141.121 - - [19/Dec/2025:11:18:54 -0500] "POST /xmlrpc.php HTTP/1.1" 200 401 "-" "Mozilla/5.0 (Windows NT 10.0; Win64; x64) AppleWebKit/537.36 (KHTML, like Gecko) Chrome/78.0.3904.108 Safari/537.36"
34.86.141.121 - - [19/Dec/2025:11:18:55 -0500] "POST /xmlrpc.php HTTP/1.1" 200 401 "-" "Mozilla/5.0 (Windows NT 10.0; Win64; x64) AppleWebKit/537.36 (KHTML, like Gecko) Chrome/78.0.3904.108 Safari/537.36"
34.86.141.121 - - [19/Dec/2025:11:18:55 -0500] "POST /xmlrpc.php HTTP/1.1" 200 401 "-" "Mozilla/5.0 (Windows NT 10.0; Win64; x64) AppleWebKit/537.36 (KHTML, like Gecko) Chrome/78.0.3904.108 Safari/537.36"
34.86.141.121 - - [19/Dec/2025:11:18:56 -0500] "POST /xmlrpc.php HTTP/1.1" 200 401 "-" "Mozilla/5.0 (Windows NT 10.0; Win64; x64) AppleWebKit/537.36 (KHTML, like Gecko) Chrome/78.0.3904.108 Safari/537.36"
34.86.141.121 - - [19/Dec/2025:11:18:57 -0500] "POST /xmlrpc.php HTTP/1.1" 200 401 "-" "Mozilla/5.0 (Windows NT 10.0; Win64; x64) AppleWebKit/537.36 (KHTML, like Gecko) Chrome/78.0.3904.108 Safari/537.36"
34.86.141.121 - - [19/Dec/2025:11:18:57 -0500] "POST /xmlrpc.php HTTP/1.1" 200 401 "-" "Mozilla/5.0 (Windows NT 10.0; Win64; x64) AppleWebKit/537.36 (KHTML, like Gecko) Chrome/78.0.3904.108 Safari/537.36"
34.86.141.121 - - [19/Dec/2025:11:18:58 -0500] "POST /xmlrpc.php HTTP/1.1" 200 401 "-" "Mozilla/5.0 (Windows NT 10.0; Win64; x64) AppleWebKit/537.36 (KHTML, like Gecko) Chrome/78.0.3904.108 Safari/537.36"
34.86.141.121 - - [19/Dec/2025:11:18:58 -0500] "POST /xmlrpc.php HTTP/1.1" 200 401 "-" "Mozilla/5.0 (Windows NT 10.0; Win64; x64) AppleWebKit/537.36 (KHTML, like Gecko) Chrome/78.0.3904.108 Safari/537.36"
34.86.141.121 - - [19/Dec/2025:11:18:59 -0500] "POST /xmlrpc.php HTTP/1.1" 200 401 "-" "Mozilla/5.0 (Windows NT 10.0; Win64; x64) AppleWebKit/537.36 (KHTML, like Gecko) Chrome/78.0.3904.108 Safari/537.36"
34.86.141.121 - - [19/Dec/2025:11:19:00 -0500] "POST /xmlrpc.php HTTP/1.1" 200 401 "-" "Mozilla/5.0 (Windows NT 10.0; Win64; x64) AppleWebKit/537.36 (KHTML, like Gecko) Chrome/78.0.3904.108 Safari/537.36"
34.86.141.121 - - [19/Dec/2025:11:19:01 -0500] "POST /xmlrpc.php HTTP/1.1" 200 401 "-" "Mozilla/5.0 (Windows NT 10.0; Win64; x64) AppleWebKit/537.36 (KHTML, like Gecko) Chrome/78.0.3904.108 Safari/537.36"
34.86.141.121 - - [19/Dec/2025:11:19:01 -0500] "POST /xmlrpc.php HTTP/1.1" 200 401 "-" "Mozilla/5.0 (Windows NT 10.0; Win64; x64) AppleWebKit/537.36 (KHTML, like Gecko) Chrome/78.0.3904.108 Safari/537.36"
34.86.141.121 - - [19/Dec/2025:11:19:02 -0500] "POST /xmlrpc.php HTTP/1.1" 200 401 "-" "Mozilla/5.0 (Windows NT 10.0; Win64; x64) AppleWebKit/537.36 (KHTML, like Gecko) Chrome/78.0.3904.108 Safari/537.36"
34.86.141.121 - - [19/Dec/2025:11:19:03 -0500] "POST /xmlrpc.php HTTP/1.1" 200 401 "-" "Mozilla/5.0 (Windows NT 10.0; Win64; x64) AppleWebKit/537.36 (KHTML, like Gecko) Chrome/78.0.3904.108 Safari/537.36"
34.86.141.121 - - [19/Dec/2025:11:19:03 -0500] "POST /xmlrpc.php HTTP/1.1" 200 401 "-" "Mozilla/5.0 (Windows NT 10.0; Win64; x64) AppleWebKit/537.36 (KHTML, like Gecko) Chrome/78.0.3904.108 Safari/537.36"
34.86.141.121 - - [19/Dec/2025:11:19:04 -0500] "POST /xmlrpc.php HTTP/1.1" 200 401 "-" "Mozilla/5.0 (Windows NT 10.0; Win64; x64) AppleWebKit/537.36 (KHTML, like Gecko) Chrome/78.0.3904.108 Safari/537.36"
34.86.141.121 - - [19/Dec/2025:11:19:05 -0500] "POST /xmlrpc.php HTTP/1.1" 200 401 "-" "Mozilla/5.0 (Windows NT 10.0; Win64; x64) AppleWebKit/537.36 (KHTML, like Gecko) Chrome/78.0.3904.108 Safari/537.36"
34.86.141.121 - - [19/Dec/2025:11:19:06 -0500] "POST /xmlrpc.php HTTP/1.1" 200 401 "-" "Mozilla/5.0 (Windows NT 10.0; Win64; x64) AppleWebKit/537.36 (KHTML, like Gecko) Chrome/78.0.3904.108 Safari/537.36"
34.86.141.121 - - [19/Dec/2025:11:19:06 -0500] "POST /xmlrpc.php HTTP/1.1" 200 401 "-" "Mozilla/5.0 (Windows NT 10.0; Win64; x64) AppleWebKit/537.36 (KHTML, like Gecko) Chrome/78.0.3904.108 Safari/537.36"
34.86.141.121 - - [19/Dec/2025:11:19:07 -0500] "POST /xmlrpc.php HTTP/1.1" 200 401 "-" "Mozilla/5.0 (Windows NT 10.0; Win64; x64) AppleWebKit/537.36 (KHTML, like Gecko) Chrome/78.0.3904.108 Safari/537.36"
34.86.141.121 - - [19/Dec/2025:11:19:08 -0500] "POST /xmlrpc.php HTTP/1.1" 200 401 "-" "Mozilla/5.0 (Windows NT 10.0; Win64; x64) AppleWebKit/537.36 (KHTML, like Gecko) Chrome/78.0.3904.108 Safari/537.36"
34.86.141.121 - - [19/Dec/2025:11:19:09 -0500] "POST /xmlrpc.php HTTP/1.1" 200 401 "-" "Mozilla/5.0 (Windows NT 10.0; Win64; x64) AppleWebKit/537.36 (KHTML, like Gecko) Chrome/78.0.3904.108 Safari/537.36"
34.86.141.121 - - [19/Dec/2025:11:19:10 -0500] "POST /xmlrpc.php HTTP/1.1" 200 401 "-" "Mozilla/5.0 (Windows NT 10.0; Win64; x64) AppleWebKit/537.36 (KHTML, like Gecko) Chrome/78.0.3904.108 Safari/537.36"
34.86.141.121 - - [19/Dec/2025:11:19:10 -0500] "POST /xmlrpc.php HTTP/1.1" 200 401 "-" "Mozilla/5.0 (Windows NT 10.0; Win64; x64) AppleWebKit/537.36 (KHTML, like Gecko) Chrome/78.0.3904.108 Safari/537.36"
34.86.141.121 - - [19/Dec/2025:11:19:11 -0500] "POST /xmlrpc.php HTTP/1.1" 200 401 "-" "Mozilla/5.0 (Windows NT 10.0; Win64; x64) AppleWebKit/537.36 (KHTML, like Gecko) Chrome/78.0.3904.108 Safari/537.36"
34.86.141.121 - - [19/Dec/2025:11:19:12 -0500] "POST /xmlrpc.php HTTP/1.1" 200 401 "-" "Mozilla/5.0 (Windows NT 10.0; Win64; x64) AppleWebKit/537.36 (KHTML, like Gecko) Chrome/78.0.3904.108 Safari/537.36"
34.86.141.121 - - [19/Dec/2025:11:19:13 -0500] "POST /xmlrpc.php HTTP/1.1" 200 401 "-" "Mozilla/5.0 (Windows NT 10.0; Win64; x64) AppleWebKit/537.36 (KHTML, like Gecko) Chrome/78.0.3904.108 Safari/537.36"
34.86.141.121 - - [19/Dec/2025:11:19:13 -0500] "POST /xmlrpc.php HTTP/1.1" 200 401 "-" "Mozilla/5.0 (Windows NT 10.0; Win64; x64) AppleWebKit/537.36 (KHTML, like Gecko) Chrome/78.0.3904.108 Safari/537.36"
34.86.141.121 - - [19/Dec/2025:11:19:14 -0500] "POST /xmlrpc.php HTTP/1.1" 200 401 "-" "Mozilla/5.0 (Windows NT 10.0; Win64; x64) AppleWebKit/537.36 (KHTML, like Gecko) Chrome/78.0.3904.108 Safari/537.36"
34.86.141.121 - - [19/Dec/2025:11:19:14 -0500] "POST /xmlrpc.php HTTP/1.1" 200 401 "-" "Mozilla/5.0 (Windows NT 10.0; Win64; x64) AppleWebKit/537.36 (KHTML, like Gecko) Chrome/78.0.3904.108 Safari/537.36"
34.86.141.121 - - [19/Dec/2025:11:19:15 -0500] "POST /xmlrpc.php HTTP/1.1" 200 401 "-" "Mozilla/5.0 (Windows NT 10.0; Win64; x64) AppleWebKit/537.36 (KHTML, like Gecko) Chrome/78.0.3904.108 Safari/537.36"
34.86.141.121 - - [19/Dec/2025:11:19:16 -0500] "POST /xmlrpc.php HTTP/1.1" 200 401 "-" "Mozilla/5.0 (Windows NT 10.0; Win64; x64) AppleWebKit/537.36 (KHTML, like Gecko) Chrome/78.0.3904.108 Safari/537.36"
50.6.4.141 - - [19/Dec/2025:11:19:17 -0500] "POST /wp-cron.php?doing_wp_cron=1766161157.4371709823608398437500 HTTP/1.1" 200 - "-" "WordPress/6.9; http://emtiyz.com"
34.86.141.121 - - [19/Dec/2025:11:19:16 -0500] "POST /xmlrpc.php HTTP/1.1" 200 401 "-" "Mozilla/5.0 (Windows NT 10.0; Win64; x64) AppleWebKit/537.36 (KHTML, like Gecko) Chrome/78.0.3904.108 Safari/537.36"
34.86.141.121 - - [19/Dec/2025:11:19:17 -0500] "POST /xmlrpc.php HTTP/1.1" 200 401 "-" "Mozilla/5.0 (Windows NT 10.0; Win64; x64) AppleWebKit/537.36 (KHTML, like Gecko) Chrome/78.0.3904.108 Safari/537.36"
34.86.141.121 - - [19/Dec/2025:11:19:18 -0500] "POST /xmlrpc.php HTTP/1.1" 200 401 "-" "Mozilla/5.0 (Windows NT 10.0; Win64; x64) AppleWebKit/537.36 (KHTML, like Gecko) Chrome/78.0.3904.108 Safari/537.36"
34.86.141.121 - - [19/Dec/2025:11:19:19 -0500] "POST /xmlrpc.php HTTP/1.1" 200 401 "-" "Mozilla/5.0 (Windows NT 10.0; Win64; x64) AppleWebKit/537.36 (KHTML, like Gecko) Chrome/78.0.3904.108 Safari/537.36"
34.86.141.121 - - [19/Dec/2025:11:19:19 -0500] "POST /xmlrpc.php HTTP/1.1" 200 401 "-" "Mozilla/5.0 (Windows NT 10.0; Win64; x64) AppleWebKit/537.36 (KHTML, like Gecko) Chrome/78.0.3904.108 Safari/537.36"
34.86.141.121 - - [19/Dec/2025:11:19:20 -0500] "POST /xmlrpc.php HTTP/1.1" 200 401 "-" "Mozilla/5.0 (Windows NT 10.0; Win64; x64) AppleWebKit/537.36 (KHTML, like Gecko) Chrome/78.0.3904.108 Safari/537.36"
34.86.141.121 - - [19/Dec/2025:11:19:20 -0500] "POST /xmlrpc.php HTTP/1.1" 200 401 "-" "Mozilla/5.0 (Windows NT 10.0; Win64; x64) AppleWebKit/537.36 (KHTML, like Gecko) Chrome/78.0.3904.108 Safari/537.36"
34.86.141.121 - - [19/Dec/2025:11:19:21 -0500] "POST /xmlrpc.php HTTP/1.1" 200 401 "-" "Mozilla/5.0 (Windows NT 10.0; Win64; x64) AppleWebKit/537.36 (KHTML, like Gecko) Chrome/78.0.3904.108 Safari/537.36"
34.86.141.121 - - [19/Dec/2025:11:19:22 -0500] "POST /xmlrpc.php HTTP/1.1" 200 401 "-" "Mozilla/5.0 (Windows NT 10.0; Win64; x64) AppleWebKit/537.36 (KHTML, like Gecko) Chrome/78.0.3904.108 Safari/537.36"
34.86.141.121 - - [19/Dec/2025:11:19:23 -0500] "POST /xmlrpc.php HTTP/1.1" 200 401 "-" "Mozilla/5.0 (Windows NT 10.0; Win64; x64) AppleWebKit/537.36 (KHTML, like Gecko) Chrome/78.0.3904.108 Safari/537.36"
34.86.141.121 - - [19/Dec/2025:11:19:24 -0500] "POST /xmlrpc.php HTTP/1.1" 200 401 "-" "Mozilla/5.0 (Windows NT 10.0; Win64; x64) AppleWebKit/537.36 (KHTML, like Gecko) Chrome/78.0.3904.108 Safari/537.36"
34.86.141.121 - - [19/Dec/2025:11:19:25 -0500] "POST /xmlrpc.php HTTP/1.1" 200 401 "-" "Mozilla/5.0 (Windows NT 10.0; Win64; x64) AppleWebKit/537.36 (KHTML, like Gecko) Chrome/78.0.3904.108 Safari/537.36"
107.189.10.79 - - [19/Dec/2025:11:19:25 -0500] "POST /wp-login.php HTTP/1.1" 200 10864 "-" "Mozilla/5.0 (Macintosh; Intel Mac OS X 10_8_5) AppleWebKit/537.36 (KHTML, like Gecko) Chrome/36.0.1985.125 Safari/537.36"
34.86.141.121 - - [19/Dec/2025:11:19:25 -0500] "POST /xmlrpc.php HTTP/1.1" 200 401 "-" "Mozilla/5.0 (Windows NT 10.0; Win64; x64) AppleWebKit/537.36 (KHTML, like Gecko) Chrome/78.0.3904.108 Safari/537.36"
34.86.141.121 - - [19/Dec/2025:11:19:26 -0500] "POST /xmlrpc.php HTTP/1.1" 200 401 "-" "Mozilla/5.0 (Windows NT 10.0; Win64; x64) AppleWebKit/537.36 (KHTML, like Gecko) Chrome/78.0.3904.108 Safari/537.36"
34.86.141.121 - - [19/Dec/2025:11:19:26 -0500] "POST /xmlrpc.php HTTP/1.1" 200 401 "-" "Mozilla/5.0 (Windows NT 10.0; Win64; x64) AppleWebKit/537.36 (KHTML, like Gecko) Chrome/78.0.3904.108 Safari/537.36"
34.86.141.121 - - [19/Dec/2025:11:19:27 -0500] "POST /xmlrpc.php HTTP/1.1" 200 401 "-" "Mozilla/5.0 (Windows NT 10.0; Win64; x64) AppleWebKit/537.36 (KHTML, like Gecko) Chrome/78.0.3904.108 Safari/537.36"
34.86.141.121 - - [19/Dec/2025:11:19:28 -0500] "POST /xmlrpc.php HTTP/1.1" 200 401 "-" "Mozilla/5.0 (Windows NT 10.0; Win64; x64) AppleWebKit/537.36 (KHTML, like Gecko) Chrome/78.0.3904.108 Safari/537.36"
34.86.141.121 - - [19/Dec/2025:11:19:28 -0500] "POST /xmlrpc.php HTTP/1.1" 200 401 "-" "Mozilla/5.0 (Windows NT 10.0; Win64; x64) AppleWebKit/537.36 (KHTML, like Gecko) Chrome/78.0.3904.108 Safari/537.36"
34.86.141.121 - - [19/Dec/2025:11:19:29 -0500] "POST /xmlrpc.php HTTP/1.1" 200 401 "-" "Mozilla/5.0 (Windows NT 10.0; Win64; x64) AppleWebKit/537.36 (KHTML, like Gecko) Chrome/78.0.3904.108 Safari/537.36"
34.86.141.121 - - [19/Dec/2025:11:19:30 -0500] "POST /xmlrpc.php HTTP/1.1" 200 401 "-" "Mozilla/5.0 (Windows NT 10.0; Win64; x64) AppleWebKit/537.36 (KHTML, like Gecko) Chrome/78.0.3904.108 Safari/537.36"
34.86.141.121 - - [19/Dec/2025:11:19:30 -0500] "POST /xmlrpc.php HTTP/1.1" 200 401 "-" "Mozilla/5.0 (Windows NT 10.0; Win64; x64) AppleWebKit/537.36 (KHTML, like Gecko) Chrome/78.0.3904.108 Safari/537.36"
34.86.141.121 - - [19/Dec/2025:11:19:31 -0500] "POST /xmlrpc.php HTTP/1.1" 200 401 "-" "Mozilla/5.0 (Windows NT 10.0; Win64; x64) AppleWebKit/537.36 (KHTML, like Gecko) Chrome/78.0.3904.108 Safari/537.36"
34.86.141.121 - - [19/Dec/2025:11:19:32 -0500] "POST /xmlrpc.php HTTP/1.1" 200 401 "-" "Mozilla/5.0 (Windows NT 10.0; Win64; x64) AppleWebKit/537.36 (KHTML, like Gecko) Chrome/78.0.3904.108 Safari/537.36"
34.86.141.121 - - [19/Dec/2025:11:19:32 -0500] "POST /xmlrpc.php HTTP/1.1" 200 401 "-" "Mozilla/5.0 (Windows NT 10.0; Win64; x64) AppleWebKit/537.36 (KHTML, like Gecko) Chrome/78.0.3904.108 Safari/537.36"
34.86.141.121 - - [19/Dec/2025:11:19:33 -0500] "POST /xmlrpc.php HTTP/1.1" 200 401 "-" "Mozilla/5.0 (Windows NT 10.0; Win64; x64) AppleWebKit/537.36 (KHTML, like Gecko) Chrome/78.0.3904.108 Safari/537.36"
34.86.141.121 - - [19/Dec/2025:11:19:34 -0500] "POST /xmlrpc.php HTTP/1.1" 200 401 "-" "Mozilla/5.0 (Windows NT 10.0; Win64; x64) AppleWebKit/537.36 (KHTML, like Gecko) Chrome/78.0.3904.108 Safari/537.36"
34.86.141.121 - - [19/Dec/2025:11:19:34 -0500] "POST /xmlrpc.php HTTP/1.1" 200 401 "-" "Mozilla/5.0 (Windows NT 10.0; Win64; x64) AppleWebKit/537.36 (KHTML, like Gecko) Chrome/78.0.3904.108 Safari/537.36"
34.86.141.121 - - [19/Dec/2025:11:19:35 -0500] "POST /xmlrpc.php HTTP/1.1" 200 401 "-" "Mozilla/5.0 (Windows NT 10.0; Win64; x64) AppleWebKit/537.36 (KHTML, like Gecko) Chrome/78.0.3904.108 Safari/537.36"
34.86.141.121 - - [19/Dec/2025:11:19:35 -0500] "POST /xmlrpc.php HTTP/1.1" 200 401 "-" "Mozilla/5.0 (Windows NT 10.0; Win64; x64) AppleWebKit/537.36 (KHTML, like Gecko) Chrome/78.0.3904.108 Safari/537.36"
34.86.141.121 - - [19/Dec/2025:11:19:36 -0500] "POST /xmlrpc.php HTTP/1.1" 200 401 "-" "Mozilla/5.0 (Windows NT 10.0; Win64; x64) AppleWebKit/537.36 (KHTML, like Gecko) Chrome/78.0.3904.108 Safari/537.36"
34.86.141.121 - - [19/Dec/2025:11:19:37 -0500] "POST /xmlrpc.php HTTP/1.1" 200 401 "-" "Mozilla/5.0 (Windows NT 10.0; Win64; x64) AppleWebKit/537.36 (KHTML, like Gecko) Chrome/78.0.3904.108 Safari/537.36"
34.86.141.121 - - [19/Dec/2025:11:19:37 -0500] "POST /xmlrpc.php HTTP/1.1" 200 401 "-" "Mozilla/5.0 (Windows NT 10.0; Win64; x64) AppleWebKit/537.36 (KHTML, like Gecko) Chrome/78.0.3904.108 Safari/537.36"
34.86.141.121 - - [19/Dec/2025:11:19:38 -0500] "POST /xmlrpc.php HTTP/1.1" 200 401 "-" "Mozilla/5.0 (Windows NT 10.0; Win64; x64) AppleWebKit/537.36 (KHTML, like Gecko) Chrome/78.0.3904.108 Safari/537.36"
34.86.141.121 - - [19/Dec/2025:11:19:38 -0500] "POST /xmlrpc.php HTTP/1.1" 200 401 "-" "Mozilla/5.0 (Windows NT 10.0; Win64; x64) AppleWebKit/537.36 (KHTML, like Gecko) Chrome/78.0.3904.108 Safari/537.36"
34.86.141.121 - - [19/Dec/2025:11:19:39 -0500] "POST /xmlrpc.php HTTP/1.1" 200 401 "-" "Mozilla/5.0 (Windows NT 10.0; Win64; x64) AppleWebKit/537.36 (KHTML, like Gecko) Chrome/78.0.3904.108 Safari/537.36"
34.86.141.121 - - [19/Dec/2025:11:19:39 -0500] "POST /xmlrpc.php HTTP/1.1" 200 401 "-" "Mozilla/5.0 (Windows NT 10.0; Win64; x64) AppleWebKit/537.36 (KHTML, like Gecko) Chrome/78.0.3904.108 Safari/537.36"
34.86.141.121 - - [19/Dec/2025:11:19:40 -0500] "POST /xmlrpc.php HTTP/1.1" 200 401 "-" "Mozilla/5.0 (Windows NT 10.0; Win64; x64) AppleWebKit/537.36 (KHTML, like Gecko) Chrome/78.0.3904.108 Safari/537.36"
34.86.141.121 - - [19/Dec/2025:11:19:41 -0500] "POST /xmlrpc.php HTTP/1.1" 200 401 "-" "Mozilla/5.0 (Windows NT 10.0; Win64; x64) AppleWebKit/537.36 (KHTML, like Gecko) Chrome/78.0.3904.108 Safari/537.36"
34.86.141.121 - - [19/Dec/2025:11:19:41 -0500] "POST /xmlrpc.php HTTP/1.1" 200 401 "-" "Mozilla/5.0 (Windows NT 10.0; Win64; x64) AppleWebKit/537.36 (KHTML, like Gecko) Chrome/78.0.3904.108 Safari/537.36"
34.86.141.121 - - [19/Dec/2025:11:19:42 -0500] "POST /xmlrpc.php HTTP/1.1" 200 401 "-" "Mozilla/5.0 (Windows NT 10.0; Win64; x64) AppleWebKit/537.36 (KHTML, like Gecko) Chrome/78.0.3904.108 Safari/537.36"
34.86.141.121 - - [19/Dec/2025:11:19:42 -0500] "POST /xmlrpc.php HTTP/1.1" 200 401 "-" "Mozilla/5.0 (Windows NT 10.0; Win64; x64) AppleWebKit/537.36 (KHTML, like Gecko) Chrome/78.0.3904.108 Safari/537.36"
34.86.141.121 - - [19/Dec/2025:11:19:43 -0500] "POST /xmlrpc.php HTTP/1.1" 200 401 "-" "Mozilla/5.0 (Windows NT 10.0; Win64; x64) AppleWebKit/537.36 (KHTML, like Gecko) Chrome/78.0.3904.108 Safari/537.36"
34.86.141.121 - - [19/Dec/2025:11:19:44 -0500] "POST /xmlrpc.php HTTP/1.1" 200 401 "-" "Mozilla/5.0 (Windows NT 10.0; Win64; x64) AppleWebKit/537.36 (KHTML, like Gecko) Chrome/78.0.3904.108 Safari/537.36"
34.86.141.121 - - [19/Dec/2025:11:19:44 -0500] "POST /xmlrpc.php HTTP/1.1" 200 401 "-" "Mozilla/5.0 (Windows NT 10.0; Win64; x64) AppleWebKit/537.36 (KHTML, like Gecko) Chrome/78.0.3904.108 Safari/537.36"
34.86.141.121 - - [19/Dec/2025:11:19:45 -0500] "POST /xmlrpc.php HTTP/1.1" 200 401 "-" "Mozilla/5.0 (Windows NT 10.0; Win64; x64) AppleWebKit/537.36 (KHTML, like Gecko) Chrome/78.0.3904.108 Safari/537.36"
34.86.141.121 - - [19/Dec/2025:11:19:46 -0500] "POST /xmlrpc.php HTTP/1.1" 200 401 "-" "Mozilla/5.0 (Windows NT 10.0; Win64; x64) AppleWebKit/537.36 (KHTML, like Gecko) Chrome/78.0.3904.108 Safari/537.36"
34.86.141.121 - - [19/Dec/2025:11:19:46 -0500] "POST /xmlrpc.php HTTP/1.1" 200 401 "-" "Mozilla/5.0 (Windows NT 10.0; Win64; x64) AppleWebKit/537.36 (KHTML, like Gecko) Chrome/78.0.3904.108 Safari/537.36"
34.86.141.121 - - [19/Dec/2025:11:19:47 -0500] "POST /xmlrpc.php HTTP/1.1" 200 401 "-" "Mozilla/5.0 (Windows NT 10.0; Win64; x64) AppleWebKit/537.36 (KHTML, like Gecko) Chrome/78.0.3904.108 Safari/537.36"
34.86.141.121 - - [19/Dec/2025:11:19:48 -0500] "POST /xmlrpc.php HTTP/1.1" 200 401 "-" "Mozilla/5.0 (Windows NT 10.0; Win64; x64) AppleWebKit/537.36 (KHTML, like Gecko) Chrome/78.0.3904.108 Safari/537.36"
34.86.141.121 - - [19/Dec/2025:11:19:48 -0500] "POST /xmlrpc.php HTTP/1.1" 200 401 "-" "Mozilla/5.0 (Windows NT 10.0; Win64; x64) AppleWebKit/537.36 (KHTML, like Gecko) Chrome/78.0.3904.108 Safari/537.36"
34.86.141.121 - - [19/Dec/2025:11:19:49 -0500] "POST /xmlrpc.php HTTP/1.1" 200 401 "-" "Mozilla/5.0 (Windows NT 10.0; Win64; x64) AppleWebKit/537.36 (KHTML, like Gecko) Chrome/78.0.3904.108 Safari/537.36"
34.86.141.121 - - [19/Dec/2025:11:19:49 -0500] "POST /xmlrpc.php HTTP/1.1" 200 401 "-" "Mozilla/5.0 (Windows NT 10.0; Win64; x64) AppleWebKit/537.36 (KHTML, like Gecko) Chrome/78.0.3904.108 Safari/537.36"
34.86.141.121 - - [19/Dec/2025:11:19:50 -0500] "POST /xmlrpc.php HTTP/1.1" 200 401 "-" "Mozilla/5.0 (Windows NT 10.0; Win64; x64) AppleWebKit/537.36 (KHTML, like Gecko) Chrome/78.0.3904.108 Safari/537.36"
34.86.141.121 - - [19/Dec/2025:11:19:51 -0500] "POST /xmlrpc.php HTTP/1.1" 200 401 "-" "Mozilla/5.0 (Windows NT 10.0; Win64; x64) AppleWebKit/537.36 (KHTML, like Gecko) Chrome/78.0.3904.108 Safari/537.36"
34.86.141.121 - - [19/Dec/2025:11:19:52 -0500] "POST /xmlrpc.php HTTP/1.1" 200 401 "-" "Mozilla/5.0 (Windows NT 10.0; Win64; x64) AppleWebKit/537.36 (KHTML, like Gecko) Chrome/78.0.3904.108 Safari/537.36"
34.86.141.121 - - [19/Dec/2025:11:19:53 -0500] "POST /xmlrpc.php HTTP/1.1" 200 401 "-" "Mozilla/5.0 (Windows NT 10.0; Win64; x64) AppleWebKit/537.36 (KHTML, like Gecko) Chrome/78.0.3904.108 Safari/537.36"
34.86.141.121 - - [19/Dec/2025:11:19:54 -0500] "POST /xmlrpc.php HTTP/1.1" 200 401 "-" "Mozilla/5.0 (Windows NT 10.0; Win64; x64) AppleWebKit/537.36 (KHTML, like Gecko) Chrome/78.0.3904.108 Safari/537.36"
34.86.141.121 - - [19/Dec/2025:11:19:55 -0500] "POST /xmlrpc.php HTTP/1.1" 200 401 "-" "Mozilla/5.0 (Windows NT 10.0; Win64; x64) AppleWebKit/537.36 (KHTML, like Gecko) Chrome/78.0.3904.108 Safari/537.36"
34.86.141.121 - - [19/Dec/2025:11:19:56 -0500] "POST /xmlrpc.php HTTP/1.1" 200 401 "-" "Mozilla/5.0 (Windows NT 10.0; Win64; x64) AppleWebKit/537.36 (KHTML, like Gecko) Chrome/78.0.3904.108 Safari/537.36"
34.86.141.121 - - [19/Dec/2025:11:19:57 -0500] "POST /xmlrpc.php HTTP/1.1" 200 401 "-" "Mozilla/5.0 (Windows NT 10.0; Win64; x64) AppleWebKit/537.36 (KHTML, like Gecko) Chrome/78.0.3904.108 Safari/537.36"
34.86.141.121 - - [19/Dec/2025:11:19:59 -0500] "POST /xmlrpc.php HTTP/1.1" 200 401 "-" "Mozilla/5.0 (Windows NT 10.0; Win64; x64) AppleWebKit/537.36 (KHTML, like Gecko) Chrome/78.0.3904.108 Safari/537.36"
34.86.141.121 - - [19/Dec/2025:11:20:00 -0500] "POST /xmlrpc.php HTTP/1.1" 200 401 "-" "Mozilla/5.0 (Windows NT 10.0; Win64; x64) AppleWebKit/537.36 (KHTML, like Gecko) Chrome/78.0.3904.108 Safari/537.36"
34.86.141.121 - - [19/Dec/2025:11:20:02 -0500] "POST /xmlrpc.php HTTP/1.1" 200 401 "-" "Mozilla/5.0 (Windows NT 10.0; Win64; x64) AppleWebKit/537.36 (KHTML, like Gecko) Chrome/78.0.3904.108 Safari/537.36"
34.86.141.121 - - [19/Dec/2025:11:20:03 -0500] "POST /xmlrpc.php HTTP/1.1" 200 401 "-" "Mozilla/5.0 (Windows NT 10.0; Win64; x64) AppleWebKit/537.36 (KHTML, like Gecko) Chrome/78.0.3904.108 Safari/537.36"
34.86.141.121 - - [19/Dec/2025:11:20:04 -0500] "POST /xmlrpc.php HTTP/1.1" 200 401 "-" "Mozilla/5.0 (Windows NT 10.0; Win64; x64) AppleWebKit/537.36 (KHTML, like Gecko) Chrome/78.0.3904.108 Safari/537.36"
34.86.141.121 - - [19/Dec/2025:11:20:05 -0500] "POST /xmlrpc.php HTTP/1.1" 200 401 "-" "Mozilla/5.0 (Windows NT 10.0; Win64; x64) AppleWebKit/537.36 (KHTML, like Gecko) Chrome/78.0.3904.108 Safari/537.36"
34.86.141.121 - - [19/Dec/2025:11:20:07 -0500] "POST /xmlrpc.php HTTP/1.1" 200 401 "-" "Mozilla/5.0 (Windows NT 10.0; Win64; x64) AppleWebKit/537.36 (KHTML, like Gecko) Chrome/78.0.3904.108 Safari/537.36"
157.173.121.124 - - [19/Dec/2025:11:54:09 -0500] "GET /wp-content/uploads/2025/06/details_23-2-4-6.png HTTP/1.1" 200 271928 "-" "Mozilla/5.0 (Windows NT 10.0; Win64; x64; rv:121.0) Gecko/20100101 Firefox/121.0"
13.52.248.49 - - [19/Dec/2025:11:54:41 -0500] "GET /robots.txt HTTP/1.1" 200 151 "-" "TerraCotta https://github.com/CeramicTeam/CeramicTerracotta"
50.6.4.141 - - [19/Dec/2025:12:05:44 -0500] "POST /wp-cron.php?doing_wp_cron=1766163944.3723371028900146484375 HTTP/1.1" 200 - "-" "WordPress/6.9; http://emtiyz.com"
82.165.90.132 - - [19/Dec/2025:12:05:43 -0500] "GET /wp-login.php HTTP/1.1" 200 10412 "-" "GRequests/0.10"
82.165.90.132 - - [19/Dec/2025:12:05:44 -0500] "POST /wp-login.php HTTP/1.1" 200 10868 "-" "GRequests/0.10"
82.165.90.132 - - [19/Dec/2025:12:05:45 -0500] "GET /wp-admin/ HTTP/1.1" 302 - "-" "GRequests/0.10"
50.6.4.141 - - [19/Dec/2025:12:08:44 -0500] "POST /wp-cron.php?doing_wp_cron=1766164124.3882191181182861328125 HTTP/1.1" 200 - "-" "WordPress/6.9; http://emtiyz.com"
31.40.203.19 - - [19/Dec/2025:12:08:43 -0500] "GET /wp-login.php?action=register HTTP/1.1" 200 8027 "http://emtiyz.com/" "Mozilla/5.0 (Windows NT 10.0; Win64; x64) AppleWebKit/537.36 (KHTML, like Gecko) Chrome/114.0.0.0 Safari/537.36 Vivaldi/5.3.2679.68"
31.40.203.19 - - [19/Dec/2025:12:08:45 -0500] "GET /wp-login.php?action=register HTTP/1.1" 200 8027 "http://emtiyz.com/wp-login.php?action=register" "Mozilla/5.0 (Windows NT 6.3; Win64; x64) AppleWebKit/537.36 (KHTML, like Gecko) Chrome/103.0.0.0 Safari/537.36"
31.40.203.19 - - [19/Dec/2025:12:08:45 -0500] "GET /wp-login.php?action=register HTTP/1.1" 200 8027 "http://emtiyz.com/wp-login.php?action=register" "Mozilla/5.0 (Windows NT 6.3; Win64; x64) AppleWebKit/537.36 (KHTML, like Gecko) Chrome/103.0.0.0 Safari/537.36"
