43.173.182.113 - - [13/Dec/2025:13:41:42 -0500] "GET /model/500000/ HTTP/1.1" 200 146220 "-" "Mozilla/5.0 (Windows NT 6.1; Win64; x64) AppleWebKit/537.36 (KHTML, like Gecko) Chrome/126.0.6478.114 Safari/537.36"
43.173.179.49 - - [13/Dec/2025:13:41:46 -0500] "POST /wp-admin/admin-ajax.php HTTP/1.1" 200 1270 "https://emtiyz.com/model/500000/" "Mozilla/5.0 (Windows NT 6.1; Win64; x64) AppleWebKit/537.36 (KHTML, like Gecko) Chrome/126.0.6478.114 Safari/537.36"
50.6.4.141 - - [13/Dec/2025:13:42:46 -0500] "POST /wp-cron.php?doing_wp_cron=1765651366.4768939018249511718750 HTTP/1.1" 200 - "-" "WordPress/6.9; https://emtiyz.com"
43.173.180.17 - - [13/Dec/2025:13:42:45 -0500] "GET /model/500-000-beauty/ HTTP/1.1" 200 146300 "-" "Mozilla/5.0 (Windows NT 6.1; Win64; x64) AppleWebKit/537.36 (KHTML, like Gecko) Chrome/126.0.6478.114 Safari/537.36"
43.173.177.104 - - [13/Dec/2025:13:42:50 -0500] "POST /wp-admin/admin-ajax.php HTTP/1.1" 200 1270 "https://emtiyz.com/model/500-000-beauty/" "Mozilla/5.0 (Windows NT 6.1; Win64; x64) AppleWebKit/537.36 (KHTML, like Gecko) Chrome/126.0.6478.114 Safari/537.36"
50.6.4.141 - - [13/Dec/2025:13:44:29 -0500] "POST /wp-cron.php?doing_wp_cron=1765651469.7844181060791015625000 HTTP/1.1" 200 - "-" "WordPress/6.9; https://emtiyz.com"
209.38.244.241 - - [13/Dec/2025:13:44:29 -0500] "GET /+CSCOL+/Java.jar HTTP/1.1" 404 103381 "-" "Mozilla/5.0 (Windows NT 10.0; Win64; x64) AppleWebKit/537.36 (KHTML, like Gecko) Chrome/108.0.0.0 Safari/537.36"
209.38.244.241 - - [13/Dec/2025:13:44:30 -0500] "GET /+CSCOE+/logon_forms.js HTTP/1.1" 404 103417 "-" "Mozilla/5.0 (Windows NT 10.0; Win64; x64) AppleWebKit/537.36 (KHTML, like Gecko) Chrome/108.0.0.0 Safari/537.36"
209.38.244.241 - - [13/Dec/2025:13:44:32 -0500] "GET /+CSCOL+/a1.jar HTTP/1.1" 404 103369 "-" "Mozilla/5.0 (Windows NT 10.0; Win64; x64) AppleWebKit/537.36 (KHTML, like Gecko) Chrome/108.0.0.0 Safari/537.36"
209.38.244.241 - - [13/Dec/2025:13:44:33 -0500] "GET /+CSCOE+/transfer.js HTTP/1.1" 404 103399 "-" "Mozilla/5.0 (Windows NT 10.0; Win64; x64) AppleWebKit/537.36 (KHTML, like Gecko) Chrome/108.0.0.0 Safari/537.36"
50.6.4.141 - - [13/Dec/2025:13:46:55 -0500] "POST /wp-cron.php?doing_wp_cron=1765651615.6968688964843750000000 HTTP/1.1" 200 - "-" "WordPress/6.9; https://emtiyz.com"
66.249.79.66 - - [13/Dec/2025:13:46:55 -0500] "GET /robots.txt HTTP/1.1" 200 153 "-" "Mozilla/5.0 (compatible; Googlebot/2.1; +http://www.google.com/bot.html)"
50.6.4.141 - - [13/Dec/2025:13:46:58 -0500] "POST /ar/wp-cron.php?doing_wp_cron=1765651618.4031739234924316406250 HTTP/1.1" 200 - "-" "WordPress/6.9; https://emtiyz.com/ar"
66.249.79.65 - - [13/Dec/2025:13:46:55 -0500] "GET /ar/wp-admin/admin-ajax.php?action=img_upload&nonce=47ebe1802a HTTP/1.1" 200 48 "-" "Mozilla/5.0 (Linux; Android 6.0.1; Nexus 5X Build/MMB29P) AppleWebKit/537.36 (KHTML, like Gecko) Chrome/141.0.7390.122 Mobile Safari/537.36 (compatible; Googlebot/2.1; +http://www.google.com/bot.html)"
50.6.4.141 - - [13/Dec/2025:13:46:57 -0500] "POST /ar/wp-admin/admin-ajax.php?action=as_async_request_queue_runner&nonce=e9a8f9c7f6 HTTP/1.1" 200 - "-" "WordPress/6.9; https://emtiyz.com/ar"
50.6.4.141 - - [13/Dec/2025:13:53:27 -0500] "POST /wp-cron.php?doing_wp_cron=1765652007.3094019889831542968750 HTTP/1.1" 200 - "-" "WordPress/6.9; https://emtiyz.com"
43.173.178.148 - - [13/Dec/2025:13:53:26 -0500] "GET /fuel-type/saudi-arabia/ HTTP/1.1" 200 179276 "-" "Mozilla/5.0 (Windows NT 6.1; Win64; x64) AppleWebKit/537.36 (KHTML, like Gecko) Chrome/126.0.6478.114 Safari/537.36"
43.173.176.132 - - [13/Dec/2025:13:53:30 -0500] "POST /wp-admin/admin-ajax.php HTTP/1.1" 200 1270 "https://emtiyz.com/fuel-type/saudi-arabia/" "Mozilla/5.0 (Windows NT 6.1; Win64; x64) AppleWebKit/537.36 (KHTML, like Gecko) Chrome/126.0.6478.114 Safari/537.36"
50.6.4.141 - - [13/Dec/2025:14:01:19 -0500] "POST /wp-cron.php?doing_wp_cron=1765652479.6862490177154541015625 HTTP/1.1" 200 - "-" "WordPress/6.9; https://emtiyz.com"
209.141.34.83 - - [13/Dec/2025:14:01:19 -0500] "GET /wp-login.php HTTP/1.1" 200 10442 "-" "Mozilla/5.0 (compatible; MSIE 9.0; Windows NT 6.1; WOW64; Trident/5.0)"
209.141.34.83 - - [13/Dec/2025:14:01:21 -0500] "POST /wp-login.php HTTP/1.1" 200 10883 "-" "Mozilla/5.0 (compatible; MSIE 9.0; Windows NT 6.1; WOW64; Trident/5.0)"
45.61.185.16 - - [13/Dec/2025:14:01:26 -0500] "GET /wp-login.php HTTP/1.1" 200 10442 "-" "Mozilla/5.0 (Macintosh; Intel Mac OS X 10_9_0) AppleWebKit/537.36 (KHTML, like Gecko) Chrome/36.0.1985.125 Safari/537.36"
45.61.185.16 - - [13/Dec/2025:14:01:28 -0500] "POST /wp-login.php HTTP/1.1" 200 10881 "-" "Mozilla/5.0 (Macintosh; Intel Mac OS X 10_9_0) AppleWebKit/537.36 (KHTML, like Gecko) Chrome/36.0.1985.125 Safari/537.36"
45.61.184.83 - - [13/Dec/2025:14:01:28 -0500] "GET /wp-login.php HTTP/1.1" 200 10442 "https://duckduckgo.com/" "Mozilla/5.0 (X11; Linux x86_64; rv:131.0) Gecko/20100101 Firefox/131.0"
45.61.184.83 - - [13/Dec/2025:14:01:29 -0500] "POST /wp-login.php HTTP/1.1" 200 10913 "https://duckduckgo.com/" "Mozilla/5.0 (X11; Linux x86_64; rv:131.0) Gecko/20100101 Firefox/131.0"
50.6.4.141 - - [13/Dec/2025:14:03:13 -0500] "POST /wp-cron.php?doing_wp_cron=1765652593.1851160526275634765625 HTTP/1.1" 200 - "-" "WordPress/6.9; https://emtiyz.com"
198.50.127.28 - - [13/Dec/2025:14:03:12 -0500] "GET /wp-login.php HTTP/2.0" 200 10442 "-" "Mozilla/4.0 (compatible; MSIE 7.0; Windows NT 6.1; Trident/7.0; SLCC2; .NET CLR 2.0.50727; .NET CLR 3.5.30729; .NET CLR 3.0.30729; Media Center PC 6.0; .NET4.0C; .NET4.0E; InfoPath.3; Tablet PC 2.0)"
198.50.127.28 - - [13/Dec/2025:14:03:13 -0500] "POST /wp-login.php HTTP/2.0" 200 10897 "https://emtiyz.com/wp-login.php" "Mozilla/4.0 (compatible; MSIE 7.0; Windows NT 6.1; Trident/7.0; SLCC2; .NET CLR 2.0.50727; .NET CLR 3.5.30729; .NET CLR 3.0.30729; Media Center PC 6.0; .NET4.0C; .NET4.0E; InfoPath.3; Tablet PC 2.0)"
50.6.4.141 - - [13/Dec/2025:14:11:35 -0500] "POST /ar/wp-cron.php?doing_wp_cron=1765653095.0072801113128662109375 HTTP/1.1" 200 - "-" "WordPress/6.9; https://emtiyz.com/ar"
8.160.39.221 - - [13/Dec/2025:14:11:33 -0500] "GET /ar/category/%D8%A3%D8%AE%D8%A8%D8%A7%D8%B1/ HTTP/2.0" 200 125077 "-" "Mozilla/5.0 (Macintosh; Intel Mac OS X 10_15_7) AppleWebKit/537.36 (KHTML, like Gecko) Chrome/135.0.0.0 Safari/537.36"
8.160.39.221 - - [13/Dec/2025:14:11:33 -0500] "GET /ar/%D8%A7%D8%B3%D8%AA%D9%82%D8%B7%D8%A7%D8%A8-%D8%A7%D9%84%D8%B9%D9%84%D8%A7%D9%85%D8%A7%D8%AA-%D8%A7%D9%84%D8%AA%D8%AC%D8%A7%D8%B1%D9%8A%D8%A9-%D8%A7%D9%84%D8%B9%D8%A7%D9%84%D9%85%D9%8A%D8%A9/ HTTP/2.0" 200 121482 "-" "Mozilla/5.0 (Windows NT 10.0; Win64; x64) AppleWebKit/537.36 (KHTML, like Gecko) Chrome/137.0.0.0 Safari/537.36"
50.6.4.141 - - [13/Dec/2025:14:12:56 -0500] "POST /wp-cron.php?doing_wp_cron=1765653176.0816690921783447265625 HTTP/1.1" 200 - "-" "WordPress/6.9; https://emtiyz.com"
198.244.242.128 - - [13/Dec/2025:14:12:55 -0500] "GET /robots.txt HTTP/2.0" 200 153 "-" "Mozilla/5.0 (compatible; AhrefsBot/7.0; +http://ahrefs.com/robot/)"
51.161.37.85 - - [13/Dec/2025:14:12:59 -0500] "GET /sitemap.rss HTTP/2.0" 200 16307 "-" "Mozilla/5.0 (compatible; AhrefsBot/7.0; +http://ahrefs.com/robot/)"
50.6.4.141 - - [13/Dec/2025:14:16:28 -0500] "POST /wp-cron.php?doing_wp_cron=1765653388.7165210247039794921875 HTTP/1.1" 200 - "-" "WordPress/6.9; https://emtiyz.com"
66.249.79.66 - - [13/Dec/2025:14:16:28 -0500] "GET /model-sitemap.xml HTTP/1.1" 200 2704 "-" "Mozilla/5.0 (compatible; Googlebot/2.1; +http://www.google.com/bot.html)"
50.6.4.141 - - [13/Dec/2025:14:17:19 -0500] "POST /wp-cron.php?doing_wp_cron=1765653439.0875589847564697265625 HTTP/1.1" 200 - "-" "WordPress/6.9; https://emtiyz.com"
209.141.59.99 - - [13/Dec/2025:14:17:18 -0500] "GET /wp-login.php HTTP/1.1" 200 10442 "-" "Mozilla/5.0 (Windows NT 6.3; WOW64; Trident/7.0; rv:11.0) like Gecko"
50.6.4.141 - - [13/Dec/2025:14:21:43 -0500] "POST /wp-cron.php?doing_wp_cron=1765653703.1174800395965576171875 HTTP/1.1" 200 - "-" "WordPress/6.9; https://emtiyz.com"
209.141.59.99 - - [13/Dec/2025:14:21:42 -0500] "POST /wp-login.php HTTP/1.1" 200 10897 "-" "Mozilla/5.0 (Windows NT 6.3; WOW64; Trident/7.0; rv:11.0) like Gecko"
50.6.4.141 - - [13/Dec/2025:14:26:42 -0500] "POST /wp-cron.php?doing_wp_cron=1765654002.4722490310668945312500 HTTP/1.1" 200 - "-" "WordPress/6.9; https://emtiyz.com"
185.181.252.23 - - [13/Dec/2025:14:26:41 -0500] "GET /wp-login.php HTTP/2.0" 200 10442 "-" "Mozilla/5.0 (Windows NT 10.0; Win64; x64) AppleWebKit/537.36 (KHTML, like Gecko) Chrome/64.0.3282.186 Safari/537.36 OPR/51.0.2830.55"
185.181.252.23 - - [13/Dec/2025:14:26:42 -0500] "POST /wp-login.php HTTP/2.0" 200 10897 "https://emtiyz.com/wp-login.php" "Mozilla/5.0 (Windows NT 10.0; Win64; x64) AppleWebKit/537.36 (KHTML, like Gecko) Chrome/64.0.3282.186 Safari/537.36 OPR/51.0.2830.55"
43.173.178.74 - - [13/Dec/2025:14:29:45 -0500] "GET /2025/05/29/ HTTP/1.1" 200 111809 "-" "Mozilla/5.0 (Windows NT 6.1; Win64; x64) AppleWebKit/537.36 (KHTML, like Gecko) Chrome/126.0.6478.114 Safari/537.36"
43.134.186.61 - - [13/Dec/2025:14:29:54 -0500] "GET / HTTP/1.1" 301 - "http://www.emtiyz.com" "Mozilla/5.0 (iPhone; CPU iPhone OS 13_2_3 like Mac OS X) AppleWebKit/605.1.15 (KHTML, like Gecko) Version/13.0.3 Mobile/15E148 Safari/604.1"
43.134.186.61 - - [13/Dec/2025:14:29:56 -0500] "GET / HTTP/1.1" 200 375271 "https://www.emtiyz.com/" "Mozilla/5.0 (iPhone; CPU iPhone OS 13_2_3 like Mac OS X) AppleWebKit/605.1.15 (KHTML, like Gecko) Version/13.0.3 Mobile/15E148 Safari/604.1"
68.183.30.248 - - [13/Dec/2025:14:30:24 -0500] "GET /wp-content/uploads/2025/05/UAE-Ministry-840x473.png HTTP/1.1" 200 532845 "https://emtiyz.com/2025/05/29/" "Mozilla/5.0 (Windows NT 10.0; Win64; x64) AppleWebKit/537.36 (KHTML, like Gecko) Chrome/117.0.0.0 Safari/537.36"
104.248.62.111 - - [13/Dec/2025:14:30:24 -0500] "GET /wp-content/uploads/2025/05/Board-840x473.png HTTP/1.1" 200 445076 "https://emtiyz.com/2025/05/29/" "Mozilla/5.0 (Windows NT 10.0; Win64; x64) AppleWebKit/537.36 (KHTML, like Gecko) Chrome/117.0.0.0 Safari/537.36"
143.198.112.195 - - [13/Dec/2025:14:30:24 -0500] "GET /wp-content/uploads/2025/05/winner-award-840x473.png HTTP/1.1" 200 486659 "https://emtiyz.com/2025/05/29/" "Mozilla/5.0 (Windows NT 10.0; Win64; x64) AppleWebKit/537.36 (KHTML, like Gecko) Chrome/117.0.0.0 Safari/537.36"
50.6.4.141 - - [13/Dec/2025:14:38:28 -0500] "POST /wp-cron.php?doing_wp_cron=1765654708.4644761085510253906250 HTTP/1.1" 200 - "-" "WordPress/6.9; https://emtiyz.com"
143.198.43.101 - - [13/Dec/2025:14:38:27 -0500] "GET /.env HTTP/1.1" 404 103303 "-" "Mozilla/5.0; Keydrop.io/1.0(onlyscans.com/about);"
143.198.43.101 - - [13/Dec/2025:14:38:28 -0500] "GET / HTTP/1.0" 301 - "-" "-"
143.198.43.101 - - [13/Dec/2025:14:38:29 -0500] "GET /.git/config HTTP/1.1" 404 103351 "-" "Mozilla/5.0; Keydrop.io/1.0(onlyscans.com/about);"
143.198.43.101 - - [13/Dec/2025:14:38:31 -0500] "GET / HTTP/1.0" 301 - "-" "-"
85.208.96.210 - - [13/Dec/2025:14:38:39 -0500] "GET /robots.txt HTTP/1.1" 200 153 "-" "Mozilla/5.0 (compatible; SemrushBot/7~bl; +http://www.semrush.com/bot.html)"
185.191.171.12 - - [13/Dec/2025:14:38:44 -0500] "GET /a-shared-success-with-distinction-in-this-award/ HTTP/1.1" 200 118249 "-" "Mozilla/5.0 (compatible; SemrushBot/7~bl; +http://www.semrush.com/bot.html)"
92.63.197.50 - - [13/Dec/2025:14:39:12 -0500] "GET / HTTP/1.1" 200 375319 "-" "Mozilla/5.0 (Windows NT 10.0; Win64; x64) AppleWebKit/537.36 (KHTML, like Gecko) Chrome/140.0.0.0 Safari/537.36"
92.63.197.50 - - [13/Dec/2025:14:39:13 -0500] "GET / HTTP/1.0" 301 - "-" "-"
92.63.197.50 - - [13/Dec/2025:14:39:14 -0500] "GET / HTTP/1.0" 301 - "-" "-"
50.6.4.141 - - [13/Dec/2025:14:42:16 -0500] "POST /wp-cron.php?doing_wp_cron=1765654936.7455210685729980468750 HTTP/1.1" 200 - "-" "WordPress/6.9; https://emtiyz.com"
209.38.131.150 - - [13/Dec/2025:14:42:16 -0500] "GET / HTTP/1.1" 301 - "-" "Mozilla/5.0 (X11; Linux x86_64; rv:142.0) Gecko/20100101 Firefox/142.0"
209.38.131.150 - - [13/Dec/2025:14:42:18 -0500] "GET /favicon.ico HTTP/1.1" 302 - "https://ns2.emtiyz.com/" "Mozilla/5.0 (X11; Linux x86_64; rv:142.0) Gecko/20100101 Firefox/142.0"
124.156.179.141 - - [13/Dec/2025:14:43:27 -0500] "GET / HTTP/1.0" 301 - "-" "-"
50.6.4.141 - - [13/Dec/2025:14:47:22 -0500] "POST /wp-cron.php?doing_wp_cron=1765655242.5517940521240234375000 HTTP/1.1" 200 - "-" "WordPress/6.9; https://emtiyz.com"
52.230.163.46 - - [13/Dec/2025:14:47:21 -0500] "GET /franchise/coffee-house-prime/ HTTP/2.0" 200 169286 "-" "Mozilla/5.0 AppleWebKit/537.36 (KHTML, like Gecko); compatible; ChatGPT-User/1.0; +https://openai.com/bot"
52.230.163.46 - - [13/Dec/2025:14:47:25 -0500] "GET / HTTP/2.0" 200 - "-" "Mozilla/5.0 AppleWebKit/537.36 (KHTML, like Gecko); compatible; ChatGPT-User/1.0; +https://openai.com/bot"
50.6.4.141 - - [13/Dec/2025:14:49:48 -0500] "POST /wp-cron.php?doing_wp_cron=1765655388.6729888916015625000000 HTTP/1.1" 200 - "-" "WordPress/6.9; https://emtiyz.com"
199.195.250.129 - - [13/Dec/2025:14:49:48 -0500] "GET /wp-login.php HTTP/1.1" 200 10442 "-" "Mozilla/5.0 (Macintosh; Intel Mac OS X 10_9_2) AppleWebKit/537.36 (KHTML, like Gecko) Chrome/35.0.1916.153 Safari/537.36"
199.195.250.129 - - [13/Dec/2025:14:49:49 -0500] "POST /wp-login.php HTTP/1.1" 200 10883 "-" "Mozilla/5.0 (Macintosh; Intel Mac OS X 10_9_2) AppleWebKit/537.36 (KHTML, like Gecko) Chrome/35.0.1916.153 Safari/537.36"
50.6.4.141 - - [13/Dec/2025:14:51:21 -0500] "POST /wp-cron.php?doing_wp_cron=1765655481.5322530269622802734375 HTTP/1.1" 200 - "-" "WordPress/6.9; https://emtiyz.com"
199.195.250.129 - - [13/Dec/2025:14:51:20 -0500] "GET /wp-login.php HTTP/1.1" 200 10442 "-" "Mozilla/5.0 (Macintosh; Intel Mac OS X 10_9_4 AppleWebKit/537.36 (KHTML, like Gecko) Chrome/36.0.1985.125 Safari/537.36"
199.195.250.129 - - [13/Dec/2025:14:51:22 -0500] "POST /wp-login.php HTTP/1.1" 200 10895 "-" "Mozilla/5.0 (Macintosh; Intel Mac OS X 10_9_4 AppleWebKit/537.36 (KHTML, like Gecko) Chrome/36.0.1985.125 Safari/537.36"
185.191.171.10 - - [13/Dec/2025:14:51:44 -0500] "GET /wp-login.php?_wpnonce=b008d61a39&action=logout&redirect_to=https%3A%2F%2Femtiyz.com%2Fnew-listing%2F HTTP/1.1" 403 460 "-" "Mozilla/5.0 (compatible; SemrushBot/7~bl; +http://www.semrush.com/bot.html)"
50.6.4.141 - - [13/Dec/2025:14:53:21 -0500] "POST /wp-cron.php?doing_wp_cron=1765655601.9674699306488037109375 HTTP/1.1" 200 - "-" "WordPress/6.9; https://emtiyz.com"
69.57.172.96 - - [13/Dec/2025:14:53:21 -0500] "GET /wp-login.php HTTP/2.0" 200 10442 "-" "Mozilla/4.0 (compatible; MSIE 7.0; Windows NT 6.2; WOW64; Trident/7.0; .NET4.0C; .NET4.0E; .NET CLR 2.0.50727; .NET CLR 3.0.30729; .NET CLR 3.5.30729; Tablet PC 2.0)"
69.57.172.96 - - [13/Dec/2025:14:53:22 -0500] "POST /wp-login.php HTTP/2.0" 200 10897 "https://emtiyz.com/wp-login.php" "Mozilla/4.0 (compatible; MSIE 7.0; Windows NT 6.2; WOW64; Trident/7.0; .NET4.0C; .NET4.0E; .NET CLR 2.0.50727; .NET CLR 3.0.30729; .NET CLR 3.5.30729; Tablet PC 2.0)"
50.6.4.141 - - [13/Dec/2025:14:55:52 -0500] "POST /wp-cron.php?doing_wp_cron=1765655752.2941870689392089843750 HTTP/1.1" 200 - "-" "WordPress/6.9; https://emtiyz.com"
198.98.59.241 - - [13/Dec/2025:14:55:51 -0500] "GET /wp-login.php HTTP/1.1" 200 10442 "-" "Mozilla/5.0 (Windows NT 6.1; WOW64; rv:30.0) Gecko/20100101 Firefox/30.0"
198.98.59.241 - - [13/Dec/2025:14:55:53 -0500] "POST /wp-login.php HTTP/1.1" 200 10881 "-" "Mozilla/5.0 (Windows NT 6.1; WOW64; rv:30.0) Gecko/20100101 Firefox/30.0"
50.6.4.141 - - [13/Dec/2025:14:59:31 -0500] "POST /wp-cron.php?doing_wp_cron=1765655971.0438849925994873046875 HTTP/1.1" 200 - "-" "WordPress/6.9; https://emtiyz.com"
173.252.70.28 - - [13/Dec/2025:14:59:30 -0500] "GET /robots.txt HTTP/2.0" 200 153 "-" "facebookexternalhit/1.1 (+http://www.facebook.com/externalhit_uatext.php)"
50.6.4.141 - - [13/Dec/2025:15:01:15 -0500] "POST /wp-cron.php?doing_wp_cron=1765656075.0312170982360839843750 HTTP/1.1" 200 - "-" "WordPress/6.9; https://emtiyz.com"
66.249.79.66 - - [13/Dec/2025:15:01:14 -0500] "GET /robots.txt HTTP/1.1" 200 153 "-" "Mozilla/5.0 (compatible; Googlebot/2.1; +http://www.google.com/bot.html)"
66.249.79.65 - - [13/Dec/2025:15:01:15 -0500] "GET /wp-admin/admin-ajax.php?action=file_attachment_upload&nonce=7a59843bfd HTTP/1.1" 200 48 "-" "Mozilla/5.0 (Linux; Android 6.0.1; Nexus 5X Build/MMB29P) AppleWebKit/537.36 (KHTML, like Gecko) Chrome/141.0.7390.122 Mobile Safari/537.36 (compatible; GoogleOther)"
50.6.4.141 - - [13/Dec/2025:15:01:54 -0500] "POST /wp-cron.php?doing_wp_cron=1765656114.8988959789276123046875 HTTP/1.1" 200 - "-" "WordPress/6.9; https://emtiyz.com"
45.61.185.56 - - [13/Dec/2025:15:01:54 -0500] "GET /wp-login.php HTTP/1.1" 200 10442 "-" "Mozilla/5.0 (Windows NT 6.1; WOW64) AppleWebKit/537.36 (KHTML, like Gecko) Chrome/35.0.1916.114 Safari/537.36"
45.61.185.56 - - [13/Dec/2025:15:01:55 -0500] "POST /wp-login.php HTTP/1.1" 200 10897 "-" "Mozilla/5.0 (Windows NT 6.1; WOW64) AppleWebKit/537.36 (KHTML, like Gecko) Chrome/35.0.1916.114 Safari/537.36"
50.6.4.141 - - [13/Dec/2025:15:05:10 -0500] "POST /ar/wp-cron.php?doing_wp_cron=1765656310.4620580673217773437500 HTTP/1.1" 200 - "-" "WordPress/6.9; https://emtiyz.com/ar"
8.160.38.142 - - [13/Dec/2025:15:05:09 -0500] "GET /ar/make/%D9%82%D8%B7%D8%A7%D8%B9-%D8%A7%D9%84%D8%AA%D8%B1%D9%81%D9%8A%D9%87/ HTTP/2.0" 200 141081 "-" "Mozilla/5.0 (Windows NT 10.0; Win64; x64) AppleWebKit/537.36 (KHTML, like Gecko) Chrome/141.0.0.0 Safari/537.36"
8.160.37.11 - - [13/Dec/2025:15:05:09 -0500] "GET /ar/franchise/%D8%B4%D9%88%D9%83%D9%84%D9%8A%D8%AA-%D8%A8%D8%A7%D8%B1/ HTTP/2.0" 200 173526 "-" "Mozilla/5.0 (Macintosh; Intel Mac OS X 10_15_7) AppleWebKit/537.36 (KHTML, like Gecko) Chrome/138.0.0.0 Safari/537.36"
50.6.4.141 - - [13/Dec/2025:15:06:23 -0500] "POST /wp-cron.php?doing_wp_cron=1765656383.1004009246826171875000 HTTP/1.1" 200 - "-" "WordPress/6.9; https://emtiyz.com"
51.68.107.154 - - [13/Dec/2025:15:06:22 -0500] "GET /robots.txt HTTP/1.1" 200 153 "-" "Mozilla/5.0 (compatible; MJ12bot/v2.0.4; http://mj12bot.com/)"
51.68.107.154 - - [13/Dec/2025:15:06:23 -0500] "GET / HTTP/1.1" 200 375271 "-" "Mozilla/5.0 (compatible; MJ12bot/v2.0.4; http://mj12bot.com/)"
50.6.4.141 - - [13/Dec/2025:15:06:38 -0500] "POST /ar/wp-cron.php?doing_wp_cron=1765656398.7068889141082763671875 HTTP/1.1" 200 - "-" "WordPress/6.9; https://emtiyz.com/ar"
8.160.37.5 - - [13/Dec/2025:15:06:38 -0500] "GET /ar/about-us/ HTTP/2.0" 200 125504 "-" "Mozilla/5.0 (Windows NT 10.0; Win64; x64) AppleWebKit/537.36 (KHTML, like Gecko) Chrome/132.0.0.0 Safari/537.36"
50.6.4.141 - - [13/Dec/2025:15:08:06 -0500] "POST /wp-cron.php?doing_wp_cron=1765656486.3596930503845214843750 HTTP/1.1" 200 - "-" "WordPress/6.9; https://emtiyz.com"
66.249.79.66 - - [13/Dec/2025:15:08:05 -0500] "GET /listing-sitemap.xml HTTP/1.1" 200 5302 "-" "Mozilla/5.0 (compatible; Googlebot/2.1; +http://www.google.com/bot.html)"
50.6.4.141 - - [13/Dec/2025:15:21:11 -0500] "POST /wp-cron.php?doing_wp_cron=1765657271.3074650764465332031250 HTTP/1.1" 200 - "-" "WordPress/6.9; https://emtiyz.com"
92.205.48.162 - - [13/Dec/2025:15:21:10 -0500] "GET /wp-login.php HTTP/2.0" 200 10442 "-" "Mozilla/5.0 (Windows NT 6.3; Trident/7.0; rv 11.0) like Gecko"
92.205.48.162 - - [13/Dec/2025:15:21:12 -0500] "POST /wp-login.php HTTP/2.0" 200 10897 "https://emtiyz.com/wp-login.php" "Mozilla/5.0 (Windows NT 6.3; Trident/7.0; rv 11.0) like Gecko"
50.6.4.141 - - [13/Dec/2025:15:28:34 -0500] "POST /wp-cron.php?doing_wp_cron=1765657714.4828150272369384765625 HTTP/1.1" 200 - "-" "WordPress/6.9; https://emtiyz.com"
205.185.114.254 - - [13/Dec/2025:15:28:33 -0500] "GET /wp-login.php HTTP/1.1" 200 10442 "https://www.bing.com/" "Mozilla/5.0 (Windows NT 10.0; Win64; x64) AppleWebKit/537.36 (KHTML, like Gecko) Chrome/118.0.5993.117 Safari/537.36"
205.185.114.254 - - [13/Dec/2025:15:28:36 -0500] "POST /wp-login.php HTTP/1.1" 200 10913 "https://www.bing.com/" "Mozilla/5.0 (Windows NT 10.0; Win64; x64) AppleWebKit/537.36 (KHTML, like Gecko) Chrome/118.0.5993.117 Safari/537.36"
45.61.184.83 - - [13/Dec/2025:15:28:37 -0500] "GET /wp-login.php HTTP/1.1" 200 10442 "https://www.yahoo.com/" "Mozilla/5.0 (Macintosh; Intel Mac OS X 14_7_1) AppleWebKit/605.1.15 (KHTML, like Gecko) Version/18.1 Safari/605.1.15"
45.61.184.83 - - [13/Dec/2025:15:28:40 -0500] "POST /wp-login.php HTTP/1.1" 200 10901 "https://www.yahoo.com/" "Mozilla/5.0 (Macintosh; Intel Mac OS X 14_7_1) AppleWebKit/605.1.15 (KHTML, like Gecko) Version/18.1 Safari/605.1.15"
198.98.61.40 - - [13/Dec/2025:15:28:41 -0500] "GET / HTTP/1.1" 301 - "-" "Mozilla/5.0 (Linux; Android 12; Pixel 6) AppleWebKit/537.36 (KHTML, like Gecko) Chrome/127.0.0.0 Mobile Safari/537.36"
198.98.61.40 - - [13/Dec/2025:15:28:45 -0500] "GET / HTTP/1.1" 200 375271 "-" "Mozilla/5.0 (Linux; Android 12; Pixel 6) AppleWebKit/537.36 (KHTML, like Gecko) Chrome/127.0.0.0 Mobile Safari/537.36"
198.98.61.40 - - [13/Dec/2025:15:28:48 -0500] "GET /wp-login.php HTTP/1.1" 200 10442 "-" "Mozilla/5.0 (Linux; Android 12; Pixel 6) AppleWebKit/537.36 (KHTML, like Gecko) Chrome/127.0.0.0 Mobile Safari/537.36"
198.98.61.40 - - [13/Dec/2025:15:28:49 -0500] "POST /wp-login.php HTTP/1.1" 200 10897 "-" "Mozilla/5.0 (Linux; Android 12; Pixel 6) AppleWebKit/537.36 (KHTML, like Gecko) Chrome/127.0.0.0 Mobile Safari/537.36"
50.6.4.141 - - [13/Dec/2025:15:29:17 -0500] "POST /wp-cron.php?doing_wp_cron=1765657757.0153770446777343750000 HTTP/1.1" 200 - "-" "WordPress/6.9; https://emtiyz.com"
45.61.184.83 - - [13/Dec/2025:15:29:16 -0500] "GET /wp-login.php HTTP/1.1" 200 10442 "https://duckduckgo.com/" "Mozilla/5.0 (iPhone; CPU iPhone OS 18_2 like Mac OS X) AppleWebKit/605.1.15 (KHTML, like Gecko) Version/18.2 Mobile/15E148 Safari/604.1"
45.61.184.83 - - [13/Dec/2025:15:29:18 -0500] "POST /wp-login.php HTTP/1.1" 200 10899 "https://duckduckgo.com/" "Mozilla/5.0 (iPhone; CPU iPhone OS 18_2 like Mac OS X) AppleWebKit/605.1.15 (KHTML, like Gecko) Version/18.2 Mobile/15E148 Safari/604.1"
50.6.4.141 - - [13/Dec/2025:15:29:50 -0500] "POST /ar/wp-cron.php?doing_wp_cron=1765657790.7364079952239990234375 HTTP/1.1" 200 - "-" "WordPress/6.9; https://emtiyz.com/ar"
52.167.144.149 - - [13/Dec/2025:15:29:49 -0500] "GET /ar/dealer/ronald-lasson/ HTTP/2.0" 200 134116 "-" "Mozilla/5.0 AppleWebKit/537.36 (KHTML, like Gecko; compatible; bingbot/2.0; +http://www.bing.com/bingbot.htm) Chrome/116.0.1938.76 Safari/537.36"
50.6.4.141 - - [13/Dec/2025:15:30:44 -0500] "POST /wp-cron.php?doing_wp_cron=1765657844.6947550773620605468750 HTTP/1.1" 200 - "-" "WordPress/6.9; https://emtiyz.com"
43.173.182.248 - - [13/Dec/2025:15:30:44 -0500] "GET /drive-type/6 HTTP/1.1" 301 - "-" "Mozilla/5.0 (Windows NT 6.1; Win64; x64) AppleWebKit/537.36 (KHTML, like Gecko) Chrome/126.0.6478.114 Safari/537.36"
43.173.182.248 - - [13/Dec/2025:15:30:44 -0500] "GET /drive-type/6/ HTTP/1.1" 200 146138 "https://emtiyz.com/drive-type/6" "Mozilla/5.0 (Windows NT 6.1; Win64; x64) AppleWebKit/537.36 (KHTML, like Gecko) Chrome/126.0.6478.114 Safari/537.36"
43.173.180.161 - - [13/Dec/2025:15:30:57 -0500] "POST /wp-admin/admin-ajax.php HTTP/1.1" 200 1270 "https://emtiyz.com/drive-type/6" "Mozilla/5.0 (Windows NT 6.1; Win64; x64) AppleWebKit/537.36 (KHTML, like Gecko) Chrome/126.0.6478.114 Safari/537.36"
43.173.187.71 - - [13/Dec/2025:15:30:58 -0500] "POST /wp-admin/admin-ajax.php HTTP/2.0" 200 - "https://emtiyz.com/drive-type/6" "Mozilla/5.0 (Windows NT 6.1; Win64; x64) AppleWebKit/537.36 (KHTML, like Gecko) Chrome/126.0.6478.114 Safari/537.36"
50.6.4.141 - - [13/Dec/2025:15:31:20 -0500] "POST /ar/wp-cron.php?doing_wp_cron=1765657880.2297608852386474609375 HTTP/1.1" 200 - "-" "WordPress/6.9; https://emtiyz.com/ar"
8.160.36.226 - - [13/Dec/2025:15:31:18 -0500] "GET /ar/dealer/jones-stonie/ HTTP/2.0" 200 133738 "-" "Mozilla/5.0 (Windows NT 10.0; Win64; x64) AppleWebKit/537.36 (KHTML, like Gecko) Chrome/138.0.0.0 Safari/537.36"
85.208.96.202 - - [13/Dec/2025:15:32:32 -0500] "GET /my-listing/ HTTP/1.1" 200 107923 "-" "Mozilla/5.0 (compatible; SemrushBot/7~bl; +http://www.semrush.com/bot.html)"
50.6.4.141 - - [13/Dec/2025:15:47:52 -0500] "POST /wp-cron.php?doing_wp_cron=1765658872.2930109500885009765625 HTTP/1.1" 200 - "-" "WordPress/6.9; https://emtiyz.com"
41.185.65.86 - - [13/Dec/2025:15:47:51 -0500] "GET /wp-login.php HTTP/2.0" 200 10442 "-" "Mozilla/5.0 (Macintosh; Intel Mac OS X 10.10; rv:60.0) Gecko/20100101 Firefox/60.0"
41.185.65.86 - - [13/Dec/2025:15:47:53 -0500] "POST /wp-login.php HTTP/2.0" 200 10897 "https://emtiyz.com/wp-login.php" "Mozilla/5.0 (Macintosh; Intel Mac OS X 10.10; rv:60.0) Gecko/20100101 Firefox/60.0"
50.6.4.141 - - [13/Dec/2025:15:48:39 -0500] "POST /wp-cron.php?doing_wp_cron=1765658919.1966860294342041015625 HTTP/1.1" 200 - "-" "WordPress/6.9; https://emtiyz.com"
146.174.179.241 - - [13/Dec/2025:15:48:37 -0500] "GET / HTTP/1.1" 200 375271 "-" "Mozilla/5.0 (Macintosh; AMD Mac OS X 10_8_2) AppleWebKit/535.22 (KHTML, like Gecko) Chrome/18.6.872"
50.6.4.141 - - [13/Dec/2025:15:52:16 -0500] "POST /wp-cron.php?doing_wp_cron=1765659136.7504498958587646484375 HTTP/1.1" 200 - "-" "WordPress/6.9; https://emtiyz.com"
104.210.140.132 - - [13/Dec/2025:15:52:16 -0500] "GET /robots.txt HTTP/2.0" 301 - "-" "Mozilla/5.0 (Macintosh; Intel Mac OS X 10_15_7) AppleWebKit/537.36 (KHTML, like Gecko) Chrome/131.0.0.0 Safari/537.36; compatible; OAI-SearchBot/1.0; +https://openai.com/searchbot"
104.210.140.138 - - [13/Dec/2025:15:52:19 -0500] "GET /robots.txt HTTP/2.0" 200 153 "-" "Mozilla/5.0 (Macintosh; Intel Mac OS X 10_15_7) AppleWebKit/537.36 (KHTML, like Gecko) Chrome/131.0.0.0 Safari/537.36; compatible; OAI-SearchBot/1.0; +https://openai.com/searchbot"
50.6.4.141 - - [13/Dec/2025:15:53:08 -0500] "POST /ar/wp-cron.php?doing_wp_cron=1765659188.4034678936004638671875 HTTP/1.1" 200 - "-" "WordPress/6.9; https://emtiyz.com/ar"
8.160.38.191 - - [13/Dec/2025:15:53:07 -0500] "GET /ar/%D9%86%D8%AC%D8%A7%D8%AD-%D9%85%D8%B4%D8%AA%D8%B1%D9%83-%D9%85%D8%B9-%D8%A7%D9%85%D8%AA%D9%8A%D8%A7%D8%B2-%D9%81%D9%8A-%D9%87%D8%B0%D9%87-%D8%A7%D9%84%D8%AC%D8%A7%D8%A6%D8%B2%D8%A9/ HTTP/2.0" 200 121180 "-" "Mozilla/5.0 (Macintosh; Intel Mac OS X 10_15_7) AppleWebKit/537.36 (KHTML, like Gecko) Chrome/140.0.0.0 Safari/537.36"
50.6.4.141 - - [13/Dec/2025:16:00:35 -0500] "POST /wp-cron.php?doing_wp_cron=1765659635.6453819274902343750000 HTTP/1.1" 200 - "-" "WordPress/6.9; https://emtiyz.com"
222.93.45.170 - - [13/Dec/2025:16:00:34 -0500] "GET / HTTP/1.1" 200 375271 "-" "Mozilla/5.0 (Windows NT 10.0; Win64; x64) AppleWebKit/537.36 (KHTML, like Gecko) Chrome/58.0.3029.110 Safari/537.3"
50.6.4.141 - - [13/Dec/2025:16:10:26 -0500] "POST /wp-cron.php?doing_wp_cron=1765660226.5573210716247558593750 HTTP/1.1" 200 - "-" "WordPress/6.9; https://emtiyz.com"
124.117.193.45 - - [13/Dec/2025:16:10:25 -0500] "GET / HTTP/1.1" 200 172016 "-" "Go-http-client/1.1"
183.134.59.133 - - [13/Dec/2025:16:10:24 -0500] "GET / HTTP/1.1" 200 375271 "-" "Mozilla/5.0 (Linux; Android 8.0; SM-G9500 Build/R16NW; wv) AppleWebKit/537.36 (KHTML, like Gecko) Version/4.0 Chrome/57.0.2987.132 MQQBrowser/6.2 TBS/044208 Mobile Safari/537.36 MicroMessenger/6.7.2.1340(0x2607023A) NetType/WIFI Language/zh_CN"
183.134.59.133 - - [13/Dec/2025:16:10:45 -0500] "GET /favicon.ico HTTP/1.1" 302 - "-" "Dalvik/2.1.0 (Linux; U; Android 9.0; ZTE BA520 Build/MRA58K)"
183.134.59.133 - - [13/Dec/2025:16:10:46 -0500] "GET /wp-content/uploads/2024/10/New-Project.png HTTP/1.1" 200 41542 "-" "Dalvik/2.1.0 (Linux; U; Android 9.0; ZTE BA520 Build/MRA58K)"
50.6.4.141 - - [13/Dec/2025:16:15:12 -0500] "POST /wp-cron.php?doing_wp_cron=1765660512.8001129627227783203125 HTTP/1.1" 200 - "-" "WordPress/6.9; https://emtiyz.com"
103.42.58.162 - - [13/Dec/2025:16:15:12 -0500] "GET /wp-login.php HTTP/2.0" 200 10442 "-" "Mozilla/5.0 (Windows NT 10.0; Win64; x64) AppleWebKit/537.36 (KHTML, like Gecko) Chrome/66.0.3359.181 Safari/537.36"
103.42.58.162 - - [13/Dec/2025:16:15:15 -0500] "POST /wp-login.php HTTP/2.0" 200 10897 "https://emtiyz.com/wp-login.php" "Mozilla/5.0 (Windows NT 10.0; Win64; x64) AppleWebKit/537.36 (KHTML, like Gecko) Chrome/66.0.3359.181 Safari/537.36"
50.6.4.141 - - [13/Dec/2025:16:15:34 -0500] "POST /wp-cron.php?doing_wp_cron=1765660534.5377740859985351562500 HTTP/1.1" 200 - "-" "WordPress/6.9; https://emtiyz.com"
183.134.59.133 - - [13/Dec/2025:16:15:33 -0500] "GET / HTTP/1.1" 200 375271 "-" "Dalvik/2.1.0 (Linux; U; Android 9.0; ZTE BA520 Build/MRA58K)"
183.134.59.133 - - [13/Dec/2025:16:15:47 -0500] "GET / HTTP/1.1" 200 375271 "-" "Mozilla/5.0 (Macintosh; Intel Mac OS X 10_11) AppleWebKit/601.1.27 (KHTML, like Gecko) Chrome/47.0.2526.106 Safari/601.1.27"
50.6.4.141 - - [13/Dec/2025:16:22:19 -0500] "POST /wp-cron.php?doing_wp_cron=1765660939.1938109397888183593750 HTTP/1.1" 200 - "-" "WordPress/6.9; https://emtiyz.com"
43.163.23.221 - - [13/Dec/2025:16:22:18 -0500] "GET /dealer/jones-stonie HTTP/1.1" 301 - "-" "Mozilla/5.0 (Windows NT 6.1; Win64; x64) AppleWebKit/537.36 (KHTML, like Gecko) Chrome/126.0.6478.114 Safari/537.36"
43.163.23.221 - - [13/Dec/2025:16:22:19 -0500] "GET /dealer/jones-stonie/ HTTP/1.1" 200 120079 "https://emtiyz.com/dealer/jones-stonie" "Mozilla/5.0 (Windows NT 6.1; Win64; x64) AppleWebKit/537.36 (KHTML, like Gecko) Chrome/126.0.6478.114 Safari/537.36"
43.173.178.42 - - [13/Dec/2025:16:22:27 -0500] "POST /wp-admin/admin-ajax.php HTTP/1.1" 200 1 "https://emtiyz.com/dealer/jones-stonie" "Mozilla/5.0 (Windows NT 6.1; Win64; x64) AppleWebKit/537.36 (KHTML, like Gecko) Chrome/126.0.6478.114 Safari/537.36"
121.237.36.31 - - [13/Dec/2025:16:23:08 -0500] "GET /favicon.ico HTTP/1.1" 302 - "-" "Dalvik/2.1.0 (Linux; U; Android 9.0; ZTE BA520 Build/MRA58K)"
121.237.36.31 - - [13/Dec/2025:16:23:09 -0500] "GET /wp-content/uploads/2024/10/New-Project.png HTTP/1.1" 200 41542 "-" "Dalvik/2.1.0 (Linux; U; Android 9.0; ZTE BA520 Build/MRA58K)"
50.6.4.141 - - [13/Dec/2025:16:23:18 -0500] "POST /wp-cron.php?doing_wp_cron=1765660998.6260519027709960937500 HTTP/1.1" 200 - "-" "WordPress/6.9; https://emtiyz.com"
121.237.36.31 - - [13/Dec/2025:16:23:17 -0500] "GET / HTTP/1.1" 200 375271 "-" "Mozilla/5.0 (Macintosh; Intel Mac OS X 10_11) AppleWebKit/601.1.27 (KHTML, like Gecko) Chrome/47.0.2526.106 Safari/601.1.27"
50.6.4.141 - - [13/Dec/2025:16:25:34 -0500] "POST /wp-cron.php?doing_wp_cron=1765661134.3017311096191406250000 HTTP/1.1" 200 - "-" "WordPress/6.9; https://emtiyz.com"
185.207.250.9 - - [13/Dec/2025:16:25:33 -0500] "GET / HTTP/1.1" 200 375271 "-" "sqalix-geral-worker/1.0"
50.6.4.141 - - [13/Dec/2025:16:26:58 -0500] "POST /wp-cron.php?doing_wp_cron=1765661218.1129000186920166015625 HTTP/1.1" 200 - "-" "WordPress/6.9; https://emtiyz.com"
205.210.31.34 - - [13/Dec/2025:16:26:57 -0500] "GET / HTTP/1.1" 301 - "-" "-"
205.210.31.34 - - [13/Dec/2025:16:26:58 -0500] "GET / HTTP/1.1" 200 375271 "-" "-"
116.197.130.59 - - [13/Dec/2025:16:37:18 -0500] "GET /.env HTTP/1.1" 301 - "-" "Mozilla/5.0 (X11; Linux x86_64)"
50.6.4.141 - - [13/Dec/2025:16:37:20 -0500] "POST /wp-cron.php?doing_wp_cron=1765661840.5700840950012207031250 HTTP/1.1" 200 - "-" "WordPress/6.9; https://emtiyz.com"
116.197.130.59 - - [13/Dec/2025:16:37:18 -0500] "GET /laravel/.env HTTP/1.1" 301 - "-" "Mozilla/5.0 (X11; Linux x86_64)"
116.197.130.59 - - [13/Dec/2025:16:37:18 -0500] "GET /core/.env HTTP/1.1" 301 - "-" "Mozilla/5.0 (X11; Linux x86_64)"
116.197.130.59 - - [13/Dec/2025:16:37:18 -0500] "GET /laravel/.env HTTP/1.1" 404 103309 "-" "Mozilla/5.0 (X11; Linux x86_64)"
116.197.130.59 - - [13/Dec/2025:16:37:18 -0500] "GET /.env HTTP/1.1" 404 103255 "-" "Mozilla/5.0 (X11; Linux x86_64)"
116.197.130.59 - - [13/Dec/2025:16:37:18 -0500] "GET /core/.env HTTP/1.1" 404 103291 "-" "Mozilla/5.0 (X11; Linux x86_64)"
116.197.130.59 - - [13/Dec/2025:16:37:21 -0500] "GET /laravel/.env HTTP/1.1" 404 8192 "https://www.emtiyz.com/laravel/.env" "Mozilla/5.0 (X11; Linux x86_64)"
116.197.130.59 - - [13/Dec/2025:16:37:21 -0500] "GET /.env HTTP/1.1" 404 8192 "https://www.emtiyz.com/.env" "Mozilla/5.0 (X11; Linux x86_64)"
50.6.4.141 - - [13/Dec/2025:16:44:44 -0500] "POST /wp-cron.php?doing_wp_cron=1765662284.3486609458923339843750 HTTP/1.1" 200 - "-" "WordPress/6.9; https://emtiyz.com"
92.205.212.128 - - [13/Dec/2025:16:44:43 -0500] "GET /wp-login.php HTTP/2.0" 200 10442 "-" "Mozilla/5.0 (Macintosh; Intel Mac OS X 10_11_6) AppleWebKit/604.1.38 (KHTML, like Gecko) Version/11.0 Safari/604.1.38"
92.205.212.128 - - [13/Dec/2025:16:44:44 -0500] "POST /wp-login.php HTTP/2.0" 200 10897 "https://emtiyz.com/wp-login.php" "Mozilla/5.0 (Macintosh; Intel Mac OS X 10_11_6) AppleWebKit/604.1.38 (KHTML, like Gecko) Version/11.0 Safari/604.1.38"
50.6.4.141 - - [13/Dec/2025:16:48:36 -0500] "POST /wp-cron.php?doing_wp_cron=1765662516.6429150104522705078125 HTTP/1.1" 200 - "-" "WordPress/6.9; https://emtiyz.com"
98.83.72.38 - - [13/Dec/2025:16:48:35 -0500] "GET /review/ HTTP/1.1" 200 107837 "-" "Mozilla/5.0 AppleWebKit/537.36 (KHTML, like Gecko; compatible; Amazonbot/0.1; +https://developer.amazon.com/support/amazonbot) Chrome/119.0.6045.214 Safari/537.36"
50.6.4.141 - - [13/Dec/2025:16:51:06 -0500] "POST /wp-cron.php?doing_wp_cron=1765662666.8920090198516845703125 HTTP/1.1" 200 - "-" "WordPress/6.9; https://emtiyz.com"
135.237.127.112 - - [13/Dec/2025:16:51:06 -0500] "GET /developmentserver/metadatauploader HTTP/1.1" 404 103489 "-" "Mozilla/5.0 zgrab/0.x"
50.6.4.141 - - [13/Dec/2025:16:57:00 -0500] "POST /wp-cron.php?doing_wp_cron=1765663020.8589410781860351562500 HTTP/1.1" 200 - "-" "WordPress/6.9; https://emtiyz.com"
80.94.95.248 - - [13/Dec/2025:16:56:59 -0500] "GET /remote/login?lang=en HTTP/1.1" 404 103309 "-" "-"
80.94.95.248 - - [13/Dec/2025:16:57:01 -0500] "GET /remote/login?lang=en HTTP/1.1" 404 103309 "-" "-"
50.6.4.141 - - [13/Dec/2025:16:57:32 -0500] "POST /wp-cron.php?doing_wp_cron=1765663052.4184100627899169921875 HTTP/1.1" 200 - "-" "WordPress/6.9; https://emtiyz.com"
167.94.138.122 - - [13/Dec/2025:16:57:31 -0500] "GET / HTTP/1.1" 301 - "-" "Mozilla/5.0 (compatible; CensysInspect/1.1; +https://about.censys.io/)"
50.6.4.141 - - [13/Dec/2025:16:58:51 -0500] "POST /wp-cron.php?doing_wp_cron=1765663131.0446670055389404296875 HTTP/1.1" 200 - "-" "WordPress/6.9; https://emtiyz.com"
167.94.138.122 - - [13/Dec/2025:16:58:50 -0500] "GET /wiki HTTP/1.1" 404 103303 "-" "Mozilla/5.0 (compatible; CensysInspect/1.1; +https://about.censys.io/)"
50.6.4.141 - - [13/Dec/2025:16:59:28 -0500] "POST /wp-cron.php?doing_wp_cron=1765663168.0715980529785156250000 HTTP/1.1" 200 - "-" "WordPress/6.9; https://emtiyz.com"
172.203.234.251 - - [13/Dec/2025:16:59:27 -0500] "GET /ecp/Current/exporttool/microsoft.exchange.ediscovery.exporttool.application HTTP/1.1" 404 103818 "-" "Mozilla/5.0 zgrab/0.x"
50.6.4.141 - - [13/Dec/2025:17:01:20 -0500] "POST /wp-cron.php?doing_wp_cron=1765663280.5702590942382812500000 HTTP/1.1" 200 - "-" "WordPress/6.9; https://emtiyz.com"
207.154.197.113 - - [13/Dec/2025:17:01:19 -0500] "GET / HTTP/1.1" 301 - "-" "-"
207.154.197.113 - - [13/Dec/2025:17:01:20 -0500] "GET / HTTP/1.1" 301 - "-" "Mozilla/5.0 (l9scan/2.0.134313e243e263e20353; +https://leakix.net)"
207.154.197.113 - - [13/Dec/2025:17:01:21 -0500] "POST /graphql HTTP/1.1" 404 103321 "-" "Mozilla/5.0 (l9scan/2.0.134313e243e263e20353; +https://leakix.net)"
207.154.197.113 - - [13/Dec/2025:17:01:23 -0500] "POST /api HTTP/1.1" 404 103297 "-" "Mozilla/5.0 (l9scan/2.0.134313e243e263e20353; +https://leakix.net)"
207.154.197.113 - - [13/Dec/2025:17:01:23 -0500] "POST /api/graphql HTTP/1.1" 404 103351 "-" "Mozilla/5.0 (l9scan/2.0.134313e243e263e20353; +https://leakix.net)"
207.154.197.113 - - [13/Dec/2025:17:01:24 -0500] "POST /graphql/api HTTP/1.1" 404 103351 "-" "Mozilla/5.0 (l9scan/2.0.134313e243e263e20353; +https://leakix.net)"
207.154.197.113 - - [13/Dec/2025:17:01:25 -0500] "POST /api/gql HTTP/1.1" 404 103327 "-" "Mozilla/5.0 (l9scan/2.0.134313e243e263e20353; +https://leakix.net)"
207.154.197.113 - - [13/Dec/2025:17:01:27 -0500] "GET /swagger-ui.html HTTP/1.1" 404 103369 "-" "Mozilla/5.0 (l9scan/2.0.134313e243e263e20353; +https://leakix.net)"
207.154.197.113 - - [13/Dec/2025:17:01:28 -0500] "GET /swagger/index.html HTTP/1.1" 404 103393 "-" "Mozilla/5.0 (l9scan/2.0.134313e243e263e20353; +https://leakix.net)"
207.154.197.113 - - [13/Dec/2025:17:01:29 -0500] "GET /swagger/swagger-ui.html HTTP/1.1" 404 103423 "-" "Mozilla/5.0 (l9scan/2.0.134313e243e263e20353; +https://leakix.net)"
207.154.197.113 - - [13/Dec/2025:17:01:31 -0500] "GET /webjars/swagger-ui/index.html HTTP/1.1" 404 103536 "-" "Mozilla/5.0 (l9scan/2.0.134313e243e263e20353; +https://leakix.net)"
207.154.197.113 - - [13/Dec/2025:17:01:32 -0500] "GET /swagger.json HTTP/1.1" 404 103351 "-" "Mozilla/5.0 (l9scan/2.0.134313e243e263e20353; +https://leakix.net)"
207.154.197.113 - - [13/Dec/2025:17:01:33 -0500] "GET /swagger/v1/swagger.json HTTP/1.1" 404 103500 "-" "Mozilla/5.0 (l9scan/2.0.134313e243e263e20353; +https://leakix.net)"
207.154.197.113 - - [13/Dec/2025:17:01:34 -0500] "GET /v2/api-docs HTTP/1.1" 404 103351 "-" "Mozilla/5.0 (l9scan/2.0.134313e243e263e20353; +https://leakix.net)"
207.154.197.113 - - [13/Dec/2025:17:01:35 -0500] "GET /v3/api-docs HTTP/1.1" 404 103351 "-" "Mozilla/5.0 (l9scan/2.0.134313e243e263e20353; +https://leakix.net)"
207.154.197.113 - - [13/Dec/2025:17:01:36 -0500] "GET /api-docs/swagger.json HTTP/1.1" 404 103411 "-" "Mozilla/5.0 (l9scan/2.0.134313e243e263e20353; +https://leakix.net)"
207.154.197.113 - - [13/Dec/2025:17:01:37 -0500] "GET /api/swagger.json HTTP/1.1" 404 103381 "-" "Mozilla/5.0 (l9scan/2.0.134313e243e263e20353; +https://leakix.net)"
207.154.197.113 - - [13/Dec/2025:17:01:38 -0500] "GET /@vite/env HTTP/1.1" 404 103339 "-" "Mozilla/5.0 (l9scan/2.0.134313e243e263e20353; +https://leakix.net)"
207.154.197.113 - - [13/Dec/2025:17:01:39 -0500] "GET /actuator/env HTTP/1.1" 404 103357 "-" "Mozilla/5.0 (l9scan/2.0.134313e243e263e20353; +https://leakix.net)"
207.154.197.113 - - [13/Dec/2025:17:01:40 -0500] "GET /server HTTP/1.1" 404 103315 "-" "Mozilla/5.0 (l9scan/2.0.134313e243e263e20353; +https://leakix.net)"
207.154.197.113 - - [13/Dec/2025:17:01:41 -0500] "GET /.vscode/sftp.json HTTP/1.1" 404 103387 "-" "Mozilla/5.0 (l9scan/2.0.134313e243e263e20353; +https://leakix.net)"
207.154.197.113 - - [13/Dec/2025:17:01:43 -0500] "GET /about HTTP/1.1" 404 103309 "-" "Mozilla/5.0 (l9scan/2.0.134313e243e263e20353; +https://leakix.net)"
207.154.197.113 - - [13/Dec/2025:17:01:44 -0500] "GET /debug/default/view?panel=config HTTP/1.1" 404 103470 "-" "Mozilla/5.0 (l9scan/2.0.134313e243e263e20353; +https://leakix.net)"
207.154.197.113 - - [13/Dec/2025:17:01:45 -0500] "GET /v2/_catalog HTTP/1.1" 404 103351 "-" "Mozilla/5.0 (l9scan/2.0.134313e243e263e20353; +https://leakix.net)"
207.154.197.113 - - [13/Dec/2025:17:01:46 -0500] "GET /ecp/Current/exporttool/microsoft.exchange.ediscovery.exporttool.application HTTP/1.1" 404 103818 "-" "Mozilla/5.0 (l9scan/2.0.134313e243e263e20353; +https://leakix.net)"
207.154.197.113 - - [13/Dec/2025:17:01:47 -0500] "GET /server-status HTTP/1.1" 404 103357 "-" "Mozilla/5.0 (l9scan/2.0.134313e243e263e20353; +https://leakix.net)"
207.154.197.113 - - [13/Dec/2025:17:01:48 -0500] "GET /login.action HTTP/1.1" 404 103351 "-" "Mozilla/5.0 (l9scan/2.0.134313e243e263e20353; +https://leakix.net)"
207.154.197.113 - - [13/Dec/2025:17:01:49 -0500] "GET /_all_dbs HTTP/1.1" 404 103327 "-" "Mozilla/5.0 (l9scan/2.0.134313e243e263e20353; +https://leakix.net)"
207.154.197.113 - - [13/Dec/2025:17:01:50 -0500] "GET /.DS_Store HTTP/1.1" 404 103333 "-" "Mozilla/5.0 (l9scan/2.0.134313e243e263e20353; +https://leakix.net)"
207.154.197.113 - - [13/Dec/2025:17:01:52 -0500] "GET /.env HTTP/1.1" 404 103303 "-" "Mozilla/5.0 (l9scan/2.0.134313e243e263e20353; +https://leakix.net)"
207.154.197.113 - - [13/Dec/2025:17:01:54 -0500] "GET /.git/config HTTP/1.1" 404 103351 "-" "Mozilla/5.0 (l9scan/2.0.134313e243e263e20353; +https://leakix.net)"
207.154.197.113 - - [13/Dec/2025:17:01:55 -0500] "GET /s/134313e243e263e20353/_/;/META-INF/maven/com.atlassian.jira/jira-webapp-dist/pom.properties HTTP/1.1" 404 103950 "-" "Mozilla/5.0 (l9scan/2.0.134313e243e263e20353; +https://leakix.net)"
207.154.197.113 - - [13/Dec/2025:17:01:56 -0500] "GET /config.json HTTP/1.1" 404 103345 "-" "Mozilla/5.0 (l9scan/2.0.134313e243e263e20353; +https://leakix.net)"
207.154.197.113 - - [13/Dec/2025:17:01:57 -0500] "GET /telescope/requests HTTP/1.1" 404 103393 "-" "Mozilla/5.0 (l9scan/2.0.134313e243e263e20353; +https://leakix.net)"
207.154.197.113 - - [13/Dec/2025:17:01:58 -0500] "GET /info.php HTTP/1.1" 404 103327 "-" "Mozilla/5.0 (l9scan/2.0.134313e243e263e20353; +https://leakix.net)"
207.154.197.113 - - [13/Dec/2025:17:01:59 -0500] "GET /?rest_route=/wp/v2/users/ HTTP/1.1" 200 833 "-" "Mozilla/5.0 (l9scan/2.0.134313e243e263e20353; +https://leakix.net)"
50.6.4.141 - - [13/Dec/2025:17:14:40 -0500] "POST /ar/wp-cron.php?doing_wp_cron=1765664080.4701941013336181640625 HTTP/1.1" 200 - "-" "WordPress/6.9; https://emtiyz.com/ar"
8.160.37.119 - - [13/Dec/2025:17:14:39 -0500] "GET /ar/my-favorite/ HTTP/2.0" 200 114714 "-" "Mozilla/5.0 (Macintosh; Intel Mac OS X 10_15_7) AppleWebKit/537.36 (KHTML, like Gecko) Chrome/136.0.0.0 Safari/537.36"
8.160.40.247 - - [13/Dec/2025:17:14:39 -0500] "GET /ar/%D8%AA%D8%B7%D9%88%D9%8A%D8%B1-%D8%A3%D9%86%D8%B8%D9%85%D8%A9-%D8%A7%D9%84%D9%81%D8%B1%D9%86%D8%B4%D8%A7%D9%8A%D8%B2/ HTTP/2.0" 200 124919 "-" "Mozilla/5.0 (Macintosh; Intel Mac OS X 10_15_7) AppleWebKit/537.36 (KHTML, like Gecko) Chrome/141.0.0.0 Safari/537.36"
50.6.4.141 - - [13/Dec/2025:17:29:52 -0500] "POST /wp-cron.php?doing_wp_cron=1765664992.2254209518432617187500 HTTP/1.1" 200 - "-" "WordPress/6.9; https://emtiyz.com"
43.163.23.21 - - [13/Dec/2025:17:29:51 -0500] "GET /emtiyz-consulting-and-ajman-chamber-sign-mou-to-support-entrepreneurs-and-expand-franchise-opportunities HTTP/1.1" 301 - "-" "Mozilla/5.0 (Windows NT 6.1; Win64; x64) AppleWebKit/537.36 (KHTML, like Gecko) Chrome/126.0.6478.114 Safari/537.36"
43.163.23.21 - - [13/Dec/2025:17:29:52 -0500] "GET /emtiyz-consulting-and-ajman-chamber-sign-mou-to-support-entrepreneurs-and-expand-franchise-opportunities/ HTTP/1.1" 200 118811 "https://emtiyz.com/emtiyz-consulting-and-ajman-chamber-sign-mou-to-support-entrepreneurs-and-expand-franchise-opportunities" "Mozilla/5.0 (Windows NT 6.1; Win64; x64) AppleWebKit/537.36 (KHTML, like Gecko) Chrome/126.0.6478.114 Safari/537.36"
43.173.177.72 - - [13/Dec/2025:17:29:55 -0500] "GET /wp-content/uploads/elementor/css/post-4510.css?ver=1765558035 HTTP/1.1" 200 310 "https://emtiyz.com/emtiyz-consulting-and-ajman-chamber-sign-mou-to-support-entrepreneurs-and-expand-franchise-opportunities" "Mozilla/5.0 (Windows NT 6.1; Win64; x64) AppleWebKit/537.36 (KHTML, like Gecko) Chrome/126.0.6478.114 Safari/537.36"
50.6.4.141 - - [13/Dec/2025:17:32:41 -0500] "POST /ar/wp-cron.php?doing_wp_cron=1765665161.0174589157104492187500 HTTP/1.1" 200 - "-" "WordPress/6.9; https://emtiyz.com/ar"
8.160.39.224 - - [13/Dec/2025:17:32:40 -0500] "GET /ar/book-an-appointment/ HTTP/2.0" 200 109497 "-" "Mozilla/5.0 (Windows NT 10.0; Win64; x64) AppleWebKit/537.36 (KHTML, like Gecko) Chrome/140.0.0.0 Safari/537.36"
50.6.4.141 - - [13/Dec/2025:17:32:52 -0500] "POST /wp-cron.php?doing_wp_cron=1765665172.1777629852294921875000 HTTP/1.1" 200 - "-" "WordPress/6.9; https://emtiyz.com"
198.98.52.120 - - [13/Dec/2025:17:32:51 -0500] "GET /wp-login.php HTTP/1.1" 200 10442 "-" "Mozilla/5.0 (Windows NT 6.3; WOW64; rv:31.0) Gecko/20100101 Firefox/31.0"
198.98.52.120 - - [13/Dec/2025:17:32:55 -0500] "POST /wp-login.php HTTP/1.1" 200 10883 "-" "Mozilla/5.0 (Windows NT 6.3; WOW64; rv:31.0) Gecko/20100101 Firefox/31.0"
45.61.184.83 - - [13/Dec/2025:17:33:13 -0500] "GET /wp-login.php HTTP/1.1" 200 10442 "-" "Mozilla/5.0 (Macintosh; Intel Mac OS X 14_7_1) AppleWebKit/605.1.15 (KHTML, like Gecko) Version/18.1 Safari/605.1.15"
50.6.4.141 - - [13/Dec/2025:17:33:31 -0500] "POST /wp-cron.php?doing_wp_cron=1765665211.6489489078521728515625 HTTP/1.1" 200 - "-" "WordPress/6.9; https://emtiyz.com"
45.61.184.83 - - [13/Dec/2025:17:33:31 -0500] "POST /wp-login.php HTTP/1.1" 200 10897 "-" "Mozilla/5.0 (Macintosh; Intel Mac OS X 14_7_1) AppleWebKit/605.1.15 (KHTML, like Gecko) Version/18.1 Safari/605.1.15"
198.98.61.40 - - [13/Dec/2025:17:33:44 -0500] "GET / HTTP/1.1" 301 - "https://www.baidu.com/" "Mozilla/5.0 (Windows NT 11.0; Win64; x64) AppleWebKit/537.36 (KHTML, like Gecko) Chrome/129.0.0.0 Safari/537.36"
50.6.4.141 - - [13/Dec/2025:17:34:24 -0500] "POST /wp-cron.php?doing_wp_cron=1765665264.0876960754394531250000 HTTP/1.1" 200 - "-" "WordPress/6.9; https://emtiyz.com"
198.98.61.40 - - [13/Dec/2025:17:34:23 -0500] "GET / HTTP/1.1" 200 375271 "https://www.baidu.com/" "Mozilla/5.0 (Windows NT 11.0; Win64; x64) AppleWebKit/537.36 (KHTML, like Gecko) Chrome/129.0.0.0 Safari/537.36"
50.6.4.141 - - [13/Dec/2025:17:35:42 -0500] "POST /wp-cron.php?doing_wp_cron=1765665342.7747058868408203125000 HTTP/1.1" 200 - "-" "WordPress/6.9; https://emtiyz.com"
198.98.61.40 - - [13/Dec/2025:17:35:42 -0500] "GET /wp-login.php HTTP/1.1" 200 10442 "https://www.baidu.com/" "Mozilla/5.0 (Windows NT 11.0; Win64; x64) AppleWebKit/537.36 (KHTML, like Gecko) Chrome/129.0.0.0 Safari/537.36"
205.185.127.174 - - [13/Dec/2025:17:36:04 -0500] "GET /wp-login.php HTTP/1.1" 200 10442 "-" "Mozilla/5.0 (Macintosh; Intel Mac OS X 10.7; rv:31.0) Gecko/20100101 Firefox/31.0"
205.185.127.174 - - [13/Dec/2025:17:36:05 -0500] "POST /wp-login.php HTTP/1.1" 200 10881 "-" "Mozilla/5.0 (Macintosh; Intel Mac OS X 10.7; rv:31.0) Gecko/20100101 Firefox/31.0"
50.6.4.141 - - [13/Dec/2025:17:36:23 -0500] "POST /wp-cron.php?doing_wp_cron=1765665383.8568320274353027343750 HTTP/1.1" 200 - "-" "WordPress/6.9; https://emtiyz.com"
198.98.61.40 - - [13/Dec/2025:17:36:23 -0500] "POST /wp-login.php HTTP/1.1" 200 10913 "https://www.baidu.com/" "Mozilla/5.0 (Windows NT 11.0; Win64; x64) AppleWebKit/537.36 (KHTML, like Gecko) Chrome/129.0.0.0 Safari/537.36"
50.6.4.141 - - [13/Dec/2025:17:38:25 -0500] "POST /wp-cron.php?doing_wp_cron=1765665505.7777600288391113281250 HTTP/1.1" 200 - "-" "WordPress/6.9; https://emtiyz.com"
217.160.244.17 - - [13/Dec/2025:17:38:25 -0500] "GET /wp-login.php HTTP/2.0" 200 10442 "-" "Mozilla/5.0 (Windows NT 6.1; WOW64; Trident/7.0; MATP; MATP; MATPJS; rv:11.0) like Gecko"
217.160.244.17 - - [13/Dec/2025:17:38:29 -0500] "POST /wp-login.php HTTP/2.0" 200 10897 "https://emtiyz.com/wp-login.php" "Mozilla/5.0 (Windows NT 6.1; WOW64; Trident/7.0; MATP; MATP; MATPJS; rv:11.0) like Gecko"
50.6.4.141 - - [13/Dec/2025:17:39:53 -0500] "POST /ar/wp-cron.php?doing_wp_cron=1765665593.8525619506835937500000 HTTP/1.1" 200 - "-" "WordPress/6.9; https://emtiyz.com/ar"
8.160.40.131 - - [13/Dec/2025:17:39:52 -0500] "GET /ar/franchise/%D8%AF%D8%A7%D9%86%D9%88%D8%A8-%D9%87%D9%88%D9%85/ HTTP/2.0" 200 174760 "-" "Mozilla/5.0 (Macintosh; Intel Mac OS X 10_15_7) AppleWebKit/537.36 (KHTML, like Gecko) Chrome/132.0.0.0 Safari/537.36"
8.160.39.132 - - [13/Dec/2025:17:39:53 -0500] "GET /ar/%D8%A5%D8%AF%D8%A7%D8%B1%D8%A9-%D9%88%D8%AD%D8%AF%D8%A7%D8%AA-%D8%A7%D9%84%D9%81%D8%B1%D9%86%D8%B4%D8%A7%D9%8A%D8%B2/ HTTP/2.0" 200 126383 "-" "Mozilla/5.0 (Windows NT 10.0; Win64; x64) AppleWebKit/537.36 (KHTML, like Gecko) Chrome/133.0.0.0 Safari/537.36"
50.6.4.141 - - [13/Dec/2025:17:49:39 -0500] "POST /wp-cron.php?doing_wp_cron=1765666179.9461979866027832031250 HTTP/1.1" 200 - "-" "WordPress/6.9; https://emtiyz.com"
121.237.36.31 - - [13/Dec/2025:17:49:38 -0500] "GET / HTTP/1.1" 200 375271 "-" "Mozilla/5.0 (Windows NT 6.1; en-US) AppleWebKit/534.30 (KHTML, like Gecko) Chrome/12.0.750.0 Safari/534.30"