File: /home/codo66ho/access-logs/emtiyz.com-ssl_log
50.6.4.141 - - [13/Dec/2025:07:13:09 -0500] "POST /wp-cron.php?doing_wp_cron=1765627989.7898900508880615234375 HTTP/1.1" 200 - "-" "WordPress/6.9; https://emtiyz.com"
14.215.163.132 - - [13/Dec/2025:07:13:08 -0500] "GET / HTTP/1.1" 301 - "http://www.emtiyz.com" "Mozilla/5.0 (iPhone; CPU iPhone OS 13_2_3 like Mac OS X) AppleWebKit/605.1.15 (KHTML, like Gecko) Version/13.0.3 Mobile/15E148 Safari/604.1"
50.6.4.141 - - [13/Dec/2025:07:14:44 -0500] "POST /wp-cron.php?doing_wp_cron=1765628084.3270239830017089843750 HTTP/1.1" 200 - "-" "WordPress/6.9; https://emtiyz.com"
143.198.190.163 - - [13/Dec/2025:07:14:43 -0500] "GET /.git/config HTTP/1.1" 404 103351 "-" "Mozilla/5.0 (SS; Linux x86_64) AppleWebKit/537.36 (KHTML, like Gecko) Chrome/133.0.0.0 Safari/537.36"
50.6.4.141 - - [13/Dec/2025:07:19:39 -0500] "POST /wp-cron.php?doing_wp_cron=1765628379.7985520362854003906250 HTTP/1.1" 200 - "-" "WordPress/6.9; https://emtiyz.com"
52.167.144.181 - - [13/Dec/2025:07:19:39 -0500] "GET /franchise/chiki HTTP/2.0" 301 - "-" "Mozilla/5.0 AppleWebKit/537.36 (KHTML, like Gecko; compatible; bingbot/2.0; +http://www.bing.com/bingbot.htm) Chrome/116.0.1938.76 Safari/537.36"
52.167.144.181 - - [13/Dec/2025:07:19:40 -0500] "GET /franchise/chiki/ HTTP/2.0" 200 168032 "-" "Mozilla/5.0 AppleWebKit/537.36 (KHTML, like Gecko; compatible; bingbot/2.0; +http://www.bing.com/bingbot.htm) Chrome/116.0.1938.76 Safari/537.36"
50.6.4.141 - - [13/Dec/2025:07:24:44 -0500] "POST /wp-cron.php?doing_wp_cron=1765628684.8407039642333984375000 HTTP/1.1" 200 - "-" "WordPress/6.9; https://emtiyz.com"
43.173.181.186 - - [13/Dec/2025:07:24:44 -0500] "GET /blog HTTP/1.1" 301 - "-" "Mozilla/5.0 (Windows NT 6.1; Win64; x64) AppleWebKit/537.36 (KHTML, like Gecko) Chrome/126.0.6478.114 Safari/537.36"
43.173.181.186 - - [13/Dec/2025:07:24:45 -0500] "GET /blog/ HTTP/1.1" 200 124643 "https://emtiyz.com/blog" "Mozilla/5.0 (Windows NT 6.1; Win64; x64) AppleWebKit/537.36 (KHTML, like Gecko) Chrome/126.0.6478.114 Safari/537.36"
43.173.181.157 - - [13/Dec/2025:07:24:55 -0500] "GET /blog HTTP/1.1" 301 - "-" "Mozilla/5.0 (Windows NT 10.0; Win64; x64) AppleWebKit/537.36 (KHTML, like Gecko) Chrome/104.0.5112.81 Safari/537.36"
43.173.181.157 - - [13/Dec/2025:07:24:58 -0500] "GET /blog/ HTTP/1.1" 200 124643 "https://emtiyz.com/blog" "Mozilla/5.0 (Windows NT 10.0; Win64; x64) AppleWebKit/537.36 (KHTML, like Gecko) Chrome/104.0.5112.81 Safari/537.36"
43.173.182.197 - - [13/Dec/2025:07:25:02 -0500] "GET /wp-content/uploads/elementor/css/post-1759.css?ver=1765561890 HTTP/1.1" 200 5396 "https://emtiyz.com/blog/" "Mozilla/5.0 (Windows NT 6.1; Win64; x64) AppleWebKit/537.36 (KHTML, like Gecko) Chrome/126.0.6478.114 Safari/537.36"
167.172.156.64 - - [13/Dec/2025:07:25:34 -0500] "GET /wp-content/uploads/2025/05/Board.png HTTP/1.1" 200 781309 "https://emtiyz.com/blog" "Mozilla/5.0 (Windows NT 10.0; Win64; x64) AppleWebKit/537.36 (KHTML, like Gecko) Chrome/103.0.0.0 Safari/537.36"
157.230.55.89 - - [13/Dec/2025:07:25:34 -0500] "GET /wp-content/uploads/2025/05/UAE-Ministry.png HTTP/1.1" 200 853524 "https://emtiyz.com/blog" "Mozilla/5.0 (Windows NT 10.0; Win64; x64) AppleWebKit/537.36 (KHTML, like Gecko) Chrome/103.0.0.0 Safari/537.36"
159.223.183.66 - - [13/Dec/2025:07:25:34 -0500] "GET /wp-content/uploads/2025/05/winner-award.png HTTP/1.1" 200 854247 "https://emtiyz.com/blog" "Mozilla/5.0 (Windows NT 10.0; Win64; x64) AppleWebKit/537.36 (KHTML, like Gecko) Chrome/103.0.0.0 Safari/537.36"
192.241.156.184 - - [13/Dec/2025:07:25:34 -0500] "GET /wp-content/uploads/2025/05/sharjah-SME.png HTTP/1.1" 200 447793 "https://emtiyz.com/blog" "Mozilla/5.0 (Windows NT 10.0; Win64; x64) AppleWebKit/537.36 (KHTML, like Gecko) Chrome/103.0.0.0 Safari/537.36"
208.68.38.184 - - [13/Dec/2025:07:25:34 -0500] "GET /wp-content/uploads/2025/05/Entreprenure.png HTTP/1.1" 200 744743 "https://emtiyz.com/blog" "Mozilla/5.0 (Windows NT 10.0; Win64; x64) AppleWebKit/537.36 (KHTML, like Gecko) Chrome/103.0.0.0 Safari/537.36"
137.184.79.59 - - [13/Dec/2025:07:25:34 -0500] "GET /wp-content/uploads/2025/05/expo-1.png HTTP/1.1" 200 530772 "https://emtiyz.com/blog" "Mozilla/5.0 (Windows NT 10.0; Win64; x64) AppleWebKit/537.36 (KHTML, like Gecko) Chrome/103.0.0.0 Safari/537.36"
50.6.4.141 - - [13/Dec/2025:07:26:50 -0500] "POST /wp-cron.php?doing_wp_cron=1765628810.3145968914031982421875 HTTP/1.1" 200 - "-" "WordPress/6.9; https://emtiyz.com"
43.173.169.44 - - [13/Dec/2025:07:26:49 -0500] "GET /franchise-unit-management HTTP/1.1" 301 - "-" "Mozilla/5.0 (Windows NT 6.1; Win64; x64) AppleWebKit/537.36 (KHTML, like Gecko) Chrome/126.0.6478.114 Safari/537.36"
43.173.177.77 - - [13/Dec/2025:07:26:50 -0500] "GET /payment-invoice HTTP/1.1" 301 - "-" "Mozilla/5.0 (Windows NT 6.1; Win64; x64) AppleWebKit/537.36 (KHTML, like Gecko) Chrome/126.0.6478.114 Safari/537.36"
43.173.169.44 - - [13/Dec/2025:07:26:50 -0500] "GET /franchise-unit-management/ HTTP/1.1" 200 119837 "https://emtiyz.com/franchise-unit-management" "Mozilla/5.0 (Windows NT 6.1; Win64; x64) AppleWebKit/537.36 (KHTML, like Gecko) Chrome/126.0.6478.114 Safari/537.36"
43.173.177.77 - - [13/Dec/2025:07:26:51 -0500] "GET /payment-invoice/ HTTP/1.1" 200 108028 "https://emtiyz.com/payment-invoice" "Mozilla/5.0 (Windows NT 6.1; Win64; x64) AppleWebKit/537.36 (KHTML, like Gecko) Chrome/126.0.6478.114 Safari/537.36"
50.6.4.141 - - [13/Dec/2025:07:29:52 -0500] "POST /wp-cron.php?doing_wp_cron=1765628992.5461969375610351562500 HTTP/1.1" 200 - "-" "WordPress/6.9; https://emtiyz.com"
43.173.180.58 - - [13/Dec/2025:07:29:51 -0500] "GET /category/news HTTP/1.1" 301 - "-" "Mozilla/5.0 (Windows NT 6.1; Win64; x64) AppleWebKit/537.36 (KHTML, like Gecko) Chrome/126.0.6478.114 Safari/537.36"
43.173.180.58 - - [13/Dec/2025:07:29:52 -0500] "GET /category/news/ HTTP/1.1" 200 111337 "https://emtiyz.com/category/news" "Mozilla/5.0 (Windows NT 6.1; Win64; x64) AppleWebKit/537.36 (KHTML, like Gecko) Chrome/126.0.6478.114 Safari/537.36"
43.173.173.183 - - [13/Dec/2025:07:30:05 -0500] "GET /category/news HTTP/1.1" 301 - "-" "Mozilla/5.0 (Windows NT 10.0; Win64; x64) AppleWebKit/537.36 (KHTML, like Gecko) Chrome/106.0.5249.119 Safari/537.36"
43.173.173.183 - - [13/Dec/2025:07:30:07 -0500] "GET /category/news/ HTTP/1.1" 200 111337 "https://emtiyz.com/category/news" "Mozilla/5.0 (Windows NT 10.0; Win64; x64) AppleWebKit/537.36 (KHTML, like Gecko) Chrome/106.0.5249.119 Safari/537.36"
93.123.109.125 - - [13/Dec/2025:07:35:03 -0500] "GET / HTTP/1.1" 301 - "-" "Mozilla/5.0 (Windows NT 10.0; Win64; x64; rv:144.0) Gecko/20100101 Firefox/144.0"
93.123.109.125 - - [13/Dec/2025:07:35:05 -0500] "GET / HTTP/1.1" 301 - "-" "Mozilla/5.0 (Windows NT 10.0; Win64; x64; rv:144.0) Gecko/20100101 Firefox/144.0"
93.123.109.125 - - [13/Dec/2025:07:35:06 -0500] "GET / HTTP/1.1" 301 - "-" "Mozilla/5.0 (Windows NT 10.0; Win64; x64; rv:144.0) Gecko/20100101 Firefox/144.0"
93.123.109.125 - - [13/Dec/2025:07:35:07 -0500] "GET / HTTP/1.1" 301 - "-" "Mozilla/5.0 (Windows NT 10.0; Win64; x64; rv:144.0) Gecko/20100101 Firefox/144.0"
93.123.109.125 - - [13/Dec/2025:07:35:13 -0500] "GET / HTTP/1.1" 301 - "-" "Mozilla/5.0 (Windows NT 10.0; Win64; x64; rv:144.0) Gecko/20100101 Firefox/144.0"
50.6.4.141 - - [13/Dec/2025:07:35:51 -0500] "POST /wp-cron.php?doing_wp_cron=1765629351.6109089851379394531250 HTTP/1.1" 200 - "-" "WordPress/6.9; https://emtiyz.com"
93.123.109.125 - - [13/Dec/2025:07:35:50 -0500] "GET / HTTP/1.1" 200 404319 "-" "Mozilla/5.0 (Windows NT 10.0; Win64; x64; rv:144.0) Gecko/20100101 Firefox/144.0"
93.123.109.125 - - [13/Dec/2025:07:36:01 -0500] "GET / HTTP/1.1" 301 - "-" "Mozilla/5.0 (Windows NT 10.0; Win64; x64; rv:144.0) Gecko/20100101 Firefox/144.0"
93.123.109.125 - - [13/Dec/2025:07:36:06 -0500] "GET / HTTP/1.1" 200 404319 "https://50.6.4.141:443/" "Mozilla/5.0 (Windows NT 10.0; Win64; x64; rv:144.0) Gecko/20100101 Firefox/144.0"
50.6.4.141 - - [13/Dec/2025:07:39:07 -0500] "POST /wp-cron.php?doing_wp_cron=1765629547.1535570621490478515625 HTTP/1.1" 200 - "-" "WordPress/6.9; https://emtiyz.com"
185.191.171.2 - - [13/Dec/2025:07:39:06 -0500] "GET /robots.txt HTTP/1.1" 200 153 "-" "Mozilla/5.0 (compatible; SemrushBot/7~bl; +http://www.semrush.com/bot.html)"
85.208.96.195 - - [13/Dec/2025:07:39:07 -0500] "GET /awards-ceremony/ HTTP/1.1" 200 115687 "-" "Mozilla/5.0 (compatible; SemrushBot/7~bl; +http://www.semrush.com/bot.html)"
50.6.4.141 - - [13/Dec/2025:07:51:47 -0500] "POST /wp-cron.php?doing_wp_cron=1765630307.0623519420623779296875 HTTP/1.1" 200 - "-" "WordPress/6.9; https://emtiyz.com"
66.249.79.65 - - [13/Dec/2025:07:51:46 -0500] "GET /robots.txt HTTP/1.1" 200 153 "-" "Mozilla/5.0 (compatible; Googlebot/2.1; +http://www.google.com/bot.html)"
66.249.79.65 - - [13/Dec/2025:07:51:47 -0500] "GET /make/food-beverage/ HTTP/1.1" 200 276496 "-" "Mozilla/5.0 (compatible; Googlebot/2.1; +http://www.google.com/bot.html)"
50.6.4.141 - - [13/Dec/2025:07:58:40 -0500] "POST /wp-cron.php?doing_wp_cron=1765630720.1801159381866455078125 HTTP/1.1" 200 - "-" "WordPress/6.9; https://emtiyz.com"
85.208.96.206 - - [13/Dec/2025:07:58:39 -0500] "GET /package-list/ HTTP/1.1" 200 113901 "-" "Mozilla/5.0 (compatible; SemrushBot/7~bl; +http://www.semrush.com/bot.html)"
159.65.184.72 - - [13/Dec/2025:07:58:51 -0500] "GET / HTTP/1.1" 400 52 "-" "Mozilla/5.0 (X11; Linux x86_64) AppleWebKit/537.36 (KHTML, like Gecko) Chrome/139.0.0.0 Safari/537.36"
159.65.184.72 - - [13/Dec/2025:07:58:52 -0500] "GET /favicon.ico HTTP/1.1" 400 52 "https://autodiscover.emtiyz.com/" "Mozilla/5.0 (X11; Linux x86_64) AppleWebKit/537.36 (KHTML, like Gecko) Chrome/139.0.0.0 Safari/537.36"
50.6.4.141 - - [13/Dec/2025:08:14:17 -0500] "POST /wp-cron.php?doing_wp_cron=1765631657.1141688823699951171875 HTTP/1.1" 200 - "-" "WordPress/6.9; https://emtiyz.com"
185.191.171.9 - - [13/Dec/2025:08:14:15 -0500] "GET /uae-ministry-of-economy-launches-national-program-with-emtiyz-consulting-to-support-and-incubate-youth-projects/ HTTP/1.1" 200 119275 "-" "Mozilla/5.0 (compatible; SemrushBot/7~bl; +http://www.semrush.com/bot.html)"
50.6.4.141 - - [13/Dec/2025:08:16:07 -0500] "POST /wp-cron.php?doing_wp_cron=1765631767.3217620849609375000000 HTTP/1.1" 200 - "-" "WordPress/6.9; https://emtiyz.com"
95.173.230.76 - - [13/Dec/2025:08:16:06 -0500] "GET /author/superyarak/ HTTP/1.1" 301 - "-" "Mozilla/5.0 (Windows; U; Windows NT 5.1; fr; rv:1.9.1) Gecko/20090624 Firefox/3.5"
95.173.230.76 - - [13/Dec/2025:08:16:09 -0500] "GET /author/superyarak/ HTTP/1.1" 404 103339 "-" "Mozilla/5.0 (Windows; U; Windows NT 5.1; fr; rv:1.9.1) Gecko/20090624 Firefox/3.5"
50.6.4.141 - - [13/Dec/2025:08:17:39 -0500] "POST /wp-cron.php?doing_wp_cron=1765631859.2348670959472656250000 HTTP/1.1" 200 - "-" "WordPress/6.9; https://emtiyz.com"
64.226.118.71 - - [13/Dec/2025:08:17:38 -0500] "GET / HTTP/1.0" 301 - "-" "-"
64.226.118.71 - - [13/Dec/2025:08:17:39 -0500] "GET /odinhttpcall1765631860 HTTP/1.1" 404 103411 "-" "Mozilla/5.0 (compatible; Odin; https://docs.getodin.com/)"
64.226.118.71 - - [13/Dec/2025:08:17:39 -0500] "POST /sdk HTTP/1.1" 404 103297 "-" "Mozilla/5.0 (compatible; Odin; https://docs.getodin.com/)"
64.226.118.71 - - [13/Dec/2025:08:17:40 -0500] "GET /HNAP1 HTTP/1.1" 404 103309 "-" "Mozilla/5.0 (compatible; Odin; https://docs.getodin.com/)"
64.226.118.71 - - [13/Dec/2025:08:17:40 -0500] "GET /evox/about HTTP/1.1" 404 103345 "-" "Mozilla/5.0 (compatible; Odin; https://docs.getodin.com/)"
64.226.118.71 - - [13/Dec/2025:08:17:42 -0500] "GET / HTTP/1.0" 301 - "-" "-"
64.226.118.71 - - [13/Dec/2025:08:17:43 -0500] "GET / HTTP/1.1" 301 - "-" "-"
64.226.99.76 - - [13/Dec/2025:08:17:43 -0500] "GET / HTTP/1.0" 301 - "-" "-"
104.248.19.191 - - [13/Dec/2025:08:17:43 -0500] "GET / HTTP/1.0" 301 - "-" "-"
46.101.115.97 - - [13/Dec/2025:08:17:43 -0500] "GET / HTTP/1.0" 301 - "-" "-"
68.183.77.158 - - [13/Dec/2025:08:17:43 -0500] "GET / HTTP/1.0" 301 - "-" "-"
138.68.76.127 - - [13/Dec/2025:08:17:43 -0500] "GET / HTTP/1.0" 301 - "-" "-"
64.226.99.76 - - [13/Dec/2025:08:17:45 -0500] "GET / HTTP/1.0" 301 - "-" "-"
104.248.19.191 - - [13/Dec/2025:08:17:45 -0500] "GET / HTTP/1.0" 301 - "-" "-"
46.101.115.97 - - [13/Dec/2025:08:17:45 -0500] "GET / HTTP/1.0" 301 - "-" "-"
138.68.76.127 - - [13/Dec/2025:08:17:43 -0500] "POST / HTTP/1.1" 200 404367 "-" "Go-http-client/1.1"
68.183.77.158 - - [13/Dec/2025:08:17:46 -0500] "GET / HTTP/1.0" 301 - "-" "-"
138.68.76.127 - - [13/Dec/2025:08:17:47 -0500] "GET / HTTP/1.1" 301 - "-" "Mozilla/5.0 (compatible; Odin; https://docs.getodin.com/)"
64.226.99.76 - - [13/Dec/2025:08:17:48 -0500] "GET / HTTP/1.0" 301 - "-" "-"
68.183.77.158 - - [13/Dec/2025:08:17:49 -0500] "GET / HTTP/1.0" 301 - "-" "-"
104.248.19.191 - - [13/Dec/2025:08:17:48 -0500] "GET / HTTP/1.0" 301 - "-" "-"
46.101.115.97 - - [13/Dec/2025:08:17:49 -0500] "GET / HTTP/1.0" 301 - "-" "-"
68.183.77.158 - - [13/Dec/2025:08:17:51 -0500] "GET / HTTP/1.0" 301 - "-" "-"
68.183.77.158 - - [13/Dec/2025:08:17:52 -0500] "GET / HTTP/1.0" 301 - "-" "-"
138.68.76.127 - - [13/Dec/2025:08:17:51 -0500] "GET / HTTP/1.1" 200 404319 "https://50.6.4.141" "Mozilla/5.0 (compatible; Odin; https://docs.getodin.com/)"
68.183.77.158 - - [13/Dec/2025:08:17:53 -0500] "GET / HTTP/1.0" 301 - "-" "-"
161.35.216.245 - - [13/Dec/2025:08:17:54 -0500] "GET / HTTP/1.0" 301 - "-" "-"
128.199.228.252 - - [13/Dec/2025:08:17:55 -0500] "GET /wp-content/uploads/2024/10/New-Project.png HTTP/1.1" 200 41542 "-" "Go-http-client/1.1"
161.35.216.245 - - [13/Dec/2025:08:17:55 -0500] "GET / HTTP/1.1" 200 404367 "-" "Go-http-client/1.1"
50.6.4.141 - - [13/Dec/2025:08:33:07 -0500] "POST /wp-cron.php?doing_wp_cron=1765632787.3314869403839111328125 HTTP/1.1" 200 - "-" "WordPress/6.9; https://emtiyz.com"
20.169.78.116 - - [13/Dec/2025:08:33:06 -0500] "GET / HTTP/2.0" 200 404319 "-" "Mozilla/5.0 AppleWebKit/537.36 (KHTML, like Gecko); compatible; ChatGPT-User/1.0; +https://openai.com/bot"
45.61.184.145 - - [13/Dec/2025:08:41:15 -0500] "GET /wp-login.php HTTP/1.1" 200 10442 "-" "Mozilla/5.0 (Macintosh; Intel Mac OS X 10_9_3) AppleWebKit/537.75.14 (KHTML, like Gecko) Version/7.0.3 Safari/537.75.14"
50.6.4.141 - - [13/Dec/2025:08:41:17 -0500] "POST /wp-cron.php?doing_wp_cron=1765633277.2520198822021484375000 HTTP/1.1" 200 - "-" "WordPress/6.9; https://emtiyz.com"
45.61.184.145 - - [13/Dec/2025:08:41:16 -0500] "POST /wp-login.php HTTP/1.1" 200 10883 "-" "Mozilla/5.0 (Macintosh; Intel Mac OS X 10_9_3) AppleWebKit/537.75.14 (KHTML, like Gecko) Version/7.0.3 Safari/537.75.14"
209.141.40.130 - - [13/Dec/2025:08:41:27 -0500] "GET /wp-login.php HTTP/1.1" 200 10442 "-" "Mozilla/5.0 (Windows NT 6.3; WOW64; Trident/7.0; rv:11.0) like Gecko"
209.141.40.130 - - [13/Dec/2025:08:41:28 -0500] "POST /wp-login.php HTTP/1.1" 200 10881 "-" "Mozilla/5.0 (Windows NT 6.3; WOW64; Trident/7.0; rv:11.0) like Gecko"
50.6.4.141 - - [13/Dec/2025:08:43:37 -0500] "POST /wp-cron.php?doing_wp_cron=1765633417.1597559452056884765625 HTTP/1.1" 200 - "-" "WordPress/6.9; https://emtiyz.com"
107.189.10.79 - - [13/Dec/2025:08:43:36 -0500] "GET /wp-login.php HTTP/1.1" 200 10442 "-" "Mozilla/5.0 (Macintosh; Intel Mac OS X 10_9_2) AppleWebKit/537.36 (KHTML, like Gecko) Chrome/35.0.1916.153 Safari/537.36"
50.6.4.141 - - [13/Dec/2025:08:44:23 -0500] "POST /wp-cron.php?doing_wp_cron=1765633463.0521779060363769531250 HTTP/1.1" 200 - "-" "WordPress/6.9; https://emtiyz.com"
107.189.10.79 - - [13/Dec/2025:08:44:22 -0500] "POST /wp-login.php HTTP/1.1" 200 10913 "-" "Mozilla/5.0 (Macintosh; Intel Mac OS X 10_9_2) AppleWebKit/537.36 (KHTML, like Gecko) Chrome/35.0.1916.153 Safari/537.36"
50.6.4.141 - - [13/Dec/2025:08:47:44 -0500] "POST /wp-cron.php?doing_wp_cron=1765633664.7671780586242675781250 HTTP/1.1" 200 - "-" "WordPress/6.9; https://emtiyz.com"
104.244.75.4 - - [13/Dec/2025:08:47:44 -0500] "GET /wp-login.php HTTP/1.1" 200 10442 "-" "Mozilla/5.0 (iPad; CPU OS 7_1_2 like Mac OS X) AppleWebKit/537.51.2 (KHTML, like Gecko) Version/7.0 Mobile/11D257 Safari/9537.53"
104.244.75.4 - - [13/Dec/2025:08:47:44 -0500] "POST /wp-login.php HTTP/1.1" 200 10897 "-" "Mozilla/5.0 (iPad; CPU OS 7_1_2 like Mac OS X) AppleWebKit/537.51.2 (KHTML, like Gecko) Version/7.0 Mobile/11D257 Safari/9537.53"
50.6.4.141 - - [13/Dec/2025:08:48:36 -0500] "POST /wp-cron.php?doing_wp_cron=1765633716.7441539764404296875000 HTTP/1.1" 200 - "-" "WordPress/6.9; https://emtiyz.com"
64.225.102.252 - - [13/Dec/2025:08:48:36 -0500] "GET /wp-login.php HTTP/2.0" 200 10442 "-" "Mozilla/5.0 (Windows NT 10.0) AppleWebKit/537.36 (KHTML, like Gecko) Chrome/52.0.2743.116 Safari/537.36 Edge/15.15063"
20.163.34.54 - - [13/Dec/2025:08:55:51 -0500] "GET / HTTP/1.0" 301 - "-" "-"
50.6.4.141 - - [13/Dec/2025:08:59:58 -0500] "POST /wp-cron.php?doing_wp_cron=1765634398.7102129459381103515625 HTTP/1.1" 200 - "-" "WordPress/6.9; https://emtiyz.com"
206.168.34.125 - - [13/Dec/2025:08:59:58 -0500] "GET / HTTP/1.1" 301 - "-" "Mozilla/5.0 (compatible; CensysInspect/1.1; +https://about.censys.io/)"
50.6.4.141 - - [13/Dec/2025:09:02:25 -0500] "POST /wp-cron.php?doing_wp_cron=1765634545.3658869266510009765625 HTTP/1.1" 200 - "-" "WordPress/6.9; https://emtiyz.com"
206.168.34.125 - - [13/Dec/2025:09:02:24 -0500] "GET /wiki HTTP/1.1" 404 103303 "-" "Mozilla/5.0 (compatible; CensysInspect/1.1; +https://about.censys.io/)"
50.6.4.141 - - [13/Dec/2025:09:13:08 -0500] "POST /wp-cron.php?doing_wp_cron=1765635188.5107429027557373046875 HTTP/1.1" 200 - "-" "WordPress/6.9; https://emtiyz.com"
54.39.203.247 - - [13/Dec/2025:09:13:07 -0500] "GET /sitemap.rss HTTP/2.0" 200 16307 "-" "Mozilla/5.0 (compatible; AhrefsBot/7.0; +http://ahrefs.com/robot/)"
50.6.4.141 - - [13/Dec/2025:09:19:38 -0500] "POST /wp-cron.php?doing_wp_cron=1765635578.5880498886108398437500 HTTP/1.1" 200 - "-" "WordPress/6.9; https://emtiyz.com"
172.202.118.22 - - [13/Dec/2025:09:19:37 -0500] "GET /autodiscover/autodiscover.json?@zdi/Powershell HTTP/1.1" 404 103465 "-" "Mozilla/5.0 zgrab/0.x"
50.6.4.141 - - [13/Dec/2025:09:25:05 -0500] "POST /wp-cron.php?doing_wp_cron=1765635905.9415130615234375000000 HTTP/1.1" 200 - "-" "WordPress/6.9; https://emtiyz.com"
209.141.59.99 - - [13/Dec/2025:09:25:05 -0500] "GET /wp-login.php HTTP/1.1" 200 10442 "-" "Mozilla/5.0 (Macintosh; Intel Mac OS X 10_9_4) AppleWebKit/537.36 (KHTML, like Gecko) Chrome/36.0.1985.143 Safari/537.36"
50.6.4.141 - - [13/Dec/2025:09:43:55 -0500] "POST /wp-cron.php?doing_wp_cron=1765637035.7808749675750732421875 HTTP/1.1" 200 - "-" "WordPress/6.9; https://emtiyz.com"
164.92.181.237 - - [13/Dec/2025:09:43:55 -0500] "GET / HTTP/1.1" 301 - "-" "Mozilla/5.0 (X11; Linux x86_64; rv:139.0) Gecko/20100101 Firefox/139.0"
164.92.181.237 - - [13/Dec/2025:09:43:58 -0500] "GET /favicon.ico HTTP/1.1" 302 - "https://ftp.emtiyz.com/" "Mozilla/5.0 (X11; Linux x86_64; rv:139.0) Gecko/20100101 Firefox/139.0"
50.6.4.141 - - [13/Dec/2025:09:46:26 -0500] "POST /wp-cron.php?doing_wp_cron=1765637186.0643730163574218750000 HTTP/1.1" 200 - "-" "WordPress/6.9; https://emtiyz.com"
112.124.58.18 - - [13/Dec/2025:09:46:25 -0500] "GET / HTTP/1.0" 301 - "-" "-"
112.124.58.18 - - [13/Dec/2025:09:46:33 -0500] "POST /sdk HTTP/1.1" 404 103297 "-" "Mozilla/5.0 (compatible; Nmap Scripting Engine; https://nmap.org/book/nse.html)"
112.124.58.18 - - [13/Dec/2025:09:46:33 -0500] "GET /nmaplowercheck1765637193 HTTP/1.1" 404 103423 "-" "Mozilla/5.0 (compatible; Nmap Scripting Engine; https://nmap.org/book/nse.html)"
112.124.58.18 - - [13/Dec/2025:09:46:45 -0500] "GET /evox/about HTTP/1.1" 404 103345 "-" "Mozilla/5.0 (compatible; Nmap Scripting Engine; https://nmap.org/book/nse.html)"
112.124.58.18 - - [13/Dec/2025:09:46:45 -0500] "GET /HNAP1 HTTP/1.1" 404 103309 "-" "Mozilla/5.0 (compatible; Nmap Scripting Engine; https://nmap.org/book/nse.html)"
161.35.165.217 - - [13/Dec/2025:09:46:48 -0500] "GET /.git/config HTTP/1.1" 404 103351 "-" "Mozilla/5.0 (X11; Linux x86_64) AppleWebKit/537.36 (KHTML, like Gecko) Chrome/81.0.4044.129 Safari/537.36"
112.124.58.18 - - [13/Dec/2025:09:46:54 -0500] "GET / HTTP/1.0" 301 - "-" "-"
112.124.58.18 - - [13/Dec/2025:09:46:55 -0500] "GET / HTTP/1.1" 301 - "-" "-"
112.124.58.18 - - [13/Dec/2025:09:46:56 -0500] "GET / HTTP/1.0" 301 - "-" "-"
50.6.4.141 - - [13/Dec/2025:10:01:55 -0500] "POST /wp-cron.php?doing_wp_cron=1765638115.7885689735412597656250 HTTP/1.1" 200 - "-" "WordPress/6.9; https://emtiyz.com"
66.249.79.65 - - [13/Dec/2025:10:01:55 -0500] "GET /robots.txt HTTP/1.1" 200 153 "-" "Mozilla/5.0 (compatible; Googlebot/2.1; +http://www.google.com/bot.html)"
50.6.4.141 - - [13/Dec/2025:10:01:57 -0500] "POST /ar/wp-cron.php?doing_wp_cron=1765638117.5678319931030273437500 HTTP/1.1" 200 - "-" "WordPress/6.9; https://emtiyz.com/ar"
66.249.79.65 - - [13/Dec/2025:10:01:55 -0500] "GET /ar/wp-*.php HTTP/1.1" 404 110847 "-" "Mozilla/5.0 (Linux; Android 6.0.1; Nexus 5X Build/MMB29P) AppleWebKit/537.36 (KHTML, like Gecko) Chrome/141.0.7390.122 Mobile Safari/537.36 (compatible; Googlebot/2.1; +http://www.google.com/bot.html)"
50.6.4.141 - - [13/Dec/2025:10:02:00 -0500] "POST /ar/wp-cron.php HTTP/1.1" 200 - "-" "WordPress/6.9; https://emtiyz.com/ar"
50.6.4.141 - - [13/Dec/2025:10:02:00 -0500] "GET /ar/ HTTP/1.1" 200 394786 "-" "WordPress/6.9; https://emtiyz.com/ar"
50.6.4.141 - - [13/Dec/2025:10:02:03 -0500] "GET /ar/ HTTP/1.1" 200 394786 "-" "WordPress/6.9; https://emtiyz.com/ar"
50.6.4.141 - - [13/Dec/2025:10:02:05 -0500] "GET /ar/ HTTP/1.1" 200 394786 "-" "WordPress/6.9; https://emtiyz.com/ar"
50.6.4.141 - - [13/Dec/2025:10:02:07 -0500] "GET /ar/ HTTP/1.1" 200 394786 "-" "WordPress/6.9; https://emtiyz.com/ar"
66.249.79.66 - - [13/Dec/2025:10:06:53 -0500] "GET /wp-content/uploads/2025/05/UK.png HTTP/1.1" 304 - "-" "Googlebot-Image/1.0"
50.6.4.141 - - [13/Dec/2025:10:08:06 -0500] "POST /wp-cron.php?doing_wp_cron=1765638486.5976099967956542968750 HTTP/1.1" 200 - "-" "WordPress/6.9; https://emtiyz.com"
202.76.183.103 - - [13/Dec/2025:10:08:05 -0500] "GET / HTTP/1.1" 200 404319 "-" "Mozilla/5.0 (X11; U; Linux x86_64; en-US) AppleWebKit/534.3 (KHTML, like Gecko) Chrome/6.0.470.0 Safari/534.3"
50.6.4.141 - - [13/Dec/2025:10:18:37 -0500] "POST /wp-cron.php?doing_wp_cron=1765639117.6630079746246337890625 HTTP/1.1" 200 - "-" "WordPress/6.9; https://emtiyz.com"
154.50.24.78 - - [13/Dec/2025:10:18:36 -0500] "GET /wp-login.php HTTP/2.0" 200 10442 "-" "Mozilla/5.0 (Windows NT 6.3; Win64; x64) AppleWebKit/537.36 (KHTML, like Gecko) Chrome/65.0.3325.181 Safari/537.36 OPR/52.0.2871.99"
154.50.24.78 - - [13/Dec/2025:10:18:38 -0500] "POST /wp-login.php HTTP/2.0" 200 10897 "https://emtiyz.com/wp-login.php" "Mozilla/5.0 (Windows NT 6.3; Win64; x64) AppleWebKit/537.36 (KHTML, like Gecko) Chrome/65.0.3325.181 Safari/537.36 OPR/52.0.2871.99"
50.6.4.141 - - [13/Dec/2025:10:26:37 -0500] "POST /wp-cron.php?doing_wp_cron=1765639597.4839539527893066406250 HTTP/1.1" 200 - "-" "WordPress/6.9; https://emtiyz.com"
43.173.182.198 - - [13/Dec/2025:10:26:36 -0500] "GET /about-us HTTP/1.1" 301 - "-" "Mozilla/5.0 (Windows NT 6.1; Win64; x64) AppleWebKit/537.36 (KHTML, like Gecko) Chrome/126.0.6478.114 Safari/537.36"
43.173.182.198 - - [13/Dec/2025:10:26:37 -0500] "GET /about-us/ HTTP/1.1" 200 118467 "https://emtiyz.com/about-us" "Mozilla/5.0 (Windows NT 6.1; Win64; x64) AppleWebKit/537.36 (KHTML, like Gecko) Chrome/126.0.6478.114 Safari/537.36"
43.173.173.181 - - [13/Dec/2025:10:26:47 -0500] "GET /about-us HTTP/1.1" 301 - "-" "Mozilla/5.0 (Windows NT 10.0; Win64; x64) AppleWebKit/537.36 (KHTML, like Gecko) Chrome/133.0.0.0 Safari/537.36"
43.173.173.181 - - [13/Dec/2025:10:26:50 -0500] "GET /about-us/ HTTP/1.1" 200 118467 "https://emtiyz.com/about-us" "Mozilla/5.0 (Windows NT 10.0; Win64; x64) AppleWebKit/537.36 (KHTML, like Gecko) Chrome/133.0.0.0 Safari/537.36"
43.173.174.52 - - [13/Dec/2025:10:26:55 -0500] "GET /wp-content/uploads/elementor/css/post-1642.css?ver=1765562119 HTTP/1.1" 200 16716 "https://emtiyz.com/about-us/" "Mozilla/5.0 (Windows NT 6.1; Win64; x64) AppleWebKit/537.36 (KHTML, like Gecko) Chrome/126.0.6478.114 Safari/537.36"
50.6.4.141 - - [13/Dec/2025:10:29:32 -0500] "POST /wp-cron.php?doing_wp_cron=1765639772.4942159652709960937500 HTTP/1.1" 200 - "-" "WordPress/6.9; https://emtiyz.com"
66.132.153.136 - - [13/Dec/2025:10:29:31 -0500] "GET / HTTP/1.1" 301 - "-" "Mozilla/5.0 (compatible; CensysInspect/1.1; +https://about.censys.io/)"
66.132.153.136 - - [13/Dec/2025:10:29:32 -0500] "GET / HTTP/1.1" 200 404319 "-" "Mozilla/5.0 (compatible; CensysInspect/1.1; +https://about.censys.io/)"
66.132.153.136 - - [13/Dec/2025:10:29:33 -0500] "GET /wp-content/uploads/2024/10/New-Project.png HTTP/1.1" 200 41542 "-" "Mozilla/5.0 (compatible; CensysInspect/1.1; +https://about.censys.io/)"
66.132.153.136 - - [13/Dec/2025:10:29:33 -0500] "GET /favicon.ico HTTP/1.1" 302 - "-" "Mozilla/5.0 (compatible; CensysInspect/1.1; +https://about.censys.io/)"
66.132.153.136 - - [13/Dec/2025:10:29:34 -0500] "GET /wp-content/uploads/2024/10/New-Project.png HTTP/1.1" 200 41542 "https://emtiyz.com/favicon.ico" "Mozilla/5.0 (compatible; CensysInspect/1.1; +https://about.censys.io/)"
66.132.153.136 - - [13/Dec/2025:10:29:48 -0500] "GET / HTTP/1.1" 200 404367 "-" "Mozilla/5.0 (compatible; CensysInspect/1.1; +https://about.censys.io/)"
50.6.4.141 - - [13/Dec/2025:10:40:36 -0500] "POST /wp-cron.php?doing_wp_cron=1765640436.5264420509338378906250 HTTP/1.1" 200 - "-" "WordPress/6.9; https://emtiyz.com"
18.212.220.245 - - [13/Dec/2025:10:40:35 -0500] "GET / HTTP/1.1" 301 - "-" "Mozilla/5.0 (Windows NT 10.0; Win64; x64) AppleWebKit/537.36 (KHTML, like Gecko) Chrome/136.0.0.0 Safari/537.36"
3.83.3.226 - - [13/Dec/2025:10:40:49 -0500] "GET /robots.txt HTTP/1.1" 200 153 "-" "Mozilla/5.0 (Windows NT 10.0; Win64; x64) AppleWebKit/537.36 (KHTML, like Gecko) Chrome/136.0.0.0 Safari/537.36"
50.6.4.141 - - [13/Dec/2025:10:43:18 -0500] "POST /wp-cron.php?doing_wp_cron=1765640598.7145590782165527343750 HTTP/1.1" 200 - "-" "WordPress/6.9; https://emtiyz.com"
34.229.121.219 - - [13/Dec/2025:10:43:18 -0500] "GET /favicon.ico HTTP/1.1" 302 - "-" "Mozilla/5.0 (Windows NT 10.0; Win64; x64) AppleWebKit/537.36 (KHTML, like Gecko) Chrome/136.0.0.0 Safari/537.36"
20.84.153.129 - - [13/Dec/2025:10:44:45 -0500] "GET / HTTP/1.0" 301 - "-" "-"
50.6.4.141 - - [13/Dec/2025:10:50:48 -0500] "POST /wp-cron.php?doing_wp_cron=1765641048.6796948909759521484375 HTTP/1.1" 200 - "-" "WordPress/6.9; https://emtiyz.com"
185.191.171.15 - - [13/Dec/2025:10:50:48 -0500] "GET /wp-login.php?_wpnonce=4cefecc109&action=logout&redirect_to=https%3A%2F%2Femtiyz.com%2Fpayment-completed%2F HTTP/1.1" 403 466 "-" "Mozilla/5.0 (compatible; SemrushBot/7~bl; +http://www.semrush.com/bot.html)"
50.6.4.141 - - [13/Dec/2025:10:53:32 -0500] "POST /wp-cron.php?doing_wp_cron=1765641212.6248118877410888671875 HTTP/1.1" 200 - "-" "WordPress/6.9; https://emtiyz.com"
179.43.184.242 - - [13/Dec/2025:10:53:31 -0500] "POST / HTTP/1.1" 200 404367 "-" "Go-http-client/1.1"
68.221.75.18 - - [13/Dec/2025:11:00:14 -0500] "GET /Emtiyz-Profile.pdf HTTP/2.0" 200 19825925 "-" "Mozilla/5.0 AppleWebKit/537.36 (KHTML, like Gecko); compatible; ChatGPT-User/1.0; +https://openai.com/bot"
43.159.152.4 - - [13/Dec/2025:11:05:46 -0500] "GET / HTTP/1.0" 301 - "-" "-"
50.6.4.141 - - [13/Dec/2025:11:06:45 -0500] "POST /wp-cron.php?doing_wp_cron=1765642005.9440829753875732421875 HTTP/1.1" 200 - "-" "WordPress/6.9; https://emtiyz.com"
45.117.83.212 - - [13/Dec/2025:11:06:45 -0500] "GET /wp-login.php HTTP/2.0" 200 10442 "-" "Mozilla/5.0 (Windows NT 6.1; WOW64; Trident/7.0; rv:11.0; MSN 9.0;MSN 9.1;MSN 9.6;MSN 10.0;MSN 10.2;MSN 10.5; MSNbMSNI; MSNmen-us; MSNcIA)"
45.117.83.212 - - [13/Dec/2025:11:06:46 -0500] "POST /wp-login.php HTTP/2.0" 200 10897 "https://emtiyz.com/wp-login.php" "Mozilla/5.0 (Windows NT 6.1; WOW64; Trident/7.0; rv:11.0; MSN 9.0;MSN 9.1;MSN 9.6;MSN 10.0;MSN 10.2;MSN 10.5; MSNbMSNI; MSNmen-us; MSNcIA)"
50.6.4.141 - - [13/Dec/2025:11:09:40 -0500] "POST /wp-cron.php?doing_wp_cron=1765642180.1956250667572021484375 HTTP/1.1" 200 - "-" "WordPress/6.9; https://emtiyz.com"
205.185.127.174 - - [13/Dec/2025:11:09:39 -0500] "GET /wp-login.php HTTP/1.1" 200 10442 "-" "Mozilla/5.0 (Macintosh; Intel Mac OS X 10_9_3) AppleWebKit/537.76.4 (KHTML, like Gecko) Version/7.0.4 Safari/537.76.4"
205.185.127.174 - - [13/Dec/2025:11:09:41 -0500] "POST /wp-login.php HTTP/1.1" 200 10879 "-" "Mozilla/5.0 (Macintosh; Intel Mac OS X 10_9_3) AppleWebKit/537.76.4 (KHTML, like Gecko) Version/7.0.4 Safari/537.76.4"
45.61.184.83 - - [13/Dec/2025:11:10:11 -0500] "GET /wp-login.php HTTP/1.1" 200 10442 "https://www.yahoo.com/" "Mozilla/5.0 (iPhone; CPU iPhone OS 18_2 like Mac OS X) AppleWebKit/605.1.15 (KHTML, like Gecko) Version/18.2 Mobile/15E148 Safari/604.1"
45.61.184.83 - - [13/Dec/2025:11:10:13 -0500] "POST /wp-login.php HTTP/1.1" 200 10899 "https://www.yahoo.com/" "Mozilla/5.0 (iPhone; CPU iPhone OS 18_2 like Mac OS X) AppleWebKit/605.1.15 (KHTML, like Gecko) Version/18.2 Mobile/15E148 Safari/604.1"
198.98.62.191 - - [13/Dec/2025:11:12:58 -0500] "GET /wp-login.php HTTP/1.1" 200 10442 "-" "Mozilla/5.0 (iPhone; CPU iPhone OS 18_2 like Mac OS X) AppleWebKit/605.1.15 (KHTML, like Gecko) Version/18.2 Mobile/15E148 Safari/604.1"
198.98.62.191 - - [13/Dec/2025:11:13:01 -0500] "POST /wp-login.php HTTP/1.1" 200 10913 "-" "Mozilla/5.0 (iPhone; CPU iPhone OS 18_2 like Mac OS X) AppleWebKit/605.1.15 (KHTML, like Gecko) Version/18.2 Mobile/15E148 Safari/604.1"
43.156.156.96 - - [13/Dec/2025:11:18:23 -0500] "GET / HTTP/1.0" 301 - "-" "-"
144.91.126.63 - - [13/Dec/2025:11:18:48 -0500] "GET /wp-login.php HTTP/2.0" 200 10442 "-" "Mozilla/5.0 (Windows NT 10.0; WOW64; Trident/7.0; Touch; MASAJS; rv:11.0) like Gecko"
144.91.126.63 - - [13/Dec/2025:11:18:49 -0500] "POST /wp-login.php HTTP/2.0" 200 10897 "https://emtiyz.com/wp-login.php" "Mozilla/5.0 (Windows NT 10.0; WOW64; Trident/7.0; Touch; MASAJS; rv:11.0) like Gecko"
50.6.4.141 - - [13/Dec/2025:11:34:11 -0500] "POST /wp-cron.php?doing_wp_cron=1765643651.6950929164886474609375 HTTP/1.1" 200 - "-" "WordPress/6.9; https://emtiyz.com"
118.70.168.157 - - [13/Dec/2025:11:34:11 -0500] "GET /wp-login.php HTTP/1.1" 200 10442 "-" "Mozilla/5.0 (X11; Linux x86_64; rv:121.0) Gecko/20100101 Firefox/121.0"
50.6.4.141 - - [13/Dec/2025:11:34:20 -0500] "POST /wp-cron.php?doing_wp_cron=1765643660.0555689334869384765625 HTTP/1.1" 200 - "-" "WordPress/6.9; https://emtiyz.com"
118.70.168.157 - - [13/Dec/2025:11:34:19 -0500] "GET /wp-json/wp/v2/users HTTP/1.1" 200 833 "https://t.co/" "Mozilla/5.0 (Windows NT 10.0; Win64; x64; rv:123.0) Gecko/20100101 Firefox/123.0"
118.70.168.157 - - [13/Dec/2025:11:34:28 -0500] "GET /?author=1 HTTP/1.1" 301 - "https://www.google.com/" "Mozilla/5.0 (Windows NT 10.0; Win64; x64) AppleWebKit/537.36 (KHTML, like Gecko) Chrome/125.0.0.0 Safari/537.36"
118.70.168.157 - - [13/Dec/2025:11:34:28 -0500] "GET /author/admin/ HTTP/1.1" 200 303284 "https://www.google.com/" "Mozilla/5.0 (Windows NT 10.0; Win64; x64) AppleWebKit/537.36 (KHTML, like Gecko) Chrome/125.0.0.0 Safari/537.36"
118.70.168.157 - - [13/Dec/2025:11:34:31 -0500] "GET /?author=2 HTTP/1.1" 301 - "https://wordpress.org/" "Mozilla/5.0 (Macintosh; Intel Mac OS X 10_15_7; rv:121.0) Gecko/20100101 Firefox/121.0"
118.70.168.157 - - [13/Dec/2025:11:34:32 -0500] "GET /author/faisal/ HTTP/1.1" 200 108933 "https://wordpress.org/" "Mozilla/5.0 (Macintosh; Intel Mac OS X 10_15_7; rv:121.0) Gecko/20100101 Firefox/121.0"
118.70.168.157 - - [13/Dec/2025:11:34:39 -0500] "GET /?author=3 HTTP/1.1" 301 - "-" "Mozilla/5.0 (Macintosh; Intel Mac OS X 10_15_7) AppleWebKit/537.36 (KHTML, like Gecko) Chrome/123.0.0.0 Safari/537.36 Edge/123.0.2420.65"
118.70.168.157 - - [13/Dec/2025:11:34:40 -0500] "GET /author/demo/ HTTP/1.1" 200 107740 "-" "Mozilla/5.0 (Macintosh; Intel Mac OS X 10_15_7) AppleWebKit/537.36 (KHTML, like Gecko) Chrome/123.0.0.0 Safari/537.36 Edge/123.0.2420.65"
118.70.168.157 - - [13/Dec/2025:11:34:57 -0500] "GET /?author=4 HTTP/1.1" 200 107745 "https://www.google.com/" "Mozilla/5.0 (X11; Linux x86_64) AppleWebKit/537.36 (KHTML, like Gecko) Chrome/125.0.0.0 Safari/537.36"
118.70.168.157 - - [13/Dec/2025:11:34:58 -0500] "GET /?author=5 HTTP/1.1" 200 107727 "https://t.co/" "Mozilla/5.0 (Macintosh; Intel Mac OS X 10_15_7) AppleWebKit/537.36 (KHTML, like Gecko) Chrome/124.0.0.0 Safari/537.36"
118.70.168.157 - - [13/Dec/2025:11:34:59 -0500] "GET /?author=6 HTTP/1.1" 404 103219 "https://t.co/" "Mozilla/5.0 (X11; Linux x86_64; rv:123.0) Gecko/20100101 Firefox/123.0"
118.70.168.157 - - [13/Dec/2025:11:35:01 -0500] "GET /?author=7 HTTP/1.1" 404 103219 "https://www.bing.com/" "Mozilla/5.0 (Windows NT 10.0; Win64; x64) AppleWebKit/537.36 (KHTML, like Gecko) Chrome/123.0.0.0 Safari/537.36 Edge/123.0.2420.65"
118.70.168.157 - - [13/Dec/2025:11:35:02 -0500] "GET /?author=8 HTTP/1.1" 404 103219 "https://www.youtube.com/" "Mozilla/5.0 (X11; Linux x86_64) AppleWebKit/537.36 (KHTML, like Gecko) Chrome/124.0.0.0 Safari/537.36"
118.70.168.157 - - [13/Dec/2025:11:35:03 -0500] "GET /?author=9 HTTP/1.1" 404 103219 "https://t.co/" "Mozilla/5.0 (Windows NT 10.0; Win64; x64; rv:123.0) Gecko/20100101 Firefox/123.0"
118.70.168.157 - - [13/Dec/2025:11:35:05 -0500] "POST /wp-login.php?action=lostpassword HTTP/1.1" 302 - "https://www.bing.com/" "Mozilla/5.0 (Macintosh; Intel Mac OS X 11_2_3) AppleWebKit/537.36 (KHTML, like Gecko) Chrome/123.0.0.0 Safari/537.36"
118.70.168.157 - - [13/Dec/2025:11:35:06 -0500] "GET /wp-login.php?checkemail=confirm HTTP/1.1" 200 6800 "https://www.bing.com/" "Mozilla/5.0 (Macintosh; Intel Mac OS X 11_2_3) AppleWebKit/537.36 (KHTML, like Gecko) Chrome/123.0.0.0 Safari/537.36"
118.70.168.157 - - [13/Dec/2025:11:35:07 -0500] "POST /wp-login.php?action=lostpassword HTTP/1.1" 200 8121 "https://www.google.com/" "Mozilla/5.0 (Macintosh; Intel Mac OS X 10_15_7; rv:122.0) Gecko/20100101 Firefox/122.0"
118.70.168.157 - - [13/Dec/2025:11:35:08 -0500] "POST /wp-login.php?action=lostpassword HTTP/1.1" 200 8112 "https://www.bing.com/" "Mozilla/5.0 (Windows NT 10.0; Win64; x64) AppleWebKit/537.36 (KHTML, like Gecko) Chrome/125.0.0.0 Safari/537.36"
118.70.168.157 - - [13/Dec/2025:11:35:08 -0500] "POST /wp-login.php?action=lostpassword HTTP/1.1" 200 8114 "https://wordpress.org/" "Mozilla/5.0 (Macintosh; Intel Mac OS X 10_15_7) AppleWebKit/605.1.15 (KHTML, like Gecko) Version/17.2 Safari/605.1.15"
118.70.168.157 - - [13/Dec/2025:11:35:10 -0500] "POST /wp-login.php?action=lostpassword HTTP/1.1" 200 8112 "https://duckduckgo.com/" "Mozilla/5.0 (X11; Linux x86_64) AppleWebKit/537.36 (KHTML, like Gecko) Chrome/122.0.0.0 Safari/537.36"
118.70.168.157 - - [13/Dec/2025:11:35:11 -0500] "POST /wp-login.php?action=lostpassword HTTP/1.1" 200 8117 "https://t.co/" "Mozilla/5.0 (Macintosh; Intel Mac OS X 11_2_3; rv:121.0) Gecko/20100101 Firefox/121.0"
50.6.4.141 - - [13/Dec/2025:11:35:18 -0500] "POST /wp-cron.php?doing_wp_cron=1765643718.6139960289001464843750 HTTP/1.1" 200 - "-" "WordPress/6.9; https://emtiyz.com"
118.70.168.157 - - [13/Dec/2025:11:35:18 -0500] "POST /wp-login.php HTTP/1.1" 200 10844 "https://emtiyz.com/wp-login.php" "Mozilla/5.0 (Macintosh; Intel Mac OS X 11_2_3) AppleWebKit/605.1.15 (KHTML, like Gecko) Version/17.1 Safari/605.1.15"
118.70.168.157 - - [13/Dec/2025:11:35:18 -0500] "GET /wp-admin/index.php HTTP/1.1" 302 - "https://emtiyz.com/wp-login.php" "Mozilla/5.0 (Macintosh; Intel Mac OS X 11_2_3) AppleWebKit/605.1.15 (KHTML, like Gecko) Version/17.1 Safari/605.1.15"
118.70.168.157 - - [13/Dec/2025:11:35:21 -0500] "GET /wp-login.php?redirect_to=https%3A%2F%2Femtiyz.com%2Fwp-admin%2Findex.php&reauth=1 HTTP/1.1" 200 10551 "https://emtiyz.com/wp-login.php" "Mozilla/5.0 (Macintosh; Intel Mac OS X 11_2_3) AppleWebKit/605.1.15 (KHTML, like Gecko) Version/17.1 Safari/605.1.15"
118.70.168.157 - - [13/Dec/2025:11:35:23 -0500] "POST /wp-login.php HTTP/1.1" 200 10844 "https://emtiyz.com/wp-login.php" "Mozilla/5.0 (Macintosh; Intel Mac OS X 11_2_3) AppleWebKit/537.36 (KHTML, like Gecko) Chrome/123.0.0.0 Safari/537.36"
118.70.168.157 - - [13/Dec/2025:11:35:24 -0500] "GET /wp-admin/index.php HTTP/1.1" 302 - "https://emtiyz.com/wp-login.php" "Mozilla/5.0 (Macintosh; Intel Mac OS X 11_2_3) AppleWebKit/537.36 (KHTML, like Gecko) Chrome/123.0.0.0 Safari/537.36"
118.70.168.157 - - [13/Dec/2025:11:35:25 -0500] "GET /wp-login.php?redirect_to=https%3A%2F%2Femtiyz.com%2Fwp-admin%2Findex.php&reauth=1 HTTP/1.1" 200 10551 "https://emtiyz.com/wp-login.php" "Mozilla/5.0 (Macintosh; Intel Mac OS X 11_2_3) AppleWebKit/537.36 (KHTML, like Gecko) Chrome/123.0.0.0 Safari/537.36"
118.70.168.157 - - [13/Dec/2025:11:35:26 -0500] "POST /wp-login.php HTTP/1.1" 200 10848 "https://emtiyz.com/wp-login.php" "Mozilla/5.0 (iPhone; CPU iPhone OS 16_4 like Mac OS X) AppleWebKit/537.36 (KHTML, like Gecko) Chrome/123.0.0.0 Safari/537.36"
50.6.4.141 - - [13/Dec/2025:11:35:20 -0500] "POST /wp-admin/admin-ajax.php?action=as_async_request_queue_runner&nonce=e9a8f9c7f6 HTTP/1.1" 200 - "-" "WordPress/6.9; https://emtiyz.com"
118.70.168.157 - - [13/Dec/2025:11:35:26 -0500] "GET /wp-admin/index.php HTTP/1.1" 302 - "https://emtiyz.com/wp-login.php" "Mozilla/5.0 (iPhone; CPU iPhone OS 16_4 like Mac OS X) AppleWebKit/537.36 (KHTML, like Gecko) Chrome/123.0.0.0 Safari/537.36"
118.70.168.157 - - [13/Dec/2025:11:35:27 -0500] "GET /wp-login.php?redirect_to=https%3A%2F%2Femtiyz.com%2Fwp-admin%2Findex.php&reauth=1 HTTP/1.1" 200 10551 "https://emtiyz.com/wp-login.php" "Mozilla/5.0 (iPhone; CPU iPhone OS 16_4 like Mac OS X) AppleWebKit/537.36 (KHTML, like Gecko) Chrome/123.0.0.0 Safari/537.36"
118.70.168.157 - - [13/Dec/2025:11:35:28 -0500] "POST /wp-login.php HTTP/1.1" 200 10847 "https://emtiyz.com/wp-login.php" "Mozilla/5.0 (Macintosh; Intel Mac OS X 10_15_7) AppleWebKit/537.36 (KHTML, like Gecko) Chrome/123.0.0.0 Safari/537.36 Edge/123.0.2420.65"
118.70.168.157 - - [13/Dec/2025:11:35:29 -0500] "GET /wp-admin/index.php HTTP/1.1" 302 - "https://emtiyz.com/wp-login.php" "Mozilla/5.0 (Macintosh; Intel Mac OS X 10_15_7) AppleWebKit/537.36 (KHTML, like Gecko) Chrome/123.0.0.0 Safari/537.36 Edge/123.0.2420.65"
118.70.168.157 - - [13/Dec/2025:11:35:30 -0500] "GET /wp-login.php?redirect_to=https%3A%2F%2Femtiyz.com%2Fwp-admin%2Findex.php&reauth=1 HTTP/1.1" 200 10551 "https://emtiyz.com/wp-login.php" "Mozilla/5.0 (Macintosh; Intel Mac OS X 10_15_7) AppleWebKit/537.36 (KHTML, like Gecko) Chrome/123.0.0.0 Safari/537.36 Edge/123.0.2420.65"
118.70.168.157 - - [13/Dec/2025:11:35:31 -0500] "POST /wp-login.php HTTP/1.1" 200 10851 "https://emtiyz.com/wp-login.php" "Mozilla/5.0 (Macintosh; Intel Mac OS X 10_15_7) AppleWebKit/537.36 (KHTML, like Gecko) Chrome/123.0.0.0 Safari/537.36"
118.70.168.157 - - [13/Dec/2025:11:35:32 -0500] "GET /wp-admin/index.php HTTP/1.1" 302 - "https://emtiyz.com/wp-login.php" "Mozilla/5.0 (Macintosh; Intel Mac OS X 10_15_7) AppleWebKit/537.36 (KHTML, like Gecko) Chrome/123.0.0.0 Safari/537.36"
118.70.168.157 - - [13/Dec/2025:11:35:33 -0500] "GET /wp-login.php?redirect_to=https%3A%2F%2Femtiyz.com%2Fwp-admin%2Findex.php&reauth=1 HTTP/1.1" 200 10551 "https://emtiyz.com/wp-login.php" "Mozilla/5.0 (Macintosh; Intel Mac OS X 10_15_7) AppleWebKit/537.36 (KHTML, like Gecko) Chrome/123.0.0.0 Safari/537.36"
118.70.168.157 - - [13/Dec/2025:11:35:34 -0500] "POST /wp-login.php HTTP/1.1" 200 10879 "https://emtiyz.com/wp-login.php" "Mozilla/5.0 (X11; Linux x86_64; rv:121.0) Gecko/20100101 Firefox/121.0"
118.70.168.157 - - [13/Dec/2025:11:35:35 -0500] "GET /wp-admin/index.php HTTP/1.1" 302 - "https://emtiyz.com/wp-login.php" "Mozilla/5.0 (X11; Linux x86_64; rv:121.0) Gecko/20100101 Firefox/121.0"
118.70.168.157 - - [13/Dec/2025:11:35:36 -0500] "GET /wp-login.php?redirect_to=https%3A%2F%2Femtiyz.com%2Fwp-admin%2Findex.php&reauth=1 HTTP/1.1" 200 10551 "https://emtiyz.com/wp-login.php" "Mozilla/5.0 (X11; Linux x86_64; rv:121.0) Gecko/20100101 Firefox/121.0"
118.70.168.157 - - [13/Dec/2025:11:35:37 -0500] "POST /wp-login.php HTTP/1.1" 200 10851 "https://emtiyz.com/wp-login.php" "Mozilla/5.0 (Macintosh; Intel Mac OS X 10_15_7) AppleWebKit/537.36 (KHTML, like Gecko) Chrome/122.0.0.0 Safari/537.36 Edge/122.0.2365.92"
118.70.168.157 - - [13/Dec/2025:11:35:37 -0500] "GET /wp-admin/index.php HTTP/1.1" 302 - "https://emtiyz.com/wp-login.php" "Mozilla/5.0 (Macintosh; Intel Mac OS X 10_15_7) AppleWebKit/537.36 (KHTML, like Gecko) Chrome/122.0.0.0 Safari/537.36 Edge/122.0.2365.92"
118.70.168.157 - - [13/Dec/2025:11:35:38 -0500] "GET /wp-login.php?redirect_to=https%3A%2F%2Femtiyz.com%2Fwp-admin%2Findex.php&reauth=1 HTTP/1.1" 200 10551 "https://emtiyz.com/wp-login.php" "Mozilla/5.0 (Macintosh; Intel Mac OS X 10_15_7) AppleWebKit/537.36 (KHTML, like Gecko) Chrome/122.0.0.0 Safari/537.36 Edge/122.0.2365.92"
118.70.168.157 - - [13/Dec/2025:11:35:40 -0500] "POST /wp-login.php HTTP/1.1" 200 10729 "https://emtiyz.com/wp-login.php" "Mozilla/5.0 (Windows NT 10.0; Win64; x64) AppleWebKit/537.36 (KHTML, like Gecko) Chrome/122.0.0.0 Safari/537.36 Edge/122.0.2365.92"
118.70.168.157 - - [13/Dec/2025:11:35:41 -0500] "GET /wp-admin/index.php HTTP/1.1" 302 - "https://emtiyz.com/wp-login.php" "Mozilla/5.0 (Windows NT 10.0; Win64; x64) AppleWebKit/537.36 (KHTML, like Gecko) Chrome/122.0.0.0 Safari/537.36 Edge/122.0.2365.92"
118.70.168.157 - - [13/Dec/2025:11:35:41 -0500] "GET /wp-login.php?redirect_to=https%3A%2F%2Femtiyz.com%2Fwp-admin%2Findex.php&reauth=1 HTTP/1.1" 200 10551 "https://emtiyz.com/wp-login.php" "Mozilla/5.0 (Windows NT 10.0; Win64; x64) AppleWebKit/537.36 (KHTML, like Gecko) Chrome/122.0.0.0 Safari/537.36 Edge/122.0.2365.92"
118.70.168.157 - - [13/Dec/2025:11:35:42 -0500] "POST /wp-login.php HTTP/1.1" 200 10853 "https://emtiyz.com/wp-login.php" "Mozilla/5.0 (X11; Linux x86_64; rv:122.0) Gecko/20100101 Firefox/122.0"
118.70.168.157 - - [13/Dec/2025:11:35:44 -0500] "GET /wp-admin/index.php HTTP/1.1" 302 - "https://emtiyz.com/wp-login.php" "Mozilla/5.0 (X11; Linux x86_64; rv:122.0) Gecko/20100101 Firefox/122.0"
118.70.168.157 - - [13/Dec/2025:11:35:45 -0500] "GET /wp-login.php?redirect_to=https%3A%2F%2Femtiyz.com%2Fwp-admin%2Findex.php&reauth=1 HTTP/1.1" 200 10551 "https://emtiyz.com/wp-login.php" "Mozilla/5.0 (X11; Linux x86_64; rv:122.0) Gecko/20100101 Firefox/122.0"
118.70.168.157 - - [13/Dec/2025:11:35:46 -0500] "POST /wp-login.php HTTP/1.1" 200 10849 "https://emtiyz.com/wp-login.php" "Mozilla/5.0 (Windows NT 10.0; Win64; x64) AppleWebKit/537.36 (KHTML, like Gecko) Chrome/123.0.0.0 Safari/537.36"
118.70.168.157 - - [13/Dec/2025:11:35:47 -0500] "GET /wp-admin/index.php HTTP/1.1" 302 - "https://emtiyz.com/wp-login.php" "Mozilla/5.0 (Windows NT 10.0; Win64; x64) AppleWebKit/537.36 (KHTML, like Gecko) Chrome/123.0.0.0 Safari/537.36"
118.70.168.157 - - [13/Dec/2025:11:35:47 -0500] "GET /wp-login.php?redirect_to=https%3A%2F%2Femtiyz.com%2Fwp-admin%2Findex.php&reauth=1 HTTP/1.1" 200 10551 "https://emtiyz.com/wp-login.php" "Mozilla/5.0 (Windows NT 10.0; Win64; x64) AppleWebKit/537.36 (KHTML, like Gecko) Chrome/123.0.0.0 Safari/537.36"
118.70.168.157 - - [13/Dec/2025:11:35:49 -0500] "POST /wp-login.php HTTP/1.1" 200 10847 "https://emtiyz.com/wp-login.php" "Mozilla/5.0 (X11; Linux x86_64) AppleWebKit/537.36 (KHTML, like Gecko) Chrome/125.0.0.0 Safari/537.36"
118.70.168.157 - - [13/Dec/2025:11:35:50 -0500] "GET /wp-admin/index.php HTTP/1.1" 302 - "https://emtiyz.com/wp-login.php" "Mozilla/5.0 (X11; Linux x86_64) AppleWebKit/537.36 (KHTML, like Gecko) Chrome/125.0.0.0 Safari/537.36"
118.70.168.157 - - [13/Dec/2025:11:35:51 -0500] "GET /wp-login.php?redirect_to=https%3A%2F%2Femtiyz.com%2Fwp-admin%2Findex.php&reauth=1 HTTP/1.1" 200 10551 "https://emtiyz.com/wp-login.php" "Mozilla/5.0 (X11; Linux x86_64) AppleWebKit/537.36 (KHTML, like Gecko) Chrome/125.0.0.0 Safari/537.36"
118.70.168.157 - - [13/Dec/2025:11:35:52 -0500] "POST /wp-login.php HTTP/1.1" 200 10849 "https://emtiyz.com/wp-login.php" "Mozilla/5.0 (Macintosh; Intel Mac OS X 11_2_3) AppleWebKit/537.36 (KHTML, like Gecko) Chrome/125.0.0.0 Safari/537.36"
118.70.168.157 - - [13/Dec/2025:11:35:53 -0500] "GET /wp-admin/index.php HTTP/1.1" 302 - "https://emtiyz.com/wp-login.php" "Mozilla/5.0 (Macintosh; Intel Mac OS X 11_2_3) AppleWebKit/537.36 (KHTML, like Gecko) Chrome/125.0.0.0 Safari/537.36"
118.70.168.157 - - [13/Dec/2025:11:35:54 -0500] "GET /wp-login.php?redirect_to=https%3A%2F%2Femtiyz.com%2Fwp-admin%2Findex.php&reauth=1 HTTP/1.1" 200 10551 "https://emtiyz.com/wp-login.php" "Mozilla/5.0 (Macintosh; Intel Mac OS X 11_2_3) AppleWebKit/537.36 (KHTML, like Gecko) Chrome/125.0.0.0 Safari/537.36"
118.70.168.157 - - [13/Dec/2025:11:35:54 -0500] "POST /wp-login.php HTTP/1.1" 200 10852 "https://emtiyz.com/wp-login.php" "Mozilla/5.0 (Macintosh; Intel Mac OS X 10_15_7) AppleWebKit/537.36 (KHTML, like Gecko) Chrome/122.0.0.0 Safari/537.36"
118.70.168.157 - - [13/Dec/2025:11:35:55 -0500] "GET /wp-admin/index.php HTTP/1.1" 302 - "https://emtiyz.com/wp-login.php" "Mozilla/5.0 (Macintosh; Intel Mac OS X 10_15_7) AppleWebKit/537.36 (KHTML, like Gecko) Chrome/122.0.0.0 Safari/537.36"
118.70.168.157 - - [13/Dec/2025:11:35:56 -0500] "GET /wp-login.php?redirect_to=https%3A%2F%2Femtiyz.com%2Fwp-admin%2Findex.php&reauth=1 HTTP/1.1" 200 10551 "https://emtiyz.com/wp-login.php" "Mozilla/5.0 (Macintosh; Intel Mac OS X 10_15_7) AppleWebKit/537.36 (KHTML, like Gecko) Chrome/122.0.0.0 Safari/537.36"
118.70.168.157 - - [13/Dec/2025:11:35:57 -0500] "POST /wp-login.php HTTP/1.1" 200 10849 "https://emtiyz.com/wp-login.php" "Mozilla/5.0 (Macintosh; Intel Mac OS X 11_2_3) AppleWebKit/537.36 (KHTML, like Gecko) Chrome/125.0.0.0 Safari/537.36"
118.70.168.157 - - [13/Dec/2025:11:35:58 -0500] "GET /wp-admin/index.php HTTP/1.1" 302 - "https://emtiyz.com/wp-login.php" "Mozilla/5.0 (Macintosh; Intel Mac OS X 11_2_3) AppleWebKit/537.36 (KHTML, like Gecko) Chrome/125.0.0.0 Safari/537.36"
118.70.168.157 - - [13/Dec/2025:11:35:59 -0500] "GET /wp-login.php?redirect_to=https%3A%2F%2Femtiyz.com%2Fwp-admin%2Findex.php&reauth=1 HTTP/1.1" 200 10551 "https://emtiyz.com/wp-login.php" "Mozilla/5.0 (Macintosh; Intel Mac OS X 11_2_3) AppleWebKit/537.36 (KHTML, like Gecko) Chrome/125.0.0.0 Safari/537.36"
118.70.168.157 - - [13/Dec/2025:11:36:00 -0500] "POST /wp-login.php HTTP/1.1" 200 10843 "https://emtiyz.com/wp-login.php" "Mozilla/5.0 (Windows NT 10.0; Win64; x64) AppleWebKit/537.36 (KHTML, like Gecko) Chrome/123.0.0.0 Safari/537.36 Edge/123.0.2420.65"
118.70.168.157 - - [13/Dec/2025:11:36:01 -0500] "GET /wp-admin/index.php HTTP/1.1" 302 - "https://emtiyz.com/wp-login.php" "Mozilla/5.0 (Windows NT 10.0; Win64; x64) AppleWebKit/537.36 (KHTML, like Gecko) Chrome/123.0.0.0 Safari/537.36 Edge/123.0.2420.65"
118.70.168.157 - - [13/Dec/2025:11:36:02 -0500] "GET /wp-login.php?redirect_to=https%3A%2F%2Femtiyz.com%2Fwp-admin%2Findex.php&reauth=1 HTTP/1.1" 200 10551 "https://emtiyz.com/wp-login.php" "Mozilla/5.0 (Windows NT 10.0; Win64; x64) AppleWebKit/537.36 (KHTML, like Gecko) Chrome/123.0.0.0 Safari/537.36 Edge/123.0.2420.65"
118.70.168.157 - - [13/Dec/2025:11:36:04 -0500] "POST /wp-login.php HTTP/1.1" 200 10879 "https://emtiyz.com/wp-login.php" "Mozilla/5.0 (Windows NT 10.0; Win64; x64) AppleWebKit/537.36 (KHTML, like Gecko) Chrome/124.0.0.0 Safari/537.36"
118.70.168.157 - - [13/Dec/2025:11:36:04 -0500] "GET /wp-admin/index.php HTTP/1.1" 302 - "https://emtiyz.com/wp-login.php" "Mozilla/5.0 (Windows NT 10.0; Win64; x64) AppleWebKit/537.36 (KHTML, like Gecko) Chrome/124.0.0.0 Safari/537.36"
118.70.168.157 - - [13/Dec/2025:11:36:05 -0500] "GET /wp-login.php?redirect_to=https%3A%2F%2Femtiyz.com%2Fwp-admin%2Findex.php&reauth=1 HTTP/1.1" 200 10551 "https://emtiyz.com/wp-login.php" "Mozilla/5.0 (Windows NT 10.0; Win64; x64) AppleWebKit/537.36 (KHTML, like Gecko) Chrome/124.0.0.0 Safari/537.36"
118.70.168.157 - - [13/Dec/2025:11:36:06 -0500] "POST /wp-login.php HTTP/1.1" 200 10844 "https://emtiyz.com/wp-login.php" "Mozilla/5.0 (Macintosh; Intel Mac OS X 10_15_7) AppleWebKit/537.36 (KHTML, like Gecko) Chrome/122.0.0.0 Safari/537.36"
118.70.168.157 - - [13/Dec/2025:11:36:07 -0500] "GET /wp-admin/index.php HTTP/1.1" 302 - "https://emtiyz.com/wp-login.php" "Mozilla/5.0 (Macintosh; Intel Mac OS X 10_15_7) AppleWebKit/537.36 (KHTML, like Gecko) Chrome/122.0.0.0 Safari/537.36"
118.70.168.157 - - [13/Dec/2025:11:36:08 -0500] "GET /wp-login.php?redirect_to=https%3A%2F%2Femtiyz.com%2Fwp-admin%2Findex.php&reauth=1 HTTP/1.1" 200 10551 "https://emtiyz.com/wp-login.php" "Mozilla/5.0 (Macintosh; Intel Mac OS X 10_15_7) AppleWebKit/537.36 (KHTML, like Gecko) Chrome/122.0.0.0 Safari/537.36"
118.70.168.157 - - [13/Dec/2025:11:36:09 -0500] "POST /wp-login.php HTTP/1.1" 200 10848 "https://emtiyz.com/wp-login.php" "Mozilla/5.0 (X11; Linux x86_64) AppleWebKit/537.36 (KHTML, like Gecko) Chrome/125.0.0.0 Safari/537.36"
118.70.168.157 - - [13/Dec/2025:11:36:10 -0500] "GET /wp-admin/index.php HTTP/1.1" 302 - "https://emtiyz.com/wp-login.php" "Mozilla/5.0 (X11; Linux x86_64) AppleWebKit/537.36 (KHTML, like Gecko) Chrome/125.0.0.0 Safari/537.36"
118.70.168.157 - - [13/Dec/2025:11:36:11 -0500] "GET /wp-login.php?redirect_to=https%3A%2F%2Femtiyz.com%2Fwp-admin%2Findex.php&reauth=1 HTTP/1.1" 200 10551 "https://emtiyz.com/wp-login.php" "Mozilla/5.0 (X11; Linux x86_64) AppleWebKit/537.36 (KHTML, like Gecko) Chrome/125.0.0.0 Safari/537.36"
118.70.168.157 - - [13/Dec/2025:11:36:13 -0500] "POST /wp-login.php HTTP/1.1" 200 10849 "https://emtiyz.com/wp-login.php" "Mozilla/5.0 (X11; Linux x86_64) AppleWebKit/537.36 (KHTML, like Gecko) Chrome/122.0.0.0 Safari/537.36"
118.70.168.157 - - [13/Dec/2025:11:36:14 -0500] "GET /wp-admin/index.php HTTP/1.1" 302 - "https://emtiyz.com/wp-login.php" "Mozilla/5.0 (X11; Linux x86_64) AppleWebKit/537.36 (KHTML, like Gecko) Chrome/122.0.0.0 Safari/537.36"
118.70.168.157 - - [13/Dec/2025:11:36:14 -0500] "GET /wp-login.php?redirect_to=https%3A%2F%2Femtiyz.com%2Fwp-admin%2Findex.php&reauth=1 HTTP/1.1" 200 10551 "https://emtiyz.com/wp-login.php" "Mozilla/5.0 (X11; Linux x86_64) AppleWebKit/537.36 (KHTML, like Gecko) Chrome/122.0.0.0 Safari/537.36"
