74.7.227.62 - - [16/Dec/2025:07:51:35 -0500] "GET /wp-content/plugins/pro-elements/assets/css/widget-posts-rtl.min.css HTTP/2.0" 200 17010 "-" "Mozilla/5.0 AppleWebKit/537.36 (KHTML, like Gecko; compatible; GPTBot/1.3; +https://openai.com/gptbot)"
74.7.227.62 - - [16/Dec/2025:07:51:36 -0500] "GET /wp-content/plugins/pro-elements/assets/css/widget-flip-box.min.css HTTP/2.0" 200 8980 "-" "Mozilla/5.0 AppleWebKit/537.36 (KHTML, like Gecko; compatible; GPTBot/1.3; +https://openai.com/gptbot)"
74.7.227.62 - - [16/Dec/2025:07:51:37 -0500] "GET /wp-content/plugins/pro-elements/assets/css/widget-loop-canvas-rtl.min.css HTTP/2.0" 200 405 "-" "Mozilla/5.0 AppleWebKit/537.36 (KHTML, like Gecko; compatible; GPTBot/1.3; +https://openai.com/gptbot)"
74.7.227.62 - - [16/Dec/2025:07:51:37 -0500] "GET /wp-content/plugins/pro-elements/assets/css/widget-mega-menu-rtl.min.css HTTP/2.0" 200 19786 "-" "Mozilla/5.0 AppleWebKit/537.36 (KHTML, like Gecko; compatible; GPTBot/1.3; +https://openai.com/gptbot)"
74.7.227.62 - - [16/Dec/2025:07:51:38 -0500] "GET /wp-content/plugins/pro-elements/assets/css/widget-price-table-rtl.min.css HTTP/2.0" 200 2971 "-" "Mozilla/5.0 AppleWebKit/537.36 (KHTML, like Gecko; compatible; GPTBot/1.3; +https://openai.com/gptbot)"
74.7.227.62 - - [16/Dec/2025:07:51:38 -0500] "GET /wp-content/plugins/pro-elements/assets/css/widget-call-to-action.min.css HTTP/2.0" 200 11087 "-" "Mozilla/5.0 AppleWebKit/537.36 (KHTML, like Gecko; compatible; GPTBot/1.3; +https://openai.com/gptbot)"
74.7.227.62 - - [16/Dec/2025:07:51:39 -0500] "GET /wp-content/plugins/pro-elements/assets/css/editor-rtl.min.css HTTP/2.0" 200 15454 "-" "Mozilla/5.0 AppleWebKit/537.36 (KHTML, like Gecko; compatible; GPTBot/1.3; +https://openai.com/gptbot)"
74.7.227.62 - - [16/Dec/2025:07:51:39 -0500] "GET /wp-content/plugins/pro-elements/assets/css/widget-nav-menu.min.css HTTP/2.0" 200 27363 "-" "Mozilla/5.0 AppleWebKit/537.36 (KHTML, like Gecko; compatible; GPTBot/1.3; +https://openai.com/gptbot)"
74.7.227.62 - - [16/Dec/2025:07:51:40 -0500] "GET /wp-content/plugins/pro-elements/assets/css/widget-off-canvas-rtl.min.css HTTP/2.0" 200 3153 "-" "Mozilla/5.0 AppleWebKit/537.36 (KHTML, like Gecko; compatible; GPTBot/1.3; +https://openai.com/gptbot)"
74.7.227.62 - - [16/Dec/2025:07:51:40 -0500] "GET /wp-content/plugins/pro-elements/assets/css/widget-mega-menu.min.css HTTP/2.0" 200 19786 "-" "Mozilla/5.0 AppleWebKit/537.36 (KHTML, like Gecko; compatible; GPTBot/1.3; +https://openai.com/gptbot)"
74.7.227.62 - - [16/Dec/2025:07:51:41 -0500] "GET /wp-content/plugins/pro-elements/assets/css/widget-loop-grid-rtl.min.css HTTP/2.0" 200 13218 "-" "Mozilla/5.0 AppleWebKit/537.36 (KHTML, like Gecko; compatible; GPTBot/1.3; +https://openai.com/gptbot)"
74.7.227.62 - - [16/Dec/2025:07:51:41 -0500] "GET /wp-content/plugins/pro-elements/assets/css/widget-form-rtl.min.css HTTP/2.0" 200 6797 "-" "Mozilla/5.0 AppleWebKit/537.36 (KHTML, like Gecko; compatible; GPTBot/1.3; +https://openai.com/gptbot)"
74.7.227.62 - - [16/Dec/2025:07:51:42 -0500] "GET /wp-content/plugins/pro-elements/assets/css/widget-loop-grid.min.css HTTP/2.0" 200 13218 "-" "Mozilla/5.0 AppleWebKit/537.36 (KHTML, like Gecko; compatible; GPTBot/1.3; +https://openai.com/gptbot)"
74.7.227.62 - - [16/Dec/2025:07:51:42 -0500] "GET /wp-content/plugins/pro-elements/modules/video-playlist/?C=S;O=A HTTP/2.0" 200 1127 "-" "Mozilla/5.0 AppleWebKit/537.36 (KHTML, like Gecko; compatible; GPTBot/1.3; +https://openai.com/gptbot)"
74.7.227.62 - - [16/Dec/2025:07:51:43 -0500] "GET /wp-content/plugins/pro-elements/modules/video-playlist/?C=M;O=A HTTP/2.0" 200 1127 "-" "Mozilla/5.0 AppleWebKit/537.36 (KHTML, like Gecko; compatible; GPTBot/1.3; +https://openai.com/gptbot)"
74.7.227.62 - - [16/Dec/2025:07:51:43 -0500] "GET /wp-content/plugins/pro-elements/modules/video-playlist/?C=N;O=D HTTP/2.0" 200 1127 "-" "Mozilla/5.0 AppleWebKit/537.36 (KHTML, like Gecko; compatible; GPTBot/1.3; +https://openai.com/gptbot)"
74.7.227.62 - - [16/Dec/2025:07:51:44 -0500] "GET /wp-content/plugins/pro-elements/modules/video-playlist/?C=D;O=A HTTP/2.0" 200 1127 "-" "Mozilla/5.0 AppleWebKit/537.36 (KHTML, like Gecko; compatible; GPTBot/1.3; +https://openai.com/gptbot)"
74.7.227.62 - - [16/Dec/2025:07:51:44 -0500] "GET /wp-content/plugins/pro-elements/assets/css/widget-_sticky-rtl.min.css HTTP/2.0" 200 96 "-" "Mozilla/5.0 AppleWebKit/537.36 (KHTML, like Gecko; compatible; GPTBot/1.3; +https://openai.com/gptbot)"
74.7.227.62 - - [16/Dec/2025:07:51:45 -0500] "GET /wp-content/plugins/pro-elements/assets/css/app-rtl.min.css HTTP/2.0" 200 8249 "-" "Mozilla/5.0 AppleWebKit/537.36 (KHTML, like Gecko; compatible; GPTBot/1.3; +https://openai.com/gptbot)"
74.7.227.62 - - [16/Dec/2025:07:51:45 -0500] "GET /wp-content/plugins/pro-elements/assets/css/widget-nav-menu-rtl.min.css HTTP/2.0" 200 27363 "-" "Mozilla/5.0 AppleWebKit/537.36 (KHTML, like Gecko; compatible; GPTBot/1.3; +https://openai.com/gptbot)"
74.7.227.62 - - [16/Dec/2025:07:51:46 -0500] "GET /wp-content/plugins/pro-elements/assets/css/widget-call-to-action-rtl.min.css HTTP/2.0" 200 11087 "-" "Mozilla/5.0 AppleWebKit/537.36 (KHTML, like Gecko; compatible; GPTBot/1.3; +https://openai.com/gptbot)"
74.7.227.62 - - [16/Dec/2025:07:51:46 -0500] "GET /wp-content/plugins/pro-elements/assets/css/widget-flip-box-rtl.min.css HTTP/2.0" 200 8980 "-" "Mozilla/5.0 AppleWebKit/537.36 (KHTML, like Gecko; compatible; GPTBot/1.3; +https://openai.com/gptbot)"
156.195.198.35 - - [16/Dec/2025:07:51:46 -0500] "GET /franchise-system-development/ HTTP/2.0" 200 119222 "https://emtiyz.com/emtiyz-plus/" "Mozilla/5.0 (Windows NT 10.0; Win64; x64) AppleWebKit/537.36 (KHTML, like Gecko) Chrome/143.0.0.0 Safari/537.36 Edg/143.0.0.0"
74.7.227.62 - - [16/Dec/2025:07:51:47 -0500] "GET /wp-content/plugins/pro-elements/assets/css/widget-_sticky.min.css HTTP/2.0" 200 96 "-" "Mozilla/5.0 AppleWebKit/537.36 (KHTML, like Gecko; compatible; GPTBot/1.3; +https://openai.com/gptbot)"
156.195.198.35 - - [16/Dec/2025:07:51:47 -0500] "GET /wp-content/uploads/elementor/css/post-4776.css?ver=1765608449 HTTP/2.0" 200 21186 "https://emtiyz.com/franchise-system-development/" "Mozilla/5.0 (Windows NT 10.0; Win64; x64) AppleWebKit/537.36 (KHTML, like Gecko) Chrome/143.0.0.0 Safari/537.36 Edg/143.0.0.0"
156.195.198.35 - - [16/Dec/2025:07:51:47 -0500] "GET /wp-content/uploads/elementor/css/post-5636.css?ver=1765608449 HTTP/2.0" 200 951 "https://emtiyz.com/franchise-system-development/" "Mozilla/5.0 (Windows NT 10.0; Win64; x64) AppleWebKit/537.36 (KHTML, like Gecko) Chrome/143.0.0.0 Safari/537.36 Edg/143.0.0.0"
74.7.227.62 - - [16/Dec/2025:07:51:48 -0500] "GET /wp-content/plugins/pro-elements/assets/js/taxonomy-filter.e839f2be32b7ea832b34.bundle.min.js HTTP/2.0" 200 7670 "-" "Mozilla/5.0 AppleWebKit/537.36 (KHTML, like Gecko; compatible; GPTBot/1.3; +https://openai.com/gptbot)"
74.7.227.62 - - [16/Dec/2025:07:51:48 -0500] "GET /wp-content/plugins/pro-elements/modules/video-playlist/?C=S;O=D HTTP/2.0" 200 1127 "-" "Mozilla/5.0 AppleWebKit/537.36 (KHTML, like Gecko; compatible; GPTBot/1.3; +https://openai.com/gptbot)"
74.7.227.62 - - [16/Dec/2025:07:51:49 -0500] "GET /wp-content/plugins/pro-elements/modules/video-playlist/?C=M;O=D HTTP/2.0" 200 1127 "-" "Mozilla/5.0 AppleWebKit/537.36 (KHTML, like Gecko; compatible; GPTBot/1.3; +https://openai.com/gptbot)"
74.7.227.62 - - [16/Dec/2025:07:51:49 -0500] "GET /wp-content/plugins/pro-elements/modules/video-playlist/?C=N;O=A HTTP/2.0" 200 1127 "-" "Mozilla/5.0 AppleWebKit/537.36 (KHTML, like Gecko; compatible; GPTBot/1.3; +https://openai.com/gptbot)"
74.7.227.62 - - [16/Dec/2025:07:51:50 -0500] "GET /wp-content/plugins/pro-elements/modules/video-playlist/?C=D;O=D HTTP/2.0" 200 1127 "-" "Mozilla/5.0 AppleWebKit/537.36 (KHTML, like Gecko; compatible; GPTBot/1.3; +https://openai.com/gptbot)"
74.7.227.62 - - [16/Dec/2025:07:51:50 -0500] "GET /wp-content/plugins/pro-elements/assets/js/taxonomy-filter.ce05524d53c2d4c5aa24.bundle.js.map HTTP/2.0" 404 103884 "-" "Mozilla/5.0 AppleWebKit/537.36 (KHTML, like Gecko; compatible; GPTBot/1.3; +https://openai.com/gptbot)"
74.7.227.62 - - [16/Dec/2025:07:51:51 -0500] "GET /wp-content/plugins/pro-elements/vendor_prefixed/php-di/invoker/src/ParameterResolver/Container/?C=M;O=A HTTP/2.0" 200 1303 "-" "Mozilla/5.0 AppleWebKit/537.36 (KHTML, like Gecko; compatible; GPTBot/1.3; +https://openai.com/gptbot)"
156.195.198.35 - - [16/Dec/2025:07:51:50 -0500] "GET /wp-content/uploads/2025/06/Franchise-System-Development-scaled.png HTTP/2.0" 200 5713176 "https://emtiyz.com/wp-content/uploads/elementor/css/post-4776.css?ver=1765608449" "Mozilla/5.0 (Windows NT 10.0; Win64; x64) AppleWebKit/537.36 (KHTML, like Gecko) Chrome/143.0.0.0 Safari/537.36 Edg/143.0.0.0"
74.7.227.62 - - [16/Dec/2025:07:51:51 -0500] "GET /wp-content/plugins/pro-elements/vendor_prefixed/php-di/invoker/src/ParameterResolver/Container/?C=S;O=A HTTP/2.0" 200 1303 "-" "Mozilla/5.0 AppleWebKit/537.36 (KHTML, like Gecko; compatible; GPTBot/1.3; +https://openai.com/gptbot)"
74.7.227.62 - - [16/Dec/2025:07:51:52 -0500] "GET /wp-content/plugins/pro-elements/vendor_prefixed/php-di/invoker/src/ParameterResolver/Container/?C=D;O=A HTTP/2.0" 200 1303 "-" "Mozilla/5.0 AppleWebKit/537.36 (KHTML, like Gecko; compatible; GPTBot/1.3; +https://openai.com/gptbot)"
74.7.227.62 - - [16/Dec/2025:07:51:52 -0500] "GET /wp-content/plugins/pro-elements/vendor_prefixed/php-di/invoker/src/ParameterResolver/Container/?C=N;O=D HTTP/2.0" 200 1303 "-" "Mozilla/5.0 AppleWebKit/537.36 (KHTML, like Gecko; compatible; GPTBot/1.3; +https://openai.com/gptbot)"
74.7.227.62 - - [16/Dec/2025:07:51:53 -0500] "GET /wp-content/plugins/pro-elements/modules/theme-builder/conditions/condition-base.php HTTP/2.0" 200 - "-" "Mozilla/5.0 AppleWebKit/537.36 (KHTML, like Gecko; compatible; GPTBot/1.3; +https://openai.com/gptbot)"
74.7.227.62 - - [16/Dec/2025:07:51:54 -0500] "GET /wp-content/plugins/pro-elements/modules/theme-builder/views/theme-support-footer.php HTTP/2.0" 200 - "-" "Mozilla/5.0 AppleWebKit/537.36 (KHTML, like Gecko; compatible; GPTBot/1.3; +https://openai.com/gptbot)"
74.7.227.62 - - [16/Dec/2025:07:51:54 -0500] "GET /wp-content/plugins/pro-elements/modules/theme-builder/views/theme-support-header.php HTTP/2.0" 200 - "-" "Mozilla/5.0 AppleWebKit/537.36 (KHTML, like Gecko; compatible; GPTBot/1.3; +https://openai.com/gptbot)"
74.7.227.62 - - [16/Dec/2025:07:51:55 -0500] "GET /wp-content/plugins/pro-elements/core/app/modules/import-export/runners/revert/?C=N;O=D HTTP/2.0" 200 1031 "-" "Mozilla/5.0 AppleWebKit/537.36 (KHTML, like Gecko; compatible; GPTBot/1.3; +https://openai.com/gptbot)"
74.7.227.62 - - [16/Dec/2025:07:51:55 -0500] "GET /wp-content/plugins/pro-elements/core/app/modules/import-export/runners/revert/?C=M;O=A HTTP/2.0" 200 1031 "-" "Mozilla/5.0 AppleWebKit/537.36 (KHTML, like Gecko; compatible; GPTBot/1.3; +https://openai.com/gptbot)"
74.7.227.62 - - [16/Dec/2025:07:51:56 -0500] "GET /wp-content/plugins/pro-elements/core/app/modules/import-export/runners/revert/?C=D;O=A HTTP/2.0" 200 1031 "-" "Mozilla/5.0 AppleWebKit/537.36 (KHTML, like Gecko; compatible; GPTBot/1.3; +https://openai.com/gptbot)"
74.7.227.62 - - [16/Dec/2025:07:51:56 -0500] "GET /wp-content/plugins/pro-elements/core/app/modules/import-export/runners/revert/?C=S;O=A HTTP/2.0" 200 1031 "-" "Mozilla/5.0 AppleWebKit/537.36 (KHTML, like Gecko; compatible; GPTBot/1.3; +https://openai.com/gptbot)"
74.7.227.62 - - [16/Dec/2025:07:51:57 -0500] "GET /wp-content/plugins/pro-elements/vendor_prefixed/php-di/invoker/src/ParameterResolver/Container/?C=N;O=A HTTP/2.0" 200 1303 "-" "Mozilla/5.0 AppleWebKit/537.36 (KHTML, like Gecko; compatible; GPTBot/1.3; +https://openai.com/gptbot)"
74.7.227.62 - - [16/Dec/2025:07:51:57 -0500] "GET /wp-content/plugins/pro-elements/vendor_prefixed/php-di/invoker/src/ParameterResolver/Container/TypeHintContainerResolver.php HTTP/2.0" 500 - "-" "Mozilla/5.0 AppleWebKit/537.36 (KHTML, like Gecko; compatible; GPTBot/1.3; +https://openai.com/gptbot)"
156.195.198.35 - - [16/Dec/2025:07:51:57 -0500] "GET / HTTP/2.0" 200 375307 "https://emtiyz.com/franchise-system-development/" "Mozilla/5.0 (Windows NT 10.0; Win64; x64) AppleWebKit/537.36 (KHTML, like Gecko) Chrome/143.0.0.0 Safari/537.36 Edg/143.0.0.0"
74.7.227.62 - - [16/Dec/2025:07:51:58 -0500] "GET /wp-content/plugins/pro-elements/vendor_prefixed/php-di/invoker/src/ParameterResolver/Container/ParameterNameContainerResolver.php HTTP/2.0" 500 - "-" "Mozilla/5.0 AppleWebKit/537.36 (KHTML, like Gecko; compatible; GPTBot/1.3; +https://openai.com/gptbot)"
74.7.227.62 - - [16/Dec/2025:07:51:59 -0500] "GET /wp-content/plugins/pro-elements/vendor_prefixed/php-di/invoker/src/ParameterResolver/Container/?C=S;O=D HTTP/2.0" 200 1303 "-" "Mozilla/5.0 AppleWebKit/537.36 (KHTML, like Gecko; compatible; GPTBot/1.3; +https://openai.com/gptbot)"
156.195.198.35 - - [16/Dec/2025:07:52:00 -0500] "POST /wp-admin/admin-ajax.php HTTP/2.0" 200 1270 "https://emtiyz.com/" "Mozilla/5.0 (Windows NT 10.0; Win64; x64) AppleWebKit/537.36 (KHTML, like Gecko) Chrome/143.0.0.0 Safari/537.36 Edg/143.0.0.0"
74.7.227.62 - - [16/Dec/2025:07:52:04 -0500] "GET /wp-content/plugins/pro-elements/vendor_prefixed/php-di/invoker/src/ParameterResolver/Container/?C=M;O=D HTTP/2.0" 200 1303 "-" "Mozilla/5.0 AppleWebKit/537.36 (KHTML, like Gecko; compatible; GPTBot/1.3; +https://openai.com/gptbot)"
74.7.227.62 - - [16/Dec/2025:07:52:08 -0500] "GET /wp-content/plugins/pro-elements/modules/off-canvas/ HTTP/2.0" 200 1294 "-" "Mozilla/5.0 AppleWebKit/537.36 (KHTML, like Gecko; compatible; GPTBot/1.3; +https://openai.com/gptbot)"
74.7.227.62 - - [16/Dec/2025:07:52:12 -0500] "GET /wp-content/plugins/pro-elements/modules/search/ HTTP/2.0" 200 1284 "-" "Mozilla/5.0 AppleWebKit/537.36 (KHTML, like Gecko; compatible; GPTBot/1.3; +https://openai.com/gptbot)"
74.7.227.62 - - [16/Dec/2025:07:52:16 -0500] "GET /wp-content/plugins/pro-elements/core/app/modules/import-export/runners/revert/templates.php HTTP/2.0" 500 - "-" "Mozilla/5.0 AppleWebKit/537.36 (KHTML, like Gecko; compatible; GPTBot/1.3; +https://openai.com/gptbot)"
50.6.4.141 - - [16/Dec/2025:07:52:18 -0500] "POST /wp-cron.php?doing_wp_cron=1765889538.7407140731811523437500 HTTP/1.1" 200 - "-" "WordPress/6.9; https://emtiyz.com"
45.61.185.220 - - [16/Dec/2025:07:52:18 -0500] "POST /wp-login.php HTTP/1.1" 200 10895 "-" "Mozilla/5.0 (X11; Linux x86_64; rv:31.0) Gecko/20100101 Firefox/31.0"
74.7.227.62 - - [16/Dec/2025:07:52:19 -0500] "GET /wp-content/plugins/pro-elements/core/app/modules/import-export/runners/revert/?C=N;O=A HTTP/2.0" 200 1031 "-" "Mozilla/5.0 AppleWebKit/537.36 (KHTML, like Gecko; compatible; GPTBot/1.3; +https://openai.com/gptbot)"
74.7.227.62 - - [16/Dec/2025:07:52:28 -0500] "GET /wp-content/plugins/pro-elements/core/app/modules/import-export/runners/revert/?C=D;O=D HTTP/2.0" 200 1031 "-" "Mozilla/5.0 AppleWebKit/537.36 (KHTML, like Gecko; compatible; GPTBot/1.3; +https://openai.com/gptbot)"
74.7.227.62 - - [16/Dec/2025:07:52:36 -0500] "GET /wp-content/plugins/pro-elements/core/app/modules/import-export/runners/revert/?C=M;O=D HTTP/2.0" 200 1031 "-" "Mozilla/5.0 AppleWebKit/537.36 (KHTML, like Gecko; compatible; GPTBot/1.3; +https://openai.com/gptbot)"
74.7.227.62 - - [16/Dec/2025:07:52:44 -0500] "GET /wp-content/plugins/pro-elements/core/app/modules/import-export/runners/revert/?C=S;O=D HTTP/2.0" 200 1031 "-" "Mozilla/5.0 AppleWebKit/537.36 (KHTML, like Gecko; compatible; GPTBot/1.3; +https://openai.com/gptbot)"
74.7.227.62 - - [16/Dec/2025:07:52:51 -0500] "GET /wp-content/plugins/pro-elements/modules/assets-manager/asset-types/icons/font-awesome-pro.php HTTP/2.0" 200 - "-" "Mozilla/5.0 AppleWebKit/537.36 (KHTML, like Gecko; compatible; GPTBot/1.3; +https://openai.com/gptbot)"
199.195.250.129 - - [16/Dec/2025:07:52:51 -0500] "GET /wp-login.php HTTP/1.1" 200 10442 "-" "Mozilla/5.0 (Windows NT 6.1) AppleWebKit/537.36 (KHTML, like Gecko) Chrome/36.0.1985.125 Safari/537.36"
199.195.250.129 - - [16/Dec/2025:07:52:53 -0500] "POST /wp-login.php HTTP/1.1" 200 10879 "-" "Mozilla/5.0 (Windows NT 6.1) AppleWebKit/537.36 (KHTML, like Gecko) Chrome/36.0.1985.125 Safari/537.36"
74.7.227.62 - - [16/Dec/2025:07:52:57 -0500] "GET /wp-content/plugins/pro-elements/modules/theme-builder/conditions/any-child-of.php HTTP/2.0" 200 - "-" "Mozilla/5.0 AppleWebKit/537.36 (KHTML, like Gecko; compatible; GPTBot/1.3; +https://openai.com/gptbot)"
5.192.17.158 - - [16/Dec/2025:07:52:57 -0500] "POST /wp-admin/admin-ajax.php HTTP/2.0" 200 47 "https://emtiyz.com/wp-admin/users.php" "Mozilla/5.0 (Windows NT 10.0; Win64; x64) AppleWebKit/537.36 (KHTML, like Gecko) Chrome/143.0.0.0 Safari/537.36"
74.7.227.62 - - [16/Dec/2025:07:53:02 -0500] "GET /wp-content/plugins/pro-elements/modules/theme-builder/widgets/site-logo.php HTTP/2.0" 200 - "-" "Mozilla/5.0 AppleWebKit/537.36 (KHTML, like Gecko; compatible; GPTBot/1.3; +https://openai.com/gptbot)"
74.7.227.62 - - [16/Dec/2025:07:53:07 -0500] "GET /wp-content/plugins/pro-elements/modules/theme-builder/conditions/in-sub-term.php HTTP/2.0" 200 - "-" "Mozilla/5.0 AppleWebKit/537.36 (KHTML, like Gecko; compatible; GPTBot/1.3; +https://openai.com/gptbot)"
74.7.227.62 - - [16/Dec/2025:07:53:12 -0500] "GET /wp-content/plugins/pro-elements/modules/off-canvas/tag.php HTTP/2.0" 200 - "-" "Mozilla/5.0 AppleWebKit/537.36 (KHTML, like Gecko; compatible; GPTBot/1.3; +https://openai.com/gptbot)"
74.7.227.62 - - [16/Dec/2025:07:53:16 -0500] "GET /wp-content/plugins/pro-elements/modules/search/module.php HTTP/2.0" 200 - "-" "Mozilla/5.0 AppleWebKit/537.36 (KHTML, like Gecko; compatible; GPTBot/1.3; +https://openai.com/gptbot)"
74.7.227.62 - - [16/Dec/2025:07:53:19 -0500] "GET /wp-content/plugins/pro-elements/modules/search/widgets/ HTTP/2.0" 200 958 "-" "Mozilla/5.0 AppleWebKit/537.36 (KHTML, like Gecko; compatible; GPTBot/1.3; +https://openai.com/gptbot)"
74.7.227.62 - - [16/Dec/2025:07:53:23 -0500] "GET /wp-content/plugins/pro-elements/core/app/modules/import-export/runners/revert/templates.php HTTP/2.0" 500 - "-" "Mozilla/5.0 AppleWebKit/537.36 (KHTML, like Gecko; compatible; GPTBot/1.3; +https://openai.com/gptbot)"
74.7.227.62 - - [16/Dec/2025:07:53:25 -0500] "GET /wp-content/plugins/pro-elements/modules/off-canvas/?C=D;O=A HTTP/2.0" 200 1294 "-" "Mozilla/5.0 AppleWebKit/537.36 (KHTML, like Gecko; compatible; GPTBot/1.3; +https://openai.com/gptbot)"
74.7.227.62 - - [16/Dec/2025:07:53:35 -0500] "GET /wp-content/plugins/pro-elements/modules/off-canvas/?C=S;O=A HTTP/2.0" 200 1294 "-" "Mozilla/5.0 AppleWebKit/537.36 (KHTML, like Gecko; compatible; GPTBot/1.3; +https://openai.com/gptbot)"
74.7.227.62 - - [16/Dec/2025:07:53:42 -0500] "GET /wp-content/plugins/pro-elements/modules/off-canvas/?C=M;O=A HTTP/2.0" 200 1294 "-" "Mozilla/5.0 AppleWebKit/537.36 (KHTML, like Gecko; compatible; GPTBot/1.3; +https://openai.com/gptbot)"
50.6.4.141 - - [16/Dec/2025:07:53:45 -0500] "POST /wp-cron.php?doing_wp_cron=1765889625.0806260108947753906250 HTTP/1.1" 200 - "-" "WordPress/6.9; https://emtiyz.com"
92.63.197.50 - - [16/Dec/2025:07:53:44 -0500] "GET / HTTP/1.1" 200 375355 "-" "Mozilla/5.0 (Windows NT 10.0; Win64; x64) AppleWebKit/537.36 (KHTML, like Gecko) Chrome/140.0.0.0 Safari/537.36"
92.63.197.50 - - [16/Dec/2025:07:53:45 -0500] "GET / HTTP/1.0" 301 - "-" "-"
92.63.197.50 - - [16/Dec/2025:07:53:46 -0500] "GET / HTTP/1.0" 301 - "-" "-"
74.7.227.62 - - [16/Dec/2025:07:53:49 -0500] "GET /wp-content/plugins/pro-elements/modules/off-canvas/?C=N;O=D HTTP/2.0" 200 1294 "-" "Mozilla/5.0 AppleWebKit/537.36 (KHTML, like Gecko; compatible; GPTBot/1.3; +https://openai.com/gptbot)"
74.7.227.62 - - [16/Dec/2025:07:53:56 -0500] "GET /wp-content/plugins/pro-elements/modules/search/?C=M;O=A HTTP/2.0" 200 1284 "-" "Mozilla/5.0 AppleWebKit/537.36 (KHTML, like Gecko; compatible; GPTBot/1.3; +https://openai.com/gptbot)"
74.7.227.62 - - [16/Dec/2025:07:54:02 -0500] "GET /wp-content/plugins/pro-elements/modules/search/?C=S;O=A HTTP/2.0" 200 1284 "-" "Mozilla/5.0 AppleWebKit/537.36 (KHTML, like Gecko; compatible; GPTBot/1.3; +https://openai.com/gptbot)"
216.73.216.20 - - [16/Dec/2025:07:54:09 -0500] "GET /robots.txt HTTP/2.0" 200 153 "-" "Mozilla/5.0 AppleWebKit/537.36 (KHTML, like Gecko; compatible; ClaudeBot/1.0; +claudebot@anthropic.com)"
74.7.227.62 - - [16/Dec/2025:07:54:12 -0500] "GET /wp-content/plugins/pro-elements/modules/search/?C=D;O=A HTTP/2.0" 200 1284 "-" "Mozilla/5.0 AppleWebKit/537.36 (KHTML, like Gecko; compatible; GPTBot/1.3; +https://openai.com/gptbot)"
74.7.227.62 - - [16/Dec/2025:07:54:16 -0500] "GET /wp-content/plugins/pro-elements/modules/off-canvas/widgets/ HTTP/2.0" 200 974 "-" "Mozilla/5.0 AppleWebKit/537.36 (KHTML, like Gecko; compatible; GPTBot/1.3; +https://openai.com/gptbot)"
74.7.227.62 - - [16/Dec/2025:07:54:20 -0500] "GET /wp-content/plugins/pro-elements/modules/search/widgets/search.php HTTP/2.0" 200 - "-" "Mozilla/5.0 AppleWebKit/537.36 (KHTML, like Gecko; compatible; GPTBot/1.3; +https://openai.com/gptbot)"
74.7.227.62 - - [16/Dec/2025:07:54:24 -0500] "GET /wp-content/plugins/pro-elements/modules/search/widgets/?C=D;O=A HTTP/2.0" 200 958 "-" "Mozilla/5.0 AppleWebKit/537.36 (KHTML, like Gecko; compatible; GPTBot/1.3; +https://openai.com/gptbot)"
74.7.227.62 - - [16/Dec/2025:07:54:27 -0500] "GET /wp-content/plugins/pro-elements/modules/off-canvas/?C=N;O=A HTTP/2.0" 200 1294 "-" "Mozilla/5.0 AppleWebKit/537.36 (KHTML, like Gecko; compatible; GPTBot/1.3; +https://openai.com/gptbot)"
74.7.227.62 - - [16/Dec/2025:07:54:30 -0500] "GET /wp-content/plugins/pro-elements/modules/off-canvas/?C=D;O=D HTTP/2.0" 200 1294 "-" "Mozilla/5.0 AppleWebKit/537.36 (KHTML, like Gecko; compatible; GPTBot/1.3; +https://openai.com/gptbot)"
74.7.227.62 - - [16/Dec/2025:07:54:33 -0500] "GET /wp-content/plugins/pro-elements/modules/off-canvas/?C=M;O=D HTTP/2.0" 200 1294 "-" "Mozilla/5.0 AppleWebKit/537.36 (KHTML, like Gecko; compatible; GPTBot/1.3; +https://openai.com/gptbot)"
40.223.167.254 - - [16/Dec/2025:07:54:35 -0500] "HEAD /wp-content/uploads/2025/05/self-service-in-a-supermarket-a-young-arab-woman-2025-03-25-19-21-18-utc-scaled.jpg HTTP/2.0" 200 437452 "-" "Mozilla/5.0 (Macintosh; Intel Mac OS X 10_15_7) AppleWebKit/537.36 (KHTML, like Gecko) Chrome/142.0.0.0 Safari/537.36"
40.223.167.254 - - [16/Dec/2025:07:54:35 -0500] "GET /wp-content/uploads/2025/05/self-service-in-a-supermarket-a-young-arab-woman-2025-03-25-19-21-18-utc-scaled.jpg HTTP/2.0" 200 437452 "-" "Mozilla/5.0 (Macintosh; Intel Mac OS X 10_15_7) AppleWebKit/537.36 (KHTML, like Gecko) Chrome/142.0.0.0 Safari/537.36"
74.7.227.62 - - [16/Dec/2025:07:54:36 -0500] "GET /wp-content/plugins/pro-elements/modules/off-canvas/?C=S;O=D HTTP/2.0" 200 1294 "-" "Mozilla/5.0 AppleWebKit/537.36 (KHTML, like Gecko; compatible; GPTBot/1.3; +https://openai.com/gptbot)"
74.7.227.62 - - [16/Dec/2025:07:54:38 -0500] "GET /wp-content/plugins/pro-elements/modules/search/?C=N;O=A HTTP/2.0" 200 1284 "-" "Mozilla/5.0 AppleWebKit/537.36 (KHTML, like Gecko; compatible; GPTBot/1.3; +https://openai.com/gptbot)"
74.7.227.62 - - [16/Dec/2025:07:54:40 -0500] "GET /wp-content/plugins/pro-elements/modules/search/?C=M;O=D HTTP/2.0" 200 1284 "-" "Mozilla/5.0 AppleWebKit/537.36 (KHTML, like Gecko; compatible; GPTBot/1.3; +https://openai.com/gptbot)"
74.7.227.62 - - [16/Dec/2025:07:54:42 -0500] "GET /wp-content/plugins/pro-elements/modules/search/?C=S;O=D HTTP/2.0" 200 1284 "-" "Mozilla/5.0 AppleWebKit/537.36 (KHTML, like Gecko; compatible; GPTBot/1.3; +https://openai.com/gptbot)"
74.7.227.62 - - [16/Dec/2025:07:54:43 -0500] "GET /wp-content/plugins/pro-elements/modules/search/widgets/?C=M;O=A HTTP/2.0" 200 958 "-" "Mozilla/5.0 AppleWebKit/537.36 (KHTML, like Gecko; compatible; GPTBot/1.3; +https://openai.com/gptbot)"
74.7.227.62 - - [16/Dec/2025:07:54:45 -0500] "GET /wp-content/plugins/pro-elements/modules/off-canvas/widgets/off-canvas.php HTTP/2.0" 500 - "-" "Mozilla/5.0 AppleWebKit/537.36 (KHTML, like Gecko; compatible; GPTBot/1.3; +https://openai.com/gptbot)"
74.7.227.62 - - [16/Dec/2025:07:54:46 -0500] "GET /wp-content/plugins/pro-elements/modules/off-canvas/widgets/?C=N;O=D HTTP/2.0" 200 974 "-" "Mozilla/5.0 AppleWebKit/537.36 (KHTML, like Gecko; compatible; GPTBot/1.3; +https://openai.com/gptbot)"
74.7.227.62 - - [16/Dec/2025:07:54:50 -0500] "GET /wp-content/plugins/pro-elements/modules/off-canvas/widgets/?C=M;O=A HTTP/2.0" 200 974 "-" "Mozilla/5.0 AppleWebKit/537.36 (KHTML, like Gecko; compatible; GPTBot/1.3; +https://openai.com/gptbot)"
74.7.227.62 - - [16/Dec/2025:07:54:54 -0500] "GET /wp-content/plugins/pro-elements/modules/off-canvas/widgets/?C=D;O=A HTTP/2.0" 200 974 "-" "Mozilla/5.0 AppleWebKit/537.36 (KHTML, like Gecko; compatible; GPTBot/1.3; +https://openai.com/gptbot)"
74.7.227.62 - - [16/Dec/2025:07:54:57 -0500] "GET /wp-content/plugins/pro-elements/modules/off-canvas/widgets/?C=S;O=A HTTP/2.0" 200 974 "-" "Mozilla/5.0 AppleWebKit/537.36 (KHTML, like Gecko; compatible; GPTBot/1.3; +https://openai.com/gptbot)"
50.6.4.141 - - [16/Dec/2025:07:54:59 -0500] "POST /wp-cron.php?doing_wp_cron=1765889699.6359570026397705078125 HTTP/1.1" 200 - "-" "WordPress/6.9; https://emtiyz.com"
5.192.17.158 - - [16/Dec/2025:07:54:58 -0500] "POST /wp-admin/admin-ajax.php HTTP/2.0" 200 47 "https://emtiyz.com/wp-admin/users.php" "Mozilla/5.0 (Windows NT 10.0; Win64; x64) AppleWebKit/537.36 (KHTML, like Gecko) Chrome/143.0.0.0 Safari/537.36"
74.7.227.62 - - [16/Dec/2025:07:55:00 -0500] "GET /wp-content/plugins/pro-elements/modules/search/widgets/?C=N;O=A HTTP/2.0" 200 958 "-" "Mozilla/5.0 AppleWebKit/537.36 (KHTML, like Gecko; compatible; GPTBot/1.3; +https://openai.com/gptbot)"
74.7.227.62 - - [16/Dec/2025:07:55:02 -0500] "GET /wp-content/plugins/pro-elements/modules/search/widgets/?C=S;O=A HTTP/2.0" 200 958 "-" "Mozilla/5.0 AppleWebKit/537.36 (KHTML, like Gecko; compatible; GPTBot/1.3; +https://openai.com/gptbot)"
74.7.227.62 - - [16/Dec/2025:07:55:04 -0500] "GET /wp-content/plugins/pro-elements/modules/search/?C=N;O=D HTTP/2.0" 200 1284 "-" "Mozilla/5.0 AppleWebKit/537.36 (KHTML, like Gecko; compatible; GPTBot/1.3; +https://openai.com/gptbot)"
74.7.227.62 - - [16/Dec/2025:07:55:06 -0500] "GET /wp-content/plugins/pro-elements/modules/search/widgets/?C=N;O=D HTTP/2.0" 200 958 "-" "Mozilla/5.0 AppleWebKit/537.36 (KHTML, like Gecko; compatible; GPTBot/1.3; +https://openai.com/gptbot)"
74.7.227.62 - - [16/Dec/2025:07:55:08 -0500] "GET /wp-content/plugins/pro-elements/modules/search/?C=D;O=D HTTP/2.0" 200 1284 "-" "Mozilla/5.0 AppleWebKit/537.36 (KHTML, like Gecko; compatible; GPTBot/1.3; +https://openai.com/gptbot)"
74.7.227.62 - - [16/Dec/2025:07:55:10 -0500] "GET /wp-content/plugins/pro-elements/modules/search/widgets/?C=M;O=D HTTP/2.0" 200 958 "-" "Mozilla/5.0 AppleWebKit/537.36 (KHTML, like Gecko; compatible; GPTBot/1.3; +https://openai.com/gptbot)"
74.7.227.62 - - [16/Dec/2025:07:55:12 -0500] "GET /wp-content/plugins/pro-elements/assets/js/loop.4a16d82b8b5e3e00f25e.bundle.min.js HTTP/2.0" 200 9364 "-" "Mozilla/5.0 AppleWebKit/537.36 (KHTML, like Gecko; compatible; GPTBot/1.3; +https://openai.com/gptbot)"
74.7.227.62 - - [16/Dec/2025:07:55:13 -0500] "GET /wp-content/plugins/pro-elements/modules/off-canvas/widgets/off-canvas.php HTTP/2.0" 500 - "-" "Mozilla/5.0 AppleWebKit/537.36 (KHTML, like Gecko; compatible; GPTBot/1.3; +https://openai.com/gptbot)"
74.7.227.62 - - [16/Dec/2025:07:55:14 -0500] "GET /wp-content/plugins/pro-elements/modules/off-canvas/widgets/?C=N;O=A HTTP/2.0" 200 974 "-" "Mozilla/5.0 AppleWebKit/537.36 (KHTML, like Gecko; compatible; GPTBot/1.3; +https://openai.com/gptbot)"
74.7.227.62 - - [16/Dec/2025:07:55:18 -0500] "GET /wp-content/plugins/pro-elements/modules/off-canvas/widgets/?C=D;O=D HTTP/2.0" 200 974 "-" "Mozilla/5.0 AppleWebKit/537.36 (KHTML, like Gecko; compatible; GPTBot/1.3; +https://openai.com/gptbot)"
74.7.227.62 - - [16/Dec/2025:07:55:21 -0500] "GET /wp-content/plugins/pro-elements/modules/off-canvas/widgets/?C=S;O=D HTTP/2.0" 200 974 "-" "Mozilla/5.0 AppleWebKit/537.36 (KHTML, like Gecko; compatible; GPTBot/1.3; +https://openai.com/gptbot)"
74.7.227.62 - - [16/Dec/2025:07:55:24 -0500] "GET /wp-content/plugins/pro-elements/modules/off-canvas/widgets/?C=M;O=D HTTP/2.0" 200 974 "-" "Mozilla/5.0 AppleWebKit/537.36 (KHTML, like Gecko; compatible; GPTBot/1.3; +https://openai.com/gptbot)"
74.7.227.62 - - [16/Dec/2025:07:55:27 -0500] "GET /wp-content/plugins/pro-elements/modules/search/widgets/?C=S;O=D HTTP/2.0" 200 958 "-" "Mozilla/5.0 AppleWebKit/537.36 (KHTML, like Gecko; compatible; GPTBot/1.3; +https://openai.com/gptbot)"
50.6.4.141 - - [16/Dec/2025:07:55:30 -0500] "POST /wp-cron.php?doing_wp_cron=1765889730.6503489017486572265625 HTTP/1.1" 200 - "-" "WordPress/6.9; https://emtiyz.com"
74.7.227.62 - - [16/Dec/2025:07:55:29 -0500] "GET /wp-content/plugins/pro-elements/assets/js/social.ac16c075939dcb93f70c.bundle.js.map HTTP/2.0" 404 103830 "-" "Mozilla/5.0 AppleWebKit/537.36 (KHTML, like Gecko; compatible; GPTBot/1.3; +https://openai.com/gptbot)"
74.7.227.62 - - [16/Dec/2025:07:55:31 -0500] "GET /wp-content/plugins/pro-elements/assets/js/popup.f7b15b2ca565b152bf98.bundle.min.js HTTP/2.0" 200 751 "-" "Mozilla/5.0 AppleWebKit/537.36 (KHTML, like Gecko; compatible; GPTBot/1.3; +https://openai.com/gptbot)"
74.7.227.62 - - [16/Dec/2025:07:55:34 -0500] "GET /wp-content/plugins/pro-elements/assets/js/nav-menu.e135a0d0f766c7f455ff.bundle.js HTTP/2.0" 200 9297 "-" "Mozilla/5.0 AppleWebKit/537.36 (KHTML, like Gecko; compatible; GPTBot/1.3; +https://openai.com/gptbot)"
74.7.227.62 - - [16/Dec/2025:07:55:36 -0500] "GET /wp-content/plugins/pro-elements/assets/js/lottie.e74a53bfa4c0bd939250.bundle.min.js HTTP/2.0" 200 14408 "-" "Mozilla/5.0 AppleWebKit/537.36 (KHTML, like Gecko; compatible; GPTBot/1.3; +https://openai.com/gptbot)"
74.7.227.62 - - [16/Dec/2025:07:55:37 -0500] "GET /wp-content/plugins/pro-elements/assets/js/form.a7e78a23dbf43d6f2639.bundle.js.map HTTP/2.0" 404 103818 "-" "Mozilla/5.0 AppleWebKit/537.36 (KHTML, like Gecko; compatible; GPTBot/1.3; +https://openai.com/gptbot)"
74.7.227.62 - - [16/Dec/2025:07:55:39 -0500] "GET /wp-content/plugins/pro-elements/assets/lib/html2canvas/?C=D;O=A HTTP/2.0" 200 947 "-" "Mozilla/5.0 AppleWebKit/537.36 (KHTML, like Gecko; compatible; GPTBot/1.3; +https://openai.com/gptbot)"
74.7.227.62 - - [16/Dec/2025:07:55:41 -0500] "GET /wp-content/plugins/pro-elements/modules/off-canvas/widgets/off-canvas.php HTTP/2.0" 500 - "-" "Mozilla/5.0 AppleWebKit/537.36 (KHTML, like Gecko; compatible; GPTBot/1.3; +https://openai.com/gptbot)"
74.7.227.62 - - [16/Dec/2025:07:55:42 -0500] "GET /wp-content/plugins/pro-elements/assets/lib/html2canvas/?C=N;O=D HTTP/2.0" 200 947 "-" "Mozilla/5.0 AppleWebKit/537.36 (KHTML, like Gecko; compatible; GPTBot/1.3; +https://openai.com/gptbot)"
74.7.227.62 - - [16/Dec/2025:07:55:46 -0500] "GET /wp-content/plugins/pro-elements/assets/lib/html2canvas/?C=S;O=A HTTP/2.0" 200 947 "-" "Mozilla/5.0 AppleWebKit/537.36 (KHTML, like Gecko; compatible; GPTBot/1.3; +https://openai.com/gptbot)"
74.7.227.62 - - [16/Dec/2025:07:55:50 -0500] "GET /wp-content/plugins/pro-elements/assets/lib/html2canvas/?C=M;O=A HTTP/2.0" 200 947 "-" "Mozilla/5.0 AppleWebKit/537.36 (KHTML, like Gecko; compatible; GPTBot/1.3; +https://openai.com/gptbot)"
74.7.227.62 - - [16/Dec/2025:07:55:54 -0500] "GET /wp-content/plugins/pro-elements/modules/library/wp-widgets/?C=S;O=A HTTP/2.0" 200 978 "-" "Mozilla/5.0 AppleWebKit/537.36 (KHTML, like Gecko; compatible; GPTBot/1.3; +https://openai.com/gptbot)"
74.7.227.62 - - [16/Dec/2025:07:55:57 -0500] "GET /wp-content/plugins/pro-elements/modules/library/wp-widgets/?C=D;O=A HTTP/2.0" 200 978 "-" "Mozilla/5.0 AppleWebKit/537.36 (KHTML, like Gecko; compatible; GPTBot/1.3; +https://openai.com/gptbot)"
74.7.227.62 - - [16/Dec/2025:07:55:59 -0500] "GET /wp-content/plugins/pro-elements/modules/library/wp-widgets/?C=N;O=D HTTP/2.0" 200 978 "-" "Mozilla/5.0 AppleWebKit/537.36 (KHTML, like Gecko; compatible; GPTBot/1.3; +https://openai.com/gptbot)"
74.7.227.62 - - [16/Dec/2025:07:56:02 -0500] "GET /wp-content/plugins/pro-elements/assets/js/nav-menu.e135a0d0f766c7f455ff.bundle.js.map HTTP/2.0" 404 103842 "-" "Mozilla/5.0 AppleWebKit/537.36 (KHTML, like Gecko; compatible; GPTBot/1.3; +https://openai.com/gptbot)"
74.7.227.62 - - [16/Dec/2025:07:56:04 -0500] "GET /wp-content/plugins/pro-elements/modules/library/wp-widgets/?C=M;O=A HTTP/2.0" 200 978 "-" "Mozilla/5.0 AppleWebKit/537.36 (KHTML, like Gecko; compatible; GPTBot/1.3; +https://openai.com/gptbot)"
74.7.227.62 - - [16/Dec/2025:07:56:06 -0500] "GET /wp-content/plugins/pro-elements/modules/woocommerce/classes/products-renderer.php HTTP/2.0" 200 - "-" "Mozilla/5.0 AppleWebKit/537.36 (KHTML, like Gecko; compatible; GPTBot/1.3; +https://openai.com/gptbot)"
74.7.227.62 - - [16/Dec/2025:07:56:08 -0500] "GET /wp-content/plugins/pro-elements/assets/lib/html2canvas/?C=D;O=D HTTP/2.0" 200 947 "-" "Mozilla/5.0 AppleWebKit/537.36 (KHTML, like Gecko; compatible; GPTBot/1.3; +https://openai.com/gptbot)"
74.7.227.62 - - [16/Dec/2025:07:56:10 -0500] "GET /wp-content/plugins/pro-elements/assets/lib/html2canvas/?C=N;O=A HTTP/2.0" 200 947 "-" "Mozilla/5.0 AppleWebKit/537.36 (KHTML, like Gecko; compatible; GPTBot/1.3; +https://openai.com/gptbot)"
74.7.227.62 - - [16/Dec/2025:07:56:12 -0500] "GET /wp-content/plugins/pro-elements/vendor/composer/installed.php HTTP/2.0" 200 - "-" "Mozilla/5.0 AppleWebKit/537.36 (KHTML, like Gecko; compatible; GPTBot/1.3; +https://openai.com/gptbot)"
74.7.227.62 - - [16/Dec/2025:07:56:14 -0500] "GET /wp-content/plugins/pro-elements/assets/lib/html2canvas/?C=S;O=D HTTP/2.0" 200 947 "-" "Mozilla/5.0 AppleWebKit/537.36 (KHTML, like Gecko; compatible; GPTBot/1.3; +https://openai.com/gptbot)"
74.7.227.62 - - [16/Dec/2025:07:56:15 -0500] "GET /wp-content/plugins/pro-elements/assets/lib/html2canvas/?C=M;O=D HTTP/2.0" 200 947 "-" "Mozilla/5.0 AppleWebKit/537.36 (KHTML, like Gecko; compatible; GPTBot/1.3; +https://openai.com/gptbot)"
74.7.227.62 - - [16/Dec/2025:07:56:16 -0500] "GET /wp-content/plugins/pro-elements/modules/library/wp-widgets/?C=S;O=D HTTP/2.0" 200 978 "-" "Mozilla/5.0 AppleWebKit/537.36 (KHTML, like Gecko; compatible; GPTBot/1.3; +https://openai.com/gptbot)"
74.7.227.62 - - [16/Dec/2025:07:56:17 -0500] "GET /wp-content/plugins/pro-elements/modules/library/wp-widgets/?C=D;O=D HTTP/2.0" 200 978 "-" "Mozilla/5.0 AppleWebKit/537.36 (KHTML, like Gecko; compatible; GPTBot/1.3; +https://openai.com/gptbot)"
74.7.227.62 - - [16/Dec/2025:07:56:18 -0500] "GET /wp-content/plugins/pro-elements/modules/library/wp-widgets/?C=N;O=A HTTP/2.0" 200 978 "-" "Mozilla/5.0 AppleWebKit/537.36 (KHTML, like Gecko; compatible; GPTBot/1.3; +https://openai.com/gptbot)"
74.7.227.62 - - [16/Dec/2025:07:56:19 -0500] "GET /wp-content/plugins/pro-elements/modules/theme-builder/widgets/?C=D;O=A HTTP/2.0" 200 2646 "-" "Mozilla/5.0 AppleWebKit/537.36 (KHTML, like Gecko; compatible; GPTBot/1.3; +https://openai.com/gptbot)"
74.7.227.62 - - [16/Dec/2025:07:56:20 -0500] "GET /wp-content/plugins/pro-elements/modules/library/wp-widgets/?C=M;O=D HTTP/2.0" 200 978 "-" "Mozilla/5.0 AppleWebKit/537.36 (KHTML, like Gecko; compatible; GPTBot/1.3; +https://openai.com/gptbot)"
74.7.227.62 - - [16/Dec/2025:07:56:21 -0500] "GET /wp-content/plugins/pro-elements/modules/theme-builder/classes/?C=N;O=D HTTP/2.0" 200 2516 "-" "Mozilla/5.0 AppleWebKit/537.36 (KHTML, like Gecko; compatible; GPTBot/1.3; +https://openai.com/gptbot)"
74.7.227.62 - - [16/Dec/2025:07:56:21 -0500] "GET /wp-content/plugins/pro-elements/modules/theme-builder/classes/?C=D;O=A HTTP/2.0" 200 2516 "-" "Mozilla/5.0 AppleWebKit/537.36 (KHTML, like Gecko; compatible; GPTBot/1.3; +https://openai.com/gptbot)"
74.7.227.62 - - [16/Dec/2025:07:56:22 -0500] "GET /wp-content/plugins/pro-elements/modules/theme-builder/classes/?C=M;O=A HTTP/2.0" 200 2516 "-" "Mozilla/5.0 AppleWebKit/537.36 (KHTML, like Gecko; compatible; GPTBot/1.3; +https://openai.com/gptbot)"
74.7.227.62 - - [16/Dec/2025:07:56:22 -0500] "GET /wp-content/plugins/pro-elements/modules/forms/actions/redirect.php HTTP/2.0" 200 - "-" "Mozilla/5.0 AppleWebKit/537.36 (KHTML, like Gecko; compatible; GPTBot/1.3; +https://openai.com/gptbot)"
74.7.227.62 - - [16/Dec/2025:07:56:23 -0500] "GET /wp-content/plugins/pro-elements/assets/css/widget-woocommerce-product-data-tabs-rtl.min.css HTTP/2.0" 200 738 "-" "Mozilla/5.0 AppleWebKit/537.36 (KHTML, like Gecko; compatible; GPTBot/1.3; +https://openai.com/gptbot)"
74.7.227.62 - - [16/Dec/2025:07:56:23 -0500] "GET /wp-content/plugins/pro-elements/vendor_prefixed/?C=D;O=A HTTP/2.0" 200 1274 "-" "Mozilla/5.0 AppleWebKit/537.36 (KHTML, like Gecko; compatible; GPTBot/1.3; +https://openai.com/gptbot)"
74.7.227.62 - - [16/Dec/2025:07:56:24 -0500] "GET /wp-content/plugins/pro-elements/vendor_prefixed/?C=N;O=D HTTP/2.0" 200 1274 "-" "Mozilla/5.0 AppleWebKit/537.36 (KHTML, like Gecko; compatible; GPTBot/1.3; +https://openai.com/gptbot)"
74.7.227.62 - - [16/Dec/2025:07:56:24 -0500] "GET /wp-content/plugins/pro-elements/vendor_prefixed/?C=S;O=A HTTP/2.0" 200 1274 "-" "Mozilla/5.0 AppleWebKit/537.36 (KHTML, like Gecko; compatible; GPTBot/1.3; +https://openai.com/gptbot)"
74.7.227.62 - - [16/Dec/2025:07:56:25 -0500] "GET /wp-content/plugins/pro-elements/vendor_prefixed/?C=M;O=A HTTP/2.0" 200 1274 "-" "Mozilla/5.0 AppleWebKit/537.36 (KHTML, like Gecko; compatible; GPTBot/1.3; +https://openai.com/gptbot)"
74.7.227.62 - - [16/Dec/2025:07:56:25 -0500] "GET /wp-content/plugins/pro-elements/modules/theme-builder/widgets/?C=N;O=A HTTP/2.0" 200 2646 "-" "Mozilla/5.0 AppleWebKit/537.36 (KHTML, like Gecko; compatible; GPTBot/1.3; +https://openai.com/gptbot)"
74.7.227.62 - - [16/Dec/2025:07:56:26 -0500] "GET /wp-content/plugins/pro-elements/modules/theme-builder/widgets/?C=D;O=D HTTP/2.0" 200 2646 "-" "Mozilla/5.0 AppleWebKit/537.36 (KHTML, like Gecko; compatible; GPTBot/1.3; +https://openai.com/gptbot)"
74.7.227.62 - - [16/Dec/2025:07:56:26 -0500] "GET /wp-content/plugins/pro-elements/modules/theme-builder/classes/?C=N;O=A HTTP/2.0" 200 2516 "-" "Mozilla/5.0 AppleWebKit/537.36 (KHTML, like Gecko; compatible; GPTBot/1.3; +https://openai.com/gptbot)"
74.7.227.62 - - [16/Dec/2025:07:56:27 -0500] "GET /wp-content/plugins/pro-elements/modules/theme-builder/classes/?C=D;O=D HTTP/2.0" 200 2516 "-" "Mozilla/5.0 AppleWebKit/537.36 (KHTML, like Gecko; compatible; GPTBot/1.3; +https://openai.com/gptbot)"
74.7.227.62 - - [16/Dec/2025:07:56:27 -0500] "GET /wp-content/plugins/pro-elements/modules/payments/ HTTP/2.0" 200 1291 "-" "Mozilla/5.0 AppleWebKit/537.36 (KHTML, like Gecko; compatible; GPTBot/1.3; +https://openai.com/gptbot)"
74.7.227.62 - - [16/Dec/2025:07:56:28 -0500] "GET /wp-content/plugins/pro-elements/modules/animated-headline/?C=D;O=D HTTP/2.0" 200 1133 "-" "Mozilla/5.0 AppleWebKit/537.36 (KHTML, like Gecko; compatible; GPTBot/1.3; +https://openai.com/gptbot)"
74.7.227.62 - - [16/Dec/2025:07:56:29 -0500] "GET /wp-content/plugins/pro-elements/modules/custom-attributes/?C=D;O=D HTTP/2.0" 200 957 "-" "Mozilla/5.0 AppleWebKit/537.36 (KHTML, like Gecko; compatible; GPTBot/1.3; +https://openai.com/gptbot)"
74.7.227.62 - - [16/Dec/2025:07:56:29 -0500] "GET /wp-content/plugins/pro-elements/vendor_prefixed/?C=D;O=D HTTP/2.0" 200 1274 "-" "Mozilla/5.0 AppleWebKit/537.36 (KHTML, like Gecko; compatible; GPTBot/1.3; +https://openai.com/gptbot)"
74.7.227.62 - - [16/Dec/2025:07:56:30 -0500] "GET /wp-content/plugins/pro-elements/vendor_prefixed/?C=N;O=A HTTP/2.0" 200 1274 "-" "Mozilla/5.0 AppleWebKit/537.36 (KHTML, like Gecko; compatible; GPTBot/1.3; +https://openai.com/gptbot)"
74.7.227.62 - - [16/Dec/2025:07:56:30 -0500] "GET /wp-content/plugins/pro-elements/vendor_prefixed/?C=S;O=D HTTP/2.0" 200 1274 "-" "Mozilla/5.0 AppleWebKit/537.36 (KHTML, like Gecko; compatible; GPTBot/1.3; +https://openai.com/gptbot)"
74.7.227.62 - - [16/Dec/2025:07:56:31 -0500] "GET /wp-content/plugins/pro-elements/vendor_prefixed/?C=M;O=D HTTP/2.0" 200 1274 "-" "Mozilla/5.0 AppleWebKit/537.36 (KHTML, like Gecko; compatible; GPTBot/1.3; +https://openai.com/gptbot)"
74.7.227.62 - - [16/Dec/2025:07:56:31 -0500] "GET /wp-content/plugins/pro-elements/modules/announcements/?C=M;O=A HTTP/2.0" 200 1126 "-" "Mozilla/5.0 AppleWebKit/537.36 (KHTML, like Gecko; compatible; GPTBot/1.3; +https://openai.com/gptbot)"
74.7.227.62 - - [16/Dec/2025:07:56:32 -0500] "GET /wp-content/plugins/pro-elements/modules/announcements/?C=N;O=D HTTP/2.0" 200 1126 "-" "Mozilla/5.0 AppleWebKit/537.36 (KHTML, like Gecko; compatible; GPTBot/1.3; +https://openai.com/gptbot)"
74.7.227.62 - - [16/Dec/2025:07:56:32 -0500] "GET /wp-content/plugins/pro-elements/modules/announcements/?C=D;O=A HTTP/2.0" 200 1126 "-" "Mozilla/5.0 AppleWebKit/537.36 (KHTML, like Gecko; compatible; GPTBot/1.3; +https://openai.com/gptbot)"
74.7.227.62 - - [16/Dec/2025:07:56:33 -0500] "GET /wp-content/plugins/pro-elements/modules/announcements/?C=S;O=A HTTP/2.0" 200 1126 "-" "Mozilla/5.0 AppleWebKit/537.36 (KHTML, like Gecko; compatible; GPTBot/1.3; +https://openai.com/gptbot)"
74.7.227.62 - - [16/Dec/2025:07:56:33 -0500] "GET /wp-content/plugins/pro-elements/modules/payments/?C=N;O=D HTTP/2.0" 200 1291 "-" "Mozilla/5.0 AppleWebKit/537.36 (KHTML, like Gecko; compatible; GPTBot/1.3; +https://openai.com/gptbot)"
74.7.227.62 - - [16/Dec/2025:07:56:34 -0500] "GET /wp-content/plugins/pro-elements/modules/payments/?C=D;O=A HTTP/2.0" 200 1291 "-" "Mozilla/5.0 AppleWebKit/537.36 (KHTML, like Gecko; compatible; GPTBot/1.3; +https://openai.com/gptbot)"
74.7.227.62 - - [16/Dec/2025:07:56:34 -0500] "GET /wp-content/plugins/pro-elements/modules/payments/?C=S;O=A HTTP/2.0" 200 1291 "-" "Mozilla/5.0 AppleWebKit/537.36 (KHTML, like Gecko; compatible; GPTBot/1.3; +https://openai.com/gptbot)"
74.7.227.62 - - [16/Dec/2025:07:56:35 -0500] "GET /wp-content/plugins/pro-elements/modules/payments/?C=M;O=A HTTP/2.0" 200 1291 "-" "Mozilla/5.0 AppleWebKit/537.36 (KHTML, like Gecko; compatible; GPTBot/1.3; +https://openai.com/gptbot)"
74.7.227.62 - - [16/Dec/2025:07:56:35 -0500] "GET /wp-content/plugins/pro-elements/modules/payments/module.php HTTP/2.0" 200 - "-" "Mozilla/5.0 AppleWebKit/537.36 (KHTML, like Gecko; compatible; GPTBot/1.3; +https://openai.com/gptbot)"
74.7.227.62 - - [16/Dec/2025:07:56:36 -0500] "GET /wp-content/plugins/pro-elements/modules/payments/widgets/ HTTP/2.0" 200 1156 "-" "Mozilla/5.0 AppleWebKit/537.36 (KHTML, like Gecko; compatible; GPTBot/1.3; +https://openai.com/gptbot)"
74.7.227.62 - - [16/Dec/2025:07:56:36 -0500] "GET /wp-content/plugins/pro-elements/modules/payments/classes/ HTTP/2.0" 200 1158 "-" "Mozilla/5.0 AppleWebKit/537.36 (KHTML, like Gecko; compatible; GPTBot/1.3; +https://openai.com/gptbot)"
74.7.227.62 - - [16/Dec/2025:07:56:37 -0500] "GET /wp-content/plugins/pro-elements/modules/announcements/?C=N;O=A HTTP/2.0" 200 1126 "-" "Mozilla/5.0 AppleWebKit/537.36 (KHTML, like Gecko; compatible; GPTBot/1.3; +https://openai.com/gptbot)"
74.7.227.62 - - [16/Dec/2025:07:56:38 -0500] "GET /wp-content/plugins/pro-elements/modules/announcements/?C=M;O=D HTTP/2.0" 200 1126 "-" "Mozilla/5.0 AppleWebKit/537.36 (KHTML, like Gecko; compatible; GPTBot/1.3; +https://openai.com/gptbot)"
74.7.227.62 - - [16/Dec/2025:07:56:38 -0500] "GET /wp-content/plugins/pro-elements/assets/js/woocommerce-my-account.4e940a8b4a52d1c98c5c.bundle.min.js HTTP/2.0" 200 6226 "-" "Mozilla/5.0 AppleWebKit/537.36 (KHTML, like Gecko; compatible; GPTBot/1.3; +https://openai.com/gptbot)"
74.7.227.62 - - [16/Dec/2025:07:56:39 -0500] "GET /wp-content/plugins/pro-elements/modules/announcements/?C=S;O=D HTTP/2.0" 200 1126 "-" "Mozilla/5.0 AppleWebKit/537.36 (KHTML, like Gecko; compatible; GPTBot/1.3; +https://openai.com/gptbot)"
74.7.227.62 - - [16/Dec/2025:07:56:39 -0500] "GET /wp-content/plugins/pro-elements/modules/payments/?C=N;O=A HTTP/2.0" 200 1291 "-" "Mozilla/5.0 AppleWebKit/537.36 (KHTML, like Gecko; compatible; GPTBot/1.3; +https://openai.com/gptbot)"
74.7.227.62 - - [16/Dec/2025:07:56:40 -0500] "GET /wp-content/plugins/pro-elements/modules/payments/?C=D;O=D HTTP/2.0" 200 1291 "-" "Mozilla/5.0 AppleWebKit/537.36 (KHTML, like Gecko; compatible; GPTBot/1.3; +https://openai.com/gptbot)"
74.7.227.62 - - [16/Dec/2025:07:56:40 -0500] "GET /wp-content/plugins/pro-elements/modules/payments/?C=S;O=D HTTP/2.0" 200 1291 "-" "Mozilla/5.0 AppleWebKit/537.36 (KHTML, like Gecko; compatible; GPTBot/1.3; +https://openai.com/gptbot)"
74.7.227.62 - - [16/Dec/2025:07:56:41 -0500] "GET /wp-content/plugins/pro-elements/modules/payments/?C=M;O=D HTTP/2.0" 200 1291 "-" "Mozilla/5.0 AppleWebKit/537.36 (KHTML, like Gecko; compatible; GPTBot/1.3; +https://openai.com/gptbot)"
74.7.227.62 - - [16/Dec/2025:07:56:41 -0500] "GET /wp-content/plugins/pro-elements/assets/js/share-buttons.63d984f8c96d1e053bc0.bundle.min.js HTTP/2.0" 200 1576 "-" "Mozilla/5.0 AppleWebKit/537.36 (KHTML, like Gecko; compatible; GPTBot/1.3; +https://openai.com/gptbot)"
74.7.227.62 - - [16/Dec/2025:07:56:42 -0500] "GET /wp-content/plugins/pro-elements/modules/payments/widgets/paypal-button.php HTTP/2.0" 200 - "-" "Mozilla/5.0 AppleWebKit/537.36 (KHTML, like Gecko; compatible; GPTBot/1.3; +https://openai.com/gptbot)"
74.7.227.62 - - [16/Dec/2025:07:56:42 -0500] "GET /wp-content/plugins/pro-elements/modules/payments/classes/?C=N;O=D HTTP/2.0" 200 1158 "-" "Mozilla/5.0 AppleWebKit/537.36 (KHTML, like Gecko; compatible; GPTBot/1.3; +https://openai.com/gptbot)"
74.7.227.62 - - [16/Dec/2025:07:56:43 -0500] "GET /wp-content/plugins/pro-elements/modules/payments/classes/?C=D;O=A HTTP/2.0" 200 1158 "-" "Mozilla/5.0 AppleWebKit/537.36 (KHTML, like Gecko; compatible; GPTBot/1.3; +https://openai.com/gptbot)"
74.7.227.62 - - [16/Dec/2025:07:56:43 -0500] "GET /wp-content/plugins/pro-elements/modules/payments/classes/?C=S;O=A HTTP/2.0" 200 1158 "-" "Mozilla/5.0 AppleWebKit/537.36 (KHTML, like Gecko; compatible; GPTBot/1.3; +https://openai.com/gptbot)"
74.7.227.62 - - [16/Dec/2025:07:56:44 -0500] "GET /wp-content/plugins/pro-elements/modules/payments/classes/?C=M;O=A HTTP/2.0" 200 1158 "-" "Mozilla/5.0 AppleWebKit/537.36 (KHTML, like Gecko; compatible; GPTBot/1.3; +https://openai.com/gptbot)"
74.7.227.62 - - [16/Dec/2025:07:56:44 -0500] "GET /wp-content/plugins/pro-elements/modules/payments/widgets/stripe-button.php HTTP/2.0" 200 - "-" "Mozilla/5.0 AppleWebKit/537.36 (KHTML, like Gecko; compatible; GPTBot/1.3; +https://openai.com/gptbot)"
74.7.227.62 - - [16/Dec/2025:07:56:45 -0500] "GET /wp-content/plugins/pro-elements/modules/payments/classes/stripe-handler.php HTTP/2.0" 200 - "-" "Mozilla/5.0 AppleWebKit/537.36 (KHTML, like Gecko; compatible; GPTBot/1.3; +https://openai.com/gptbot)"
74.7.227.62 - - [16/Dec/2025:07:56:45 -0500] "GET /wp-content/plugins/pro-elements/modules/theme-builder/widgets/?C=S;O=A HTTP/2.0" 200 2646 "-" "Mozilla/5.0 AppleWebKit/537.36 (KHTML, like Gecko; compatible; GPTBot/1.3; +https://openai.com/gptbot)"
74.7.227.62 - - [16/Dec/2025:07:56:46 -0500] "GET /wp-content/plugins/pro-elements/modules/theme-builder/widgets/?C=N;O=D HTTP/2.0" 200 2646 "-" "Mozilla/5.0 AppleWebKit/537.36 (KHTML, like Gecko; compatible; GPTBot/1.3; +https://openai.com/gptbot)"
74.7.227.62 - - [16/Dec/2025:07:56:47 -0500] "GET /wp-content/plugins/pro-elements/modules/theme-builder/widgets/?C=M;O=A HTTP/2.0" 200 2646 "-" "Mozilla/5.0 AppleWebKit/537.36 (KHTML, like Gecko; compatible; GPTBot/1.3; +https://openai.com/gptbot)"
74.7.227.62 - - [16/Dec/2025:07:56:47 -0500] "GET /wp-content/plugins/pro-elements/modules/floating-buttons/base/?C=D;O=D HTTP/2.0" 200 1213 "-" "Mozilla/5.0 AppleWebKit/537.36 (KHTML, like Gecko; compatible; GPTBot/1.3; +https://openai.com/gptbot)"
74.7.227.62 - - [16/Dec/2025:07:56:48 -0500] "GET /wp-content/plugins/pro-elements/modules/theme-builder/classes/?C=S;O=A HTTP/2.0" 200 2516 "-" "Mozilla/5.0 AppleWebKit/537.36 (KHTML, like Gecko; compatible; GPTBot/1.3; +https://openai.com/gptbot)"
74.7.227.62 - - [16/Dec/2025:07:56:48 -0500] "GET /wp-content/plugins/pro-elements/modules/payments/classes/?C=N;O=A HTTP/2.0" 200 1158 "-" "Mozilla/5.0 AppleWebKit/537.36 (KHTML, like Gecko; compatible; GPTBot/1.3; +https://openai.com/gptbot)"
74.7.227.62 - - [16/Dec/2025:07:56:49 -0500] "GET /wp-content/plugins/pro-elements/modules/payments/classes/?C=D;O=D HTTP/2.0" 200 1158 "-" "Mozilla/5.0 AppleWebKit/537.36 (KHTML, like Gecko; compatible; GPTBot/1.3; +https://openai.com/gptbot)"
74.7.227.62 - - [16/Dec/2025:07:56:49 -0500] "GET /wp-content/plugins/pro-elements/modules/payments/classes/?C=S;O=D HTTP/2.0" 200 1158 "-" "Mozilla/5.0 AppleWebKit/537.36 (KHTML, like Gecko; compatible; GPTBot/1.3; +https://openai.com/gptbot)"
74.7.227.62 - - [16/Dec/2025:07:56:50 -0500] "GET /wp-content/plugins/pro-elements/modules/payments/classes/?C=M;O=D HTTP/2.0" 200 1158 "-" "Mozilla/5.0 AppleWebKit/537.36 (KHTML, like Gecko; compatible; GPTBot/1.3; +https://openai.com/gptbot)"
74.7.227.62 - - [16/Dec/2025:07:56:50 -0500] "GET /wp-content/plugins/pro-elements/modules/theme-builder/classes/?C=M;O=D HTTP/2.0" 200 2516 "-" "Mozilla/5.0 AppleWebKit/537.36 (KHTML, like Gecko; compatible; GPTBot/1.3; +https://openai.com/gptbot)"
74.7.227.62 - - [16/Dec/2025:07:56:51 -0500] "GET /wp-content/plugins/pro-elements/license/admin.php HTTP/2.0" 200 - "-" "Mozilla/5.0 AppleWebKit/537.36 (KHTML, like Gecko; compatible; GPTBot/1.3; +https://openai.com/gptbot)"
74.7.227.62 - - [16/Dec/2025:07:56:51 -0500] "GET /wp-content/plugins/pro-elements/modules/theme-builder/widgets/?C=S;O=D HTTP/2.0" 200 2646 "-" "Mozilla/5.0 AppleWebKit/537.36 (KHTML, like Gecko; compatible; GPTBot/1.3; +https://openai.com/gptbot)"
74.7.227.62 - - [16/Dec/2025:07:56:52 -0500] "GET /wp-content/plugins/pro-elements/assets/js/loop-filter-editor.46a4c013b80a381a50c9.bundle.js HTTP/2.0" 200 7190 "-" "Mozilla/5.0 AppleWebKit/537.36 (KHTML, like Gecko; compatible; GPTBot/1.3; +https://openai.com/gptbot)"
