74.7.227.62 - - [16/Dec/2025:10:37:34 -0500] "GET /ar/wp-content/plugins/pro-elements/modules/social/classes/facebook-sdk-manager.php HTTP/2.0" 200 - "-" "Mozilla/5.0 AppleWebKit/537.36 (KHTML, like Gecko; compatible; GPTBot/1.3; +https://openai.com/gptbot)"
74.7.227.62 - - [16/Dec/2025:10:37:59 -0500] "GET /ar/wp-content/plugins/pro-elements/modules/social/widgets/facebook-page.php HTTP/2.0" 200 - "-" "Mozilla/5.0 AppleWebKit/537.36 (KHTML, like Gecko; compatible; GPTBot/1.3; +https://openai.com/gptbot)"
50.6.4.141 - - [16/Dec/2025:10:38:13 -0500] "POST /wp-cron.php?doing_wp_cron=1765899493.9748039245605468750000 HTTP/1.1" 200 - "-" "WordPress/6.9; https://emtiyz.com"
103.211.134.164 - - [16/Dec/2025:10:38:13 -0500] "POST /xmlrpc.php HTTP/1.1" 200 403 "-" "Mozilla/5.0 (Windows NT 6.3; x86) AppleWebKit/537.36 (KHTML, like Gecko) Edge/86.0.0.0 Safari/537.36"
74.7.227.62 - - [16/Dec/2025:10:38:23 -0500] "GET /ar/wp-content/plugins/pro-elements/modules/lottie/classes/?C=M;O=A HTTP/2.0" 200 975 "-" "Mozilla/5.0 AppleWebKit/537.36 (KHTML, like Gecko; compatible; GPTBot/1.3; +https://openai.com/gptbot)"
74.7.227.62 - - [16/Dec/2025:10:38:47 -0500] "GET /ar/wp-content/plugins/pro-elements/modules/social/widgets/facebook-comments.php HTTP/2.0" 200 - "-" "Mozilla/5.0 AppleWebKit/537.36 (KHTML, like Gecko; compatible; GPTBot/1.3; +https://openai.com/gptbot)"
74.7.227.62 - - [16/Dec/2025:10:39:05 -0500] "GET /ar/wp-content/plugins/pro-elements/modules/lottie/assets/animations/ HTTP/2.0" 200 996 "-" "Mozilla/5.0 AppleWebKit/537.36 (KHTML, like Gecko; compatible; GPTBot/1.3; +https://openai.com/gptbot)"
50.6.4.141 - - [16/Dec/2025:10:39:06 -0500] "POST /wp-cron.php?doing_wp_cron=1765899546.5659399032592773437500 HTTP/1.1" 200 - "-" "WordPress/6.9; https://emtiyz.com"
157.90.141.166 - - [16/Dec/2025:10:39:06 -0500] "GET /xmlrpc.php HTTP/1.1" 405 42 "-" "Mozilla/5.0 (X11; Linux x86_64) AppleWebKit/537.36 (KHTML, like Gecko) Chrome/141.0.7390.77 Safari/537.36"
92.204.55.244 - - [16/Dec/2025:10:39:06 -0500] "GET /wp-login.php HTTP/1.1" 200 10442 "-" "Mozilla/5.0 (X11; Linux x86_64) AppleWebKit/537.36 (KHTML, like Gecko) Chrome/141.0.7390.77 Safari/537.36"
74.7.227.62 - - [16/Dec/2025:10:39:23 -0500] "GET /ar/wp-content/plugins/pro-elements/modules/social/widgets/?C=N;O=D HTTP/2.0" 200 1536 "-" "Mozilla/5.0 AppleWebKit/537.36 (KHTML, like Gecko; compatible; GPTBot/1.3; +https://openai.com/gptbot)"
74.7.227.62 - - [16/Dec/2025:10:39:39 -0500] "GET /ar/wp-content/plugins/pro-elements/modules/slides/controls/control-slides-animation.php HTTP/2.0" 500 - "-" "Mozilla/5.0 AppleWebKit/537.36 (KHTML, like Gecko; compatible; GPTBot/1.3; +https://openai.com/gptbot)"
74.7.227.62 - - [16/Dec/2025:10:39:53 -0500] "GET /ar/wp-content/plugins/pro-elements/modules/social/widgets/?C=D;O=A HTTP/2.0" 200 1536 "-" "Mozilla/5.0 AppleWebKit/537.36 (KHTML, like Gecko; compatible; GPTBot/1.3; +https://openai.com/gptbot)"
50.6.4.141 - - [16/Dec/2025:10:39:56 -0500] "POST /wp-cron.php?doing_wp_cron=1765899596.0403380393981933593750 HTTP/1.1" 200 - "-" "WordPress/6.9; https://emtiyz.com"
103.211.134.164 - - [16/Dec/2025:10:39:55 -0500] "POST /xmlrpc.php HTTP/1.1" 200 403 "-" "Mozilla/5.0 (Windows NT 6.3; arm64) AppleWebKit/537.36 (KHTML, like Gecko) Safari/14.0.0.0 Safari/537.36"
74.7.227.62 - - [16/Dec/2025:10:40:33 -0500] "GET /ar/wp-content/plugins/pro-elements/modules/social/widgets/?C=S;O=A HTTP/2.0" 200 1536 "-" "Mozilla/5.0 AppleWebKit/537.36 (KHTML, like Gecko; compatible; GPTBot/1.3; +https://openai.com/gptbot)"
74.7.227.62 - - [16/Dec/2025:10:41:11 -0500] "GET /ar/wp-content/plugins/pro-elements/modules/social/widgets/?C=M;O=A HTTP/2.0" 200 1536 "-" "Mozilla/5.0 AppleWebKit/537.36 (KHTML, like Gecko; compatible; GPTBot/1.3; +https://openai.com/gptbot)"
50.6.4.141 - - [16/Dec/2025:10:41:40 -0500] "POST /wp-cron.php?doing_wp_cron=1765899700.4254829883575439453125 HTTP/1.1" 200 - "-" "WordPress/6.9; https://emtiyz.com"
98.94.74.185 - - [16/Dec/2025:10:41:39 -0500] "GET / HTTP/1.1" 301 - "-" "Mozilla/5.0 (Windows NT 10.0; Win64; x64) AppleWebKit/537.36 (KHTML, like Gecko) Chrome/136.0.0.0 Safari/537.36"
74.7.227.62 - - [16/Dec/2025:10:41:43 -0500] "GET /ar/wp-content/plugins/pro-elements/modules/slides/controls/?C=N;O=A HTTP/2.0" 200 990 "-" "Mozilla/5.0 AppleWebKit/537.36 (KHTML, like Gecko; compatible; GPTBot/1.3; +https://openai.com/gptbot)"
103.211.134.164 - - [16/Dec/2025:10:41:44 -0500] "POST /xmlrpc.php HTTP/1.1" 200 403 "-" "Mozilla/5.0 (Windows NT 6.3; x86) AppleWebKit/537.36 (KHTML, like Gecko) Edge/94.0.0.0 Safari/537.36"
54.235.62.55 - - [16/Dec/2025:10:41:44 -0500] "GET /robots.txt HTTP/1.1" 200 153 "-" "Mozilla/5.0 (Windows NT 10.0; Win64; x64) AppleWebKit/537.36 (KHTML, like Gecko) Chrome/136.0.0.0 Safari/537.36"
198.98.51.29 - - [16/Dec/2025:10:41:45 -0500] "GET /wp-login.php HTTP/1.1" 200 10442 "-" "Mozilla/5.0 (Macintosh; Intel Mac OS X 10_9_3) AppleWebKit/537.75.14 (KHTML, like Gecko) Version/7.0.3 Safari/537.75.14"
198.98.51.29 - - [16/Dec/2025:10:41:48 -0500] "POST /wp-login.php HTTP/1.1" 200 10877 "-" "Mozilla/5.0 (Macintosh; Intel Mac OS X 10_9_3) AppleWebKit/537.75.14 (KHTML, like Gecko) Version/7.0.3 Safari/537.75.14"
74.7.227.62 - - [16/Dec/2025:10:42:15 -0500] "GET /ar/wp-content/plugins/pro-elements/modules/slides/controls/?C=M;O=D HTTP/2.0" 200 990 "-" "Mozilla/5.0 AppleWebKit/537.36 (KHTML, like Gecko; compatible; GPTBot/1.3; +https://openai.com/gptbot)"
50.6.4.141 - - [16/Dec/2025:10:42:27 -0500] "POST /wp-cron.php?doing_wp_cron=1765899747.8124790191650390625000 HTTP/1.1" 200 - "-" "WordPress/6.9; https://emtiyz.com"
3.82.202.127 - - [16/Dec/2025:10:42:27 -0500] "GET /favicon.ico HTTP/1.1" 302 - "-" "Mozilla/5.0 (Windows NT 10.0; Win64; x64) AppleWebKit/537.36 (KHTML, like Gecko) Chrome/136.0.0.0 Safari/537.36"
74.7.227.62 - - [16/Dec/2025:10:42:42 -0500] "GET /ar/wp-content/plugins/pro-elements/modules/slides/controls/?C=D;O=D HTTP/2.0" 200 990 "-" "Mozilla/5.0 AppleWebKit/537.36 (KHTML, like Gecko; compatible; GPTBot/1.3; +https://openai.com/gptbot)"
74.7.227.62 - - [16/Dec/2025:10:43:06 -0500] "GET /ar/wp-content/plugins/pro-elements/modules/slides/controls/?C=S;O=D HTTP/2.0" 200 990 "-" "Mozilla/5.0 AppleWebKit/537.36 (KHTML, like Gecko; compatible; GPTBot/1.3; +https://openai.com/gptbot)"
50.6.4.141 - - [16/Dec/2025:10:43:27 -0500] "POST /wp-cron.php?doing_wp_cron=1765899807.4355928897857666015625 HTTP/1.1" 200 - "-" "WordPress/6.9; https://emtiyz.com"
209.141.40.130 - - [16/Dec/2025:10:43:26 -0500] "GET /wp-login.php HTTP/1.1" 200 10442 "-" "Mozilla/5.0 (X11; Linux x86_64) AppleWebKit/537.36 (KHTML, like Gecko) Chrome/36.0.1985.143 Safari/537.36"
74.7.227.62 - - [16/Dec/2025:10:43:28 -0500] "GET /ar/wp-content/plugins/pro-elements/modules/lottie/assets/?C=N;O=D HTTP/2.0" 200 966 "-" "Mozilla/5.0 AppleWebKit/537.36 (KHTML, like Gecko; compatible; GPTBot/1.3; +https://openai.com/gptbot)"
103.211.134.164 - - [16/Dec/2025:10:43:41 -0500] "POST /xmlrpc.php HTTP/1.1" 200 403 "-" "Mozilla/5.0 (Windows NT 6.2; arm64) AppleWebKit/537.36 (KHTML, like Gecko) Opera/66.0.0.0 Safari/537.36"
74.7.227.62 - - [16/Dec/2025:10:43:48 -0500] "GET /ar/wp-content/plugins/pro-elements/modules/lottie/assets/animations/?C=S;O=A HTTP/2.0" 200 996 "-" "Mozilla/5.0 AppleWebKit/537.36 (KHTML, like Gecko; compatible; GPTBot/1.3; +https://openai.com/gptbot)"
209.141.40.130 - - [16/Dec/2025:10:43:55 -0500] "POST /wp-login.php HTTP/1.1" 200 10877 "-" "Mozilla/5.0 (X11; Linux x86_64) AppleWebKit/537.36 (KHTML, like Gecko) Chrome/36.0.1985.143 Safari/537.36"
74.7.227.62 - - [16/Dec/2025:10:44:06 -0500] "GET /ar/wp-content/plugins/pro-elements/modules/lottie/assets/animations/?C=M;O=A HTTP/2.0" 200 996 "-" "Mozilla/5.0 AppleWebKit/537.36 (KHTML, like Gecko; compatible; GPTBot/1.3; +https://openai.com/gptbot)"
74.7.227.62 - - [16/Dec/2025:10:44:22 -0500] "GET /ar/wp-content/plugins/pro-elements/modules/lottie/assets/animations/?C=D;O=A HTTP/2.0" 200 996 "-" "Mozilla/5.0 AppleWebKit/537.36 (KHTML, like Gecko; compatible; GPTBot/1.3; +https://openai.com/gptbot)"
74.7.227.62 - - [16/Dec/2025:10:44:37 -0500] "GET /ar/wp-content/plugins/pro-elements/modules/lottie/assets/animations/?C=N;O=D HTTP/2.0" 200 996 "-" "Mozilla/5.0 AppleWebKit/537.36 (KHTML, like Gecko; compatible; GPTBot/1.3; +https://openai.com/gptbot)"
50.6.4.141 - - [16/Dec/2025:10:44:45 -0500] "POST /wp-cron.php?doing_wp_cron=1765899885.1192400455474853515625 HTTP/1.1" 200 - "-" "WordPress/6.9; https://emtiyz.com"
44.209.113.59 - - [16/Dec/2025:10:44:44 -0500] "GET / HTTP/1.1" 200 375307 "-" "Mozilla/5.0 (Macintosh; Intel Mac OS X 10_15_7) AppleWebKit/537.36 (KHTML, like Gecko) Chrome/124.0.0.0 Safari/537.36"
74.7.227.62 - - [16/Dec/2025:10:44:51 -0500] "GET /ar/wp-content/plugins/pro-elements/modules/social/widgets/?C=N;O=A HTTP/2.0" 200 1536 "-" "Mozilla/5.0 AppleWebKit/537.36 (KHTML, like Gecko; compatible; GPTBot/1.3; +https://openai.com/gptbot)"
74.7.227.62 - - [16/Dec/2025:10:45:03 -0500] "GET /ar/wp-content/plugins/pro-elements/modules/social/widgets/?C=S;O=D HTTP/2.0" 200 1536 "-" "Mozilla/5.0 AppleWebKit/537.36 (KHTML, like Gecko; compatible; GPTBot/1.3; +https://openai.com/gptbot)"
74.7.227.62 - - [16/Dec/2025:10:45:14 -0500] "GET /ar/wp-content/plugins/pro-elements/modules/slides/controls/control-slides-animation.php HTTP/2.0" 500 - "-" "Mozilla/5.0 AppleWebKit/537.36 (KHTML, like Gecko; compatible; GPTBot/1.3; +https://openai.com/gptbot)"
74.7.227.62 - - [16/Dec/2025:10:45:23 -0500] "GET /ar/wp-content/plugins/pro-elements/modules/social/widgets/?C=D;O=D HTTP/2.0" 200 1536 "-" "Mozilla/5.0 AppleWebKit/537.36 (KHTML, like Gecko; compatible; GPTBot/1.3; +https://openai.com/gptbot)"
50.6.4.141 - - [16/Dec/2025:10:45:26 -0500] "POST /wp-cron.php?doing_wp_cron=1765899926.1496560573577880859375 HTTP/1.1" 200 - "-" "WordPress/6.9; https://emtiyz.com"
103.211.134.164 - - [16/Dec/2025:10:45:25 -0500] "POST /xmlrpc.php HTTP/1.1" 200 403 "-" "Mozilla/5.0 (Linux; Android 10; arm64) AppleWebKit/537.36 (KHTML, like Gecko) Firefox/97.0.0.0 Safari/537.36"
74.7.227.62 - - [16/Dec/2025:10:45:51 -0500] "GET /ar/wp-content/plugins/pro-elements/modules/social/widgets/?C=M;O=D HTTP/2.0" 200 1536 "-" "Mozilla/5.0 AppleWebKit/537.36 (KHTML, like Gecko; compatible; GPTBot/1.3; +https://openai.com/gptbot)"
85.208.96.201 - - [16/Dec/2025:10:46:11 -0500] "GET /robots.txt HTTP/1.1" 200 153 "-" "Mozilla/5.0 (compatible; SemrushBot/7~bl; +http://www.semrush.com/bot.html)"
85.208.96.208 - - [16/Dec/2025:10:46:11 -0500] "GET /wp-login.php?_wpnonce=57d2f411cc&action=logout&redirect_to=https%3A%2F%2Femtiyz.com%2Fmy-listing%2F HTTP/1.1" 403 459 "-" "Mozilla/5.0 (compatible; SemrushBot/7~bl; +http://www.semrush.com/bot.html)"
74.7.227.62 - - [16/Dec/2025:10:46:17 -0500] "GET /ar/wp-content/plugins/pro-elements/modules/social/classes/?C=D;O=A HTTP/2.0" 200 984 "-" "Mozilla/5.0 AppleWebKit/537.36 (KHTML, like Gecko; compatible; GPTBot/1.3; +https://openai.com/gptbot)"
74.7.227.62 - - [16/Dec/2025:10:46:40 -0500] "GET /ar/wp-content/plugins/pro-elements/modules/lottie/assets/?C=M;O=A HTTP/2.0" 200 966 "-" "Mozilla/5.0 AppleWebKit/537.36 (KHTML, like Gecko; compatible; GPTBot/1.3; +https://openai.com/gptbot)"
50.6.4.141 - - [16/Dec/2025:10:46:41 -0500] "POST /wp-cron.php?doing_wp_cron=1765900001.7521770000457763671875 HTTP/1.1" 200 - "-" "WordPress/6.9; https://emtiyz.com"
103.211.134.164 - - [16/Dec/2025:10:46:41 -0500] "POST /xmlrpc.php HTTP/1.1" 200 403 "-" "Mozilla/5.0 (X11; Ubuntu; Linux x86_64; x64) AppleWebKit/537.36 (KHTML, like Gecko) Chrome/82.0.0.0 Safari/537.36"
74.7.227.62 - - [16/Dec/2025:10:47:01 -0500] "GET /ar/wp-content/plugins/pro-elements/modules/lottie/assets/animations/?C=S;O=D HTTP/2.0" 200 996 "-" "Mozilla/5.0 AppleWebKit/537.36 (KHTML, like Gecko; compatible; GPTBot/1.3; +https://openai.com/gptbot)"
74.7.227.62 - - [16/Dec/2025:10:47:19 -0500] "GET /ar/wp-content/plugins/pro-elements/modules/lottie/assets/animations/?C=M;O=D HTTP/2.0" 200 996 "-" "Mozilla/5.0 AppleWebKit/537.36 (KHTML, like Gecko; compatible; GPTBot/1.3; +https://openai.com/gptbot)"
74.7.227.62 - - [16/Dec/2025:10:47:36 -0500] "GET /ar/wp-content/plugins/pro-elements/modules/lottie/assets/animations/?C=D;O=D HTTP/2.0" 200 996 "-" "Mozilla/5.0 AppleWebKit/537.36 (KHTML, like Gecko; compatible; GPTBot/1.3; +https://openai.com/gptbot)"
74.7.227.62 - - [16/Dec/2025:10:47:52 -0500] "GET /ar/wp-content/plugins/pro-elements/modules/lottie/assets/animations/?C=N;O=A HTTP/2.0" 200 996 "-" "Mozilla/5.0 AppleWebKit/537.36 (KHTML, like Gecko; compatible; GPTBot/1.3; +https://openai.com/gptbot)"
74.7.227.62 - - [16/Dec/2025:10:48:05 -0500] "GET /ar/wp-content/plugins/pro-elements/modules/lottie/classes/?C=S;O=A HTTP/2.0" 200 975 "-" "Mozilla/5.0 AppleWebKit/537.36 (KHTML, like Gecko; compatible; GPTBot/1.3; +https://openai.com/gptbot)"
74.7.227.62 - - [16/Dec/2025:10:48:18 -0500] "GET /ar/wp-content/plugins/pro-elements/modules/social/classes/?C=M;O=A HTTP/2.0" 200 984 "-" "Mozilla/5.0 AppleWebKit/537.36 (KHTML, like Gecko; compatible; GPTBot/1.3; +https://openai.com/gptbot)"
50.6.4.141 - - [16/Dec/2025:10:48:29 -0500] "POST /wp-cron.php?doing_wp_cron=1765900109.3226759433746337890625 HTTP/1.1" 200 - "-" "WordPress/6.9; https://emtiyz.com"
103.211.134.164 - - [16/Dec/2025:10:48:28 -0500] "POST /xmlrpc.php HTTP/1.1" 200 403 "-" "Mozilla/5.0 (Linux; Android 10; arm64) AppleWebKit/537.36 (KHTML, like Gecko) Opera/60.0.0.0 Safari/537.36"
74.7.227.62 - - [16/Dec/2025:10:48:30 -0500] "GET /ar/wp-content/plugins/pro-elements/modules/lottie/classes/?C=N;O=D HTTP/2.0" 200 975 "-" "Mozilla/5.0 AppleWebKit/537.36 (KHTML, like Gecko; compatible; GPTBot/1.3; +https://openai.com/gptbot)"
74.7.227.62 - - [16/Dec/2025:10:48:39 -0500] "GET /ar/wp-content/plugins/pro-elements/modules/slides/widgets/?C=N;O=D HTTP/2.0" 200 967 "-" "Mozilla/5.0 AppleWebKit/537.36 (KHTML, like Gecko; compatible; GPTBot/1.3; +https://openai.com/gptbot)"
74.7.227.62 - - [16/Dec/2025:10:48:48 -0500] "GET /ar/wp-content/plugins/pro-elements/modules/slides/widgets/?C=S;O=A HTTP/2.0" 200 967 "-" "Mozilla/5.0 AppleWebKit/537.36 (KHTML, like Gecko; compatible; GPTBot/1.3; +https://openai.com/gptbot)"
74.7.227.62 - - [16/Dec/2025:10:48:56 -0500] "GET /ar/wp-content/plugins/pro-elements/modules/social/classes/?C=N;O=A HTTP/2.0" 200 984 "-" "Mozilla/5.0 AppleWebKit/537.36 (KHTML, like Gecko; compatible; GPTBot/1.3; +https://openai.com/gptbot)"
74.7.227.62 - - [16/Dec/2025:10:49:03 -0500] "GET /ar/wp-content/plugins/pro-elements/modules/lottie/classes/?C=M;O=D HTTP/2.0" 200 975 "-" "Mozilla/5.0 AppleWebKit/537.36 (KHTML, like Gecko; compatible; GPTBot/1.3; +https://openai.com/gptbot)"
74.7.227.62 - - [16/Dec/2025:10:49:09 -0500] "GET /ar/wp-content/plugins/pro-elements/modules/social/classes/?C=S;O=A HTTP/2.0" 200 984 "-" "Mozilla/5.0 AppleWebKit/537.36 (KHTML, like Gecko; compatible; GPTBot/1.3; +https://openai.com/gptbot)"
74.7.227.62 - - [16/Dec/2025:10:49:15 -0500] "GET /ar/wp-content/plugins/pro-elements/modules/slides/widgets/?C=D;O=A HTTP/2.0" 200 967 "-" "Mozilla/5.0 AppleWebKit/537.36 (KHTML, like Gecko; compatible; GPTBot/1.3; +https://openai.com/gptbot)"
74.7.227.62 - - [16/Dec/2025:10:49:21 -0500] "GET /ar/wp-content/plugins/pro-elements/modules/lottie/assets/?C=D;O=A HTTP/2.0" 200 966 "-" "Mozilla/5.0 AppleWebKit/537.36 (KHTML, like Gecko; compatible; GPTBot/1.3; +https://openai.com/gptbot)"
74.7.227.62 - - [16/Dec/2025:10:49:25 -0500] "GET /ar/wp-content/plugins/pro-elements/modules/lottie/assets/?C=N;O=A HTTP/2.0" 200 966 "-" "Mozilla/5.0 AppleWebKit/537.36 (KHTML, like Gecko; compatible; GPTBot/1.3; +https://openai.com/gptbot)"
74.7.227.62 - - [16/Dec/2025:10:49:30 -0500] "GET /ar/wp-content/plugins/pro-elements/modules/lottie/classes/?C=S;O=D HTTP/2.0" 200 975 "-" "Mozilla/5.0 AppleWebKit/537.36 (KHTML, like Gecko; compatible; GPTBot/1.3; +https://openai.com/gptbot)"
74.7.227.62 - - [16/Dec/2025:10:49:33 -0500] "GET /ar/wp-content/plugins/pro-elements/modules/social/classes/?C=M;O=D HTTP/2.0" 200 984 "-" "Mozilla/5.0 AppleWebKit/537.36 (KHTML, like Gecko; compatible; GPTBot/1.3; +https://openai.com/gptbot)"
74.7.227.62 - - [16/Dec/2025:10:49:37 -0500] "GET /ar/wp-content/plugins/pro-elements/modules/social/classes/?C=D;O=D HTTP/2.0" 200 984 "-" "Mozilla/5.0 AppleWebKit/537.36 (KHTML, like Gecko; compatible; GPTBot/1.3; +https://openai.com/gptbot)"
74.7.227.62 - - [16/Dec/2025:10:49:40 -0500] "GET /ar/wp-content/plugins/pro-elements/modules/slides/widgets/?C=N;O=A HTTP/2.0" 200 967 "-" "Mozilla/5.0 AppleWebKit/537.36 (KHTML, like Gecko; compatible; GPTBot/1.3; +https://openai.com/gptbot)"
74.7.227.62 - - [16/Dec/2025:10:49:43 -0500] "GET /ar/wp-content/plugins/pro-elements/modules/slides/widgets/?C=S;O=D HTTP/2.0" 200 967 "-" "Mozilla/5.0 AppleWebKit/537.36 (KHTML, like Gecko; compatible; GPTBot/1.3; +https://openai.com/gptbot)"
74.7.227.62 - - [16/Dec/2025:10:49:46 -0500] "GET /ar/wp-content/plugins/pro-elements/modules/lottie/classes/?C=N;O=A HTTP/2.0" 200 975 "-" "Mozilla/5.0 AppleWebKit/537.36 (KHTML, like Gecko; compatible; GPTBot/1.3; +https://openai.com/gptbot)"
74.7.227.62 - - [16/Dec/2025:10:49:48 -0500] "GET /ar/wp-content/plugins/pro-elements/modules/lottie/widgets/?C=N;O=D HTTP/2.0" 200 967 "-" "Mozilla/5.0 AppleWebKit/537.36 (KHTML, like Gecko; compatible; GPTBot/1.3; +https://openai.com/gptbot)"
74.7.227.62 - - [16/Dec/2025:10:49:50 -0500] "GET /ar/wp-content/plugins/pro-elements/modules/slides/widgets/?C=M;O=A HTTP/2.0" 200 967 "-" "Mozilla/5.0 AppleWebKit/537.36 (KHTML, like Gecko; compatible; GPTBot/1.3; +https://openai.com/gptbot)"
74.7.227.62 - - [16/Dec/2025:10:49:52 -0500] "GET /ar/wp-content/plugins/pro-elements/modules/slides/widgets/?C=D;O=D HTTP/2.0" 200 967 "-" "Mozilla/5.0 AppleWebKit/537.36 (KHTML, like Gecko; compatible; GPTBot/1.3; +https://openai.com/gptbot)"
74.7.227.62 - - [16/Dec/2025:10:49:53 -0500] "GET /ar/wp-content/plugins/pro-elements/modules/lottie/widgets/?C=D;O=A HTTP/2.0" 200 967 "-" "Mozilla/5.0 AppleWebKit/537.36 (KHTML, like Gecko; compatible; GPTBot/1.3; +https://openai.com/gptbot)"
74.7.227.62 - - [16/Dec/2025:10:49:55 -0500] "GET /ar/wp-content/plugins/pro-elements/modules/lottie/widgets/?C=M;O=D HTTP/2.0" 200 967 "-" "Mozilla/5.0 AppleWebKit/537.36 (KHTML, like Gecko; compatible; GPTBot/1.3; +https://openai.com/gptbot)"
74.7.227.62 - - [16/Dec/2025:10:49:56 -0500] "GET /ar/wp-content/plugins/pro-elements/modules/lottie/assets/?C=S;O=A HTTP/2.0" 200 966 "-" "Mozilla/5.0 AppleWebKit/537.36 (KHTML, like Gecko; compatible; GPTBot/1.3; +https://openai.com/gptbot)"
74.7.227.62 - - [16/Dec/2025:10:49:57 -0500] "GET /ar/wp-content/plugins/pro-elements/modules/lottie/widgets/?C=N;O=A HTTP/2.0" 200 967 "-" "Mozilla/5.0 AppleWebKit/537.36 (KHTML, like Gecko; compatible; GPTBot/1.3; +https://openai.com/gptbot)"
74.7.227.62 - - [16/Dec/2025:10:49:59 -0500] "GET /ar/wp-content/plugins/pro-elements/modules/lottie/classes/?C=D;O=A HTTP/2.0" 200 975 "-" "Mozilla/5.0 AppleWebKit/537.36 (KHTML, like Gecko; compatible; GPTBot/1.3; +https://openai.com/gptbot)"
74.7.227.62 - - [16/Dec/2025:10:50:00 -0500] "GET /ar/wp-content/plugins/pro-elements/modules/social/classes/?C=S;O=D HTTP/2.0" 200 984 "-" "Mozilla/5.0 AppleWebKit/537.36 (KHTML, like Gecko; compatible; GPTBot/1.3; +https://openai.com/gptbot)"
74.7.227.62 - - [16/Dec/2025:10:50:00 -0500] "GET /ar/wp-content/plugins/pro-elements/modules/lottie/assets/?C=M;O=D HTTP/2.0" 200 966 "-" "Mozilla/5.0 AppleWebKit/537.36 (KHTML, like Gecko; compatible; GPTBot/1.3; +https://openai.com/gptbot)"
74.7.227.62 - - [16/Dec/2025:10:50:01 -0500] "GET /ar/wp-content/plugins/pro-elements/modules/social/classes/?C=N;O=D HTTP/2.0" 200 984 "-" "Mozilla/5.0 AppleWebKit/537.36 (KHTML, like Gecko; compatible; GPTBot/1.3; +https://openai.com/gptbot)"
74.7.227.62 - - [16/Dec/2025:10:50:02 -0500] "GET /ar/wp-content/plugins/pro-elements/modules/lottie/widgets/?C=S;O=A HTTP/2.0" 200 967 "-" "Mozilla/5.0 AppleWebKit/537.36 (KHTML, like Gecko; compatible; GPTBot/1.3; +https://openai.com/gptbot)"
74.7.227.62 - - [16/Dec/2025:10:50:03 -0500] "GET /ar/wp-content/plugins/pro-elements/modules/slides/widgets/?C=M;O=D HTTP/2.0" 200 967 "-" "Mozilla/5.0 AppleWebKit/537.36 (KHTML, like Gecko; compatible; GPTBot/1.3; +https://openai.com/gptbot)"
74.7.227.62 - - [16/Dec/2025:10:50:03 -0500] "GET /ar/wp-content/plugins/pro-elements/modules/slides/widgets/slides.php HTTP/2.0" 200 - "-" "Mozilla/5.0 AppleWebKit/537.36 (KHTML, like Gecko; compatible; GPTBot/1.3; +https://openai.com/gptbot)"
50.6.4.141 - - [16/Dec/2025:10:50:04 -0500] "POST /wp-cron.php?doing_wp_cron=1765900204.2293090820312500000000 HTTP/1.1" 200 - "-" "WordPress/6.9; https://emtiyz.com"
103.211.134.164 - - [16/Dec/2025:10:50:03 -0500] "POST /xmlrpc.php HTTP/1.1" 200 403 "-" "Mozilla/5.0 (X11; Ubuntu; Linux x86_64; arm64) AppleWebKit/537.36 (KHTML, like Gecko) Chrome/105.0.0.0 Safari/537.36"
74.7.227.62 - - [16/Dec/2025:10:50:04 -0500] "GET /ar/wp-content/plugins/pro-elements/modules/lottie/widgets/?C=D;O=D HTTP/2.0" 200 967 "-" "Mozilla/5.0 AppleWebKit/537.36 (KHTML, like Gecko; compatible; GPTBot/1.3; +https://openai.com/gptbot)"
74.7.227.62 - - [16/Dec/2025:10:50:04 -0500] "GET /ar/wp-content/plugins/pro-elements/modules/lottie/classes/caption-helper.php HTTP/2.0" 200 - "-" "Mozilla/5.0 AppleWebKit/537.36 (KHTML, like Gecko; compatible; GPTBot/1.3; +https://openai.com/gptbot)"
74.7.227.62 - - [16/Dec/2025:10:50:05 -0500] "GET /ar/wp-content/plugins/pro-elements/modules/lottie/assets/?C=S;O=D HTTP/2.0" 200 966 "-" "Mozilla/5.0 AppleWebKit/537.36 (KHTML, like Gecko; compatible; GPTBot/1.3; +https://openai.com/gptbot)"
74.7.227.62 - - [16/Dec/2025:10:50:05 -0500] "GET /ar/wp-content/plugins/pro-elements/modules/lottie/assets/?C=D;O=D HTTP/2.0" 200 966 "-" "Mozilla/5.0 AppleWebKit/537.36 (KHTML, like Gecko; compatible; GPTBot/1.3; +https://openai.com/gptbot)"
74.7.227.62 - - [16/Dec/2025:10:50:06 -0500] "GET /ar/wp-content/plugins/pro-elements/modules/lottie/classes/?C=D;O=D HTTP/2.0" 200 975 "-" "Mozilla/5.0 AppleWebKit/537.36 (KHTML, like Gecko; compatible; GPTBot/1.3; +https://openai.com/gptbot)"
74.7.227.62 - - [16/Dec/2025:10:50:06 -0500] "GET /ar/wp-content/plugins/pro-elements/modules/social/widgets/facebook-button.php HTTP/2.0" 200 - "-" "Mozilla/5.0 AppleWebKit/537.36 (KHTML, like Gecko; compatible; GPTBot/1.3; +https://openai.com/gptbot)"
74.7.227.62 - - [16/Dec/2025:10:50:07 -0500] "GET /ar/wp-content/plugins/elementor/modules/safe-mode/mu-plugin/ HTTP/2.0" 200 984 "-" "Mozilla/5.0 AppleWebKit/537.36 (KHTML, like Gecko; compatible; GPTBot/1.3; +https://openai.com/gptbot)"
74.7.227.62 - - [16/Dec/2025:10:50:07 -0500] "GET /ar/wp-content/plugins/pro-elements/modules/lottie/module.php HTTP/2.0" 200 - "-" "Mozilla/5.0 AppleWebKit/537.36 (KHTML, like Gecko; compatible; GPTBot/1.3; +https://openai.com/gptbot)"
74.7.227.62 - - [16/Dec/2025:10:50:08 -0500] "GET /ar/wp-content/plugins/pro-elements/modules/lottie/widgets/?C=S;O=D HTTP/2.0" 200 967 "-" "Mozilla/5.0 AppleWebKit/537.36 (KHTML, like Gecko; compatible; GPTBot/1.3; +https://openai.com/gptbot)"
74.7.227.62 - - [16/Dec/2025:10:50:09 -0500] "GET /ar/wp-content/plugins/pro-elements/modules/social/widgets/facebook-embed.php HTTP/2.0" 200 - "-" "Mozilla/5.0 AppleWebKit/537.36 (KHTML, like Gecko; compatible; GPTBot/1.3; +https://openai.com/gptbot)"
74.7.227.62 - - [16/Dec/2025:10:50:09 -0500] "GET /ar/wp-content/plugins/pro-elements/modules/social/?C=S;O=A HTTP/2.0" 200 1296 "-" "Mozilla/5.0 AppleWebKit/537.36 (KHTML, like Gecko; compatible; GPTBot/1.3; +https://openai.com/gptbot)"
74.7.227.62 - - [16/Dec/2025:10:50:10 -0500] "GET /ar/wp-content/plugins/elementor/modules/safe-mode/?C=M;O=A HTTP/2.0" 200 1119 "-" "Mozilla/5.0 AppleWebKit/537.36 (KHTML, like Gecko; compatible; GPTBot/1.3; +https://openai.com/gptbot)"
74.7.227.62 - - [16/Dec/2025:10:50:10 -0500] "GET /ar/wp-content/plugins/pro-elements/modules/social/?C=N;O=D HTTP/2.0" 200 1296 "-" "Mozilla/5.0 AppleWebKit/537.36 (KHTML, like Gecko; compatible; GPTBot/1.3; +https://openai.com/gptbot)"
74.7.227.62 - - [16/Dec/2025:10:50:11 -0500] "GET /ar/wp-content/plugins/elementor/modules/safe-mode/?C=D;O=A HTTP/2.0" 200 1119 "-" "Mozilla/5.0 AppleWebKit/537.36 (KHTML, like Gecko; compatible; GPTBot/1.3; +https://openai.com/gptbot)"
74.7.227.62 - - [16/Dec/2025:10:50:11 -0500] "GET /ar/wp-content/plugins/pro-elements/modules/social/?C=D;O=A HTTP/2.0" 200 1296 "-" "Mozilla/5.0 AppleWebKit/537.36 (KHTML, like Gecko; compatible; GPTBot/1.3; +https://openai.com/gptbot)"
74.7.227.62 - - [16/Dec/2025:10:50:12 -0500] "GET /ar/wp-content/plugins/pro-elements/modules/social/?C=M;O=A HTTP/2.0" 200 1296 "-" "Mozilla/5.0 AppleWebKit/537.36 (KHTML, like Gecko; compatible; GPTBot/1.3; +https://openai.com/gptbot)"
74.7.227.62 - - [16/Dec/2025:10:50:12 -0500] "GET /ar/wp-content/plugins/elementor/modules/safe-mode/?C=N;O=D HTTP/2.0" 200 1119 "-" "Mozilla/5.0 AppleWebKit/537.36 (KHTML, like Gecko; compatible; GPTBot/1.3; +https://openai.com/gptbot)"
74.7.227.62 - - [16/Dec/2025:10:50:13 -0500] "GET /ar/wp-content/plugins/elementor/modules/safe-mode/mu-plugin/?C=M;O=A HTTP/2.0" 200 984 "-" "Mozilla/5.0 AppleWebKit/537.36 (KHTML, like Gecko; compatible; GPTBot/1.3; +https://openai.com/gptbot)"
74.7.227.62 - - [16/Dec/2025:10:50:13 -0500] "GET /ar/wp-content/plugins/elementor/modules/safe-mode/mu-plugin/?C=S;O=A HTTP/2.0" 200 984 "-" "Mozilla/5.0 AppleWebKit/537.36 (KHTML, like Gecko; compatible; GPTBot/1.3; +https://openai.com/gptbot)"
74.7.227.62 - - [16/Dec/2025:10:50:14 -0500] "GET /ar/wp-content/plugins/elementor/modules/safe-mode/mu-plugin/?C=N;O=D HTTP/2.0" 200 984 "-" "Mozilla/5.0 AppleWebKit/537.36 (KHTML, like Gecko; compatible; GPTBot/1.3; +https://openai.com/gptbot)"
74.7.227.62 - - [16/Dec/2025:10:50:14 -0500] "GET /ar/wp-content/plugins/elementor/modules/safe-mode/mu-plugin/?C=D;O=A HTTP/2.0" 200 984 "-" "Mozilla/5.0 AppleWebKit/537.36 (KHTML, like Gecko; compatible; GPTBot/1.3; +https://openai.com/gptbot)"
74.7.227.62 - - [16/Dec/2025:10:50:15 -0500] "GET /ar/wp-content/plugins/elementor/modules/safe-mode/mu-plugin/elementor-safe-mode.php HTTP/2.0" 200 - "-" "Mozilla/5.0 AppleWebKit/537.36 (KHTML, like Gecko; compatible; GPTBot/1.3; +https://openai.com/gptbot)"
74.7.227.62 - - [16/Dec/2025:10:50:15 -0500] "GET /ar/wp-content/plugins/elementor/modules/safe-mode/?C=M;O=D HTTP/2.0" 200 1119 "-" "Mozilla/5.0 AppleWebKit/537.36 (KHTML, like Gecko; compatible; GPTBot/1.3; +https://openai.com/gptbot)"
74.7.227.62 - - [16/Dec/2025:10:50:16 -0500] "GET /ar/wp-content/plugins/pro-elements/modules/social/?C=N;O=A HTTP/2.0" 200 1296 "-" "Mozilla/5.0 AppleWebKit/537.36 (KHTML, like Gecko; compatible; GPTBot/1.3; +https://openai.com/gptbot)"
74.7.227.62 - - [16/Dec/2025:10:50:16 -0500] "GET /ar/wp-content/plugins/elementor/modules/safe-mode/?C=D;O=D HTTP/2.0" 200 1119 "-" "Mozilla/5.0 AppleWebKit/537.36 (KHTML, like Gecko; compatible; GPTBot/1.3; +https://openai.com/gptbot)"
74.7.227.62 - - [16/Dec/2025:10:50:17 -0500] "GET /ar/wp-content/plugins/pro-elements/modules/social/?C=D;O=D HTTP/2.0" 200 1296 "-" "Mozilla/5.0 AppleWebKit/537.36 (KHTML, like Gecko; compatible; GPTBot/1.3; +https://openai.com/gptbot)"
74.7.227.62 - - [16/Dec/2025:10:50:17 -0500] "GET /ar/wp-content/plugins/pro-elements/modules/social/?C=M;O=D HTTP/2.0" 200 1296 "-" "Mozilla/5.0 AppleWebKit/537.36 (KHTML, like Gecko; compatible; GPTBot/1.3; +https://openai.com/gptbot)"
74.7.227.62 - - [16/Dec/2025:10:50:18 -0500] "GET /ar/wp-content/plugins/pro-elements/modules/social/?C=S;O=D HTTP/2.0" 200 1296 "-" "Mozilla/5.0 AppleWebKit/537.36 (KHTML, like Gecko; compatible; GPTBot/1.3; +https://openai.com/gptbot)"
74.7.227.62 - - [16/Dec/2025:10:50:19 -0500] "GET /ar/wp-content/plugins/elementor/modules/safe-mode/mu-plugin/?C=M;O=D HTTP/2.0" 200 984 "-" "Mozilla/5.0 AppleWebKit/537.36 (KHTML, like Gecko; compatible; GPTBot/1.3; +https://openai.com/gptbot)"
74.7.227.62 - - [16/Dec/2025:10:50:19 -0500] "GET /ar/wp-content/plugins/elementor/modules/safe-mode/mu-plugin/?C=N;O=A HTTP/2.0" 200 984 "-" "Mozilla/5.0 AppleWebKit/537.36 (KHTML, like Gecko; compatible; GPTBot/1.3; +https://openai.com/gptbot)"
74.7.227.62 - - [16/Dec/2025:10:50:20 -0500] "GET /ar/wp-content/plugins/elementor/modules/safe-mode/mu-plugin/?C=S;O=D HTTP/2.0" 200 984 "-" "Mozilla/5.0 AppleWebKit/537.36 (KHTML, like Gecko; compatible; GPTBot/1.3; +https://openai.com/gptbot)"
74.7.227.62 - - [16/Dec/2025:10:50:20 -0500] "GET /ar/wp-content/plugins/elementor/modules/safe-mode/mu-plugin/?C=D;O=D HTTP/2.0" 200 984 "-" "Mozilla/5.0 AppleWebKit/537.36 (KHTML, like Gecko; compatible; GPTBot/1.3; +https://openai.com/gptbot)"
74.7.227.62 - - [16/Dec/2025:10:50:21 -0500] "GET /ar/wp-content/plugins/elementor/modules/safe-mode/?C=N;O=A HTTP/2.0" 200 1119 "-" "Mozilla/5.0 AppleWebKit/537.36 (KHTML, like Gecko; compatible; GPTBot/1.3; +https://openai.com/gptbot)"
74.7.227.62 - - [16/Dec/2025:10:50:21 -0500] "GET /ar/wp-content/plugins/elementor/modules/safe-mode/?C=S;O=A HTTP/2.0" 200 1119 "-" "Mozilla/5.0 AppleWebKit/537.36 (KHTML, like Gecko; compatible; GPTBot/1.3; +https://openai.com/gptbot)"
74.7.227.62 - - [16/Dec/2025:10:50:22 -0500] "GET /wp-content/plugins/pro-elements/modules/mega-menu/controls/?C=N;O=A HTTP/2.0" 200 997 "-" "Mozilla/5.0 AppleWebKit/537.36 (KHTML, like Gecko; compatible; GPTBot/1.3; +https://openai.com/gptbot)"
74.7.227.62 - - [16/Dec/2025:10:50:22 -0500] "GET /wp-content/plugins/elementor/assets/lib/inline-editor/?C=N;O=A HTTP/2.0" 200 942 "-" "Mozilla/5.0 AppleWebKit/537.36 (KHTML, like Gecko; compatible; GPTBot/1.3; +https://openai.com/gptbot)"
74.7.227.62 - - [16/Dec/2025:10:50:23 -0500] "GET /wp-content/plugins/elementor/assets/lib/inline-editor/?C=D;O=A HTTP/2.0" 200 942 "-" "Mozilla/5.0 AppleWebKit/537.36 (KHTML, like Gecko; compatible; GPTBot/1.3; +https://openai.com/gptbot)"
74.7.227.62 - - [16/Dec/2025:10:50:23 -0500] "GET /wp-content/plugins/elementor/assets/lib/inline-editor/?C=S;O=A HTTP/2.0" 200 942 "-" "Mozilla/5.0 AppleWebKit/537.36 (KHTML, like Gecko; compatible; GPTBot/1.3; +https://openai.com/gptbot)"
74.7.227.62 - - [16/Dec/2025:10:50:24 -0500] "GET /wp-content/plugins/pro-elements/modules/mega-menu/controls/?C=M;O=A HTTP/2.0" 200 997 "-" "Mozilla/5.0 AppleWebKit/537.36 (KHTML, like Gecko; compatible; GPTBot/1.3; +https://openai.com/gptbot)"
74.7.227.62 - - [16/Dec/2025:10:50:24 -0500] "GET /wp-content/plugins/pro-elements/modules/mega-menu/controls/?C=S;O=A HTTP/2.0" 200 997 "-" "Mozilla/5.0 AppleWebKit/537.36 (KHTML, like Gecko; compatible; GPTBot/1.3; +https://openai.com/gptbot)"
74.7.227.62 - - [16/Dec/2025:10:50:25 -0500] "GET /wp-content/plugins/elementor/core/utils/import-export/?C=N;O=D HTTP/2.0" 200 1486 "-" "Mozilla/5.0 AppleWebKit/537.36 (KHTML, like Gecko; compatible; GPTBot/1.3; +https://openai.com/gptbot)"
74.7.227.62 - - [16/Dec/2025:10:50:25 -0500] "GET /wp-content/plugins/elementor/core/utils/import-export/?C=S;O=A HTTP/2.0" 200 1486 "-" "Mozilla/5.0 AppleWebKit/537.36 (KHTML, like Gecko; compatible; GPTBot/1.3; +https://openai.com/gptbot)"
74.7.227.62 - - [16/Dec/2025:10:50:26 -0500] "GET /wp-content/plugins/elementor/core/utils/import-export/?C=N;O=A HTTP/2.0" 200 1486 "-" "Mozilla/5.0 AppleWebKit/537.36 (KHTML, like Gecko; compatible; GPTBot/1.3; +https://openai.com/gptbot)"
74.7.227.62 - - [16/Dec/2025:10:50:26 -0500] "GET /wp-content/plugins/elementor/assets/lib/inline-editor/?C=M;O=D HTTP/2.0" 200 942 "-" "Mozilla/5.0 AppleWebKit/537.36 (KHTML, like Gecko; compatible; GPTBot/1.3; +https://openai.com/gptbot)"
74.7.227.62 - - [16/Dec/2025:10:50:27 -0500] "GET /ar/wp-content/plugins/elementor/modules/safe-mode/?C=S;O=D HTTP/2.0" 200 1119 "-" "Mozilla/5.0 AppleWebKit/537.36 (KHTML, like Gecko; compatible; GPTBot/1.3; +https://openai.com/gptbot)"
74.7.227.62 - - [16/Dec/2025:10:50:27 -0500] "GET /wp-content/plugins/pro-elements/modules/mega-menu/controls/control-menu-dropdown-animation.php HTTP/2.0" 500 - "-" "Mozilla/5.0 AppleWebKit/537.36 (KHTML, like Gecko; compatible; GPTBot/1.3; +https://openai.com/gptbot)"
74.7.227.62 - - [16/Dec/2025:10:50:28 -0500] "GET /wp-content/plugins/pro-elements/modules/mega-menu/controls/?C=D;O=D HTTP/2.0" 200 997 "-" "Mozilla/5.0 AppleWebKit/537.36 (KHTML, like Gecko; compatible; GPTBot/1.3; +https://openai.com/gptbot)"
74.7.227.62 - - [16/Dec/2025:10:50:30 -0500] "GET /wp-content/plugins/elementor/assets/lib/inline-editor/?C=D;O=D HTTP/2.0" 200 942 "-" "Mozilla/5.0 AppleWebKit/537.36 (KHTML, like Gecko; compatible; GPTBot/1.3; +https://openai.com/gptbot)"
74.7.227.62 - - [16/Dec/2025:10:50:31 -0500] "GET /wp-content/plugins/elementor/assets/lib/inline-editor/?C=S;O=D HTTP/2.0" 200 942 "-" "Mozilla/5.0 AppleWebKit/537.36 (KHTML, like Gecko; compatible; GPTBot/1.3; +https://openai.com/gptbot)"
74.7.227.62 - - [16/Dec/2025:10:50:32 -0500] "GET /wp-content/plugins/pro-elements/modules/mega-menu/controls/?C=M;O=D HTTP/2.0" 200 997 "-" "Mozilla/5.0 AppleWebKit/537.36 (KHTML, like Gecko; compatible; GPTBot/1.3; +https://openai.com/gptbot)"
74.7.227.62 - - [16/Dec/2025:10:50:33 -0500] "GET /wp-content/plugins/pro-elements/modules/mega-menu/controls/?C=S;O=D HTTP/2.0" 200 997 "-" "Mozilla/5.0 AppleWebKit/537.36 (KHTML, like Gecko; compatible; GPTBot/1.3; +https://openai.com/gptbot)"
74.7.227.62 - - [16/Dec/2025:10:50:34 -0500] "GET /wp-content/plugins/elementor/core/utils/import-export/parsers/wxr-parser.php HTTP/2.0" 200 - "-" "Mozilla/5.0 AppleWebKit/537.36 (KHTML, like Gecko; compatible; GPTBot/1.3; +https://openai.com/gptbot)"
74.7.227.62 - - [16/Dec/2025:10:50:35 -0500] "GET /wp-content/plugins/elementor/core/utils/import-export/?C=S;O=D HTTP/2.0" 200 1486 "-" "Mozilla/5.0 AppleWebKit/537.36 (KHTML, like Gecko; compatible; GPTBot/1.3; +https://openai.com/gptbot)"
74.7.227.62 - - [16/Dec/2025:10:50:36 -0500] "GET /wp-content/plugins/elementor/app/modules/import-export/runners/import/import-runner-base.php HTTP/2.0" 500 - "-" "Mozilla/5.0 AppleWebKit/537.36 (KHTML, like Gecko; compatible; GPTBot/1.3; +https://openai.com/gptbot)"
74.7.227.62 - - [16/Dec/2025:10:50:37 -0500] "GET /wp-content/plugins/elementor/app/modules/import-export/runners/revert/revert-runner-base.php HTTP/2.0" 500 - "-" "Mozilla/5.0 AppleWebKit/537.36 (KHTML, like Gecko; compatible; GPTBot/1.3; +https://openai.com/gptbot)"
74.7.227.62 - - [16/Dec/2025:10:50:39 -0500] "GET /wp-content/plugins/elementor/assets/js/container-editor-handlers.e7ee82232887ec8b73b7.bundle.min.js HTTP/2.0" 200 9639 "-" "Mozilla/5.0 AppleWebKit/537.36 (KHTML, like Gecko; compatible; GPTBot/1.3; +https://openai.com/gptbot)"
74.7.227.62 - - [16/Dec/2025:10:50:46 -0500] "GET /wp-content/plugins/pro-elements/modules/dynamic-tags/tags/page-title.php HTTP/2.0" 200 - "-" "Mozilla/5.0 AppleWebKit/537.36 (KHTML, like Gecko; compatible; GPTBot/1.3; +https://openai.com/gptbot)"
74.7.227.62 - - [16/Dec/2025:10:50:52 -0500] "GET /wp-content/plugins/elementor/assets/js/shared-editor-handlers.a182e3f9ce3b8b1e4b74.bundle.min.js HTTP/2.0" 200 1389 "-" "Mozilla/5.0 AppleWebKit/537.36 (KHTML, like Gecko; compatible; GPTBot/1.3; +https://openai.com/gptbot)"
50.6.4.141 - - [16/Dec/2025:10:50:59 -0500] "POST /wp-cron.php?doing_wp_cron=1765900259.0115859508514404296875 HTTP/1.1" 200 - "-" "WordPress/6.9; https://emtiyz.com"
74.7.227.62 - - [16/Dec/2025:10:50:57 -0500] "GET /wp-content/plugins/elementor/assets/js/shared-editor-handlers.22c8f376e58bdba40f71.bundle.js.map HTTP/2.0" 404 103908 "-" "Mozilla/5.0 AppleWebKit/537.36 (KHTML, like Gecko; compatible; GPTBot/1.3; +https://openai.com/gptbot)"
74.7.227.62 - - [16/Dec/2025:10:51:02 -0500] "GET /wp-content/plugins/elementor/assets/js/nested-title-keyboard-handler.967db65f6ba460c1f2e9.bundle.js.map HTTP/2.0" 404 103950 "-" "Mozilla/5.0 AppleWebKit/537.36 (KHTML, like Gecko; compatible; GPTBot/1.3; +https://openai.com/gptbot)"
74.7.227.62 - - [16/Dec/2025:10:51:07 -0500] "GET /ar/wp-content/plugins/elementor/assets/lib/animations/styles/e-animation-wobble-bottom.min.css HTTP/2.0" 200 532 "-" "Mozilla/5.0 AppleWebKit/537.36 (KHTML, like Gecko; compatible; GPTBot/1.3; +https://openai.com/gptbot)"
74.7.227.62 - - [16/Dec/2025:10:51:12 -0500] "GET /ar/wp-content/plugins/elementor/app/modules/kit-library/data/kits/endpoints/favorites.php HTTP/2.0" 200 - "-" "Mozilla/5.0 AppleWebKit/537.36 (KHTML, like Gecko; compatible; GPTBot/1.3; +https://openai.com/gptbot)"
74.7.227.62 - - [16/Dec/2025:10:51:17 -0500] "GET /wp-content/plugins/pro-elements/assets/lib/sticky/ HTTP/2.0" 200 1138 "-" "Mozilla/5.0 AppleWebKit/537.36 (KHTML, like Gecko; compatible; GPTBot/1.3; +https://openai.com/gptbot)"
74.7.227.62 - - [16/Dec/2025:10:51:21 -0500] "GET /wp-content/plugins/elementor/assets/css/modules/container-converter/?C=D;O=D HTTP/2.0" 200 1167 "-" "Mozilla/5.0 AppleWebKit/537.36 (KHTML, like Gecko; compatible; GPTBot/1.3; +https://openai.com/gptbot)"
74.7.227.62 - - [16/Dec/2025:10:51:24 -0500] "GET /wp-content/plugins/elementor/assets/lib/dialog/dialog.min.js?ver=4.9.3 HTTP/2.0" 200 11622 "-" "Mozilla/5.0 AppleWebKit/537.36 (KHTML, like Gecko; compatible; GPTBot/1.3; +https://openai.com/gptbot)"
74.7.227.62 - - [16/Dec/2025:10:51:28 -0500] "GET /ar/wp-content/plugins/elementor/modules/atomic-widgets/styles/css-files-manager.php HTTP/2.0" 200 - "-" "Mozilla/5.0 AppleWebKit/537.36 (KHTML, like Gecko; compatible; GPTBot/1.3; +https://openai.com/gptbot)"
74.7.227.62 - - [16/Dec/2025:10:51:31 -0500] "GET /ar/wp-content/plugins/elementor/assets/lib/inline-editor/js/inline-editor.js HTTP/2.0" 200 32250 "-" "Mozilla/5.0 AppleWebKit/537.36 (KHTML, like Gecko; compatible; GPTBot/1.3; +https://openai.com/gptbot)"
74.7.227.62 - - [16/Dec/2025:10:51:33 -0500] "GET /ar/wp-content/plugins/elementor/assets/lib/inline-editor/js/inline-editor.min.js HTTP/2.0" 200 17655 "-" "Mozilla/5.0 AppleWebKit/537.36 (KHTML, like Gecko; compatible; GPTBot/1.3; +https://openai.com/gptbot)"
74.7.227.62 - - [16/Dec/2025:10:51:36 -0500] "GET /ar/wp-content/plugins/elementor/modules/atomic-widgets/props-resolver/transformers/import/?C=D;O=A HTTP/2.0" 200 1089 "-" "Mozilla/5.0 AppleWebKit/537.36 (KHTML, like Gecko; compatible; GPTBot/1.3; +https://openai.com/gptbot)"
74.7.227.62 - - [16/Dec/2025:10:51:38 -0500] "GET /ar/wp-content/plugins/elementor/modules/atomic-widgets/props-resolver/transformers/import/?C=M;O=A HTTP/2.0" 200 1089 "-" "Mozilla/5.0 AppleWebKit/537.36 (KHTML, like Gecko; compatible; GPTBot/1.3; +https://openai.com/gptbot)"
74.7.227.62 - - [16/Dec/2025:10:51:40 -0500] "GET /ar/wp-content/plugins/elementor/modules/atomic-widgets/props-resolver/transformers/import/?C=N;O=D HTTP/2.0" 200 1089 "-" "Mozilla/5.0 AppleWebKit/537.36 (KHTML, like Gecko; compatible; GPTBot/1.3; +https://openai.com/gptbot)"
74.7.227.62 - - [16/Dec/2025:10:51:42 -0500] "GET /ar/wp-content/plugins/elementor/modules/atomic-widgets/props-resolver/transformers/export/?C=D;O=D HTTP/2.0" 200 1089 "-" "Mozilla/5.0 AppleWebKit/537.36 (KHTML, like Gecko; compatible; GPTBot/1.3; +https://openai.com/gptbot)"
74.7.227.62 - - [16/Dec/2025:10:51:43 -0500] "GET /ar/wp-content/plugins/elementor/modules/atomic-widgets/props-resolver/transformers/import/?C=S;O=A HTTP/2.0" 200 1089 "-" "Mozilla/5.0 AppleWebKit/537.36 (KHTML, like Gecko; compatible; GPTBot/1.3; +https://openai.com/gptbot)"
74.7.227.62 - - [16/Dec/2025:10:51:45 -0500] "GET /wp-content/plugins/pro-elements/assets/lib/sticky/jquery.sticky.js HTTP/2.0" 200 10019 "-" "Mozilla/5.0 AppleWebKit/537.36 (KHTML, like Gecko; compatible; GPTBot/1.3; +https://openai.com/gptbot)"
74.7.227.62 - - [16/Dec/2025:10:51:46 -0500] "GET /wp-content/plugins/pro-elements/assets/lib/sticky/jquery.sticky.min.js HTTP/2.0" 200 3721 "-" "Mozilla/5.0 AppleWebKit/537.36 (KHTML, like Gecko; compatible; GPTBot/1.3; +https://openai.com/gptbot)"
74.7.227.62 - - [16/Dec/2025:10:51:47 -0500] "GET /wp-content/plugins/pro-elements/assets/lib/sticky/?C=D;O=A HTTP/2.0" 200 1138 "-" "Mozilla/5.0 AppleWebKit/537.36 (KHTML, like Gecko; compatible; GPTBot/1.3; +https://openai.com/gptbot)"
50.6.4.141 - - [16/Dec/2025:10:51:48 -0500] "POST /wp-cron.php?doing_wp_cron=1765900308.5527000427246093750000 HTTP/1.1" 200 - "-" "WordPress/6.9; https://emtiyz.com"
103.211.134.164 - - [16/Dec/2025:10:51:47 -0500] "POST /xmlrpc.php HTTP/1.1" 200 403 "-" "Mozilla/5.0 (Windows NT 6.2; x86) AppleWebKit/537.36 (KHTML, like Gecko) Edge/92.0.0.0 Safari/537.36"
74.7.227.62 - - [16/Dec/2025:10:51:48 -0500] "GET /wp-content/plugins/pro-elements/assets/lib/sticky/?C=N;O=D HTTP/2.0" 200 1138 "-" "Mozilla/5.0 AppleWebKit/537.36 (KHTML, like Gecko; compatible; GPTBot/1.3; +https://openai.com/gptbot)"
74.7.227.62 - - [16/Dec/2025:10:51:49 -0500] "GET /wp-content/plugins/pro-elements/assets/lib/sticky/?C=M;O=A HTTP/2.0" 200 1138 "-" "Mozilla/5.0 AppleWebKit/537.36 (KHTML, like Gecko; compatible; GPTBot/1.3; +https://openai.com/gptbot)"
74.7.227.62 - - [16/Dec/2025:10:51:50 -0500] "GET /wp-content/plugins/pro-elements/assets/lib/sticky/?C=S;O=A HTTP/2.0" 200 1138 "-" "Mozilla/5.0 AppleWebKit/537.36 (KHTML, like Gecko; compatible; GPTBot/1.3; +https://openai.com/gptbot)"
74.7.227.62 - - [16/Dec/2025:10:51:51 -0500] "GET /ar/wp-content/plugins/elementor/modules/atomic-widgets/props-resolver/transformers/import/?C=N;O=A HTTP/2.0" 200 1089 "-" "Mozilla/5.0 AppleWebKit/537.36 (KHTML, like Gecko; compatible; GPTBot/1.3; +https://openai.com/gptbot)"
74.7.227.62 - - [16/Dec/2025:10:51:51 -0500] "GET /ar/wp-content/plugins/elementor/modules/atomic-widgets/props-resolver/transformers/import/?C=D;O=D HTTP/2.0" 200 1089 "-" "Mozilla/5.0 AppleWebKit/537.36 (KHTML, like Gecko; compatible; GPTBot/1.3; +https://openai.com/gptbot)"
74.7.227.62 - - [16/Dec/2025:10:51:52 -0500] "GET /ar/wp-content/plugins/elementor/modules/atomic-widgets/props-resolver/transformers/import/?C=M;O=D HTTP/2.0" 200 1089 "-" "Mozilla/5.0 AppleWebKit/537.36 (KHTML, like Gecko; compatible; GPTBot/1.3; +https://openai.com/gptbot)"
74.7.227.62 - - [16/Dec/2025:10:51:52 -0500] "GET /ar/wp-content/plugins/elementor/assets/js/packages/editor-styles-repository/ HTTP/2.0" 200 1847 "-" "Mozilla/5.0 AppleWebKit/537.36 (KHTML, like Gecko; compatible; GPTBot/1.3; +https://openai.com/gptbot)"
74.7.227.62 - - [16/Dec/2025:10:51:53 -0500] "GET /ar/wp-content/plugins/elementor/modules/atomic-widgets/props-resolver/transformers/import/?C=S;O=D HTTP/2.0" 200 1089 "-" "Mozilla/5.0 AppleWebKit/537.36 (KHTML, like Gecko; compatible; GPTBot/1.3; +https://openai.com/gptbot)"
74.7.227.62 - - [16/Dec/2025:10:51:53 -0500] "GET /wp-content/plugins/pro-elements/core/app/modules/site-editor/assets/js/part-actions/dialogs-and-buttons.js HTTP/2.0" 200 1977 "-" "Mozilla/5.0 AppleWebKit/537.36 (KHTML, like Gecko; compatible; GPTBot/1.3; +https://openai.com/gptbot)"
74.7.227.62 - - [16/Dec/2025:10:51:54 -0500] "GET /wp-content/plugins/pro-elements/core/app/modules/site-editor/assets/js/context/ HTTP/2.0" 200 1748 "-" "Mozilla/5.0 AppleWebKit/537.36 (KHTML, like Gecko; compatible; GPTBot/1.3; +https://openai.com/gptbot)"
74.7.227.62 - - [16/Dec/2025:10:51:54 -0500] "GET /wp-content/plugins/pro-elements/assets/lib/sticky/?C=D;O=D HTTP/2.0" 200 1138 "-" "Mozilla/5.0 AppleWebKit/537.36 (KHTML, like Gecko; compatible; GPTBot/1.3; +https://openai.com/gptbot)"
74.7.227.62 - - [16/Dec/2025:10:51:55 -0500] "GET /wp-content/plugins/pro-elements/assets/lib/sticky/?C=N;O=A HTTP/2.0" 200 1138 "-" "Mozilla/5.0 AppleWebKit/537.36 (KHTML, like Gecko; compatible; GPTBot/1.3; +https://openai.com/gptbot)"
74.7.227.62 - - [16/Dec/2025:10:51:56 -0500] "GET /wp-content/plugins/pro-elements/assets/lib/sticky/?C=M;O=D HTTP/2.0" 200 1138 "-" "Mozilla/5.0 AppleWebKit/537.36 (KHTML, like Gecko; compatible; GPTBot/1.3; +https://openai.com/gptbot)"
74.7.227.62 - - [16/Dec/2025:10:51:56 -0500] "GET /wp-content/plugins/pro-elements/assets/lib/sticky/?C=S;O=D HTTP/2.0" 200 1138 "-" "Mozilla/5.0 AppleWebKit/537.36 (KHTML, like Gecko; compatible; GPTBot/1.3; +https://openai.com/gptbot)"
74.7.227.62 - - [16/Dec/2025:10:51:57 -0500] "GET /wp-content/plugins/pro-elements/core/app/modules/site-editor/assets/js/molecules/ HTTP/2.0" 200 2360 "-" "Mozilla/5.0 AppleWebKit/537.36 (KHTML, like Gecko; compatible; GPTBot/1.3; +https://openai.com/gptbot)"
74.7.227.62 - - [16/Dec/2025:10:51:57 -0500] "GET /ar/wp-content/plugins/pro-elements/modules/search/ HTTP/2.0" 200 1293 "-" "Mozilla/5.0 AppleWebKit/537.36 (KHTML, like Gecko; compatible; GPTBot/1.3; +https://openai.com/gptbot)"
74.7.227.62 - - [16/Dec/2025:10:51:58 -0500] "GET /wp-content/plugins/elementor/core/kits/?C=D;O=A HTTP/2.0" 200 1443 "-" "Mozilla/5.0 AppleWebKit/537.36 (KHTML, like Gecko; compatible; GPTBot/1.3; +https://openai.com/gptbot)"
74.7.227.62 - - [16/Dec/2025:10:51:58 -0500] "GET /ar/wp-content/plugins/elementor/assets/js/packages/editor-styles-repository/editor-styles-repository.js.LICENSE.txt HTTP/2.0" 200 5799 "-" "Mozilla/5.0 AppleWebKit/537.36 (KHTML, like Gecko; compatible; GPTBot/1.3; +https://openai.com/gptbot)"
74.7.227.62 - - [16/Dec/2025:10:51:59 -0500] "GET /ar/wp-content/plugins/elementor/assets/js/packages/editor-styles-repository/editor-styles-repository.min.js HTTP/2.0" 200 5108 "-" "Mozilla/5.0 AppleWebKit/537.36 (KHTML, like Gecko; compatible; GPTBot/1.3; +https://openai.com/gptbot)"
74.7.227.62 - - [16/Dec/2025:10:51:59 -0500] "GET /ar/wp-content/plugins/elementor/assets/js/packages/editor-styles-repository/editor-styles-repository.asset.php HTTP/2.0" 200 - "-" "Mozilla/5.0 AppleWebKit/537.36 (KHTML, like Gecko; compatible; GPTBot/1.3; +https://openai.com/gptbot)"
74.7.227.62 - - [16/Dec/2025:10:52:00 -0500] "GET /wp-content/plugins/pro-elements/core/app/modules/site-editor/assets/js/context/templates.js HTTP/2.0" 200 3556 "-" "Mozilla/5.0 AppleWebKit/537.36 (KHTML, like Gecko; compatible; GPTBot/1.3; +https://openai.com/gptbot)"
74.7.227.62 - - [16/Dec/2025:10:52:00 -0500] "GET /ar/wp-content/plugins/elementor/assets/js/packages/editor-styles-repository/?C=S;O=A HTTP/2.0" 200 1847 "-" "Mozilla/5.0 AppleWebKit/537.36 (KHTML, like Gecko; compatible; GPTBot/1.3; +https://openai.com/gptbot)"
74.7.227.62 - - [16/Dec/2025:10:52:01 -0500] "GET /ar/wp-content/plugins/elementor/assets/js/packages/editor-styles-repository/?C=N;O=D HTTP/2.0" 200 1847 "-" "Mozilla/5.0 AppleWebKit/537.36 (KHTML, like Gecko; compatible; GPTBot/1.3; +https://openai.com/gptbot)"
74.7.227.62 - - [16/Dec/2025:10:52:01 -0500] "GET /ar/wp-content/plugins/elementor/assets/js/packages/editor-styles-repository/?C=D;O=A HTTP/2.0" 200 1847 "-" "Mozilla/5.0 AppleWebKit/537.36 (KHTML, like Gecko; compatible; GPTBot/1.3; +https://openai.com/gptbot)"
74.7.227.62 - - [16/Dec/2025:10:52:02 -0500] "GET /ar/wp-content/plugins/elementor/assets/js/packages/editor-styles-repository/?C=M;O=A HTTP/2.0" 200 1847 "-" "Mozilla/5.0 AppleWebKit/537.36 (KHTML, like Gecko; compatible; GPTBot/1.3; +https://openai.com/gptbot)"
74.7.227.62 - - [16/Dec/2025:10:52:02 -0500] "GET /wp-content/plugins/pro-elements/core/app/modules/site-editor/assets/js/molecules/?C=D;O=A HTTP/2.0" 200 2360 "-" "Mozilla/5.0 AppleWebKit/537.36 (KHTML, like Gecko; compatible; GPTBot/1.3; +https://openai.com/gptbot)"
74.7.227.62 - - [16/Dec/2025:10:52:03 -0500] "GET /wp-content/plugins/pro-elements/core/app/modules/site-editor/assets/js/molecules/?C=N;O=D HTTP/2.0" 200 2360 "-" "Mozilla/5.0 AppleWebKit/537.36 (KHTML, like Gecko; compatible; GPTBot/1.3; +https://openai.com/gptbot)"
74.7.227.62 - - [16/Dec/2025:10:52:03 -0500] "GET /wp-content/plugins/pro-elements/core/app/modules/site-editor/assets/js/molecules/?C=M;O=A HTTP/2.0" 200 2360 "-" "Mozilla/5.0 AppleWebKit/537.36 (KHTML, like Gecko; compatible; GPTBot/1.3; +https://openai.com/gptbot)"
74.7.227.62 - - [16/Dec/2025:10:52:04 -0500] "GET /ar/wp-content/plugins/pro-elements/modules/search/widgets/ HTTP/2.0" 200 967 "-" "Mozilla/5.0 AppleWebKit/537.36 (KHTML, like Gecko; compatible; GPTBot/1.3; +https://openai.com/gptbot)"
74.7.227.62 - - [16/Dec/2025:10:52:04 -0500] "GET /ar/wp-content/plugins/pro-elements/modules/search/data/ HTTP/2.0" 200 1143 "-" "Mozilla/5.0 AppleWebKit/537.36 (KHTML, like Gecko; compatible; GPTBot/1.3; +https://openai.com/gptbot)"
74.7.227.62 - - [16/Dec/2025:10:52:05 -0500] "GET /wp-content/plugins/pro-elements/core/app/modules/site-editor/assets/js/molecules/site-template-thumbnail.js HTTP/2.0" 200 798 "-" "Mozilla/5.0 AppleWebKit/537.36 (KHTML, like Gecko; compatible; GPTBot/1.3; +https://openai.com/gptbot)"
74.7.227.62 - - [16/Dec/2025:10:52:05 -0500] "GET /wp-content/plugins/pro-elements/core/app/modules/site-editor/assets/js/molecules/?C=S;O=A HTTP/2.0" 200 2360 "-" "Mozilla/5.0 AppleWebKit/537.36 (KHTML, like Gecko; compatible; GPTBot/1.3; +https://openai.com/gptbot)"
74.7.227.62 - - [16/Dec/2025:10:52:06 -0500] "GET /wp-content/plugins/pro-elements/core/app/modules/site-editor/assets/js/molecules/site-template-body.js HTTP/2.0" 200 807 "-" "Mozilla/5.0 AppleWebKit/537.36 (KHTML, like Gecko; compatible; GPTBot/1.3; +https://openai.com/gptbot)"
74.7.227.62 - - [16/Dec/2025:10:52:07 -0500] "GET /ar/wp-content/plugins/elementor/assets/js/packages/editor-styles-repository/?C=N;O=A HTTP/2.0" 200 1847 "-" "Mozilla/5.0 AppleWebKit/537.36 (KHTML, like Gecko; compatible; GPTBot/1.3; +https://openai.com/gptbot)"
74.7.227.62 - - [16/Dec/2025:10:52:07 -0500] "GET /ar/wp-content/plugins/elementor/assets/js/packages/editor-styles-repository/?C=S;O=D HTTP/2.0" 200 1847 "-" "Mozilla/5.0 AppleWebKit/537.36 (KHTML, like Gecko; compatible; GPTBot/1.3; +https://openai.com/gptbot)"
74.7.227.62 - - [16/Dec/2025:10:52:08 -0500] "GET /ar/wp-content/plugins/elementor/assets/js/packages/editor-styles-repository/?C=M;O=D HTTP/2.0" 200 1847 "-" "Mozilla/5.0 AppleWebKit/537.36 (KHTML, like Gecko; compatible; GPTBot/1.3; +https://openai.com/gptbot)"
