74.7.227.62 - - [16/Dec/2025:10:57:59 -0500] "GET /ar/wp-content/plugins/pro-elements/modules/query-control/controls/template-query.php HTTP/2.0" 200 - "-" "Mozilla/5.0 AppleWebKit/537.36 (KHTML, like Gecko; compatible; GPTBot/1.3; +https://openai.com/gptbot)"
74.7.227.62 - - [16/Dec/2025:10:58:00 -0500] "GET /wp-content/plugins/elementor/core/common/modules/connect/apps/connect.php HTTP/2.0" 200 - "-" "Mozilla/5.0 AppleWebKit/537.36 (KHTML, like Gecko; compatible; GPTBot/1.3; +https://openai.com/gptbot)"
74.7.227.62 - - [16/Dec/2025:10:58:00 -0500] "GET /ar/wp-content/plugins/elementor/app/modules/import-export/processes/import.php HTTP/2.0" 200 - "-" "Mozilla/5.0 AppleWebKit/537.36 (KHTML, like Gecko; compatible; GPTBot/1.3; +https://openai.com/gptbot)"
74.7.227.62 - - [16/Dec/2025:10:58:01 -0500] "GET /ar/wp-content/plugins/elementor/assets/images/app/onboarding/?C=N;O=D HTTP/2.0" 200 2299 "-" "Mozilla/5.0 AppleWebKit/537.36 (KHTML, like Gecko; compatible; GPTBot/1.3; +https://openai.com/gptbot)"
74.7.227.62 - - [16/Dec/2025:10:58:01 -0500] "GET /ar/wp-content/plugins/elementor/assets/images/app/onboarding/?C=S;O=A HTTP/2.0" 200 2299 "-" "Mozilla/5.0 AppleWebKit/537.36 (KHTML, like Gecko; compatible; GPTBot/1.3; +https://openai.com/gptbot)"
74.7.227.62 - - [16/Dec/2025:10:58:02 -0500] "GET /ar/wp-content/plugins/elementor/assets/js/packages/locations/?C=S;O=A HTTP/2.0" 200 1730 "-" "Mozilla/5.0 AppleWebKit/537.36 (KHTML, like Gecko; compatible; GPTBot/1.3; +https://openai.com/gptbot)"
74.7.227.62 - - [16/Dec/2025:10:58:02 -0500] "GET /ar/wp-content/plugins/pro-elements/vendor_prefixed/php-di/invoker/LICENSE HTTP/2.0" 200 1077 "-" "Mozilla/5.0 AppleWebKit/537.36 (KHTML, like Gecko; compatible; GPTBot/1.3; +https://openai.com/gptbot)"
74.7.227.62 - - [16/Dec/2025:10:58:03 -0500] "GET /ar/wp-content/plugins/pro-elements/vendor_prefixed/php-di/invoker/?C=S;O=A HTTP/2.0" 200 1341 "-" "Mozilla/5.0 AppleWebKit/537.36 (KHTML, like Gecko; compatible; GPTBot/1.3; +https://openai.com/gptbot)"
74.7.227.62 - - [16/Dec/2025:10:58:03 -0500] "GET /ar/wp-content/plugins/pro-elements/vendor_prefixed/php-di/invoker/src/ HTTP/2.0" 200 1927 "-" "Mozilla/5.0 AppleWebKit/537.36 (KHTML, like Gecko; compatible; GPTBot/1.3; +https://openai.com/gptbot)"
74.7.227.62 - - [16/Dec/2025:10:58:04 -0500] "GET /ar/wp-content/plugins/pro-elements/vendor_prefixed/php-di/invoker/?C=D;O=A HTTP/2.0" 200 1341 "-" "Mozilla/5.0 AppleWebKit/537.36 (KHTML, like Gecko; compatible; GPTBot/1.3; +https://openai.com/gptbot)"
74.7.227.62 - - [16/Dec/2025:10:58:04 -0500] "GET /ar/wp-content/plugins/pro-elements/vendor_prefixed/php-di/invoker/?C=N;O=D HTTP/2.0" 200 1341 "-" "Mozilla/5.0 AppleWebKit/537.36 (KHTML, like Gecko; compatible; GPTBot/1.3; +https://openai.com/gptbot)"
74.7.227.62 - - [16/Dec/2025:10:58:05 -0500] "GET /ar/wp-content/plugins/pro-elements/vendor_prefixed/php-di/invoker/?C=M;O=A HTTP/2.0" 200 1341 "-" "Mozilla/5.0 AppleWebKit/537.36 (KHTML, like Gecko; compatible; GPTBot/1.3; +https://openai.com/gptbot)"
74.7.227.62 - - [16/Dec/2025:10:58:05 -0500] "GET /ar/wp-content/plugins/pro-elements/vendor_prefixed/php-di/invoker/composer.json HTTP/2.0" 200 932 "-" "Mozilla/5.0 AppleWebKit/537.36 (KHTML, like Gecko; compatible; GPTBot/1.3; +https://openai.com/gptbot)"
74.7.227.62 - - [16/Dec/2025:10:58:06 -0500] "GET /ar/wp-content/plugins/elementor/assets/js/packages/locations/?C=M;O=A HTTP/2.0" 200 1730 "-" "Mozilla/5.0 AppleWebKit/537.36 (KHTML, like Gecko; compatible; GPTBot/1.3; +https://openai.com/gptbot)"
74.7.227.62 - - [16/Dec/2025:10:58:06 -0500] "GET /ar/wp-content/plugins/elementor/assets/images/app/onboarding/?C=M;O=D HTTP/2.0" 200 2299 "-" "Mozilla/5.0 AppleWebKit/537.36 (KHTML, like Gecko; compatible; GPTBot/1.3; +https://openai.com/gptbot)"
74.7.227.62 - - [16/Dec/2025:10:58:07 -0500] "GET /ar/wp-content/plugins/elementor/assets/js/packages/locations/?C=D;O=A HTTP/2.0" 200 1730 "-" "Mozilla/5.0 AppleWebKit/537.36 (KHTML, like Gecko; compatible; GPTBot/1.3; +https://openai.com/gptbot)"
74.7.227.62 - - [16/Dec/2025:10:58:07 -0500] "GET /ar/wp-content/plugins/elementor/assets/js/packages/locations/?C=S;O=D HTTP/2.0" 200 1730 "-" "Mozilla/5.0 AppleWebKit/537.36 (KHTML, like Gecko; compatible; GPTBot/1.3; +https://openai.com/gptbot)"
74.7.227.62 - - [16/Dec/2025:10:58:08 -0500] "GET /ar/wp-content/plugins/elementor/assets/images/app/onboarding/?C=S;O=D HTTP/2.0" 200 2299 "-" "Mozilla/5.0 AppleWebKit/537.36 (KHTML, like Gecko; compatible; GPTBot/1.3; +https://openai.com/gptbot)"
74.7.227.62 - - [16/Dec/2025:10:58:08 -0500] "GET /ar/wp-content/plugins/pro-elements/vendor_prefixed/php-di/invoker/?C=N;O=A HTTP/2.0" 200 1341 "-" "Mozilla/5.0 AppleWebKit/537.36 (KHTML, like Gecko; compatible; GPTBot/1.3; +https://openai.com/gptbot)"
74.7.227.62 - - [16/Dec/2025:10:58:09 -0500] "GET /ar/wp-content/plugins/pro-elements/vendor_prefixed/php-di/invoker/src/Exception/ HTTP/2.0" 200 1442 "-" "Mozilla/5.0 AppleWebKit/537.36 (KHTML, like Gecko; compatible; GPTBot/1.3; +https://openai.com/gptbot)"
74.7.227.62 - - [16/Dec/2025:10:58:09 -0500] "GET /ar/wp-content/plugins/pro-elements/vendor_prefixed/php-di/invoker/?C=D;O=D HTTP/2.0" 200 1341 "-" "Mozilla/5.0 AppleWebKit/537.36 (KHTML, like Gecko; compatible; GPTBot/1.3; +https://openai.com/gptbot)"
74.7.227.62 - - [16/Dec/2025:10:58:10 -0500] "GET /ar/wp-content/plugins/pro-elements/vendor_prefixed/php-di/invoker/src/Reflection/ HTTP/2.0" 200 1045 "-" "Mozilla/5.0 AppleWebKit/537.36 (KHTML, like Gecko; compatible; GPTBot/1.3; +https://openai.com/gptbot)"
74.7.227.62 - - [16/Dec/2025:10:58:11 -0500] "GET /ar/wp-content/plugins/pro-elements/vendor_prefixed/php-di/invoker/?C=M;O=D HTTP/2.0" 200 1341 "-" "Mozilla/5.0 AppleWebKit/537.36 (KHTML, like Gecko; compatible; GPTBot/1.3; +https://openai.com/gptbot)"
74.7.227.62 - - [16/Dec/2025:10:58:11 -0500] "GET /ar/wp-content/plugins/pro-elements/vendor_prefixed/php-di/invoker/?C=S;O=D HTTP/2.0" 200 1341 "-" "Mozilla/5.0 AppleWebKit/537.36 (KHTML, like Gecko; compatible; GPTBot/1.3; +https://openai.com/gptbot)"
74.7.227.62 - - [16/Dec/2025:10:58:12 -0500] "GET /ar/wp-content/plugins/pro-elements/vendor_prefixed/php-di/invoker/src/InvokerInterface.php HTTP/2.0" 200 - "-" "Mozilla/5.0 AppleWebKit/537.36 (KHTML, like Gecko; compatible; GPTBot/1.3; +https://openai.com/gptbot)"
74.7.227.62 - - [16/Dec/2025:10:58:12 -0500] "GET /ar/wp-content/plugins/pro-elements/vendor_prefixed/php-di/invoker/src/ParameterResolver/ HTTP/2.0" 200 2198 "-" "Mozilla/5.0 AppleWebKit/537.36 (KHTML, like Gecko; compatible; GPTBot/1.3; +https://openai.com/gptbot)"
74.7.227.62 - - [16/Dec/2025:10:58:13 -0500] "GET /ar/wp-content/plugins/pro-elements/vendor_prefixed/php-di/invoker/src/Invoker.php HTTP/2.0" 500 - "-" "Mozilla/5.0 AppleWebKit/537.36 (KHTML, like Gecko; compatible; GPTBot/1.3; +https://openai.com/gptbot)"
74.7.227.62 - - [16/Dec/2025:10:58:13 -0500] "GET /ar/wp-content/plugins/pro-elements/vendor_prefixed/php-di/invoker/src/CallableResolver.php HTTP/2.0" 200 - "-" "Mozilla/5.0 AppleWebKit/537.36 (KHTML, like Gecko; compatible; GPTBot/1.3; +https://openai.com/gptbot)"
74.7.227.62 - - [16/Dec/2025:10:58:15 -0500] "GET /ar/wp-content/plugins/pro-elements/vendor_prefixed/php-di/invoker/src/?C=D;O=A HTTP/2.0" 200 1927 "-" "Mozilla/5.0 AppleWebKit/537.36 (KHTML, like Gecko; compatible; GPTBot/1.3; +https://openai.com/gptbot)"
34.48.118.224 - - [16/Dec/2025:10:58:15 -0500] "GET /.git/config HTTP/1.1" 404 103351 "-" "-"
74.7.227.62 - - [16/Dec/2025:10:58:16 -0500] "GET /ar/wp-content/plugins/pro-elements/vendor_prefixed/php-di/invoker/src/?C=S;O=A HTTP/2.0" 200 1927 "-" "Mozilla/5.0 AppleWebKit/537.36 (KHTML, like Gecko; compatible; GPTBot/1.3; +https://openai.com/gptbot)"
74.7.227.62 - - [16/Dec/2025:10:58:17 -0500] "GET /ar/wp-content/plugins/pro-elements/vendor_prefixed/php-di/invoker/src/Exception/NotCallableException.php HTTP/2.0" 500 - "-" "Mozilla/5.0 AppleWebKit/537.36 (KHTML, like Gecko; compatible; GPTBot/1.3; +https://openai.com/gptbot)"
74.7.227.62 - - [16/Dec/2025:10:58:18 -0500] "GET /ar/wp-content/plugins/pro-elements/vendor_prefixed/php-di/invoker/src/Exception/NotEnoughParametersException.php HTTP/2.0" 500 - "-" "Mozilla/5.0 AppleWebKit/537.36 (KHTML, like Gecko; compatible; GPTBot/1.3; +https://openai.com/gptbot)"
74.7.227.62 - - [16/Dec/2025:10:58:22 -0500] "GET /ar/wp-content/plugins/pro-elements/vendor_prefixed/php-di/invoker/src/Reflection/CallableReflection.php HTTP/2.0" 200 - "-" "Mozilla/5.0 AppleWebKit/537.36 (KHTML, like Gecko; compatible; GPTBot/1.3; +https://openai.com/gptbot)"
74.7.227.62 - - [16/Dec/2025:10:58:32 -0500] "GET /ar/wp-content/plugins/pro-elements/vendor_prefixed/php-di/invoker/src/Exception/InvocationException.php HTTP/2.0" 200 - "-" "Mozilla/5.0 AppleWebKit/537.36 (KHTML, like Gecko; compatible; GPTBot/1.3; +https://openai.com/gptbot)"
74.7.227.62 - - [16/Dec/2025:10:58:41 -0500] "GET /ar/wp-content/plugins/pro-elements/vendor_prefixed/php-di/invoker/src/?C=N;O=D HTTP/2.0" 200 1927 "-" "Mozilla/5.0 AppleWebKit/537.36 (KHTML, like Gecko; compatible; GPTBot/1.3; +https://openai.com/gptbot)"
74.7.227.62 - - [16/Dec/2025:10:58:49 -0500] "GET /ar/wp-content/plugins/pro-elements/vendor_prefixed/php-di/invoker/src/?C=M;O=A HTTP/2.0" 200 1927 "-" "Mozilla/5.0 AppleWebKit/537.36 (KHTML, like Gecko; compatible; GPTBot/1.3; +https://openai.com/gptbot)"
74.7.227.62 - - [16/Dec/2025:10:58:57 -0500] "GET /ar/wp-content/plugins/pro-elements/vendor_prefixed/php-di/invoker/src/ParameterResolver/?C=N;O=D HTTP/2.0" 200 2198 "-" "Mozilla/5.0 AppleWebKit/537.36 (KHTML, like Gecko; compatible; GPTBot/1.3; +https://openai.com/gptbot)"
74.7.227.62 - - [16/Dec/2025:10:59:03 -0500] "GET /ar/wp-content/plugins/pro-elements/vendor_prefixed/php-di/invoker/src/ParameterResolver/?C=S;O=A HTTP/2.0" 200 2198 "-" "Mozilla/5.0 AppleWebKit/537.36 (KHTML, like Gecko; compatible; GPTBot/1.3; +https://openai.com/gptbot)"
50.6.4.141 - - [16/Dec/2025:10:59:07 -0500] "POST /wp-cron.php?doing_wp_cron=1765900747.9037508964538574218750 HTTP/1.1" 200 - "-" "WordPress/6.9; https://emtiyz.com"
103.211.134.164 - - [16/Dec/2025:10:59:07 -0500] "POST /xmlrpc.php HTTP/1.1" 200 403 "-" "Mozilla/5.0 (Linux; Android 10; arm64) AppleWebKit/537.36 (KHTML, like Gecko) Edge/88.0.0.0 Safari/537.36"
74.7.227.62 - - [16/Dec/2025:10:59:09 -0500] "GET /ar/wp-content/plugins/pro-elements/vendor_prefixed/php-di/invoker/src/ParameterResolver/?C=D;O=A HTTP/2.0" 200 2198 "-" "Mozilla/5.0 AppleWebKit/537.36 (KHTML, like Gecko; compatible; GPTBot/1.3; +https://openai.com/gptbot)"
74.7.227.62 - - [16/Dec/2025:10:59:15 -0500] "GET /ar/wp-content/plugins/pro-elements/vendor_prefixed/php-di/invoker/src/ParameterResolver/?C=M;O=A HTTP/2.0" 200 2198 "-" "Mozilla/5.0 AppleWebKit/537.36 (KHTML, like Gecko; compatible; GPTBot/1.3; +https://openai.com/gptbot)"
74.7.227.62 - - [16/Dec/2025:10:59:20 -0500] "GET /ar/wp-content/plugins/pro-elements/vendor_prefixed/php-di/invoker/src/ParameterResolver/TypeHintResolver.php HTTP/2.0" 500 - "-" "Mozilla/5.0 AppleWebKit/537.36 (KHTML, like Gecko; compatible; GPTBot/1.3; +https://openai.com/gptbot)"
74.7.227.62 - - [16/Dec/2025:10:59:25 -0500] "GET /ar/wp-content/plugins/pro-elements/vendor_prefixed/php-di/invoker/src/ParameterResolver/DefaultValueResolver.php HTTP/2.0" 500 - "-" "Mozilla/5.0 AppleWebKit/537.36 (KHTML, like Gecko; compatible; GPTBot/1.3; +https://openai.com/gptbot)"
74.7.227.62 - - [16/Dec/2025:10:59:37 -0500] "GET /ar/wp-content/plugins/pro-elements/vendor_prefixed/php-di/invoker/src/ParameterResolver/NumericArrayResolver.php HTTP/2.0" 500 - "-" "Mozilla/5.0 AppleWebKit/537.36 (KHTML, like Gecko; compatible; GPTBot/1.3; +https://openai.com/gptbot)"
74.7.227.62 - - [16/Dec/2025:11:00:17 -0500] "GET /ar/wp-content/plugins/pro-elements/vendor_prefixed/php-di/invoker/src/ParameterResolver/Container/ HTTP/2.0" 200 1312 "-" "Mozilla/5.0 AppleWebKit/537.36 (KHTML, like Gecko; compatible; GPTBot/1.3; +https://openai.com/gptbot)"
50.6.4.141 - - [16/Dec/2025:11:00:39 -0500] "POST /wp-cron.php?doing_wp_cron=1765900839.7235898971557617187500 HTTP/1.1" 200 - "-" "WordPress/6.9; https://emtiyz.com"
103.211.134.164 - - [16/Dec/2025:11:00:39 -0500] "POST /xmlrpc.php HTTP/1.1" 200 403 "-" "Mozilla/5.0 (Windows NT 6.2; x64) AppleWebKit/537.36 (KHTML, like Gecko) Safari/12.0.0.0 Safari/537.36"
74.7.227.62 - - [16/Dec/2025:11:01:23 -0500] "GET /ar/wp-content/plugins/pro-elements/vendor_prefixed/php-di/invoker/src/ParameterResolver/AssociativeArrayResolver.php HTTP/2.0" 500 - "-" "Mozilla/5.0 AppleWebKit/537.36 (KHTML, like Gecko; compatible; GPTBot/1.3; +https://openai.com/gptbot)"
50.6.4.141 - - [16/Dec/2025:11:02:11 -0500] "POST /wp-cron.php?doing_wp_cron=1765900931.9277219772338867187500 HTTP/1.1" 200 - "-" "WordPress/6.9; https://emtiyz.com"
103.211.134.164 - - [16/Dec/2025:11:02:11 -0500] "POST /xmlrpc.php HTTP/1.1" 200 403 "-" "Mozilla/5.0 (Windows NT 10.0; arm64) AppleWebKit/537.36 (KHTML, like Gecko) Firefox/97.0.0.0 Safari/537.36"
74.7.227.62 - - [16/Dec/2025:11:02:22 -0500] "GET /ar/wp-content/plugins/pro-elements/vendor_prefixed/php-di/invoker/src/Invoker.php HTTP/2.0" 500 - "-" "Mozilla/5.0 AppleWebKit/537.36 (KHTML, like Gecko; compatible; GPTBot/1.3; +https://openai.com/gptbot)"
74.7.227.62 - - [16/Dec/2025:11:03:23 -0500] "GET /ar/wp-content/plugins/pro-elements/vendor_prefixed/php-di/invoker/src/?C=S;O=D HTTP/2.0" 200 1927 "-" "Mozilla/5.0 AppleWebKit/537.36 (KHTML, like Gecko; compatible; GPTBot/1.3; +https://openai.com/gptbot)"
50.6.4.141 - - [16/Dec/2025:11:03:53 -0500] "POST /wp-cron.php?doing_wp_cron=1765901033.4187600612640380859375 HTTP/1.1" 200 - "-" "WordPress/6.9; https://emtiyz.com"
103.211.134.164 - - [16/Dec/2025:11:03:52 -0500] "POST /xmlrpc.php HTTP/1.1" 200 403 "-" "Mozilla/5.0 (Linux; Android 10; x86) AppleWebKit/537.36 (KHTML, like Gecko) Opera/72.0.0.0 Safari/537.36"
74.7.227.62 - - [16/Dec/2025:11:04:28 -0500] "GET /ar/wp-content/plugins/pro-elements/vendor_prefixed/php-di/invoker/src/ParameterResolver/?C=N;O=A HTTP/2.0" 200 2198 "-" "Mozilla/5.0 AppleWebKit/537.36 (KHTML, like Gecko; compatible; GPTBot/1.3; +https://openai.com/gptbot)"
50.6.4.141 - - [16/Dec/2025:11:04:32 -0500] "POST /wp-cron.php?doing_wp_cron=1765901072.4468119144439697265625 HTTP/1.1" 200 - "-" "WordPress/6.9; https://emtiyz.com"
20.0.53.99 - - [16/Dec/2025:11:04:31 -0500] "GET / HTTP/2.0" 200 375307 "-" "Mozilla/5.0 AppleWebKit/537.36 (KHTML, like Gecko); compatible; ChatGPT-User/1.0; +https://openai.com/bot"
20.0.53.100 - - [16/Dec/2025:11:05:05 -0500] "GET / HTTP/2.0" 200 375307 "-" "Mozilla/5.0 AppleWebKit/537.36 (KHTML, like Gecko); compatible; ChatGPT-User/1.0; +https://openai.com/bot"
74.7.242.138 - - [16/Dec/2025:11:05:12 -0500] "GET / HTTP/2.0" 200 375307 "-" "Mozilla/5.0 (Macintosh; Intel Mac OS X 10_15_7) AppleWebKit/537.36 (KHTML, like Gecko) Chrome/131.0.0.0 Safari/537.36; compatible; OAI-SearchBot/1.3; +https://openai.com/searchbot"
74.7.228.160 - - [16/Dec/2025:11:05:15 -0500] "GET /wp-content/uploads/2025/05/thailand.png HTTP/2.0" 200 3293 "-" "Mozilla/5.0 (Macintosh; Intel Mac OS X 10_15_7) AppleWebKit/537.36 (KHTML, like Gecko) Chrome/131.0.0.0 Safari/537.36; compatible; OAI-SearchBot/1.3; +https://openai.com/searchbot"
74.7.229.238 - - [16/Dec/2025:11:05:18 -0500] "GET /wp-content/uploads/2024/10/Winner-Icon-22.png HTTP/2.0" 200 72494 "-" "Mozilla/5.0 (Macintosh; Intel Mac OS X 10_15_7) AppleWebKit/537.36 (KHTML, like Gecko) Chrome/131.0.0.0 Safari/537.36; compatible; OAI-SearchBot/1.3; +https://openai.com/searchbot"
74.7.242.138 - - [16/Dec/2025:11:05:20 -0500] "GET /wp-content/uploads/2025/06/details_23-2-2-1-660x471.jpg HTTP/2.0" 200 50303 "-" "Mozilla/5.0 (Macintosh; Intel Mac OS X 10_15_7) AppleWebKit/537.36 (KHTML, like Gecko) Chrome/131.0.0.0 Safari/537.36; compatible; OAI-SearchBot/1.3; +https://openai.com/searchbot"
74.7.243.43 - - [16/Dec/2025:11:05:22 -0500] "GET /wp-content/uploads/2025/05/Qatar.png HTTP/2.0" 200 5392 "-" "Mozilla/5.0 (Macintosh; Intel Mac OS X 10_15_7) AppleWebKit/537.36 (KHTML, like Gecko) Chrome/131.0.0.0 Safari/537.36; compatible; OAI-SearchBot/1.3; +https://openai.com/searchbot"
74.7.227.62 - - [16/Dec/2025:11:05:24 -0500] "GET /ar/wp-content/plugins/pro-elements/vendor_prefixed/php-di/invoker/src/ParameterResolver/?C=S;O=D HTTP/2.0" 200 2198 "-" "Mozilla/5.0 AppleWebKit/537.36 (KHTML, like Gecko; compatible; GPTBot/1.3; +https://openai.com/gptbot)"
74.7.242.138 - - [16/Dec/2025:11:05:24 -0500] "GET /wp-content/uploads/2025/05/South-Africa.png HTTP/2.0" 200 6753 "-" "Mozilla/5.0 (Macintosh; Intel Mac OS X 10_15_7) AppleWebKit/537.36 (KHTML, like Gecko) Chrome/131.0.0.0 Safari/537.36; compatible; OAI-SearchBot/1.3; +https://openai.com/searchbot"
74.7.229.49 - - [16/Dec/2025:11:05:26 -0500] "GET /wp-content/uploads/2024/10/Winner-Icon-24.png HTTP/2.0" 200 62945 "-" "Mozilla/5.0 (Macintosh; Intel Mac OS X 10_15_7) AppleWebKit/537.36 (KHTML, like Gecko) Chrome/131.0.0.0 Safari/537.36; compatible; OAI-SearchBot/1.3; +https://openai.com/searchbot"
74.7.228.160 - - [16/Dec/2025:11:05:28 -0500] "GET /wp-content/uploads/2024/10/Winner-Icon-24-1.png HTTP/2.0" 200 57351 "-" "Mozilla/5.0 (Macintosh; Intel Mac OS X 10_15_7) AppleWebKit/537.36 (KHTML, like Gecko) Chrome/131.0.0.0 Safari/537.36; compatible; OAI-SearchBot/1.3; +https://openai.com/searchbot"
74.7.242.167 - - [16/Dec/2025:11:05:30 -0500] "GET /wp-content/uploads/2025/05/UAE.png HTTP/2.0" 200 4747 "-" "Mozilla/5.0 (Macintosh; Intel Mac OS X 10_15_7) AppleWebKit/537.36 (KHTML, like Gecko) Chrome/131.0.0.0 Safari/537.36; compatible; OAI-SearchBot/1.3; +https://openai.com/searchbot"
74.7.228.160 - - [16/Dec/2025:11:05:31 -0500] "GET /wp-content/uploads/2025/05/Kwait.png HTTP/2.0" 200 5452 "-" "Mozilla/5.0 (Macintosh; Intel Mac OS X 10_15_7) AppleWebKit/537.36 (KHTML, like Gecko) Chrome/131.0.0.0 Safari/537.36; compatible; OAI-SearchBot/1.3; +https://openai.com/searchbot"
74.7.228.159 - - [16/Dec/2025:11:05:32 -0500] "GET /wp-content/uploads/2025/05/oman.png HTTP/2.0" 200 5124 "-" "Mozilla/5.0 (Macintosh; Intel Mac OS X 10_15_7) AppleWebKit/537.36 (KHTML, like Gecko) Chrome/131.0.0.0 Safari/537.36; compatible; OAI-SearchBot/1.3; +https://openai.com/searchbot"
74.7.229.214 - - [16/Dec/2025:11:05:33 -0500] "GET /wp-content/uploads/2025/05/Emtiyz-1.png HTTP/2.0" 200 74612 "-" "Mozilla/5.0 (Macintosh; Intel Mac OS X 10_15_7) AppleWebKit/537.36 (KHTML, like Gecko) Chrome/131.0.0.0 Safari/537.36; compatible; OAI-SearchBot/1.3; +https://openai.com/searchbot"
74.7.242.167 - - [16/Dec/2025:11:05:34 -0500] "GET /wp-content/uploads/2025/05/Saudi-Arabia.png HTTP/2.0" 200 9514 "-" "Mozilla/5.0 (Macintosh; Intel Mac OS X 10_15_7) AppleWebKit/537.36 (KHTML, like Gecko) Chrome/131.0.0.0 Safari/537.36; compatible; OAI-SearchBot/1.3; +https://openai.com/searchbot"
74.7.243.43 - - [16/Dec/2025:11:05:35 -0500] "GET /wp-content/uploads/2025/05/UK.png HTTP/2.0" 200 4698 "-" "Mozilla/5.0 (Macintosh; Intel Mac OS X 10_15_7) AppleWebKit/537.36 (KHTML, like Gecko) Chrome/131.0.0.0 Safari/537.36; compatible; OAI-SearchBot/1.3; +https://openai.com/searchbot"
74.7.229.214 - - [16/Dec/2025:11:05:36 -0500] "GET /wp-content/uploads/2025/06/Ruwad-1.png HTTP/2.0" 200 9231 "-" "Mozilla/5.0 (Macintosh; Intel Mac OS X 10_15_7) AppleWebKit/537.36 (KHTML, like Gecko) Chrome/131.0.0.0 Safari/537.36; compatible; OAI-SearchBot/1.3; +https://openai.com/searchbot"
74.7.228.160 - - [16/Dec/2025:11:05:37 -0500] "GET /wp-content/uploads/2025/05/turkey.png HTTP/2.0" 200 7190 "-" "Mozilla/5.0 (Macintosh; Intel Mac OS X 10_15_7) AppleWebKit/537.36 (KHTML, like Gecko) Chrome/131.0.0.0 Safari/537.36; compatible; OAI-SearchBot/1.3; +https://openai.com/searchbot"
74.7.243.43 - - [16/Dec/2025:11:05:37 -0500] "GET /wp-content/uploads/2025/05/italy.png HTTP/2.0" 200 2645 "-" "Mozilla/5.0 (Macintosh; Intel Mac OS X 10_15_7) AppleWebKit/537.36 (KHTML, like Gecko) Chrome/131.0.0.0 Safari/537.36; compatible; OAI-SearchBot/1.3; +https://openai.com/searchbot"
74.7.228.160 - - [16/Dec/2025:11:05:38 -0500] "GET /wp-content/uploads/2025/05/Sweden.png HTTP/2.0" 200 4005 "-" "Mozilla/5.0 (Macintosh; Intel Mac OS X 10_15_7) AppleWebKit/537.36 (KHTML, like Gecko) Chrome/131.0.0.0 Safari/537.36; compatible; OAI-SearchBot/1.3; +https://openai.com/searchbot"
50.6.4.141 - - [16/Dec/2025:11:05:38 -0500] "POST /wp-cron.php?doing_wp_cron=1765901138.6641159057617187500000 HTTP/1.1" 200 - "-" "WordPress/6.9; https://emtiyz.com"
103.211.134.164 - - [16/Dec/2025:11:05:37 -0500] "POST /xmlrpc.php HTTP/1.1" 200 403 "-" "Mozilla/5.0 (Macintosh; Intel Mac OS X 10_15_7; x64) AppleWebKit/537.36 (KHTML, like Gecko) Chrome/106.0.0.0 Safari/537.36"
74.7.229.238 - - [16/Dec/2025:11:05:39 -0500] "GET /wp-content/uploads/2025/05/Map.png HTTP/2.0" 200 159834 "-" "Mozilla/5.0 (Macintosh; Intel Mac OS X 10_15_7) AppleWebKit/537.36 (KHTML, like Gecko) Chrome/131.0.0.0 Safari/537.36; compatible; OAI-SearchBot/1.3; +https://openai.com/searchbot"
74.7.228.160 - - [16/Dec/2025:11:05:39 -0500] "GET /wp-content/uploads/2025/05/egypt.png HTTP/2.0" 200 9365 "-" "Mozilla/5.0 (Macintosh; Intel Mac OS X 10_15_7) AppleWebKit/537.36 (KHTML, like Gecko) Chrome/131.0.0.0 Safari/537.36; compatible; OAI-SearchBot/1.3; +https://openai.com/searchbot"
74.7.243.43 - - [16/Dec/2025:11:05:40 -0500] "GET /wp-content/uploads/2025/05/iraq.png HTTP/2.0" 200 3996 "-" "Mozilla/5.0 (Macintosh; Intel Mac OS X 10_15_7) AppleWebKit/537.36 (KHTML, like Gecko) Chrome/131.0.0.0 Safari/537.36; compatible; OAI-SearchBot/1.3; +https://openai.com/searchbot"
74.7.242.138 - - [16/Dec/2025:11:05:40 -0500] "GET /wp-content/uploads/2024/10/details_03-1-600x450.png HTTP/2.0" 200 32074 "-" "Mozilla/5.0 (Macintosh; Intel Mac OS X 10_15_7) AppleWebKit/537.36 (KHTML, like Gecko) Chrome/131.0.0.0 Safari/537.36; compatible; OAI-SearchBot/1.3; +https://openai.com/searchbot"
74.7.242.138 - - [16/Dec/2025:11:05:41 -0500] "GET /wp-content/uploads/2025/05/france.png HTTP/2.0" 200 4125 "-" "Mozilla/5.0 (Macintosh; Intel Mac OS X 10_15_7) AppleWebKit/537.36 (KHTML, like Gecko) Chrome/131.0.0.0 Safari/537.36; compatible; OAI-SearchBot/1.3; +https://openai.com/searchbot"
193.19.82.13 - - [16/Dec/2025:11:06:14 -0500] "HEAD / HTTP/1.1" 200 - "-" "Mozilla/5.0 (Windows NT 10.0; Win64; x64) AppleWebKit/537.36 (KHTML, like Gecko) Chrome/108.0.0.0 Safari/537.36"
74.7.227.62 - - [16/Dec/2025:11:06:18 -0500] "GET /ar/wp-content/plugins/pro-elements/vendor_prefixed/php-di/invoker/src/ParameterResolver/?C=D;O=D HTTP/2.0" 200 2198 "-" "Mozilla/5.0 AppleWebKit/537.36 (KHTML, like Gecko; compatible; GPTBot/1.3; +https://openai.com/gptbot)"
50.6.4.141 - - [16/Dec/2025:11:06:45 -0500] "POST /wp-cron.php?doing_wp_cron=1765901205.3979940414428710937500 HTTP/1.1" 200 - "-" "WordPress/6.9; https://emtiyz.com"
193.19.82.13 - - [16/Dec/2025:11:06:44 -0500] "GET / HTTP/1.1" 200 375307 "-" "Mozilla/5.0 (Windows NT 10.0; Win64; x64) AppleWebKit/537.36 (KHTML, like Gecko) Chrome/108.0.0.0 Safari/537.36"
103.211.134.164 - - [16/Dec/2025:11:07:01 -0500] "POST /xmlrpc.php HTTP/1.1" 200 403 "-" "Mozilla/5.0 (Macintosh; Intel Mac OS X 10_15_7; x64) AppleWebKit/537.36 (KHTML, like Gecko) Chrome/100.0.0.0 Safari/537.36"
74.7.227.62 - - [16/Dec/2025:11:07:03 -0500] "GET /ar/wp-content/plugins/pro-elements/vendor_prefixed/php-di/invoker/src/ParameterResolver/?C=M;O=D HTTP/2.0" 200 2198 "-" "Mozilla/5.0 AppleWebKit/537.36 (KHTML, like Gecko; compatible; GPTBot/1.3; +https://openai.com/gptbot)"
74.7.227.62 - - [16/Dec/2025:11:07:46 -0500] "GET /ar/wp-content/plugins/pro-elements/vendor_prefixed/php-di/invoker/src/?C=M;O=D HTTP/2.0" 200 1927 "-" "Mozilla/5.0 AppleWebKit/537.36 (KHTML, like Gecko; compatible; GPTBot/1.3; +https://openai.com/gptbot)"
74.7.227.62 - - [16/Dec/2025:11:08:25 -0500] "GET /ar/wp-content/plugins/pro-elements/vendor_prefixed/php-di/invoker/src/?C=N;O=A HTTP/2.0" 200 1927 "-" "Mozilla/5.0 AppleWebKit/537.36 (KHTML, like Gecko; compatible; GPTBot/1.3; +https://openai.com/gptbot)"
50.6.4.141 - - [16/Dec/2025:11:08:37 -0500] "POST /wp-cron.php?doing_wp_cron=1765901317.1837029457092285156250 HTTP/1.1" 200 - "-" "WordPress/6.9; https://emtiyz.com"
103.211.134.164 - - [16/Dec/2025:11:08:36 -0500] "POST /xmlrpc.php HTTP/1.1" 200 403 "-" "Mozilla/5.0 (Windows NT 6.3; x64) AppleWebKit/537.36 (KHTML, like Gecko) Firefox/86.0.0.0 Safari/537.36"
74.7.227.62 - - [16/Dec/2025:11:08:57 -0500] "GET /ar/wp-content/plugins/pro-elements/vendor_prefixed/php-di/invoker/src/ParameterResolver/ParameterResolver.php HTTP/2.0" 200 - "-" "Mozilla/5.0 AppleWebKit/537.36 (KHTML, like Gecko; compatible; GPTBot/1.3; +https://openai.com/gptbot)"
74.7.227.62 - - [16/Dec/2025:11:09:29 -0500] "GET /ar/wp-content/plugins/pro-elements/vendor_prefixed/php-di/invoker/src/ParameterResolver/Container/ParameterNameContainerResolver.php HTTP/2.0" 500 - "-" "Mozilla/5.0 AppleWebKit/537.36 (KHTML, like Gecko; compatible; GPTBot/1.3; +https://openai.com/gptbot)"
74.7.227.62 - - [16/Dec/2025:11:09:55 -0500] "GET /ar/wp-content/plugins/pro-elements/vendor_prefixed/php-di/invoker/src/ParameterResolver/Container/TypeHintContainerResolver.php HTTP/2.0" 500 - "-" "Mozilla/5.0 AppleWebKit/537.36 (KHTML, like Gecko; compatible; GPTBot/1.3; +https://openai.com/gptbot)"
50.6.4.141 - - [16/Dec/2025:11:09:56 -0500] "POST /wp-cron.php?doing_wp_cron=1765901396.6617510318756103515625 HTTP/1.1" 200 - "-" "WordPress/6.9; https://emtiyz.com"
103.211.134.164 - - [16/Dec/2025:11:09:56 -0500] "POST /xmlrpc.php HTTP/1.1" 200 403 "-" "Mozilla/5.0 (Windows NT 6.3; x86) AppleWebKit/537.36 (KHTML, like Gecko) Chrome/115.0.0.0 Safari/537.36"
50.6.4.141 - - [16/Dec/2025:11:10:45 -0500] "POST /wp-cron.php?doing_wp_cron=1765901445.0639510154724121093750 HTTP/1.1" 200 - "-" "WordPress/6.9; https://emtiyz.com"
43.173.182.124 - - [16/Dec/2025:11:10:44 -0500] "GET /tf_header_footer/footer HTTP/1.1" 301 - "-" "Mozilla/5.0 (Windows NT 6.1; Win64; x64) AppleWebKit/537.36 (KHTML, like Gecko) Chrome/126.0.6478.114 Safari/537.36"
43.173.169.44 - - [16/Dec/2025:11:10:44 -0500] "GET /make/food-beverage HTTP/1.1" 301 - "-" "Mozilla/5.0 (Windows NT 6.1; Win64; x64) AppleWebKit/537.36 (KHTML, like Gecko) Chrome/126.0.6478.114 Safari/537.36"
43.173.182.124 - - [16/Dec/2025:11:10:45 -0500] "GET /tf_header_footer/footer/ HTTP/1.1" 200 106179 "https://emtiyz.com/tf_header_footer/footer" "Mozilla/5.0 (Windows NT 6.1; Win64; x64) AppleWebKit/537.36 (KHTML, like Gecko) Chrome/126.0.6478.114 Safari/537.36"
43.173.169.44 - - [16/Dec/2025:11:10:45 -0500] "GET /make/food-beverage/ HTTP/1.1" 200 276496 "https://emtiyz.com/make/food-beverage" "Mozilla/5.0 (Windows NT 6.1; Win64; x64) AppleWebKit/537.36 (KHTML, like Gecko) Chrome/126.0.6478.114 Safari/537.36"
43.173.175.99 - - [16/Dec/2025:11:10:49 -0500] "GET /wp-includes/js/plupload/moxie.min.js?ver=1.3.5.1 HTTP/1.1" 200 87394 "https://emtiyz.com/tf_header_footer/footer" "Mozilla/5.0 (Windows NT 6.1; Win64; x64) AppleWebKit/537.36 (KHTML, like Gecko) Chrome/126.0.6478.114 Safari/537.36"
43.173.178.213 - - [16/Dec/2025:11:10:50 -0500] "GET /wp-includes/js/plupload/moxie.min.js?ver=1.3.5.1 HTTP/1.1" 200 87394 "https://emtiyz.com/make/food-beverage" "Mozilla/5.0 (Windows NT 6.1; Win64; x64) AppleWebKit/537.36 (KHTML, like Gecko) Chrome/126.0.6478.114 Safari/537.36"
43.173.187.171 - - [16/Dec/2025:11:10:58 -0500] "GET /wp-includes/js/wp-emoji-release.min.js?ver=6.9 HTTP/2.0" 200 22762 "https://emtiyz.com/make/food-beverage" "Mozilla/5.0 (Windows NT 6.1; Win64; x64) AppleWebKit/537.36 (KHTML, like Gecko) Chrome/126.0.6478.114 Safari/537.36"
43.173.177.105 - - [16/Dec/2025:11:10:58 -0500] "POST /wp-admin/admin-ajax.php HTTP/1.1" 200 632 "https://emtiyz.com/make/food-beverage" "Mozilla/5.0 (Windows NT 6.1; Win64; x64) AppleWebKit/537.36 (KHTML, like Gecko) Chrome/126.0.6478.114 Safari/537.36"
74.7.227.62 - - [16/Dec/2025:11:10:58 -0500] "GET /ar/wp-content/plugins/pro-elements/vendor_prefixed/php-di/invoker/src/ParameterResolver/Container/?C=N;O=D HTTP/2.0" 200 1312 "-" "Mozilla/5.0 AppleWebKit/537.36 (KHTML, like Gecko; compatible; GPTBot/1.3; +https://openai.com/gptbot)"
43.173.187.171 - - [16/Dec/2025:11:10:58 -0500] "POST /wp-admin/admin-ajax.php HTTP/2.0" 200 632 "https://emtiyz.com/make/food-beverage" "Mozilla/5.0 (Windows NT 6.1; Win64; x64) AppleWebKit/537.36 (KHTML, like Gecko) Chrome/126.0.6478.114 Safari/537.36"
43.173.187.171 - - [16/Dec/2025:11:10:59 -0500] "GET /wp-content/plugins/elementor/assets/css/conditionals/dialog.min.css?ver=3.31.3 HTTP/2.0" 200 16528 "https://emtiyz.com/make/food-beverage" "Mozilla/5.0 (Windows NT 6.1; Win64; x64) AppleWebKit/537.36 (KHTML, like Gecko) Chrome/126.0.6478.114 Safari/537.36"
43.173.177.213 - - [16/Dec/2025:11:10:58 -0500] "GET /tf_header_footer/footer HTTP/1.1" 301 - "-" "Mozilla/5.0 (Windows NT 10.0; Win64; x64) AppleWebKit/537.36 (KHTML, like Gecko) Chrome/107.0.0.0 Safari/537.36"
43.173.177.213 - - [16/Dec/2025:11:11:01 -0500] "GET /tf_header_footer/footer/ HTTP/1.1" 200 106179 "https://emtiyz.com/tf_header_footer/footer" "Mozilla/5.0 (Windows NT 10.0; Win64; x64) AppleWebKit/537.36 (KHTML, like Gecko) Chrome/107.0.0.0 Safari/537.36"
103.211.134.164 - - [16/Dec/2025:11:11:12 -0500] "POST /xmlrpc.php HTTP/1.1" 200 403 "-" "Mozilla/5.0 (Windows NT 10.0; x64) AppleWebKit/537.36 (KHTML, like Gecko) Edge/96.0.0.0 Safari/537.36"
74.7.227.62 - - [16/Dec/2025:11:12:01 -0500] "GET /ar/wp-content/plugins/pro-elements/vendor_prefixed/php-di/invoker/src/ParameterResolver/Container/?C=S;O=A HTTP/2.0" 200 1312 "-" "Mozilla/5.0 AppleWebKit/537.36 (KHTML, like Gecko; compatible; GPTBot/1.3; +https://openai.com/gptbot)"
50.6.4.141 - - [16/Dec/2025:11:12:47 -0500] "POST /wp-cron.php?doing_wp_cron=1765901567.7738258838653564453125 HTTP/1.1" 200 - "-" "WordPress/6.9; https://emtiyz.com"
103.211.134.164 - - [16/Dec/2025:11:12:46 -0500] "POST /xmlrpc.php HTTP/1.1" 200 403 "-" "Mozilla/5.0 (X11; Ubuntu; Linux x86_64; x86) AppleWebKit/537.36 (KHTML, like Gecko) Opera/71.0.0.0 Safari/537.36"
74.7.227.62 - - [16/Dec/2025:11:12:58 -0500] "GET /wp-content/uploads/2025/05/UK.png HTTP/2.0" 200 4698 "-" "Mozilla/5.0 AppleWebKit/537.36 (KHTML, like Gecko; compatible; GPTBot/1.3; +https://openai.com/gptbot)"
74.7.227.62 - - [16/Dec/2025:11:13:47 -0500] "GET /ar/wp-content/plugins/pro-elements/vendor_prefixed/php-di/invoker/src/ParameterResolver/Container/?C=M;O=A HTTP/2.0" 200 1312 "-" "Mozilla/5.0 AppleWebKit/537.36 (KHTML, like Gecko; compatible; GPTBot/1.3; +https://openai.com/gptbot)"
50.6.4.141 - - [16/Dec/2025:11:14:09 -0500] "POST /wp-cron.php?doing_wp_cron=1765901649.8597259521484375000000 HTTP/1.1" 200 - "-" "WordPress/6.9; https://emtiyz.com"
103.211.134.164 - - [16/Dec/2025:11:14:09 -0500] "POST /xmlrpc.php HTTP/1.1" 200 403 "-" "Mozilla/5.0 (Windows NT 10.0; x86) AppleWebKit/537.36 (KHTML, like Gecko) Safari/11.0.0.0 Safari/537.36"
74.7.227.62 - - [16/Dec/2025:11:14:33 -0500] "GET /ar/wp-content/plugins/pro-elements/vendor_prefixed/php-di/invoker/src/ParameterResolver/Container/?C=D;O=A HTTP/2.0" 200 1312 "-" "Mozilla/5.0 AppleWebKit/537.36 (KHTML, like Gecko; compatible; GPTBot/1.3; +https://openai.com/gptbot)"
74.7.227.62 - - [16/Dec/2025:11:15:14 -0500] "GET /ar/wp-content/plugins/pro-elements/vendor_prefixed/php-di/invoker/src/ParameterResolver/TypeHintResolver.php HTTP/2.0" 500 - "-" "Mozilla/5.0 AppleWebKit/537.36 (KHTML, like Gecko; compatible; GPTBot/1.3; +https://openai.com/gptbot)"
50.6.4.141 - - [16/Dec/2025:11:15:29 -0500] "POST /wp-cron.php?doing_wp_cron=1765901729.1453490257263183593750 HTTP/1.1" 200 - "-" "WordPress/6.9; https://emtiyz.com"
103.211.134.164 - - [16/Dec/2025:11:15:28 -0500] "POST /xmlrpc.php HTTP/1.1" 200 403 "-" "Mozilla/5.0 (Windows NT 6.3; x64) AppleWebKit/537.36 (KHTML, like Gecko) Chrome/110.0.0.0 Safari/537.36"
74.7.227.62 - - [16/Dec/2025:11:15:53 -0500] "GET /ar/wp-content/plugins/pro-elements/vendor_prefixed/php-di/invoker/src/ParameterResolver/NumericArrayResolver.php HTTP/2.0" 500 - "-" "Mozilla/5.0 AppleWebKit/537.36 (KHTML, like Gecko; compatible; GPTBot/1.3; +https://openai.com/gptbot)"
50.6.4.141 - - [16/Dec/2025:11:16:55 -0500] "POST /wp-cron.php?doing_wp_cron=1765901815.6635489463806152343750 HTTP/1.1" 200 - "-" "WordPress/6.9; https://emtiyz.com"
103.211.134.164 - - [16/Dec/2025:11:16:55 -0500] "POST /xmlrpc.php HTTP/1.1" 200 403 "-" "Mozilla/5.0 (Macintosh; Intel Mac OS X 10_15_7; x86) AppleWebKit/537.36 (KHTML, like Gecko) Edge/83.0.0.0 Safari/537.36"
74.7.227.62 - - [16/Dec/2025:11:16:56 -0500] "GET /ar/wp-content/plugins/pro-elements/vendor_prefixed/php-di/invoker/src/ParameterResolver/DefaultValueResolver.php HTTP/2.0" 500 - "-" "Mozilla/5.0 AppleWebKit/537.36 (KHTML, like Gecko; compatible; GPTBot/1.3; +https://openai.com/gptbot)"
74.7.227.62 - - [16/Dec/2025:11:18:01 -0500] "GET /ar/wp-content/plugins/pro-elements/vendor_prefixed/php-di/invoker/src/ParameterResolver/AssociativeArrayResolver.php HTTP/2.0" 500 - "-" "Mozilla/5.0 AppleWebKit/537.36 (KHTML, like Gecko; compatible; GPTBot/1.3; +https://openai.com/gptbot)"
50.6.4.141 - - [16/Dec/2025:11:18:14 -0500] "POST /wp-cron.php?doing_wp_cron=1765901894.6988160610198974609375 HTTP/1.1" 200 - "-" "WordPress/6.9; https://emtiyz.com"
103.211.134.164 - - [16/Dec/2025:11:18:14 -0500] "POST /xmlrpc.php HTTP/1.1" 200 403 "-" "Mozilla/5.0 (Windows NT 6.3; x86) AppleWebKit/537.36 (KHTML, like Gecko) Safari/11.0.0.0 Safari/537.36"
74.7.227.62 - - [16/Dec/2025:11:19:03 -0500] "GET /ar/wp-content/plugins/pro-elements/vendor_prefixed/php-di/invoker/src/Invoker.php HTTP/2.0" 500 - "-" "Mozilla/5.0 AppleWebKit/537.36 (KHTML, like Gecko; compatible; GPTBot/1.3; +https://openai.com/gptbot)"
50.6.4.141 - - [16/Dec/2025:11:19:45 -0500] "POST /wp-cron.php?doing_wp_cron=1765901985.6449739933013916015625 HTTP/1.1" 200 - "-" "WordPress/6.9; https://emtiyz.com"
103.211.134.164 - - [16/Dec/2025:11:19:45 -0500] "POST /xmlrpc.php HTTP/1.1" 200 403 "-" "Mozilla/5.0 (Macintosh; Intel Mac OS X 10_15_7; arm64) AppleWebKit/537.36 (KHTML, like Gecko) Safari/12.0.0.0 Safari/537.36"
74.7.227.62 - - [16/Dec/2025:11:20:08 -0500] "GET /wp-admin/admin-ajax.php?action=file_attachment_upload&nonce=01f3cbe932 HTTP/2.0" 200 48 "-" "Mozilla/5.0 AppleWebKit/537.36 (KHTML, like Gecko; compatible; GPTBot/1.3; +https://openai.com/gptbot)"
74.7.227.62 - - [16/Dec/2025:11:21:12 -0500] "GET /ar/wp-content/plugins/pro-elements/vendor_prefixed/php-di/invoker/src/ParameterResolver/Container/ParameterNameContainerResolver.php HTTP/2.0" 500 - "-" "Mozilla/5.0 AppleWebKit/537.36 (KHTML, like Gecko; compatible; GPTBot/1.3; +https://openai.com/gptbot)"
50.6.4.141 - - [16/Dec/2025:11:21:14 -0500] "POST /wp-cron.php?doing_wp_cron=1765902074.8162019252777099609375 HTTP/1.1" 200 - "-" "WordPress/6.9; https://emtiyz.com"
103.211.134.164 - - [16/Dec/2025:11:21:14 -0500] "POST /xmlrpc.php HTTP/1.1" 200 403 "-" "Mozilla/5.0 (Windows NT 6.2; arm64) AppleWebKit/537.36 (KHTML, like Gecko) Edge/80.0.0.0 Safari/537.36"
74.7.227.62 - - [16/Dec/2025:11:22:09 -0500] "GET /ar/wp-content/plugins/pro-elements/vendor_prefixed/php-di/invoker/src/ParameterResolver/Container/TypeHintContainerResolver.php HTTP/2.0" 500 - "-" "Mozilla/5.0 AppleWebKit/537.36 (KHTML, like Gecko; compatible; GPTBot/1.3; +https://openai.com/gptbot)"
50.6.4.141 - - [16/Dec/2025:11:22:52 -0500] "POST /wp-cron.php?doing_wp_cron=1765902172.8557000160217285156250 HTTP/1.1" 200 - "-" "WordPress/6.9; https://emtiyz.com"
103.211.134.164 - - [16/Dec/2025:11:22:52 -0500] "POST /xmlrpc.php HTTP/1.1" 200 403 "-" "Mozilla/5.0 (Windows NT 10.0; arm64) AppleWebKit/537.36 (KHTML, like Gecko) Opera/69.0.0.0 Safari/537.36"
74.7.227.62 - - [16/Dec/2025:11:23:14 -0500] "GET /ar/wp-content/plugins/pro-elements/vendor_prefixed/php-di/invoker/src/ParameterResolver/Container/?C=N;O=A HTTP/2.0" 200 1312 "-" "Mozilla/5.0 AppleWebKit/537.36 (KHTML, like Gecko; compatible; GPTBot/1.3; +https://openai.com/gptbot)"
50.6.4.141 - - [16/Dec/2025:11:24:06 -0500] "POST /wp-cron.php?doing_wp_cron=1765902246.7847800254821777343750 HTTP/1.1" 200 - "-" "WordPress/6.9; https://emtiyz.com"
103.211.134.164 - - [16/Dec/2025:11:24:06 -0500] "POST /xmlrpc.php HTTP/1.1" 200 403 "-" "Mozilla/5.0 (Linux; Android 10; arm64) AppleWebKit/537.36 (KHTML, like Gecko) Edge/80.0.0.0 Safari/537.36"
74.7.227.62 - - [16/Dec/2025:11:24:18 -0500] "GET /ar/wp-content/plugins/pro-elements/vendor_prefixed/php-di/invoker/src/ParameterResolver/Container/?C=M;O=D HTTP/2.0" 200 1312 "-" "Mozilla/5.0 AppleWebKit/537.36 (KHTML, like Gecko; compatible; GPTBot/1.3; +https://openai.com/gptbot)"
74.7.227.62 - - [16/Dec/2025:11:25:13 -0500] "GET /ar/wp-content/plugins/pro-elements/vendor_prefixed/php-di/invoker/src/ParameterResolver/Container/?C=D;O=D HTTP/2.0" 200 1312 "-" "Mozilla/5.0 AppleWebKit/537.36 (KHTML, like Gecko; compatible; GPTBot/1.3; +https://openai.com/gptbot)"
74.7.227.62 - - [16/Dec/2025:11:26:03 -0500] "GET /ar/wp-content/plugins/pro-elements/vendor_prefixed/php-di/invoker/src/ParameterResolver/Container/?C=S;O=D HTTP/2.0" 200 1312 "-" "Mozilla/5.0 AppleWebKit/537.36 (KHTML, like Gecko; compatible; GPTBot/1.3; +https://openai.com/gptbot)"
74.7.227.62 - - [16/Dec/2025:11:26:48 -0500] "GET /ar/wp-content/plugins/pro-elements/vendor_prefixed/php-di/invoker/src/Reflection/?C=N;O=D HTTP/2.0" 200 1045 "-" "Mozilla/5.0 AppleWebKit/537.36 (KHTML, like Gecko; compatible; GPTBot/1.3; +https://openai.com/gptbot)"
74.7.227.62 - - [16/Dec/2025:11:27:31 -0500] "GET /ar/wp-content/plugins/pro-elements/vendor_prefixed/php-di/invoker/src/Reflection/?C=D;O=A HTTP/2.0" 200 1045 "-" "Mozilla/5.0 AppleWebKit/537.36 (KHTML, like Gecko; compatible; GPTBot/1.3; +https://openai.com/gptbot)"
74.7.227.62 - - [16/Dec/2025:11:28:08 -0500] "GET /ar/wp-content/plugins/pro-elements/vendor_prefixed/php-di/invoker/src/Reflection/?C=M;O=A HTTP/2.0" 200 1045 "-" "Mozilla/5.0 AppleWebKit/537.36 (KHTML, like Gecko; compatible; GPTBot/1.3; +https://openai.com/gptbot)"
50.6.4.141 - - [16/Dec/2025:11:28:37 -0500] "POST /wp-cron.php?doing_wp_cron=1765902517.6998469829559326171875 HTTP/1.1" 200 - "-" "WordPress/6.9; https://emtiyz.com"
107.189.5.145 - - [16/Dec/2025:11:28:36 -0500] "GET /wp-login.php HTTP/1.1" 200 10442 "https://www.yahoo.com/" "Mozilla/5.0 (Windows NT 10.0; Win64; x64) AppleWebKit/537.36 (KHTML, like Gecko) Chrome/118.0.5993.117 Safari/537.36"
74.7.227.62 - - [16/Dec/2025:11:28:42 -0500] "GET /ar/wp-content/plugins/pro-elements/vendor_prefixed/php-di/invoker/src/Reflection/?C=S;O=A HTTP/2.0" 200 1045 "-" "Mozilla/5.0 AppleWebKit/537.36 (KHTML, like Gecko; compatible; GPTBot/1.3; +https://openai.com/gptbot)"
107.189.5.145 - - [16/Dec/2025:11:29:05 -0500] "POST /wp-login.php HTTP/1.1" 200 10913 "https://www.yahoo.com/" "Mozilla/5.0 (Windows NT 10.0; Win64; x64) AppleWebKit/537.36 (KHTML, like Gecko) Chrome/118.0.5993.117 Safari/537.36"
74.7.227.62 - - [16/Dec/2025:11:29:10 -0500] "GET /wp-admin/admin-ajax.php?action=img_upload&nonce=01f3cbe932 HTTP/2.0" 200 43 "-" "Mozilla/5.0 AppleWebKit/537.36 (KHTML, like Gecko; compatible; GPTBot/1.3; +https://openai.com/gptbot)"
74.7.227.62 - - [16/Dec/2025:11:29:37 -0500] "GET /ar/wp-content/plugins/pro-elements/vendor_prefixed/php-di/invoker/src/Exception/?C=N;O=D HTTP/2.0" 200 1442 "-" "Mozilla/5.0 AppleWebKit/537.36 (KHTML, like Gecko; compatible; GPTBot/1.3; +https://openai.com/gptbot)"
74.7.227.62 - - [16/Dec/2025:11:30:02 -0500] "GET /ar/wp-content/plugins/pro-elements/vendor_prefixed/php-di/invoker/src/Exception/?C=S;O=A HTTP/2.0" 200 1442 "-" "Mozilla/5.0 AppleWebKit/537.36 (KHTML, like Gecko; compatible; GPTBot/1.3; +https://openai.com/gptbot)"
74.7.227.62 - - [16/Dec/2025:11:30:25 -0500] "GET /ar/wp-content/plugins/pro-elements/vendor_prefixed/php-di/invoker/src/ParameterResolver/Container/TypeHintContainerResolver.php HTTP/2.0" 500 - "-" "Mozilla/5.0 AppleWebKit/537.36 (KHTML, like Gecko; compatible; GPTBot/1.3; +https://openai.com/gptbot)"
74.7.227.62 - - [16/Dec/2025:11:30:44 -0500] "GET /ar/wp-content/plugins/pro-elements/vendor_prefixed/php-di/invoker/src/ParameterResolver/Container/ParameterNameContainerResolver.php HTTP/2.0" 500 - "-" "Mozilla/5.0 AppleWebKit/537.36 (KHTML, like Gecko; compatible; GPTBot/1.3; +https://openai.com/gptbot)"
74.7.227.62 - - [16/Dec/2025:11:31:43 -0500] "GET /ar/wp-content/plugins/pro-elements/vendor_prefixed/php-di/invoker/src/Exception/?C=M;O=A HTTP/2.0" 200 1442 "-" "Mozilla/5.0 AppleWebKit/537.36 (KHTML, like Gecko; compatible; GPTBot/1.3; +https://openai.com/gptbot)"
74.7.227.62 - - [16/Dec/2025:11:32:45 -0500] "GET /ar/wp-content/plugins/pro-elements/vendor_prefixed/php-di/invoker/src/Exception/?C=D;O=A HTTP/2.0" 200 1442 "-" "Mozilla/5.0 AppleWebKit/537.36 (KHTML, like Gecko; compatible; GPTBot/1.3; +https://openai.com/gptbot)"
74.7.227.62 - - [16/Dec/2025:11:33:39 -0500] "GET /ar/wp-content/plugins/pro-elements/vendor_prefixed/php-di/invoker/src/Reflection/?C=N;O=A HTTP/2.0" 200 1045 "-" "Mozilla/5.0 AppleWebKit/537.36 (KHTML, like Gecko; compatible; GPTBot/1.3; +https://openai.com/gptbot)"
74.7.227.62 - - [16/Dec/2025:11:34:28 -0500] "GET /ar/wp-content/plugins/pro-elements/vendor_prefixed/php-di/invoker/src/Reflection/?C=D;O=D HTTP/2.0" 200 1045 "-" "Mozilla/5.0 AppleWebKit/537.36 (KHTML, like Gecko; compatible; GPTBot/1.3; +https://openai.com/gptbot)"
74.7.227.62 - - [16/Dec/2025:11:35:16 -0500] "GET /ar/wp-content/plugins/pro-elements/vendor_prefixed/php-di/invoker/src/Reflection/?C=M;O=D HTTP/2.0" 200 1045 "-" "Mozilla/5.0 AppleWebKit/537.36 (KHTML, like Gecko; compatible; GPTBot/1.3; +https://openai.com/gptbot)"
50.6.4.141 - - [16/Dec/2025:11:35:31 -0500] "POST /wp-cron.php?doing_wp_cron=1765902931.7908790111541748046875 HTTP/1.1" 200 - "-" "WordPress/6.9; https://emtiyz.com"
209.141.40.130 - - [16/Dec/2025:11:35:31 -0500] "GET /wp-login.php HTTP/1.1" 200 10442 "-" "Mozilla/5.0 (Macintosh; Intel Mac OS X 10.7; rv:31.0) Gecko/20100101 Firefox/31.0"
209.141.40.130 - - [16/Dec/2025:11:35:33 -0500] "POST /wp-login.php HTTP/1.1" 200 10895 "-" "Mozilla/5.0 (Macintosh; Intel Mac OS X 10.7; rv:31.0) Gecko/20100101 Firefox/31.0"
167.71.151.192 - - [16/Dec/2025:11:35:50 -0500] "GET /.env HTTP/1.1" 404 103303 "-" "Mozilla/5.0; Keydrop.io/1.0(onlyscans.com/about);"
167.71.151.192 - - [16/Dec/2025:11:35:51 -0500] "GET / HTTP/1.0" 301 - "-" "-"
167.71.151.192 - - [16/Dec/2025:11:35:52 -0500] "GET /.git/config HTTP/1.1" 404 103351 "-" "Mozilla/5.0; Keydrop.io/1.0(onlyscans.com/about);"
167.71.151.192 - - [16/Dec/2025:11:35:53 -0500] "GET / HTTP/1.0" 301 - "-" "-"
74.7.227.62 - - [16/Dec/2025:11:35:58 -0500] "GET /ar/wp-content/plugins/pro-elements/vendor_prefixed/php-di/invoker/src/Reflection/?C=S;O=D HTTP/2.0" 200 1045 "-" "Mozilla/5.0 AppleWebKit/537.36 (KHTML, like Gecko; compatible; GPTBot/1.3; +https://openai.com/gptbot)"
74.7.227.62 - - [16/Dec/2025:11:36:36 -0500] "GET /ar/wp-content/plugins/pro-elements/vendor_prefixed/php-di/invoker/src/ParameterResolver/ResolverChain.php HTTP/2.0" 500 - "-" "Mozilla/5.0 AppleWebKit/537.36 (KHTML, like Gecko; compatible; GPTBot/1.3; +https://openai.com/gptbot)"
74.7.227.62 - - [16/Dec/2025:11:37:10 -0500] "GET /ar/wp-content/plugins/pro-elements/vendor_prefixed/php-di/invoker/src/Exception/NotCallableException.php HTTP/2.0" 500 - "-" "Mozilla/5.0 AppleWebKit/537.36 (KHTML, like Gecko; compatible; GPTBot/1.3; +https://openai.com/gptbot)"
74.7.227.62 - - [16/Dec/2025:11:38:10 -0500] "GET /ar/wp-content/plugins/pro-elements/vendor_prefixed/php-di/invoker/src/Exception/NotEnoughParametersException.php HTTP/2.0" 500 - "-" "Mozilla/5.0 AppleWebKit/537.36 (KHTML, like Gecko; compatible; GPTBot/1.3; +https://openai.com/gptbot)"
74.7.227.62 - - [16/Dec/2025:11:39:13 -0500] "GET /ar/wp-content/plugins/pro-elements/vendor_prefixed/php-di/invoker/src/Exception/?C=N;O=A HTTP/2.0" 200 1442 "-" "Mozilla/5.0 AppleWebKit/537.36 (KHTML, like Gecko; compatible; GPTBot/1.3; +https://openai.com/gptbot)"
50.6.4.141 - - [16/Dec/2025:11:39:38 -0500] "POST /wp-cron.php?doing_wp_cron=1765903178.7048900127410888671875 HTTP/1.1" 200 - "-" "WordPress/6.9; https://emtiyz.com"
146.59.34.59 - - [16/Dec/2025:11:39:37 -0500] "GET / HTTP/1.1" 200 375307 "-" "Mozilla/5.0"
74.7.227.62 - - [16/Dec/2025:11:40:18 -0500] "GET /ar/wp-content/plugins/pro-elements/vendor_prefixed/php-di/invoker/src/Exception/?C=S;O=D HTTP/2.0" 200 1442 "-" "Mozilla/5.0 AppleWebKit/537.36 (KHTML, like Gecko; compatible; GPTBot/1.3; +https://openai.com/gptbot)"
74.7.227.62 - - [16/Dec/2025:11:41:14 -0500] "GET /ar/wp-content/plugins/pro-elements/vendor_prefixed/php-di/invoker/src/Exception/?C=M;O=D HTTP/2.0" 200 1442 "-" "Mozilla/5.0 AppleWebKit/537.36 (KHTML, like Gecko; compatible; GPTBot/1.3; +https://openai.com/gptbot)"
74.7.227.62 - - [16/Dec/2025:11:42:04 -0500] "GET /ar/wp-content/plugins/pro-elements/vendor_prefixed/php-di/invoker/src/Exception/?C=D;O=D HTTP/2.0" 200 1442 "-" "Mozilla/5.0 AppleWebKit/537.36 (KHTML, like Gecko; compatible; GPTBot/1.3; +https://openai.com/gptbot)"
74.7.227.62 - - [16/Dec/2025:11:42:51 -0500] "GET /ar/wp-content/plugins/elementor/assets/js/packages/locations/?C=M;O=D HTTP/2.0" 200 1730 "-" "Mozilla/5.0 AppleWebKit/537.36 (KHTML, like Gecko; compatible; GPTBot/1.3; +https://openai.com/gptbot)"
74.7.227.62 - - [16/Dec/2025:11:43:32 -0500] "GET /ar/wp-content/plugins/elementor/assets/js/packages/locations/?C=D;O=D HTTP/2.0" 200 1730 "-" "Mozilla/5.0 AppleWebKit/537.36 (KHTML, like Gecko; compatible; GPTBot/1.3; +https://openai.com/gptbot)"
74.7.227.62 - - [16/Dec/2025:11:44:10 -0500] "GET /ar/wp-content/plugins/elementor/assets/js/packages/locations/?C=N;O=A HTTP/2.0" 200 1730 "-" "Mozilla/5.0 AppleWebKit/537.36 (KHTML, like Gecko; compatible; GPTBot/1.3; +https://openai.com/gptbot)"
74.7.227.62 - - [16/Dec/2025:11:44:42 -0500] "GET /ar/wp-content/plugins/elementor/assets/js/packages/locations/?C=N;O=D HTTP/2.0" 200 1730 "-" "Mozilla/5.0 AppleWebKit/537.36 (KHTML, like Gecko; compatible; GPTBot/1.3; +https://openai.com/gptbot)"
74.7.227.62 - - [16/Dec/2025:11:45:13 -0500] "GET /wp-content/plugins/elementor/core/kits/documents/tabs/settings-background.php HTTP/2.0" 200 - "-" "Mozilla/5.0 AppleWebKit/537.36 (KHTML, like Gecko; compatible; GPTBot/1.3; +https://openai.com/gptbot)"
74.7.227.62 - - [16/Dec/2025:11:45:40 -0500] "GET /ar/wp-content/plugins/pro-elements/modules/forms/submissions/admin-menu-items/?C=S;O=A HTTP/2.0" 200 1242 "-" "Mozilla/5.0 AppleWebKit/537.36 (KHTML, like Gecko; compatible; GPTBot/1.3; +https://openai.com/gptbot)"
74.7.227.62 - - [16/Dec/2025:11:46:04 -0500] "GET /ar/wp-content/plugins/pro-elements/modules/forms/submissions/admin-menu-items/?C=D;O=A HTTP/2.0" 200 1242 "-" "Mozilla/5.0 AppleWebKit/537.36 (KHTML, like Gecko; compatible; GPTBot/1.3; +https://openai.com/gptbot)"
74.7.227.62 - - [16/Dec/2025:11:46:25 -0500] "GET /ar/wp-content/plugins/pro-elements/vendor_prefixed/php-di/invoker/src/Exception/NotCallableException.php HTTP/2.0" 500 - "-" "Mozilla/5.0 AppleWebKit/537.36 (KHTML, like Gecko; compatible; GPTBot/1.3; +https://openai.com/gptbot)"
74.7.227.62 - - [16/Dec/2025:11:46:45 -0500] "GET /ar/wp-content/plugins/pro-elements/vendor_prefixed/php-di/invoker/src/Exception/NotEnoughParametersException.php HTTP/2.0" 500 - "-" "Mozilla/5.0 AppleWebKit/537.36 (KHTML, like Gecko; compatible; GPTBot/1.3; +https://openai.com/gptbot)"
74.7.227.62 - - [16/Dec/2025:11:47:43 -0500] "GET /ar/wp-content/plugins/pro-elements/modules/forms/submissions/admin-menu-items/?C=N;O=D HTTP/2.0" 200 1242 "-" "Mozilla/5.0 AppleWebKit/537.36 (KHTML, like Gecko; compatible; GPTBot/1.3; +https://openai.com/gptbot)"
50.6.4.141 - - [16/Dec/2025:11:48:01 -0500] "POST /wp-cron.php?doing_wp_cron=1765903681.3173949718475341796875 HTTP/1.1" 200 - "-" "WordPress/6.9; https://emtiyz.com"
15.235.96.101 - - [16/Dec/2025:11:48:00 -0500] "GET /robots.txt HTTP/2.0" 200 153 "-" "Mozilla/5.0 (compatible; AhrefsBot/7.0; +http://ahrefs.com/robot/)"
15.235.96.241 - - [16/Dec/2025:11:48:04 -0500] "GET /sitemap.rss HTTP/2.0" 200 16307 "-" "Mozilla/5.0 (compatible; AhrefsBot/7.0; +http://ahrefs.com/robot/)"
50.6.4.141 - - [16/Dec/2025:11:48:38 -0500] "POST /wp-cron.php?doing_wp_cron=1765903718.4400250911712646484375 HTTP/1.1" 200 - "-" "WordPress/6.9; https://emtiyz.com"
198.98.62.191 - - [16/Dec/2025:11:48:37 -0500] "GET /wp-login.php HTTP/1.1" 200 10442 "-" "Mozilla/5.0 (Windows NT 11.0; Win64; x64) AppleWebKit/537.36 (KHTML, like Gecko) Chrome/131.0.0.0 Safari/537.36 Edg/131.0.0.0"
198.98.62.191 - - [16/Dec/2025:11:48:40 -0500] "POST /wp-login.php HTTP/1.1" 200 10901 "-" "Mozilla/5.0 (Windows NT 11.0; Win64; x64) AppleWebKit/537.36 (KHTML, like Gecko) Chrome/131.0.0.0 Safari/537.36 Edg/131.0.0.0"
74.7.227.62 - - [16/Dec/2025:11:48:46 -0500] "GET /ar/wp-content/plugins/pro-elements/modules/forms/submissions/admin-menu-items/?C=M;O=A HTTP/2.0" 200 1242 "-" "Mozilla/5.0 AppleWebKit/537.36 (KHTML, like Gecko; compatible; GPTBot/1.3; +https://openai.com/gptbot)"
74.7.227.62 - - [16/Dec/2025:11:49:43 -0500] "GET /ar/wp-content/plugins/elementor/modules/promotions/admin-menu-items/popups-promotion-item.php HTTP/2.0" 200 - "-" "Mozilla/5.0 AppleWebKit/537.36 (KHTML, like Gecko; compatible; GPTBot/1.3; +https://openai.com/gptbot)"
74.7.227.62 - - [16/Dec/2025:11:50:34 -0500] "GET /ar/wp-content/plugins/elementor/assets/css/widget-image-gallery.min.css HTTP/2.0" 200 2459 "-" "Mozilla/5.0 AppleWebKit/537.36 (KHTML, like Gecko; compatible; GPTBot/1.3; +https://openai.com/gptbot)"
74.7.227.62 - - [16/Dec/2025:11:51:22 -0500] "GET /wp-content/plugins/wpforms-lite/ HTTP/2.0" 200 2659 "-" "Mozilla/5.0 AppleWebKit/537.36 (KHTML, like Gecko; compatible; GPTBot/1.3; +https://openai.com/gptbot)"
74.7.227.62 - - [16/Dec/2025:11:52:02 -0500] "GET /ar/wp-content/plugins/elementor/core/editor/loader/?C=D;O=A HTTP/2.0" 200 1870 "-" "Mozilla/5.0 AppleWebKit/537.36 (KHTML, like Gecko; compatible; GPTBot/1.3; +https://openai.com/gptbot)"
