74.7.227.62 - - [16/Dec/2025:13:16:18 -0500] "GET /wp-content/plugins/wpforms-lite/assets/images/zoom.svg HTTP/2.0" 200 714 "-" "Mozilla/5.0 AppleWebKit/537.36 (KHTML, like Gecko; compatible; GPTBot/1.3; +https://openai.com/gptbot)"
74.7.227.62 - - [16/Dec/2025:13:16:30 -0500] "GET /wp-content/plugins/wpforms-lite/templates/builder/templates-item.php HTTP/2.0" 200 - "-" "Mozilla/5.0 AppleWebKit/537.36 (KHTML, like Gecko; compatible; GPTBot/1.3; +https://openai.com/gptbot)"
74.7.227.62 - - [16/Dec/2025:13:16:41 -0500] "GET /wp-content/plugins/wpforms-lite/templates/fields/number-slider/?C=M;O=A HTTP/2.0" 200 1165 "-" "Mozilla/5.0 AppleWebKit/537.36 (KHTML, like Gecko; compatible; GPTBot/1.3; +https://openai.com/gptbot)"
74.7.227.62 - - [16/Dec/2025:13:16:51 -0500] "GET /wp-content/plugins/wpforms-lite/src/Integrations/DefaultThemes/DefaultThemes.php HTTP/2.0" 500 - "-" "Mozilla/5.0 AppleWebKit/537.36 (KHTML, like Gecko; compatible; GPTBot/1.3; +https://openai.com/gptbot)"
74.7.227.62 - - [16/Dec/2025:13:17:00 -0500] "GET /wp-content/plugins/wpforms-lite/src/Integrations/UsageTracking/SendUsageTask.php HTTP/2.0" 500 - "-" "Mozilla/5.0 AppleWebKit/537.36 (KHTML, like Gecko; compatible; GPTBot/1.3; +https://openai.com/gptbot)"
74.7.227.62 - - [16/Dec/2025:13:17:25 -0500] "GET /wp-content/plugins/wpforms-lite/templates/fields/number-slider/?C=D;O=A HTTP/2.0" 200 1165 "-" "Mozilla/5.0 AppleWebKit/537.36 (KHTML, like Gecko; compatible; GPTBot/1.3; +https://openai.com/gptbot)"
74.7.227.62 - - [16/Dec/2025:13:18:29 -0500] "GET /wp-content/plugins/wpforms-lite/templates/fields/number-slider/?C=N;O=D HTTP/2.0" 200 1165 "-" "Mozilla/5.0 AppleWebKit/537.36 (KHTML, like Gecko; compatible; GPTBot/1.3; +https://openai.com/gptbot)"
74.7.227.62 - - [16/Dec/2025:13:19:25 -0500] "GET /wp-content/plugins/wpforms-lite/templates/fields/number-slider/?C=S;O=A HTTP/2.0" 200 1165 "-" "Mozilla/5.0 AppleWebKit/537.36 (KHTML, like Gecko; compatible; GPTBot/1.3; +https://openai.com/gptbot)"
74.7.227.62 - - [16/Dec/2025:13:20:18 -0500] "GET /wp-content/plugins/wpforms-lite/vendor_prefixed/square/?C=D;O=D HTTP/2.0" 200 956 "-" "Mozilla/5.0 AppleWebKit/537.36 (KHTML, like Gecko; compatible; GPTBot/1.3; +https://openai.com/gptbot)"
74.7.227.62 - - [16/Dec/2025:13:21:06 -0500] "GET /wp-content/plugins/wpforms-lite/assets/images/payments/icon-total-sales.svg HTTP/2.0" 200 787 "-" "Mozilla/5.0 AppleWebKit/537.36 (KHTML, like Gecko; compatible; GPTBot/1.3; +https://openai.com/gptbot)"
74.7.227.62 - - [16/Dec/2025:13:21:49 -0500] "GET /wp-content/plugins/wpforms-lite/assets/images/integrations/ai/leaf-maple.svg HTTP/2.0" 200 1086 "-" "Mozilla/5.0 AppleWebKit/537.36 (KHTML, like Gecko; compatible; GPTBot/1.3; +https://openai.com/gptbot)"
74.7.227.62 - - [16/Dec/2025:13:22:25 -0500] "GET /wp-content/plugins/wpforms-lite/assets/images/integrations/ai/unpin-chat.svg HTTP/2.0" 200 442 "-" "Mozilla/5.0 AppleWebKit/537.36 (KHTML, like Gecko; compatible; GPTBot/1.3; +https://openai.com/gptbot)"
74.7.227.62 - - [16/Dec/2025:13:22:59 -0500] "GET /wp-content/plugins/wpforms-lite/assets/css/integrations/divi/wpforms-modern-full.min.css HTTP/2.0" 200 375435 "-" "Mozilla/5.0 AppleWebKit/537.36 (KHTML, like Gecko; compatible; GPTBot/1.3; +https://openai.com/gptbot)"
74.7.227.62 - - [16/Dec/2025:13:23:29 -0500] "GET /wp-content/plugins/wpforms-lite/templates/fields/number-slider/?C=N;O=A HTTP/2.0" 200 1165 "-" "Mozilla/5.0 AppleWebKit/537.36 (KHTML, like Gecko; compatible; GPTBot/1.3; +https://openai.com/gptbot)"
74.7.227.62 - - [16/Dec/2025:13:23:57 -0500] "GET /wp-content/plugins/wpforms-lite/templates/fields/number-slider/?C=M;O=D HTTP/2.0" 200 1165 "-" "Mozilla/5.0 AppleWebKit/537.36 (KHTML, like Gecko; compatible; GPTBot/1.3; +https://openai.com/gptbot)"
74.7.227.62 - - [16/Dec/2025:13:24:21 -0500] "GET /wp-content/plugins/wpforms-lite/assets/css/integrations/divi/wpforms-modern-base.min.css HTTP/2.0" 200 129708 "-" "Mozilla/5.0 AppleWebKit/537.36 (KHTML, like Gecko; compatible; GPTBot/1.3; +https://openai.com/gptbot)"
74.7.227.62 - - [16/Dec/2025:13:24:43 -0500] "GET /wp-content/plugins/wpforms-lite/templates/fields/number-slider/?C=D;O=D HTTP/2.0" 200 1165 "-" "Mozilla/5.0 AppleWebKit/537.36 (KHTML, like Gecko; compatible; GPTBot/1.3; +https://openai.com/gptbot)"
74.7.227.62 - - [16/Dec/2025:13:25:03 -0500] "GET /wp-content/plugins/wpforms-lite/src/Integrations/?C=S;O=A HTTP/2.0" 200 4338 "-" "Mozilla/5.0 AppleWebKit/537.36 (KHTML, like Gecko; compatible; GPTBot/1.3; +https://openai.com/gptbot)"
74.7.227.62 - - [16/Dec/2025:13:25:21 -0500] "GET /wp-content/plugins/wpforms-lite/templates/fields/number-slider/?C=S;O=D HTTP/2.0" 200 1165 "-" "Mozilla/5.0 AppleWebKit/537.36 (KHTML, like Gecko; compatible; GPTBot/1.3; +https://openai.com/gptbot)"
74.7.227.62 - - [16/Dec/2025:13:25:36 -0500] "GET /wp-content/plugins/wpforms-lite/includes/class-db.php HTTP/2.0" 200 - "-" "Mozilla/5.0 AppleWebKit/537.36 (KHTML, like Gecko; compatible; GPTBot/1.3; +https://openai.com/gptbot)"
74.7.227.62 - - [16/Dec/2025:13:25:51 -0500] "GET /wp-content/plugins/wpforms-lite/includes/emails/?C=M;O=A HTTP/2.0" 200 1122 "-" "Mozilla/5.0 AppleWebKit/537.36 (KHTML, like Gecko; compatible; GPTBot/1.3; +https://openai.com/gptbot)"
74.7.227.62 - - [16/Dec/2025:13:26:04 -0500] "GET /wp-content/plugins/wpforms-lite/includes/emails/?C=S;O=A HTTP/2.0" 200 1122 "-" "Mozilla/5.0 AppleWebKit/537.36 (KHTML, like Gecko; compatible; GPTBot/1.3; +https://openai.com/gptbot)"
74.7.227.62 - - [16/Dec/2025:13:26:16 -0500] "GET /wp-content/plugins/wpforms-lite/includes/fields/?C=N;O=D HTTP/2.0" 200 2995 "-" "Mozilla/5.0 AppleWebKit/537.36 (KHTML, like Gecko; compatible; GPTBot/1.3; +https://openai.com/gptbot)"
74.7.227.62 - - [16/Dec/2025:13:26:26 -0500] "GET /wp-content/plugins/wpforms-lite/includes/emails/?C=N;O=D HTTP/2.0" 200 1122 "-" "Mozilla/5.0 AppleWebKit/537.36 (KHTML, like Gecko; compatible; GPTBot/1.3; +https://openai.com/gptbot)"
50.6.4.141 - - [16/Dec/2025:13:26:33 -0500] "POST /wp-cron.php?doing_wp_cron=1765909593.2487049102783203125000 HTTP/1.1" 200 - "-" "WordPress/6.9; https://emtiyz.com"
77.75.78.164 - - [16/Dec/2025:13:26:32 -0500] "GET /dealer-sitemap.xml HTTP/1.1" 200 5132 "-" "Mozilla/5.0 (compatible; SeznamBot/4.0; +https://o-seznam.cz/napoveda/vyhledavani/en/seznambot-crawler/)"
74.7.227.62 - - [16/Dec/2025:13:26:36 -0500] "GET /wp-content/plugins/wpforms-lite/includes/emails/?C=D;O=A HTTP/2.0" 200 1122 "-" "Mozilla/5.0 AppleWebKit/537.36 (KHTML, like Gecko; compatible; GPTBot/1.3; +https://openai.com/gptbot)"
74.7.227.62 - - [16/Dec/2025:13:26:44 -0500] "GET /wp-content/plugins/wpforms-lite/vendor/composer/?C=S;O=A HTTP/2.0" 200 2795 "-" "Mozilla/5.0 AppleWebKit/537.36 (KHTML, like Gecko; compatible; GPTBot/1.3; +https://openai.com/gptbot)"
74.7.227.62 - - [16/Dec/2025:13:26:52 -0500] "GET /wp-content/plugins/wpforms-lite/includes/fields/?C=S;O=A HTTP/2.0" 200 2995 "-" "Mozilla/5.0 AppleWebKit/537.36 (KHTML, like Gecko; compatible; GPTBot/1.3; +https://openai.com/gptbot)"
74.7.227.62 - - [16/Dec/2025:13:26:59 -0500] "GET /wp-content/plugins/wpforms-lite/vendor/composer/?C=M;O=A HTTP/2.0" 200 2795 "-" "Mozilla/5.0 AppleWebKit/537.36 (KHTML, like Gecko; compatible; GPTBot/1.3; +https://openai.com/gptbot)"
74.7.227.62 - - [16/Dec/2025:13:27:05 -0500] "GET /wp-content/plugins/wpforms-lite/vendor/composer/?C=N;O=D HTTP/2.0" 200 2795 "-" "Mozilla/5.0 AppleWebKit/537.36 (KHTML, like Gecko; compatible; GPTBot/1.3; +https://openai.com/gptbot)"
74.7.227.62 - - [16/Dec/2025:13:27:10 -0500] "GET /wp-content/plugins/wpforms-lite/vendor/composer/?C=D;O=A HTTP/2.0" 200 2795 "-" "Mozilla/5.0 AppleWebKit/537.36 (KHTML, like Gecko; compatible; GPTBot/1.3; +https://openai.com/gptbot)"
74.7.227.62 - - [16/Dec/2025:13:27:15 -0500] "GET /wp-content/plugins/wpforms-lite/includes/fields/?C=D;O=A HTTP/2.0" 200 2995 "-" "Mozilla/5.0 AppleWebKit/537.36 (KHTML, like Gecko; compatible; GPTBot/1.3; +https://openai.com/gptbot)"
74.7.227.62 - - [16/Dec/2025:13:27:19 -0500] "GET /wp-content/plugins/wpforms-lite/includes/emails/?C=N;O=A HTTP/2.0" 200 1122 "-" "Mozilla/5.0 AppleWebKit/537.36 (KHTML, like Gecko; compatible; GPTBot/1.3; +https://openai.com/gptbot)"
74.7.227.62 - - [16/Dec/2025:13:27:23 -0500] "GET /wp-content/plugins/wpforms-lite/includes/emails/?C=M;O=D HTTP/2.0" 200 1122 "-" "Mozilla/5.0 AppleWebKit/537.36 (KHTML, like Gecko; compatible; GPTBot/1.3; +https://openai.com/gptbot)"
74.7.227.62 - - [16/Dec/2025:13:27:27 -0500] "GET /wp-content/plugins/wpforms-lite/includes/fields/class-email.php HTTP/2.0" 500 - "-" "Mozilla/5.0 AppleWebKit/537.36 (KHTML, like Gecko; compatible; GPTBot/1.3; +https://openai.com/gptbot)"
74.7.227.62 - - [16/Dec/2025:13:27:30 -0500] "GET /wp-content/plugins/wpforms-lite/includes/fields/?C=N;O=A HTTP/2.0" 200 2995 "-" "Mozilla/5.0 AppleWebKit/537.36 (KHTML, like Gecko; compatible; GPTBot/1.3; +https://openai.com/gptbot)"
74.7.227.62 - - [16/Dec/2025:13:27:40 -0500] "GET /wp-content/plugins/wpforms-lite/includes/emails/?C=D;O=D HTTP/2.0" 200 1122 "-" "Mozilla/5.0 AppleWebKit/537.36 (KHTML, like Gecko; compatible; GPTBot/1.3; +https://openai.com/gptbot)"
74.7.227.62 - - [16/Dec/2025:13:27:48 -0500] "GET /wp-content/plugins/wpforms-lite/vendor/composer/?C=N;O=A HTTP/2.0" 200 2795 "-" "Mozilla/5.0 AppleWebKit/537.36 (KHTML, like Gecko; compatible; GPTBot/1.3; +https://openai.com/gptbot)"
74.7.227.62 - - [16/Dec/2025:13:27:56 -0500] "GET /wp-content/plugins/wpforms-lite/vendor/composer/?C=S;O=D HTTP/2.0" 200 2795 "-" "Mozilla/5.0 AppleWebKit/537.36 (KHTML, like Gecko; compatible; GPTBot/1.3; +https://openai.com/gptbot)"
74.7.227.62 - - [16/Dec/2025:13:28:04 -0500] "GET /wp-content/plugins/wpforms-lite/includes/fields/?C=S;O=D HTTP/2.0" 200 2995 "-" "Mozilla/5.0 AppleWebKit/537.36 (KHTML, like Gecko; compatible; GPTBot/1.3; +https://openai.com/gptbot)"
74.7.227.62 - - [16/Dec/2025:13:28:10 -0500] "GET /wp-content/plugins/wpforms-lite/includes/emails/?C=S;O=D HTTP/2.0" 200 1122 "-" "Mozilla/5.0 AppleWebKit/537.36 (KHTML, like Gecko; compatible; GPTBot/1.3; +https://openai.com/gptbot)"
74.7.227.62 - - [16/Dec/2025:13:28:16 -0500] "GET /wp-content/plugins/wpforms-lite/vendor/composer/?C=D;O=D HTTP/2.0" 200 2795 "-" "Mozilla/5.0 AppleWebKit/537.36 (KHTML, like Gecko; compatible; GPTBot/1.3; +https://openai.com/gptbot)"
74.7.227.62 - - [16/Dec/2025:13:28:21 -0500] "GET /wp-content/plugins/wpforms-lite/vendor/composer/?C=M;O=D HTTP/2.0" 200 2795 "-" "Mozilla/5.0 AppleWebKit/537.36 (KHTML, like Gecko; compatible; GPTBot/1.3; +https://openai.com/gptbot)"
50.6.4.141 - - [16/Dec/2025:13:28:24 -0500] "POST /wp-cron.php?doing_wp_cron=1765909704.1755700111389160156250 HTTP/1.1" 200 - "-" "WordPress/6.9; https://emtiyz.com"
43.173.174.26 - - [16/Dec/2025:13:28:23 -0500] "GET /essam-lootah-honored-with-lifetime-achievement-award-at-africa-franchise-expo-2025 HTTP/1.1" 301 - "-" "Mozilla/5.0 (Windows NT 6.1; Win64; x64) AppleWebKit/537.36 (KHTML, like Gecko) Chrome/126.0.6478.114 Safari/537.36"
74.7.227.62 - - [16/Dec/2025:13:28:26 -0500] "GET /wp-content/plugins/wpforms-lite/includes/fields/?C=M;O=A HTTP/2.0" 200 2995 "-" "Mozilla/5.0 AppleWebKit/537.36 (KHTML, like Gecko; compatible; GPTBot/1.3; +https://openai.com/gptbot)"
74.7.227.62 - - [16/Dec/2025:13:28:30 -0500] "GET /wp-content/plugins/wpforms-lite/assets/js/integrations/stripe/admin-builder-stripe.min.js HTTP/2.0" 200 3618 "-" "Mozilla/5.0 AppleWebKit/537.36 (KHTML, like Gecko; compatible; GPTBot/1.3; +https://openai.com/gptbot)"
43.173.174.26 - - [16/Dec/2025:13:28:30 -0500] "GET /essam-lootah-honored-with-lifetime-achievement-award-at-africa-franchise-expo-2025/ HTTP/1.1" 200 118161 "https://emtiyz.com/essam-lootah-honored-with-lifetime-achievement-award-at-africa-franchise-expo-2025" "Mozilla/5.0 (Windows NT 6.1; Win64; x64) AppleWebKit/537.36 (KHTML, like Gecko) Chrome/126.0.6478.114 Safari/537.36"
74.7.227.62 - - [16/Dec/2025:13:28:34 -0500] "GET /wp-content/plugins/wpforms-lite/templates/fields/internal-information/?C=M;O=A HTTP/2.0" 200 1372 "-" "Mozilla/5.0 AppleWebKit/537.36 (KHTML, like Gecko; compatible; GPTBot/1.3; +https://openai.com/gptbot)"
43.173.178.116 - - [16/Dec/2025:13:28:35 -0500] "GET /wp-includes/js/comment-reply.min.js?ver=6.9 HTTP/1.1" 200 3026 "https://emtiyz.com/essam-lootah-honored-with-lifetime-achievement-award-at-africa-franchise-expo-2025" "Mozilla/5.0 (Windows NT 6.1; Win64; x64) AppleWebKit/537.36 (KHTML, like Gecko) Chrome/126.0.6478.114 Safari/537.36"
74.7.227.62 - - [16/Dec/2025:13:28:38 -0500] "GET /wp-content/plugins/wpforms-lite/templates/fields/internal-information/?C=N;O=D HTTP/2.0" 200 1372 "-" "Mozilla/5.0 AppleWebKit/537.36 (KHTML, like Gecko; compatible; GPTBot/1.3; +https://openai.com/gptbot)"
74.7.227.62 - - [16/Dec/2025:13:28:41 -0500] "GET /wp-content/plugins/wpforms-lite/templates/fields/internal-information/?C=D;O=A HTTP/2.0" 200 1372 "-" "Mozilla/5.0 AppleWebKit/537.36 (KHTML, like Gecko; compatible; GPTBot/1.3; +https://openai.com/gptbot)"
74.7.227.62 - - [16/Dec/2025:13:28:44 -0500] "GET /wp-content/plugins/wpforms-lite/templates/fields/internal-information/?C=S;O=A HTTP/2.0" 200 1372 "-" "Mozilla/5.0 AppleWebKit/537.36 (KHTML, like Gecko; compatible; GPTBot/1.3; +https://openai.com/gptbot)"
74.7.227.62 - - [16/Dec/2025:13:28:46 -0500] "GET /wp-content/plugins/wpforms-lite/templates/education/ HTTP/2.0" 200 943 "-" "Mozilla/5.0 AppleWebKit/537.36 (KHTML, like Gecko; compatible; GPTBot/1.3; +https://openai.com/gptbot)"
74.7.227.62 - - [16/Dec/2025:13:28:49 -0500] "GET /wp-content/plugins/wpforms-lite/includes/fields/class-email.php HTTP/2.0" 500 - "-" "Mozilla/5.0 AppleWebKit/537.36 (KHTML, like Gecko; compatible; GPTBot/1.3; +https://openai.com/gptbot)"
74.7.227.62 - - [16/Dec/2025:13:28:50 -0500] "GET /wp-content/plugins/wpforms-lite/includes/emails/templates/ HTTP/2.0" 200 1707 "-" "Mozilla/5.0 AppleWebKit/537.36 (KHTML, like Gecko; compatible; GPTBot/1.3; +https://openai.com/gptbot)"
74.7.227.62 - - [16/Dec/2025:13:28:57 -0500] "GET /wp-content/plugins/wpforms-lite/src/Integrations/AI/API/ HTTP/2.0" 200 1491 "-" "Mozilla/5.0 AppleWebKit/537.36 (KHTML, like Gecko; compatible; GPTBot/1.3; +https://openai.com/gptbot)"
74.7.227.62 - - [16/Dec/2025:13:29:02 -0500] "GET /wp-content/plugins/wpforms-lite/assets/images/email/template-modern.svg HTTP/2.0" 200 1116 "-" "Mozilla/5.0 AppleWebKit/537.36 (KHTML, like Gecko; compatible; GPTBot/1.3; +https://openai.com/gptbot)"
74.7.227.62 - - [16/Dec/2025:13:29:07 -0500] "GET /wp-content/plugins/wpforms-lite/includes/fields/?C=M;O=D HTTP/2.0" 200 2995 "-" "Mozilla/5.0 AppleWebKit/537.36 (KHTML, like Gecko; compatible; GPTBot/1.3; +https://openai.com/gptbot)"
74.7.227.62 - - [16/Dec/2025:13:29:12 -0500] "GET /wp-content/plugins/wpforms-lite/src/Integrations/ConstantContact/V3/Migration/?C=N;O=A HTTP/2.0" 200 1028 "-" "Mozilla/5.0 AppleWebKit/537.36 (KHTML, like Gecko; compatible; GPTBot/1.3; +https://openai.com/gptbot)"
74.7.227.62 - - [16/Dec/2025:13:29:16 -0500] "GET /wp-content/plugins/wpforms-lite/templates/fields/internal-information/?C=M;O=D HTTP/2.0" 200 1372 "-" "Mozilla/5.0 AppleWebKit/537.36 (KHTML, like Gecko; compatible; GPTBot/1.3; +https://openai.com/gptbot)"
74.7.227.62 - - [16/Dec/2025:13:29:20 -0500] "GET /wp-content/plugins/wpforms-lite/templates/fields/internal-information/?C=N;O=A HTTP/2.0" 200 1372 "-" "Mozilla/5.0 AppleWebKit/537.36 (KHTML, like Gecko; compatible; GPTBot/1.3; +https://openai.com/gptbot)"
74.7.227.62 - - [16/Dec/2025:13:29:23 -0500] "GET /wp-content/plugins/wpforms-lite/templates/fields/internal-information/?C=D;O=D HTTP/2.0" 200 1372 "-" "Mozilla/5.0 AppleWebKit/537.36 (KHTML, like Gecko; compatible; GPTBot/1.3; +https://openai.com/gptbot)"
74.7.227.62 - - [16/Dec/2025:13:29:26 -0500] "GET /wp-content/plugins/wpforms-lite/templates/fields/internal-information/?C=S;O=D HTTP/2.0" 200 1372 "-" "Mozilla/5.0 AppleWebKit/537.36 (KHTML, like Gecko; compatible; GPTBot/1.3; +https://openai.com/gptbot)"
74.7.227.62 - - [16/Dec/2025:13:29:29 -0500] "GET /wp-content/plugins/wpforms-lite/templates/education/admin/ HTTP/2.0" 200 1499 "-" "Mozilla/5.0 AppleWebKit/537.36 (KHTML, like Gecko; compatible; GPTBot/1.3; +https://openai.com/gptbot)"
74.7.227.62 - - [16/Dec/2025:13:29:31 -0500] "GET /wp-content/plugins/wpforms-lite/src/Integrations/ConstantContact/V3/Migration/?C=N;O=D HTTP/2.0" 200 1028 "-" "Mozilla/5.0 AppleWebKit/537.36 (KHTML, like Gecko; compatible; GPTBot/1.3; +https://openai.com/gptbot)"
74.7.227.62 - - [16/Dec/2025:13:29:33 -0500] "GET /wp-content/plugins/wpforms-lite/includes/emails/templates/body-default.php HTTP/2.0" 200 - "-" "Mozilla/5.0 AppleWebKit/537.36 (KHTML, like Gecko; compatible; GPTBot/1.3; +https://openai.com/gptbot)"
195.154.83.112 - - [16/Dec/2025:13:29:12 -0500] "GET /admin/config.php HTTP/1.0" 404 103381 "-" "Mozilla/5.0 (Windows NT 6.1; Win64; x64; rv:99.0) Gecko/20100101 Firefox/99.0"
74.7.227.62 - - [16/Dec/2025:13:29:35 -0500] "GET /wp-content/plugins/wpforms-lite/src/Integrations/AI/API/Choices.php HTTP/2.0" 500 - "-" "Mozilla/5.0 AppleWebKit/537.36 (KHTML, like Gecko; compatible; GPTBot/1.3; +https://openai.com/gptbot)"
74.7.227.62 - - [16/Dec/2025:13:29:37 -0500] "GET /wp-content/plugins/wpforms-lite/includes/emails/templates/default.php HTTP/2.0" 200 - "-" "Mozilla/5.0 AppleWebKit/537.36 (KHTML, like Gecko; compatible; GPTBot/1.3; +https://openai.com/gptbot)"
74.7.227.62 - - [16/Dec/2025:13:29:46 -0500] "GET /wp-content/plugins/wpforms-lite/src/Integrations/AI/API/?C=D;O=A HTTP/2.0" 200 1491 "-" "Mozilla/5.0 AppleWebKit/537.36 (KHTML, like Gecko; compatible; GPTBot/1.3; +https://openai.com/gptbot)"
74.7.227.62 - - [16/Dec/2025:13:29:51 -0500] "GET /wp-content/plugins/wpforms-lite/src/Integrations/AI/API/?C=M;O=A HTTP/2.0" 200 1491 "-" "Mozilla/5.0 AppleWebKit/537.36 (KHTML, like Gecko; compatible; GPTBot/1.3; +https://openai.com/gptbot)"
74.7.227.62 - - [16/Dec/2025:13:29:55 -0500] "GET /wp-content/plugins/wpforms-lite/src/Integrations/AI/API/?C=S;O=A HTTP/2.0" 200 1491 "-" "Mozilla/5.0 AppleWebKit/537.36 (KHTML, like Gecko; compatible; GPTBot/1.3; +https://openai.com/gptbot)"
74.7.227.62 - - [16/Dec/2025:13:29:59 -0500] "GET /wp-content/plugins/wpforms-lite/includes/emails/templates/header-default.php HTTP/2.0" 200 - "-" "Mozilla/5.0 AppleWebKit/537.36 (KHTML, like Gecko; compatible; GPTBot/1.3; +https://openai.com/gptbot)"
74.7.227.62 - - [16/Dec/2025:13:30:02 -0500] "GET /wp-content/plugins/wpforms-lite/includes/emails/templates/footer-default.php HTTP/2.0" 200 - "-" "Mozilla/5.0 AppleWebKit/537.36 (KHTML, like Gecko; compatible; GPTBot/1.3; +https://openai.com/gptbot)"
74.7.227.62 - - [16/Dec/2025:13:30:05 -0500] "GET /wp-content/plugins/wpforms-lite/templates/education/admin/?C=N;O=D HTTP/2.0" 200 1499 "-" "Mozilla/5.0 AppleWebKit/537.36 (KHTML, like Gecko; compatible; GPTBot/1.3; +https://openai.com/gptbot)"
74.7.227.62 - - [16/Dec/2025:13:30:08 -0500] "GET /wp-content/plugins/wpforms-lite/templates/education/admin/?C=M;O=A HTTP/2.0" 200 1499 "-" "Mozilla/5.0 AppleWebKit/537.36 (KHTML, like Gecko; compatible; GPTBot/1.3; +https://openai.com/gptbot)"
74.7.227.62 - - [16/Dec/2025:13:30:10 -0500] "GET /wp-content/plugins/wpforms-lite/templates/education/admin/?C=D;O=A HTTP/2.0" 200 1499 "-" "Mozilla/5.0 AppleWebKit/537.36 (KHTML, like Gecko; compatible; GPTBot/1.3; +https://openai.com/gptbot)"
74.7.227.62 - - [16/Dec/2025:13:30:12 -0500] "GET /wp-content/plugins/wpforms-lite/templates/education/admin/?C=S;O=A HTTP/2.0" 200 1499 "-" "Mozilla/5.0 AppleWebKit/537.36 (KHTML, like Gecko; compatible; GPTBot/1.3; +https://openai.com/gptbot)"
74.7.227.62 - - [16/Dec/2025:13:30:14 -0500] "GET /wp-content/plugins/wpforms-lite/templates/education/admin/edit-post/ HTTP/2.0" 200 1181 "-" "Mozilla/5.0 AppleWebKit/537.36 (KHTML, like Gecko; compatible; GPTBot/1.3; +https://openai.com/gptbot)"
74.7.227.62 - - [16/Dec/2025:13:30:16 -0500] "GET /wp-content/plugins/wpforms-lite/templates/education/admin/settings/ HTTP/2.0" 200 998 "-" "Mozilla/5.0 AppleWebKit/537.36 (KHTML, like Gecko; compatible; GPTBot/1.3; +https://openai.com/gptbot)"
74.7.227.62 - - [16/Dec/2025:13:30:18 -0500] "GET /wp-content/plugins/wpforms-lite/src/Integrations/AI/API/Choices.php HTTP/2.0" 500 - "-" "Mozilla/5.0 AppleWebKit/537.36 (KHTML, like Gecko; compatible; GPTBot/1.3; +https://openai.com/gptbot)"
74.7.227.62 - - [16/Dec/2025:13:30:19 -0500] "GET /wp-content/plugins/wpforms-lite/src/Integrations/AI/API/?C=N;O=A HTTP/2.0" 200 1491 "-" "Mozilla/5.0 AppleWebKit/537.36 (KHTML, like Gecko; compatible; GPTBot/1.3; +https://openai.com/gptbot)"
74.7.227.62 - - [16/Dec/2025:13:30:23 -0500] "GET /wp-content/plugins/wpforms-lite/src/Integrations/AI/API/?C=D;O=D HTTP/2.0" 200 1491 "-" "Mozilla/5.0 AppleWebKit/537.36 (KHTML, like Gecko; compatible; GPTBot/1.3; +https://openai.com/gptbot)"
74.7.227.62 - - [16/Dec/2025:13:30:27 -0500] "GET /wp-content/plugins/wpforms-lite/src/Integrations/ConstantContact/V3/Migration/?C=S;O=A HTTP/2.0" 200 1028 "-" "Mozilla/5.0 AppleWebKit/537.36 (KHTML, like Gecko; compatible; GPTBot/1.3; +https://openai.com/gptbot)"
74.7.227.62 - - [16/Dec/2025:13:30:31 -0500] "GET /wp-content/plugins/wpforms-lite/src/Integrations/ConstantContact/V3/Migration/?C=D;O=A HTTP/2.0" 200 1028 "-" "Mozilla/5.0 AppleWebKit/537.36 (KHTML, like Gecko; compatible; GPTBot/1.3; +https://openai.com/gptbot)"
74.7.227.62 - - [16/Dec/2025:13:30:34 -0500] "GET /wp-content/plugins/wpforms-lite/templates/education/admin/?C=N;O=A HTTP/2.0" 200 1499 "-" "Mozilla/5.0 AppleWebKit/537.36 (KHTML, like Gecko; compatible; GPTBot/1.3; +https://openai.com/gptbot)"
74.7.227.62 - - [16/Dec/2025:13:30:37 -0500] "GET /wp-content/plugins/wpforms-lite/templates/education/admin/?C=M;O=D HTTP/2.0" 200 1499 "-" "Mozilla/5.0 AppleWebKit/537.36 (KHTML, like Gecko; compatible; GPTBot/1.3; +https://openai.com/gptbot)"
74.7.227.62 - - [16/Dec/2025:13:30:40 -0500] "GET /wp-content/plugins/wpforms-lite/templates/education/admin/?C=D;O=D HTTP/2.0" 200 1499 "-" "Mozilla/5.0 AppleWebKit/537.36 (KHTML, like Gecko; compatible; GPTBot/1.3; +https://openai.com/gptbot)"
74.7.227.62 - - [16/Dec/2025:13:30:42 -0500] "GET /wp-content/plugins/wpforms-lite/templates/education/admin/?C=S;O=D HTTP/2.0" 200 1499 "-" "Mozilla/5.0 AppleWebKit/537.36 (KHTML, like Gecko; compatible; GPTBot/1.3; +https://openai.com/gptbot)"
74.7.227.62 - - [16/Dec/2025:13:30:44 -0500] "GET /wp-content/plugins/wpforms-lite/templates/education/admin/edit-post/notice.php HTTP/2.0" 200 - "-" "Mozilla/5.0 AppleWebKit/537.36 (KHTML, like Gecko; compatible; GPTBot/1.3; +https://openai.com/gptbot)"
74.7.227.62 - - [16/Dec/2025:13:30:46 -0500] "GET /wp-content/plugins/wpforms-lite/templates/education/admin/edit-post/?C=D;O=A HTTP/2.0" 200 1181 "-" "Mozilla/5.0 AppleWebKit/537.36 (KHTML, like Gecko; compatible; GPTBot/1.3; +https://openai.com/gptbot)"
74.7.227.62 - - [16/Dec/2025:13:30:48 -0500] "GET /wp-content/plugins/wpforms-lite/templates/education/admin/edit-post/?C=S;O=A HTTP/2.0" 200 1181 "-" "Mozilla/5.0 AppleWebKit/537.36 (KHTML, like Gecko; compatible; GPTBot/1.3; +https://openai.com/gptbot)"
74.7.227.62 - - [16/Dec/2025:13:30:49 -0500] "GET /wp-content/plugins/wpforms-lite/src/Integrations/AI/API/Choices.php HTTP/2.0" 500 - "-" "Mozilla/5.0 AppleWebKit/537.36 (KHTML, like Gecko; compatible; GPTBot/1.3; +https://openai.com/gptbot)"
74.7.227.62 - - [16/Dec/2025:13:30:51 -0500] "GET /wp-content/plugins/wpforms-lite/templates/education/admin/edit-post/?C=M;O=A HTTP/2.0" 200 1181 "-" "Mozilla/5.0 AppleWebKit/537.36 (KHTML, like Gecko; compatible; GPTBot/1.3; +https://openai.com/gptbot)"
74.7.227.62 - - [16/Dec/2025:13:30:55 -0500] "GET /wp-content/plugins/wpforms-lite/templates/education/admin/edit-post/?C=N;O=D HTTP/2.0" 200 1181 "-" "Mozilla/5.0 AppleWebKit/537.36 (KHTML, like Gecko; compatible; GPTBot/1.3; +https://openai.com/gptbot)"
74.7.227.62 - - [16/Dec/2025:13:30:59 -0500] "GET /wp-content/plugins/wpforms-lite/src/Integrations/ConstantContact/V3/Migration/?C=D;O=D HTTP/2.0" 200 1028 "-" "Mozilla/5.0 AppleWebKit/537.36 (KHTML, like Gecko; compatible; GPTBot/1.3; +https://openai.com/gptbot)"
74.7.227.62 - - [16/Dec/2025:13:31:02 -0500] "GET /wp-content/plugins/wpforms-lite/src/Integrations/ConstantContact/V3/Migration/?C=S;O=D HTTP/2.0" 200 1028 "-" "Mozilla/5.0 AppleWebKit/537.36 (KHTML, like Gecko; compatible; GPTBot/1.3; +https://openai.com/gptbot)"
74.7.227.62 - - [16/Dec/2025:13:31:05 -0500] "GET /wp-content/plugins/wpforms-lite/vendor_prefixed/symfony/?C=M;O=A HTTP/2.0" 200 964 "-" "Mozilla/5.0 AppleWebKit/537.36 (KHTML, like Gecko; compatible; GPTBot/1.3; +https://openai.com/gptbot)"
74.7.227.62 - - [16/Dec/2025:13:31:08 -0500] "GET /wp-content/plugins/wpforms-lite/vendor_prefixed/symfony/?C=D;O=A HTTP/2.0" 200 964 "-" "Mozilla/5.0 AppleWebKit/537.36 (KHTML, like Gecko; compatible; GPTBot/1.3; +https://openai.com/gptbot)"
74.7.227.62 - - [16/Dec/2025:13:31:10 -0500] "GET /wp-content/plugins/wpforms-lite/vendor_prefixed/symfony/?C=S;O=A HTTP/2.0" 200 964 "-" "Mozilla/5.0 AppleWebKit/537.36 (KHTML, like Gecko; compatible; GPTBot/1.3; +https://openai.com/gptbot)"
74.7.227.62 - - [16/Dec/2025:13:31:12 -0500] "GET /wp-content/plugins/wpforms-lite/vendor_prefixed/symfony/?C=N;O=D HTTP/2.0" 200 964 "-" "Mozilla/5.0 AppleWebKit/537.36 (KHTML, like Gecko; compatible; GPTBot/1.3; +https://openai.com/gptbot)"
74.7.227.62 - - [16/Dec/2025:13:31:14 -0500] "GET /wp-content/plugins/wpforms-lite/templates/education/admin/edit-post/?C=N;O=A HTTP/2.0" 200 1181 "-" "Mozilla/5.0 AppleWebKit/537.36 (KHTML, like Gecko; compatible; GPTBot/1.3; +https://openai.com/gptbot)"
74.7.227.62 - - [16/Dec/2025:13:31:16 -0500] "GET /wp-content/plugins/wpforms-lite/templates/education/admin/edit-post/?C=S;O=D HTTP/2.0" 200 1181 "-" "Mozilla/5.0 AppleWebKit/537.36 (KHTML, like Gecko; compatible; GPTBot/1.3; +https://openai.com/gptbot)"
74.7.227.62 - - [16/Dec/2025:13:31:18 -0500] "GET /wp-content/plugins/wpforms-lite/src/Integrations/Divi/?C=S;O=A HTTP/2.0" 200 1143 "-" "Mozilla/5.0 AppleWebKit/537.36 (KHTML, like Gecko; compatible; GPTBot/1.3; +https://openai.com/gptbot)"
74.7.227.62 - - [16/Dec/2025:13:31:19 -0500] "GET /wp-content/plugins/wpforms-lite/templates/education/admin/edit-post/?C=M;O=D HTTP/2.0" 200 1181 "-" "Mozilla/5.0 AppleWebKit/537.36 (KHTML, like Gecko; compatible; GPTBot/1.3; +https://openai.com/gptbot)"
74.7.227.62 - - [16/Dec/2025:13:31:21 -0500] "GET /wp-content/plugins/wpforms-lite/src/Integrations/Divi/?C=N;O=D HTTP/2.0" 200 1143 "-" "Mozilla/5.0 AppleWebKit/537.36 (KHTML, like Gecko; compatible; GPTBot/1.3; +https://openai.com/gptbot)"
74.7.227.62 - - [16/Dec/2025:13:31:22 -0500] "GET /wp-content/plugins/wpforms-lite/src/Integrations/Divi/?C=M;O=A HTTP/2.0" 200 1143 "-" "Mozilla/5.0 AppleWebKit/537.36 (KHTML, like Gecko; compatible; GPTBot/1.3; +https://openai.com/gptbot)"
74.7.227.62 - - [16/Dec/2025:13:31:23 -0500] "GET /wp-content/plugins/wpforms-lite/src/Integrations/Divi/?C=D;O=A HTTP/2.0" 200 1143 "-" "Mozilla/5.0 AppleWebKit/537.36 (KHTML, like Gecko; compatible; GPTBot/1.3; +https://openai.com/gptbot)"
74.7.227.62 - - [16/Dec/2025:13:31:24 -0500] "GET /wp-content/plugins/wpforms-lite/vendor_prefixed/symfony/?C=M;O=D HTTP/2.0" 200 964 "-" "Mozilla/5.0 AppleWebKit/537.36 (KHTML, like Gecko; compatible; GPTBot/1.3; +https://openai.com/gptbot)"
74.7.227.62 - - [16/Dec/2025:13:31:25 -0500] "GET /wp-content/plugins/wpforms-lite/vendor_prefixed/symfony/?C=D;O=D HTTP/2.0" 200 964 "-" "Mozilla/5.0 AppleWebKit/537.36 (KHTML, like Gecko; compatible; GPTBot/1.3; +https://openai.com/gptbot)"
74.7.227.62 - - [16/Dec/2025:13:31:25 -0500] "GET /wp-content/plugins/wpforms-lite/vendor_prefixed/symfony/?C=S;O=D HTTP/2.0" 200 964 "-" "Mozilla/5.0 AppleWebKit/537.36 (KHTML, like Gecko; compatible; GPTBot/1.3; +https://openai.com/gptbot)"
74.7.227.62 - - [16/Dec/2025:13:31:26 -0500] "GET /wp-content/plugins/wpforms-lite/vendor_prefixed/symfony/?C=N;O=A HTTP/2.0" 200 964 "-" "Mozilla/5.0 AppleWebKit/537.36 (KHTML, like Gecko; compatible; GPTBot/1.3; +https://openai.com/gptbot)"
74.7.227.62 - - [16/Dec/2025:13:31:27 -0500] "GET /wp-content/plugins/wpforms-lite/templates/fields/number-slider/builder-preview.php HTTP/2.0" 200 - "-" "Mozilla/5.0 AppleWebKit/537.36 (KHTML, like Gecko; compatible; GPTBot/1.3; +https://openai.com/gptbot)"
74.7.227.62 - - [16/Dec/2025:13:31:27 -0500] "GET /wp-content/plugins/wpforms-lite/assets/js/integrations/stripe/wpforms-stripe-elements.min.js HTTP/2.0" 200 5586 "-" "Mozilla/5.0 AppleWebKit/537.36 (KHTML, like Gecko; compatible; GPTBot/1.3; +https://openai.com/gptbot)"
74.7.227.62 - - [16/Dec/2025:13:31:28 -0500] "GET /wp-content/plugins/wpforms-lite/src/Integrations/Divi/WPFormsSelector.php HTTP/2.0" 500 - "-" "Mozilla/5.0 AppleWebKit/537.36 (KHTML, like Gecko; compatible; GPTBot/1.3; +https://openai.com/gptbot)"
74.7.227.62 - - [16/Dec/2025:13:31:28 -0500] "GET /wp-content/plugins/wpforms-lite/src/Integrations/Divi/Divi.php HTTP/2.0" 500 - "-" "Mozilla/5.0 AppleWebKit/537.36 (KHTML, like Gecko; compatible; GPTBot/1.3; +https://openai.com/gptbot)"
74.7.227.62 - - [16/Dec/2025:13:31:30 -0500] "GET /wp-content/plugins/wpforms-lite/src/Integrations/Divi/?C=S;O=D HTTP/2.0" 200 1143 "-" "Mozilla/5.0 AppleWebKit/537.36 (KHTML, like Gecko; compatible; GPTBot/1.3; +https://openai.com/gptbot)"
74.7.227.62 - - [16/Dec/2025:13:31:35 -0500] "GET /wp-content/plugins/wpforms-lite/src/Integrations/Divi/?C=M;O=D HTTP/2.0" 200 1143 "-" "Mozilla/5.0 AppleWebKit/537.36 (KHTML, like Gecko; compatible; GPTBot/1.3; +https://openai.com/gptbot)"
74.7.227.62 - - [16/Dec/2025:13:31:39 -0500] "GET /wp-content/plugins/wpforms-lite/src/Integrations/Divi/?C=D;O=D HTTP/2.0" 200 1143 "-" "Mozilla/5.0 AppleWebKit/537.36 (KHTML, like Gecko; compatible; GPTBot/1.3; +https://openai.com/gptbot)"
50.6.4.141 - - [16/Dec/2025:13:31:40 -0500] "POST /wp-cron.php?doing_wp_cron=1765909900.6531400680541992187500 HTTP/1.1" 200 - "-" "WordPress/6.9; https://emtiyz.com"
43.173.182.208 - - [16/Dec/2025:13:31:40 -0500] "GET /model/200000-beauty HTTP/1.1" 301 - "-" "Mozilla/5.0 (Windows NT 6.1; Win64; x64) AppleWebKit/537.36 (KHTML, like Gecko) Chrome/126.0.6478.114 Safari/537.36"
43.173.169.232 - - [16/Dec/2025:13:31:39 -0500] "GET /package-list/ HTTP/1.1" 200 113901 "-" "Mozilla/5.0 (Windows NT 6.1; Win64; x64) AppleWebKit/537.36 (KHTML, like Gecko) Chrome/126.0.6478.114 Safari/537.36"
43.173.182.208 - - [16/Dec/2025:13:31:40 -0500] "GET /model/200000-beauty/ HTTP/1.1" 200 146482 "https://emtiyz.com/model/200000-beauty" "Mozilla/5.0 (Windows NT 6.1; Win64; x64) AppleWebKit/537.36 (KHTML, like Gecko) Chrome/126.0.6478.114 Safari/537.36"
74.7.227.62 - - [16/Dec/2025:13:31:43 -0500] "GET /wp-content/plugins/wpforms-lite/src/Integrations/Divi/?C=N;O=A HTTP/2.0" 200 1143 "-" "Mozilla/5.0 AppleWebKit/537.36 (KHTML, like Gecko; compatible; GPTBot/1.3; +https://openai.com/gptbot)"
74.7.227.62 - - [16/Dec/2025:13:31:46 -0500] "GET /wp-content/plugins/wpforms-lite/src/Integrations/UncannyAutomator/UncannyAutomator.php HTTP/2.0" 500 - "-" "Mozilla/5.0 AppleWebKit/537.36 (KHTML, like Gecko; compatible; GPTBot/1.3; +https://openai.com/gptbot)"
74.7.227.62 - - [16/Dec/2025:13:31:50 -0500] "GET /wp-content/plugins/wpforms-lite/src/Integrations/Stripe/ HTTP/2.0" 200 2997 "-" "Mozilla/5.0 AppleWebKit/537.36 (KHTML, like Gecko; compatible; GPTBot/1.3; +https://openai.com/gptbot)"
43.173.174.193 - - [16/Dec/2025:13:31:49 -0500] "POST /wp-admin/admin-ajax.php HTTP/1.1" 200 1270 "https://emtiyz.com/model/200000-beauty" "Mozilla/5.0 (Windows NT 6.1; Win64; x64) AppleWebKit/537.36 (KHTML, like Gecko) Chrome/126.0.6478.114 Safari/537.36"
74.7.227.62 - - [16/Dec/2025:13:31:59 -0500] "GET /wp-content/plugins/wpforms-lite/vendor_prefixed/symfony/css-selector/Parser/Tokenizer/ HTTP/2.0" 200 1430 "-" "Mozilla/5.0 AppleWebKit/537.36 (KHTML, like Gecko; compatible; GPTBot/1.3; +https://openai.com/gptbot)"
74.7.227.62 - - [16/Dec/2025:13:32:07 -0500] "GET /wp-content/plugins/wpforms-lite/vendor_prefixed/symfony/css-selector/Parser/Shortcut/ HTTP/2.0" 200 1608 "-" "Mozilla/5.0 AppleWebKit/537.36 (KHTML, like Gecko; compatible; GPTBot/1.3; +https://openai.com/gptbot)"
74.7.227.62 - - [16/Dec/2025:13:32:14 -0500] "GET /wp-content/plugins/wpforms-lite/vendor_prefixed/symfony/css-selector/Parser/Handler/ HTTP/2.0" 200 2172 "-" "Mozilla/5.0 AppleWebKit/537.36 (KHTML, like Gecko; compatible; GPTBot/1.3; +https://openai.com/gptbot)"
74.7.227.62 - - [16/Dec/2025:13:32:21 -0500] "GET /wp-content/plugins/wpforms-lite/includes/templates/class-simple-contact-form.php HTTP/2.0" 200 - "-" "Mozilla/5.0 AppleWebKit/537.36 (KHTML, like Gecko; compatible; GPTBot/1.3; +https://openai.com/gptbot)"
74.7.227.62 - - [16/Dec/2025:13:32:27 -0500] "GET /wp-content/plugins/wpforms-lite/templates/builder/?C=D;O=A HTTP/2.0" 200 2384 "-" "Mozilla/5.0 AppleWebKit/537.36 (KHTML, like Gecko; compatible; GPTBot/1.3; +https://openai.com/gptbot)"
74.7.227.62 - - [16/Dec/2025:13:32:32 -0500] "GET /wp-content/plugins/wpforms-lite/templates/builder/?C=N;O=D HTTP/2.0" 200 2384 "-" "Mozilla/5.0 AppleWebKit/537.36 (KHTML, like Gecko; compatible; GPTBot/1.3; +https://openai.com/gptbot)"
74.7.227.62 - - [16/Dec/2025:13:32:37 -0500] "GET /wp-content/plugins/wpforms-lite/templates/builder/?C=S;O=A HTTP/2.0" 200 2384 "-" "Mozilla/5.0 AppleWebKit/537.36 (KHTML, like Gecko; compatible; GPTBot/1.3; +https://openai.com/gptbot)"
50.6.4.141 - - [16/Dec/2025:13:32:41 -0500] "POST /wp-cron.php?doing_wp_cron=1765909961.2740879058837890625000 HTTP/1.1" 200 - "-" "WordPress/6.9; https://emtiyz.com"
43.173.174.43 - - [16/Dec/2025:13:32:40 -0500] "GET /model/500000 HTTP/1.1" 301 - "-" "Mozilla/5.0 (Windows NT 6.1; Win64; x64) AppleWebKit/537.36 (KHTML, like Gecko) Chrome/126.0.6478.114 Safari/537.36"
74.7.227.62 - - [16/Dec/2025:13:32:41 -0500] "GET /wp-content/plugins/wpforms-lite/templates/builder/?C=M;O=A HTTP/2.0" 200 2384 "-" "Mozilla/5.0 AppleWebKit/537.36 (KHTML, like Gecko; compatible; GPTBot/1.3; +https://openai.com/gptbot)"
43.173.174.43 - - [16/Dec/2025:13:32:41 -0500] "GET /model/500000/ HTTP/1.1" 200 146220 "https://emtiyz.com/model/500000" "Mozilla/5.0 (Windows NT 6.1; Win64; x64) AppleWebKit/537.36 (KHTML, like Gecko) Chrome/126.0.6478.114 Safari/537.36"
74.7.227.62 - - [16/Dec/2025:13:32:45 -0500] "GET /wp-content/plugins/wpforms-lite/src/WPForms.php HTTP/2.0" 200 - "-" "Mozilla/5.0 AppleWebKit/537.36 (KHTML, like Gecko; compatible; GPTBot/1.3; +https://openai.com/gptbot)"
74.7.227.62 - - [16/Dec/2025:13:32:49 -0500] "GET /wp-content/plugins/wpforms-lite/assets/images/payments/status/icon-not-synced.svg HTTP/2.0" 200 786 "-" "Mozilla/5.0 AppleWebKit/537.36 (KHTML, like Gecko; compatible; GPTBot/1.3; +https://openai.com/gptbot)"
43.173.174.241 - - [16/Dec/2025:13:32:51 -0500] "POST /wp-admin/admin-ajax.php HTTP/1.1" 200 1270 "https://emtiyz.com/model/500000" "Mozilla/5.0 (Windows NT 6.1; Win64; x64) AppleWebKit/537.36 (KHTML, like Gecko) Chrome/126.0.6478.114 Safari/537.36"
74.7.227.62 - - [16/Dec/2025:13:32:52 -0500] "GET /wp-content/plugins/wpforms-lite/src/Integrations/Stripe/RateLimit.php HTTP/2.0" 200 - "-" "Mozilla/5.0 AppleWebKit/537.36 (KHTML, like Gecko; compatible; GPTBot/1.3; +https://openai.com/gptbot)"
74.7.227.62 - - [16/Dec/2025:13:32:55 -0500] "GET /wp-content/plugins/wpforms-lite/src/Integrations/Stripe/Stripe.php HTTP/2.0" 500 - "-" "Mozilla/5.0 AppleWebKit/537.36 (KHTML, like Gecko; compatible; GPTBot/1.3; +https://openai.com/gptbot)"
74.7.227.62 - - [16/Dec/2025:13:32:58 -0500] "GET /wp-content/plugins/wpforms-lite/vendor_prefixed/symfony/css-selector/Parser/Shortcut/HashParser.php HTTP/2.0" 500 - "-" "Mozilla/5.0 AppleWebKit/537.36 (KHTML, like Gecko; compatible; GPTBot/1.3; +https://openai.com/gptbot)"
74.7.227.62 - - [16/Dec/2025:13:33:06 -0500] "GET /wp-content/plugins/wpforms-lite/vendor_prefixed/symfony/css-selector/Parser/Handler/StringHandler.php HTTP/2.0" 500 - "-" "Mozilla/5.0 AppleWebKit/537.36 (KHTML, like Gecko; compatible; GPTBot/1.3; +https://openai.com/gptbot)"
74.7.227.62 - - [16/Dec/2025:13:33:30 -0500] "GET /wp-content/plugins/wpforms-lite/vendor_prefixed/symfony/css-selector/Parser/Handler/CommentHandler.php HTTP/2.0" 500 - "-" "Mozilla/5.0 AppleWebKit/537.36 (KHTML, like Gecko; compatible; GPTBot/1.3; +https://openai.com/gptbot)"
74.7.227.62 - - [16/Dec/2025:13:34:31 -0500] "GET /wp-content/plugins/wpforms-lite/vendor_prefixed/symfony/css-selector/Parser/Handler/NumberHandler.php HTTP/2.0" 500 - "-" "Mozilla/5.0 AppleWebKit/537.36 (KHTML, like Gecko; compatible; GPTBot/1.3; +https://openai.com/gptbot)"
74.7.227.62 - - [16/Dec/2025:13:35:34 -0500] "GET /wp-content/plugins/wpforms-lite/src/Integrations/Stripe/Fields/ HTTP/2.0" 200 1367 "-" "Mozilla/5.0 AppleWebKit/537.36 (KHTML, like Gecko; compatible; GPTBot/1.3; +https://openai.com/gptbot)"
50.6.4.141 - - [16/Dec/2025:13:36:18 -0500] "POST /wp-cron.php?doing_wp_cron=1765910178.2802319526672363281250 HTTP/1.1" 200 - "-" "WordPress/6.9; https://emtiyz.com"
45.61.184.145 - - [16/Dec/2025:13:36:17 -0500] "GET /wp-login.php HTTP/1.1" 200 10442 "-" "Mozilla/5.0 (Macintosh; Intel Mac OS X 10_9_3) AppleWebKit/537.36 (KHTML, like Gecko) Chrome/35.0.1916.153 Safari/537.36"
45.61.184.145 - - [16/Dec/2025:13:36:19 -0500] "POST /wp-login.php HTTP/1.1" 200 10877 "-" "Mozilla/5.0 (Macintosh; Intel Mac OS X 10_9_3) AppleWebKit/537.36 (KHTML, like Gecko) Chrome/35.0.1916.153 Safari/537.36"
74.7.227.62 - - [16/Dec/2025:13:36:34 -0500] "GET /wp-content/plugins/wpforms-lite/src/Integrations/Stripe/Api/ HTTP/2.0" 200 2080 "-" "Mozilla/5.0 AppleWebKit/537.36 (KHTML, like Gecko; compatible; GPTBot/1.3; +https://openai.com/gptbot)"
43.153.135.208 - - [16/Dec/2025:13:37:01 -0500] "GET / HTTP/1.0" 301 - "-" "-"
74.7.227.62 - - [16/Dec/2025:13:37:32 -0500] "GET /wp-content/plugins/wpforms-lite/vendor_prefixed/symfony/css-selector/Parser/Shortcut/?C=S;O=A HTTP/2.0" 200 1608 "-" "Mozilla/5.0 AppleWebKit/537.36 (KHTML, like Gecko; compatible; GPTBot/1.3; +https://openai.com/gptbot)"
74.7.227.62 - - [16/Dec/2025:13:38:22 -0500] "GET /wp-content/plugins/wpforms-lite/src/Integrations/Stripe/WebhooksHealthCheck.php HTTP/2.0" 200 - "-" "Mozilla/5.0 AppleWebKit/537.36 (KHTML, like Gecko; compatible; GPTBot/1.3; +https://openai.com/gptbot)"
74.7.227.62 - - [16/Dec/2025:13:39:09 -0500] "GET /wp-content/plugins/wpforms-lite/vendor_prefixed/symfony/css-selector/Parser/Handler/HashHandler.php HTTP/2.0" 500 - "-" "Mozilla/5.0 AppleWebKit/537.36 (KHTML, like Gecko; compatible; GPTBot/1.3; +https://openai.com/gptbot)"
74.7.227.62 - - [16/Dec/2025:13:39:52 -0500] "GET /wp-content/plugins/wpforms-lite/src/Integrations/Stripe/DomainHealthCheck.php HTTP/2.0" 200 - "-" "Mozilla/5.0 AppleWebKit/537.36 (KHTML, like Gecko; compatible; GPTBot/1.3; +https://openai.com/gptbot)"
74.7.227.62 - - [16/Dec/2025:13:40:57 -0500] "GET /wp-content/plugins/wpforms-lite/src/Integrations/Stripe/apple-developer-merchantid-domain-association HTTP/2.0" 200 9114 "-" "Mozilla/5.0 AppleWebKit/537.36 (KHTML, like Gecko; compatible; GPTBot/1.3; +https://openai.com/gptbot)"
74.7.227.62 - - [16/Dec/2025:13:41:54 -0500] "GET /wp-content/plugins/wpforms-lite/vendor_prefixed/symfony/css-selector/Parser/Handler/IdentifierHandler.php HTTP/2.0" 500 - "-" "Mozilla/5.0 AppleWebKit/537.36 (KHTML, like Gecko; compatible; GPTBot/1.3; +https://openai.com/gptbot)"
74.7.227.62 - - [16/Dec/2025:13:42:46 -0500] "GET /wp-content/plugins/wpforms-lite/src/Integrations/Stripe/Helpers.php HTTP/2.0" 200 - "-" "Mozilla/5.0 AppleWebKit/537.36 (KHTML, like Gecko; compatible; GPTBot/1.3; +https://openai.com/gptbot)"
74.7.227.62 - - [16/Dec/2025:13:43:49 -0500] "GET /wp-content/plugins/wpforms-lite/src/Integrations/Stripe/Process.php HTTP/2.0" 200 - "-" "Mozilla/5.0 AppleWebKit/537.36 (KHTML, like Gecko; compatible; GPTBot/1.3; +https://openai.com/gptbot)"
74.7.227.62 - - [16/Dec/2025:13:44:48 -0500] "GET /wp-content/plugins/wpforms-lite/src/Integrations/Stripe/?C=D;O=A HTTP/2.0" 200 2997 "-" "Mozilla/5.0 AppleWebKit/537.36 (KHTML, like Gecko; compatible; GPTBot/1.3; +https://openai.com/gptbot)"
74.7.227.62 - - [16/Dec/2025:13:45:37 -0500] "GET /wp-content/plugins/wpforms-lite/src/Integrations/Stripe/Fields/PaymentElementCreditCard.php HTTP/2.0" 500 - "-" "Mozilla/5.0 AppleWebKit/537.36 (KHTML, like Gecko; compatible; GPTBot/1.3; +https://openai.com/gptbot)"
18.136.246.89 - - [16/Dec/2025:13:45:36 -0500] "GET /wp-content/uploads/2025/06/details_23-2-2-5.png HTTP/1.1" 200 536199 "-" "Mozilla/5.0 (compatible; crawler)"
74.7.227.62 - - [16/Dec/2025:13:46:23 -0500] "GET /wp-content/plugins/wpforms-lite/src/Integrations/Stripe/Api/?C=S;O=A HTTP/2.0" 200 2080 "-" "Mozilla/5.0 AppleWebKit/537.36 (KHTML, like Gecko; compatible; GPTBot/1.3; +https://openai.com/gptbot)"
74.7.227.62 - - [16/Dec/2025:13:47:28 -0500] "GET /wp-content/plugins/wpforms-lite/src/Integrations/Stripe/Api/?C=M;O=A HTTP/2.0" 200 2080 "-" "Mozilla/5.0 AppleWebKit/537.36 (KHTML, like Gecko; compatible; GPTBot/1.3; +https://openai.com/gptbot)"
74.7.227.62 - - [16/Dec/2025:13:48:22 -0500] "GET /wp-content/plugins/wpforms-lite/src/Integrations/Stripe/Api/?C=N;O=D HTTP/2.0" 200 2080 "-" "Mozilla/5.0 AppleWebKit/537.36 (KHTML, like Gecko; compatible; GPTBot/1.3; +https://openai.com/gptbot)"
50.6.4.141 - - [16/Dec/2025:13:48:37 -0500] "POST /wp-cron.php?doing_wp_cron=1765910917.6332368850708007812500 HTTP/1.1" 200 - "-" "WordPress/6.9; https://emtiyz.com"
84.65.47.104 - - [16/Dec/2025:13:48:36 -0500] "GET / HTTP/2.0" 200 375307 "https://www.google.com/" "Mozilla/5.0 (iPhone; CPU iPhone OS 18_6_2 like Mac OS X) AppleWebKit/605.1.15 (KHTML, like Gecko) Version/18.6 Mobile/15E148 Safari/604.1"
84.65.47.104 - - [16/Dec/2025:13:48:37 -0500] "GET /wp-admin/css/color-picker.min.css?ver=6.9 HTTP/2.0" 200 3063 "https://emtiyz.com/" "Mozilla/5.0 (iPhone; CPU iPhone OS 18_6_2 like Mac OS X) AppleWebKit/605.1.15 (KHTML, like Gecko) Version/18.6 Mobile/15E148 Safari/604.1"
84.65.47.104 - - [16/Dec/2025:13:48:37 -0500] "GET /wp-content/themes/autodeal/css/bootstrap.css?ver=1 HTTP/2.0" 200 155803 "https://emtiyz.com/" "Mozilla/5.0 (iPhone; CPU iPhone OS 18_6_2 like Mac OS X) AppleWebKit/605.1.15 (KHTML, like Gecko) Version/18.6 Mobile/15E148 Safari/604.1"
84.65.47.104 - - [16/Dec/2025:13:48:37 -0500] "GET /wp-content/plugins/themesflat-core/assets/css/tf-animated.css?ver=6.9 HTTP/2.0" 200 3819 "https://emtiyz.com/" "Mozilla/5.0 (iPhone; CPU iPhone OS 18_6_2 like Mac OS X) AppleWebKit/605.1.15 (KHTML, like Gecko) Version/18.6 Mobile/15E148 Safari/604.1"
84.65.47.104 - - [16/Dec/2025:13:48:37 -0500] "GET /wp-content/plugins/tf-car-listing/public/assets/third-party/magnific-popup/magnific-popup.min.css?ver=6.9 HTTP/2.0" 200 5263 "https://emtiyz.com/" "Mozilla/5.0 (iPhone; CPU iPhone OS 18_6_2 like Mac OS X) AppleWebKit/605.1.15 (KHTML, like Gecko) Version/18.6 Mobile/15E148 Safari/604.1"
84.65.47.104 - - [16/Dec/2025:13:48:37 -0500] "GET /wp-content/plugins/tf-car-listing/public/assets/css/widgets.css?ver=6.9 HTTP/2.0" 200 10691 "https://emtiyz.com/" "Mozilla/5.0 (iPhone; CPU iPhone OS 18_6_2 like Mac OS X) AppleWebKit/605.1.15 (KHTML, like Gecko) Version/18.6 Mobile/15E148 Safari/604.1"
84.65.47.104 - - [16/Dec/2025:13:48:37 -0500] "GET /wp-content/plugins/tf-car-listing/public/assets/css/author.css?ver=6.9 HTTP/2.0" 200 8897 "https://emtiyz.com/" "Mozilla/5.0 (iPhone; CPU iPhone OS 18_6_2 like Mac OS X) AppleWebKit/605.1.15 (KHTML, like Gecko) Version/18.6 Mobile/15E148 Safari/604.1"
84.65.47.104 - - [16/Dec/2025:13:48:37 -0500] "GET /wp-content/plugins/tf-car-listing/public/assets/third-party/jquery-ui/jquery-ui.min.css?ver=1.11.4 HTTP/2.0" 200 30169 "https://emtiyz.com/" "Mozilla/5.0 (iPhone; CPU iPhone OS 18_6_2 like Mac OS X) AppleWebKit/605.1.15 (KHTML, like Gecko) Version/18.6 Mobile/15E148 Safari/604.1"
84.65.47.104 - - [16/Dec/2025:13:48:37 -0500] "GET /wp-content/plugins/tf-car-listing/public/assets/third-party/owl-carousel/owl.carousel.min.css?ver=6.9 HTTP/2.0" 200 3356 "https://emtiyz.com/" "Mozilla/5.0 (iPhone; CPU iPhone OS 18_6_2 like Mac OS X) AppleWebKit/605.1.15 (KHTML, like Gecko) Version/18.6 Mobile/15E148 Safari/604.1"
84.65.47.104 - - [16/Dec/2025:13:48:37 -0500] "GET /wp-content/plugins/tf-car-listing/public/assets/css/compare.css?ver=6.9 HTTP/2.0" 200 6361 "https://emtiyz.com/" "Mozilla/5.0 (iPhone; CPU iPhone OS 18_6_2 like Mac OS X) AppleWebKit/605.1.15 (KHTML, like Gecko) Version/18.6 Mobile/15E148 Safari/604.1"
84.65.47.104 - - [16/Dec/2025:13:48:37 -0500] "GET /wp-content/plugins/tf-car-listing/public/assets/css/taxonomy.css?ver=6.9 HTTP/2.0" 200 2719 "https://emtiyz.com/" "Mozilla/5.0 (iPhone; CPU iPhone OS 18_6_2 like Mac OS X) AppleWebKit/605.1.15 (KHTML, like Gecko) Version/18.6 Mobile/15E148 Safari/604.1"
84.65.47.104 - - [16/Dec/2025:13:48:37 -0500] "GET /wp-content/plugins/tf-car-listing/public/assets/css/range-slider.css?ver=6.9 HTTP/2.0" 200 3354 "https://emtiyz.com/" "Mozilla/5.0 (iPhone; CPU iPhone OS 18_6_2 like Mac OS X) AppleWebKit/605.1.15 (KHTML, like Gecko) Version/18.6 Mobile/15E148 Safari/604.1"
84.65.47.104 - - [16/Dec/2025:13:48:37 -0500] "GET /wp-content/plugins/tf-car-listing/public/assets/css/shortcode-saved-advanced-search.css?ver=6.9 HTTP/2.0" 200 444 "https://emtiyz.com/" "Mozilla/5.0 (iPhone; CPU iPhone OS 18_6_2 like Mac OS X) AppleWebKit/605.1.15 (KHTML, like Gecko) Version/18.6 Mobile/15E148 Safari/604.1"
84.65.47.104 - - [16/Dec/2025:13:48:37 -0500] "GET /wp-content/plugins/tf-car-listing/public/assets/css/shortcode-search-filter.css?ver=6.9 HTTP/2.0" 200 7903 "https://emtiyz.com/" "Mozilla/5.0 (iPhone; CPU iPhone OS 18_6_2 like Mac OS X) AppleWebKit/605.1.15 (KHTML, like Gecko) Version/18.6 Mobile/15E148 Safari/604.1"
84.65.47.104 - - [16/Dec/2025:13:48:37 -0500] "GET /wp-content/themes/autodeal/css/icon-autodeal.css?ver=6.9 HTTP/2.0" 200 9166 "https://emtiyz.com/" "Mozilla/5.0 (iPhone; CPU iPhone OS 18_6_2 like Mac OS X) AppleWebKit/605.1.15 (KHTML, like Gecko) Version/18.6 Mobile/15E148 Safari/604.1"
84.65.47.104 - - [16/Dec/2025:13:48:37 -0500] "GET /wp-content/plugins/tf-car-listing/public/assets/css/listing.css?ver=6.9 HTTP/2.0" 200 28250 "https://emtiyz.com/" "Mozilla/5.0 (iPhone; CPU iPhone OS 18_6_2 like Mac OS X) AppleWebKit/605.1.15 (KHTML, like Gecko) Version/18.6 Mobile/15E148 Safari/604.1"
84.65.47.104 - - [16/Dec/2025:13:48:37 -0500] "GET /wp-content/plugins/tf-car-listing/public/assets/css/form-custom.css?ver=6.9 HTTP/2.0" 200 26107 "https://emtiyz.com/" "Mozilla/5.0 (iPhone; CPU iPhone OS 18_6_2 like Mac OS X) AppleWebKit/605.1.15 (KHTML, like Gecko) Version/18.6 Mobile/15E148 Safari/604.1"
84.65.47.104 - - [16/Dec/2025:13:48:37 -0500] "GET /wp-content/plugins/tf-car-listing/public/assets/css/shortcode-advanced-search.css?ver=6.9 HTTP/2.0" 200 33022 "https://emtiyz.com/" "Mozilla/5.0 (iPhone; CPU iPhone OS 18_6_2 like Mac OS X) AppleWebKit/605.1.15 (KHTML, like Gecko) Version/18.6 Mobile/15E148 Safari/604.1"
84.65.47.104 - - [16/Dec/2025:13:48:37 -0500] "GET /wp-content/themes/autodeal/css/inline-css.css?ver=6.9 HTTP/2.0" 200 - "https://emtiyz.com/" "Mozilla/5.0 (iPhone; CPU iPhone OS 18_6_2 like Mac OS X) AppleWebKit/605.1.15 (KHTML, like Gecko) Version/18.6 Mobile/15E148 Safari/604.1"
84.65.47.104 - - [16/Dec/2025:13:48:37 -0500] "GET /wp-content/uploads/useanyfont/uaf.css?ver=1751181078 HTTP/2.0" 200 337 "https://emtiyz.com/" "Mozilla/5.0 (iPhone; CPU iPhone OS 18_6_2 like Mac OS X) AppleWebKit/605.1.15 (KHTML, like Gecko) Version/18.6 Mobile/15E148 Safari/604.1"
84.65.47.104 - - [16/Dec/2025:13:48:37 -0500] "GET /wp-content/uploads/elementor/css/post-6.css?ver=1765554280 HTTP/2.0" 200 1225 "https://emtiyz.com/" "Mozilla/5.0 (iPhone; CPU iPhone OS 18_6_2 like Mac OS X) AppleWebKit/605.1.15 (KHTML, like Gecko) Version/18.6 Mobile/15E148 Safari/604.1"
84.65.47.104 - - [16/Dec/2025:13:48:37 -0500] "GET /wp-content/plugins/elementor/assets/lib/animations/styles/fadeInUp.min.css?ver=3.31.3 HTTP/2.0" 200 130 "https://emtiyz.com/" "Mozilla/5.0 (iPhone; CPU iPhone OS 18_6_2 like Mac OS X) AppleWebKit/605.1.15 (KHTML, like Gecko) Version/18.6 Mobile/15E148 Safari/604.1"
84.65.47.104 - - [16/Dec/2025:13:48:37 -0500] "GET /wp-content/themes/autodeal/css/responsive.css?ver=6.9 HTTP/2.0" 200 30444 "https://emtiyz.com/" "Mozilla/5.0 (iPhone; CPU iPhone OS 18_6_2 like Mac OS X) AppleWebKit/605.1.15 (KHTML, like Gecko) Version/18.6 Mobile/15E148 Safari/604.1"
84.65.47.104 - - [16/Dec/2025:13:48:37 -0500] "GET /wp-content/plugins/elementor/assets/lib/swiper/v8/css/swiper.min.css?ver=8.4.5 HTTP/2.0" 200 16471 "https://emtiyz.com/" "Mozilla/5.0 (iPhone; CPU iPhone OS 18_6_2 like Mac OS X) AppleWebKit/605.1.15 (KHTML, like Gecko) Version/18.6 Mobile/15E148 Safari/604.1"
84.65.47.104 - - [16/Dec/2025:13:48:37 -0500] "GET /wp-content/plugins/elementor/assets/css/frontend.min.css?ver=3.31.3 HTTP/2.0" 200 53527 "https://emtiyz.com/" "Mozilla/5.0 (iPhone; CPU iPhone OS 18_6_2 like Mac OS X) AppleWebKit/605.1.15 (KHTML, like Gecko) Version/18.6 Mobile/15E148 Safari/604.1"
84.65.47.104 - - [16/Dec/2025:13:48:37 -0500] "GET /wp-content/themes/autodeal/css/main.css?ver=6.9 HTTP/2.0" 200 235236 "https://emtiyz.com/" "Mozilla/5.0 (iPhone; CPU iPhone OS 18_6_2 like Mac OS X) AppleWebKit/605.1.15 (KHTML, like Gecko) Version/18.6 Mobile/15E148 Safari/604.1"
84.65.47.104 - - [16/Dec/2025:13:48:38 -0500] "GET /wp-content/plugins/elementor/assets/css/widget-heading.min.css?ver=3.31.3 HTTP/2.0" 200 600 "https://emtiyz.com/" "Mozilla/5.0 (iPhone; CPU iPhone OS 18_6_2 like Mac OS X) AppleWebKit/605.1.15 (KHTML, like Gecko) Version/18.6 Mobile/15E148 Safari/604.1"
