74.7.227.62 - - [16/Dec/2025:07:16:07 -0500] "GET /wp-content/plugins/pro-elements/modules/forms/submissions/database/?C=M;O=A HTTP/2.0" 200 1710 "-" "Mozilla/5.0 AppleWebKit/537.36 (KHTML, like Gecko; compatible; GPTBot/1.3; +https://openai.com/gptbot)"
74.7.227.62 - - [16/Dec/2025:07:16:09 -0500] "GET /wp-content/plugins/pro-elements/modules/forms/submissions/database/?C=D;O=A HTTP/2.0" 200 1710 "-" "Mozilla/5.0 AppleWebKit/537.36 (KHTML, like Gecko; compatible; GPTBot/1.3; +https://openai.com/gptbot)"
74.7.227.62 - - [16/Dec/2025:07:16:10 -0500] "GET /wp-content/plugins/pro-elements/modules/forms/submissions/export/?C=N;O=A HTTP/2.0" 200 993 "-" "Mozilla/5.0 AppleWebKit/537.36 (KHTML, like Gecko; compatible; GPTBot/1.3; +https://openai.com/gptbot)"
74.7.227.62 - - [16/Dec/2025:07:16:11 -0500] "GET /wp-content/plugins/pro-elements/modules/forms/submissions/export/?C=M;O=D HTTP/2.0" 200 993 "-" "Mozilla/5.0 AppleWebKit/537.36 (KHTML, like Gecko; compatible; GPTBot/1.3; +https://openai.com/gptbot)"
74.7.227.62 - - [16/Dec/2025:07:16:12 -0500] "GET /wp-content/plugins/pro-elements/modules/forms/submissions/export/?C=D;O=D HTTP/2.0" 200 993 "-" "Mozilla/5.0 AppleWebKit/537.36 (KHTML, like Gecko; compatible; GPTBot/1.3; +https://openai.com/gptbot)"
74.7.227.62 - - [16/Dec/2025:07:16:12 -0500] "GET /wp-content/plugins/pro-elements/modules/forms/submissions/export/?C=S;O=D HTTP/2.0" 200 993 "-" "Mozilla/5.0 AppleWebKit/537.36 (KHTML, like Gecko; compatible; GPTBot/1.3; +https://openai.com/gptbot)"
74.7.227.62 - - [16/Dec/2025:07:16:13 -0500] "GET /wp-content/plugins/pro-elements/modules/forms/submissions/database/repositories/ HTTP/2.0" 200 1049 "-" "Mozilla/5.0 AppleWebKit/537.36 (KHTML, like Gecko; compatible; GPTBot/1.3; +https://openai.com/gptbot)"
74.7.227.62 - - [16/Dec/2025:07:16:14 -0500] "GET /wp-content/plugins/pro-elements/modules/forms/submissions/database/migrations/?C=S;O=A HTTP/2.0" 200 1579 "-" "Mozilla/5.0 AppleWebKit/537.36 (KHTML, like Gecko; compatible; GPTBot/1.3; +https://openai.com/gptbot)"
74.7.227.62 - - [16/Dec/2025:07:16:14 -0500] "GET /wp-content/plugins/pro-elements/modules/forms/submissions/database/migrations/?C=N;O=D HTTP/2.0" 200 1579 "-" "Mozilla/5.0 AppleWebKit/537.36 (KHTML, like Gecko; compatible; GPTBot/1.3; +https://openai.com/gptbot)"
74.7.227.62 - - [16/Dec/2025:07:16:15 -0500] "GET /wp-content/plugins/pro-elements/modules/forms/submissions/database/migrations/?C=D;O=A HTTP/2.0" 200 1579 "-" "Mozilla/5.0 AppleWebKit/537.36 (KHTML, like Gecko; compatible; GPTBot/1.3; +https://openai.com/gptbot)"
185.226.197.65 - - [16/Dec/2025:07:16:15 -0500] "GET /license.txt HTTP/1.1" 200 19903 "-" "Mozilla/5.0 (Windows NT 10.0; Win64; x64) AppleWebKit/537.36 (KHTML, like Gecko) Chrome/60.0.3112.113 Safari/537.36"
74.7.227.62 - - [16/Dec/2025:07:16:15 -0500] "GET /wp-content/plugins/pro-elements/modules/forms/submissions/database/migrations/?C=M;O=A HTTP/2.0" 200 1579 "-" "Mozilla/5.0 AppleWebKit/537.36 (KHTML, like Gecko; compatible; GPTBot/1.3; +https://openai.com/gptbot)"
74.7.227.62 - - [16/Dec/2025:07:16:16 -0500] "GET /wp-content/plugins/pro-elements/modules/forms/submissions/database/migrations/initial.php HTTP/2.0" 500 - "-" "Mozilla/5.0 AppleWebKit/537.36 (KHTML, like Gecko; compatible; GPTBot/1.3; +https://openai.com/gptbot)"
74.7.227.62 - - [16/Dec/2025:07:16:16 -0500] "GET /wp-content/plugins/pro-elements/modules/forms/submissions/database/migrations/fix-indexes.php HTTP/2.0" 200 - "-" "Mozilla/5.0 AppleWebKit/537.36 (KHTML, like Gecko; compatible; GPTBot/1.3; +https://openai.com/gptbot)"
74.7.227.62 - - [16/Dec/2025:07:16:18 -0500] "GET /wp-content/plugins/pro-elements/modules/forms/submissions/database/migrations/referer-extra.php HTTP/2.0" 500 - "-" "Mozilla/5.0 AppleWebKit/537.36 (KHTML, like Gecko; compatible; GPTBot/1.3; +https://openai.com/gptbot)"
74.7.227.62 - - [16/Dec/2025:07:16:19 -0500] "GET /wp-content/plugins/pro-elements/modules/forms/submissions/database/?C=M;O=D HTTP/2.0" 200 1710 "-" "Mozilla/5.0 AppleWebKit/537.36 (KHTML, like Gecko; compatible; GPTBot/1.3; +https://openai.com/gptbot)"
74.7.227.62 - - [16/Dec/2025:07:16:23 -0500] "GET /wp-content/plugins/pro-elements/modules/forms/submissions/database/?C=S;O=D HTTP/2.0" 200 1710 "-" "Mozilla/5.0 AppleWebKit/537.36 (KHTML, like Gecko; compatible; GPTBot/1.3; +https://openai.com/gptbot)"
74.7.227.62 - - [16/Dec/2025:07:16:27 -0500] "GET /wp-content/plugins/pro-elements/modules/forms/submissions/database/?C=D;O=D HTTP/2.0" 200 1710 "-" "Mozilla/5.0 AppleWebKit/537.36 (KHTML, like Gecko; compatible; GPTBot/1.3; +https://openai.com/gptbot)"
50.6.4.141 - - [16/Dec/2025:07:16:30 -0500] "POST /wp-cron.php?doing_wp_cron=1765887390.5421049594879150390625 HTTP/1.1" 200 - "-" "WordPress/6.9; https://emtiyz.com"
185.226.197.64 - - [16/Dec/2025:07:16:29 -0500] "GET /wp-content/plugins/code-snippets/readme.txt HTTP/1.1" 404 103626 "-" "Mozilla/5.0 (Windows NT 10.0; Win64; x64) AppleWebKit/537.36 (KHTML, like Gecko) Chrome/60.0.3112.113 Safari/537.36"
74.7.227.62 - - [16/Dec/2025:07:16:31 -0500] "GET /wp-content/plugins/pro-elements/modules/forms/submissions/database/?C=N;O=A HTTP/2.0" 200 1710 "-" "Mozilla/5.0 AppleWebKit/537.36 (KHTML, like Gecko; compatible; GPTBot/1.3; +https://openai.com/gptbot)"
74.7.227.62 - - [16/Dec/2025:07:16:34 -0500] "GET /wp-content/plugins/pro-elements/modules/forms/submissions/database/migrations/?C=S;O=D HTTP/2.0" 200 1579 "-" "Mozilla/5.0 AppleWebKit/537.36 (KHTML, like Gecko; compatible; GPTBot/1.3; +https://openai.com/gptbot)"
74.7.227.62 - - [16/Dec/2025:07:16:36 -0500] "GET /wp-content/plugins/pro-elements/modules/forms/submissions/database/migrations/?C=N;O=A HTTP/2.0" 200 1579 "-" "Mozilla/5.0 AppleWebKit/537.36 (KHTML, like Gecko; compatible; GPTBot/1.3; +https://openai.com/gptbot)"
74.7.227.62 - - [16/Dec/2025:07:16:39 -0500] "GET /wp-content/plugins/pro-elements/modules/forms/submissions/database/migrations/base-migration.php HTTP/2.0" 200 - "-" "Mozilla/5.0 AppleWebKit/537.36 (KHTML, like Gecko; compatible; GPTBot/1.3; +https://openai.com/gptbot)"
5.192.17.158 - - [16/Dec/2025:07:16:39 -0500] "POST /wp-admin/admin-ajax.php HTTP/2.0" 200 47 "https://emtiyz.com/wp-admin/users.php" "Mozilla/5.0 (Windows NT 10.0; Win64; x64) AppleWebKit/537.36 (KHTML, like Gecko) Chrome/143.0.0.0 Safari/537.36"
74.7.227.62 - - [16/Dec/2025:07:16:41 -0500] "GET /wp-content/plugins/pro-elements/modules/forms/submissions/database/migrations/?C=M;O=D HTTP/2.0" 200 1579 "-" "Mozilla/5.0 AppleWebKit/537.36 (KHTML, like Gecko; compatible; GPTBot/1.3; +https://openai.com/gptbot)"
74.7.227.62 - - [16/Dec/2025:07:16:43 -0500] "GET /wp-content/plugins/pro-elements/modules/forms/submissions/export/csv-export.php HTTP/2.0" 200 - "-" "Mozilla/5.0 AppleWebKit/537.36 (KHTML, like Gecko; compatible; GPTBot/1.3; +https://openai.com/gptbot)"
74.7.227.62 - - [16/Dec/2025:07:16:45 -0500] "GET /wp-content/plugins/pro-elements/assets/lib/html2canvas/js/?C=S;O=A HTTP/2.0" 200 1162 "-" "Mozilla/5.0 AppleWebKit/537.36 (KHTML, like Gecko; compatible; GPTBot/1.3; +https://openai.com/gptbot)"
185.226.197.64 - - [16/Dec/2025:07:16:45 -0500] "GET /wp-content/plugins/bbpress/readme.txt HTTP/1.1" 404 103590 "-" "Mozilla/5.0 (Windows NT 10.0; Win64; x64) AppleWebKit/537.36 (KHTML, like Gecko) Chrome/60.0.3112.113 Safari/537.36"
74.7.227.62 - - [16/Dec/2025:07:16:47 -0500] "GET /wp-content/plugins/pro-elements/assets/lib/html2canvas/js/?C=D;O=D HTTP/2.0" 200 1162 "-" "Mozilla/5.0 AppleWebKit/537.36 (KHTML, like Gecko; compatible; GPTBot/1.3; +https://openai.com/gptbot)"
74.7.227.62 - - [16/Dec/2025:07:16:48 -0500] "GET /wp-content/plugins/pro-elements/assets/lib/html2canvas/js/?C=N;O=A HTTP/2.0" 200 1162 "-" "Mozilla/5.0 AppleWebKit/537.36 (KHTML, like Gecko; compatible; GPTBot/1.3; +https://openai.com/gptbot)"
74.7.227.62 - - [16/Dec/2025:07:16:50 -0500] "GET /wp-content/plugins/pro-elements/assets/lib/html2canvas/js/?C=M;O=A HTTP/2.0" 200 1162 "-" "Mozilla/5.0 AppleWebKit/537.36 (KHTML, like Gecko; compatible; GPTBot/1.3; +https://openai.com/gptbot)"
74.7.227.62 - - [16/Dec/2025:07:16:51 -0500] "GET /wp-content/plugins/pro-elements/assets/lib/html2canvas/js/?C=N;O=D HTTP/2.0" 200 1162 "-" "Mozilla/5.0 AppleWebKit/537.36 (KHTML, like Gecko; compatible; GPTBot/1.3; +https://openai.com/gptbot)"
74.7.227.62 - - [16/Dec/2025:07:16:52 -0500] "GET /wp-content/plugins/pro-elements/modules/forms/submissions/database/migration.php HTTP/2.0" 500 - "-" "Mozilla/5.0 AppleWebKit/537.36 (KHTML, like Gecko; compatible; GPTBot/1.3; +https://openai.com/gptbot)"
74.7.227.62 - - [16/Dec/2025:07:16:53 -0500] "GET /wp-content/plugins/pro-elements/modules/forms/submissions/database/migrations/initial.php HTTP/2.0" 500 - "-" "Mozilla/5.0 AppleWebKit/537.36 (KHTML, like Gecko; compatible; GPTBot/1.3; +https://openai.com/gptbot)"
74.7.227.62 - - [16/Dec/2025:07:16:56 -0500] "GET /wp-content/plugins/pro-elements/modules/forms/submissions/database/migrations/referer-extra.php HTTP/2.0" 500 - "-" "Mozilla/5.0 AppleWebKit/537.36 (KHTML, like Gecko; compatible; GPTBot/1.3; +https://openai.com/gptbot)"
185.226.197.65 - - [16/Dec/2025:07:17:02 -0500] "GET /wp-content/plugins/kingcomposer/readme.txt HTTP/1.1" 404 103620 "-" "Mozilla/5.0 (Windows NT 10.0; Win64; x64) AppleWebKit/537.36 (KHTML, like Gecko) Chrome/60.0.3112.113 Safari/537.36"
74.7.227.62 - - [16/Dec/2025:07:17:04 -0500] "GET /wp-content/plugins/pro-elements/modules/forms/submissions/database/entities/ HTTP/2.0" 200 1027 "-" "Mozilla/5.0 AppleWebKit/537.36 (KHTML, like Gecko; compatible; GPTBot/1.3; +https://openai.com/gptbot)"
185.226.197.65 - - [16/Dec/2025:07:17:14 -0500] "GET /wp-content/plugins/fancy-product-designer/readme.txt HTTP/1.1" 404 103680 "-" "Mozilla/5.0 (Windows NT 10.0; Win64; x64) AppleWebKit/537.36 (KHTML, like Gecko) Chrome/60.0.3112.113 Safari/537.36"
50.6.4.141 - - [16/Dec/2025:07:17:28 -0500] "POST /wp-cron.php?doing_wp_cron=1765887448.4207489490509033203125 HTTP/1.1" 200 - "-" "WordPress/6.9; https://emtiyz.com"
185.226.197.62 - - [16/Dec/2025:07:17:27 -0500] "GET /wp-content/plugins/iwp-client/readme.txt HTTP/1.1" 404 103608 "-" "Mozilla/5.0 (Windows NT 10.0; Win64; x64) AppleWebKit/537.36 (KHTML, like Gecko) Chrome/60.0.3112.113 Safari/537.36"
74.7.227.62 - - [16/Dec/2025:07:17:30 -0500] "GET /wp-content/plugins/pro-elements/modules/forms/submissions/data/?C=N;O=D HTTP/2.0" 200 1533 "-" "Mozilla/5.0 AppleWebKit/537.36 (KHTML, like Gecko; compatible; GPTBot/1.3; +https://openai.com/gptbot)"
185.226.197.65 - - [16/Dec/2025:07:17:39 -0500] "GET /wp-content/plugins/wpschoolpress/readme.txt HTTP/1.1" 404 103626 "-" "Mozilla/5.0 (Windows NT 10.0; Win64; x64) AppleWebKit/537.36 (KHTML, like Gecko) Chrome/60.0.3112.113 Safari/537.36"
185.226.197.62 - - [16/Dec/2025:07:17:49 -0500] "GET /wp-content/plugins/wp-user-avatar/readme.txt HTTP/1.1" 404 103632 "-" "Mozilla/5.0 (Windows NT 10.0; Win64; x64) AppleWebKit/537.36 (KHTML, like Gecko) Chrome/60.0.3112.113 Safari/537.36"
74.7.227.62 - - [16/Dec/2025:07:17:55 -0500] "GET /wp-content/plugins/pro-elements/modules/forms/submissions/data/?C=D;O=D HTTP/2.0" 200 1533 "-" "Mozilla/5.0 AppleWebKit/537.36 (KHTML, like Gecko; compatible; GPTBot/1.3; +https://openai.com/gptbot)"
185.226.197.65 - - [16/Dec/2025:07:17:59 -0500] "GET /wp-content/plugins/wordpress-database-reset/readme.txt HTTP/1.1" 404 103692 "-" "Mozilla/5.0 (Windows NT 10.0; Win64; x64) AppleWebKit/537.36 (KHTML, like Gecko) Chrome/60.0.3112.113 Safari/537.36"
185.226.197.62 - - [16/Dec/2025:07:18:07 -0500] "GET /wp-content/plugins/optinmonster/readme.txt HTTP/1.1" 200 36264 "-" "Mozilla/5.0 (Windows NT 10.0; Win64; x64) AppleWebKit/537.36 (KHTML, like Gecko) Chrome/60.0.3112.113 Safari/537.36"
185.226.197.65 - - [16/Dec/2025:07:18:13 -0500] "GET /wp-content/plugins/wp-video-lightbox/readme.txt HTTP/1.1" 404 103650 "-" "Mozilla/5.0 (Windows NT 10.0; Win64; x64) AppleWebKit/537.36 (KHTML, like Gecko) Chrome/60.0.3112.113 Safari/537.36"
74.7.227.62 - - [16/Dec/2025:07:18:15 -0500] "GET /wp-content/plugins/pro-elements/assets/lib/html2canvas/js/?C=S;O=D HTTP/2.0" 200 1162 "-" "Mozilla/5.0 AppleWebKit/537.36 (KHTML, like Gecko; compatible; GPTBot/1.3; +https://openai.com/gptbot)"
185.226.197.64 - - [16/Dec/2025:07:18:21 -0500] "GET /wp-content/plugins/elementor/readme.txt HTTP/1.1" 200 30648 "-" "Mozilla/5.0 (Windows NT 10.0; Win64; x64) AppleWebKit/537.36 (KHTML, like Gecko) Chrome/60.0.3112.113 Safari/537.36"
185.226.197.64 - - [16/Dec/2025:07:18:26 -0500] "GET /wp-content/plugins/wpforms-lite/readme.txt HTTP/1.1" 200 58503 "-" "Mozilla/5.0 (Windows NT 10.0; Win64; x64) AppleWebKit/537.36 (KHTML, like Gecko) Chrome/60.0.3112.113 Safari/537.36"
185.226.197.64 - - [16/Dec/2025:07:18:26 -0500] "GET /wp-content/plugins/all-in-one-wp-migration/readme.txt HTTP/1.1" 200 11503 "-" "Mozilla/5.0 (Windows NT 10.0; Win64; x64) AppleWebKit/537.36 (KHTML, like Gecko) Chrome/60.0.3112.113 Safari/537.36"
185.226.197.63 - - [16/Dec/2025:07:18:26 -0500] "GET /wp-content/plugins/contact-form-7/readme.txt HTTP/1.1" 200 4253 "-" "Mozilla/5.0 (Windows NT 10.0; Win64; x64) AppleWebKit/537.36 (KHTML, like Gecko) Chrome/60.0.3112.113 Safari/537.36"
185.226.197.65 - - [16/Dec/2025:07:18:26 -0500] "GET /wp-content/plugins/all-in-one-seo-pack/readme.txt HTTP/1.1" 200 25680 "-" "Mozilla/5.0 (Windows NT 10.0; Win64; x64) AppleWebKit/537.36 (KHTML, like Gecko) Chrome/60.0.3112.113 Safari/537.36"
185.226.197.64 - - [16/Dec/2025:07:18:26 -0500] "GET /wp-content/plugins/google-analytics-for-wordpress/readme.txt HTTP/1.1" 200 24137 "-" "Mozilla/5.0 (Windows NT 10.0; Win64; x64) AppleWebKit/537.36 (KHTML, like Gecko) Chrome/60.0.3112.113 Safari/537.36"
185.226.197.64 - - [16/Dec/2025:07:18:27 -0500] "GET /wp-content/plugins/wp-file-manager/readme.txt HTTP/1.1" 200 18049 "-" "Mozilla/5.0 (Windows NT 10.0; Win64; x64) AppleWebKit/537.36 (KHTML, like Gecko) Chrome/60.0.3112.113 Safari/537.36"
185.226.197.65 - - [16/Dec/2025:07:18:27 -0500] "GET /wp-content/plugins/redux-framework/readme.txt HTTP/1.1" 200 27410 "-" "Mozilla/5.0 (Windows NT 10.0; Win64; x64) AppleWebKit/537.36 (KHTML, like Gecko) Chrome/60.0.3112.113 Safari/537.36"
185.226.197.63 - - [16/Dec/2025:07:18:27 -0500] "GET /wp-content/plugins/mailchimp-for-wp/readme.txt HTTP/1.1" 200 41684 "-" "Mozilla/5.0 (Windows NT 10.0; Win64; x64) AppleWebKit/537.36 (KHTML, like Gecko) Chrome/60.0.3112.113 Safari/537.36"
74.7.227.62 - - [16/Dec/2025:07:18:35 -0500] "GET /wp-content/plugins/pro-elements/modules/forms/submissions/data/?C=S;O=A HTTP/2.0" 200 1533 "-" "Mozilla/5.0 AppleWebKit/537.36 (KHTML, like Gecko; compatible; GPTBot/1.3; +https://openai.com/gptbot)"
185.226.197.65 - - [16/Dec/2025:07:18:26 -0500] "GET /wp-content/plugins/really-simple-ssl/readme.txt HTTP/1.1" 404 103650 "-" "Mozilla/5.0 (Windows NT 10.0; Win64; x64) AppleWebKit/537.36 (KHTML, like Gecko) Chrome/60.0.3112.113 Safari/537.36"
185.226.197.63 - - [16/Dec/2025:07:18:26 -0500] "GET /wp-content/plugins/wordpress-seo/readme.txt HTTP/1.1" 404 103626 "-" "Mozilla/5.0 (Windows NT 10.0; Win64; x64) AppleWebKit/537.36 (KHTML, like Gecko) Chrome/60.0.3112.113 Safari/537.36"
185.226.197.62 - - [16/Dec/2025:07:18:26 -0500] "GET /wp-content/plugins/duplicate-post/readme.txt HTTP/1.1" 404 103632 "-" "Mozilla/5.0 (Windows NT 10.0; Win64; x64) AppleWebKit/537.36 (KHTML, like Gecko) Chrome/60.0.3112.113 Safari/537.36"
185.226.197.65 - - [16/Dec/2025:07:18:26 -0500] "GET /wp-content/plugins/woocommerce/readme.txt HTTP/1.1" 404 103614 "-" "Mozilla/5.0 (Windows NT 10.0; Win64; x64) AppleWebKit/537.36 (KHTML, like Gecko) Chrome/60.0.3112.113 Safari/537.36"
185.226.197.63 - - [16/Dec/2025:07:18:26 -0500] "GET /wp-content/plugins/advanced-custom-fields/readme.txt HTTP/1.1" 404 103680 "-" "Mozilla/5.0 (Windows NT 10.0; Win64; x64) AppleWebKit/537.36 (KHTML, like Gecko) Chrome/60.0.3112.113 Safari/537.36"
185.226.197.62 - - [16/Dec/2025:07:18:26 -0500] "GET /wp-content/plugins/litespeed-cache/readme.txt HTTP/1.1" 404 103638 "-" "Mozilla/5.0 (Windows NT 10.0; Win64; x64) AppleWebKit/537.36 (KHTML, like Gecko) Chrome/60.0.3112.113 Safari/537.36"
185.226.197.65 - - [16/Dec/2025:07:18:26 -0500] "GET /wp-content/plugins/updraftplus/readme.txt HTTP/1.1" 404 103614 "-" "Mozilla/5.0 (Windows NT 10.0; Win64; x64) AppleWebKit/537.36 (KHTML, like Gecko) Chrome/60.0.3112.113 Safari/537.36"
185.226.197.65 - - [16/Dec/2025:07:18:26 -0500] "GET /wp-content/plugins/redirection/readme.txt HTTP/1.1" 404 103614 "-" "Mozilla/5.0 (Windows NT 10.0; Win64; x64) AppleWebKit/537.36 (KHTML, like Gecko) Chrome/60.0.3112.113 Safari/537.36"
185.226.197.65 - - [16/Dec/2025:07:18:26 -0500] "GET /wp-content/plugins/jetpack/readme.txt HTTP/1.1" 404 103590 "-" "Mozilla/5.0 (Windows NT 10.0; Win64; x64) AppleWebKit/537.36 (KHTML, like Gecko) Chrome/60.0.3112.113 Safari/537.36"
185.226.197.65 - - [16/Dec/2025:07:18:26 -0500] "GET /wp-content/plugins/duplicate-page/readme.txt HTTP/1.1" 404 103632 "-" "Mozilla/5.0 (Windows NT 10.0; Win64; x64) AppleWebKit/537.36 (KHTML, like Gecko) Chrome/60.0.3112.113 Safari/537.36"
185.226.197.65 - - [16/Dec/2025:07:18:26 -0500] "GET /wp-content/plugins/google-site-kit/readme.txt HTTP/1.1" 404 103638 "-" "Mozilla/5.0 (Windows NT 10.0; Win64; x64) AppleWebKit/537.36 (KHTML, like Gecko) Chrome/60.0.3112.113 Safari/537.36"
185.226.197.62 - - [16/Dec/2025:07:18:26 -0500] "GET /wp-content/plugins/insert-headers-and-footers/readme.txt HTTP/1.1" 404 103704 "-" "Mozilla/5.0 (Windows NT 10.0; Win64; x64) AppleWebKit/537.36 (KHTML, like Gecko) Chrome/60.0.3112.113 Safari/537.36"
185.226.197.64 - - [16/Dec/2025:07:18:26 -0500] "GET /wp-content/plugins/seo-by-rank-math/readme.txt HTTP/1.1" 404 103644 "-" "Mozilla/5.0 (Windows NT 10.0; Win64; x64) AppleWebKit/537.36 (KHTML, like Gecko) Chrome/60.0.3112.113 Safari/537.36"
185.226.197.64 - - [16/Dec/2025:07:18:26 -0500] "GET /wp-content/plugins/akismet/readme.txt HTTP/1.1" 404 103590 "-" "Mozilla/5.0 (Windows NT 10.0; Win64; x64) AppleWebKit/537.36 (KHTML, like Gecko) Chrome/60.0.3112.113 Safari/537.36"
185.226.197.64 - - [16/Dec/2025:07:18:26 -0500] "GET /wp-content/plugins/essential-addons-for-elementor-lite/readme.txt HTTP/1.1" 404 103758 "-" "Mozilla/5.0 (Windows NT 10.0; Win64; x64) AppleWebKit/537.36 (KHTML, like Gecko) Chrome/60.0.3112.113 Safari/537.36"
185.226.197.63 - - [16/Dec/2025:07:18:26 -0500] "GET /wp-content/plugins/wordfence/readme.txt HTTP/1.1" 404 103602 "-" "Mozilla/5.0 (Windows NT 10.0; Win64; x64) AppleWebKit/537.36 (KHTML, like Gecko) Chrome/60.0.3112.113 Safari/537.36"
185.226.197.63 - - [16/Dec/2025:07:18:27 -0500] "GET /wp-content/plugins/better-search-replace/readme.txt HTTP/1.1" 404 103674 "-" "Mozilla/5.0 (Windows NT 10.0; Win64; x64) AppleWebKit/537.36 (KHTML, like Gecko) Chrome/60.0.3112.113 Safari/537.36"
185.226.197.63 - - [16/Dec/2025:07:18:27 -0500] "GET /wp-content/plugins/limit-login-attempts-reloaded/readme.txt HTTP/1.1" 404 103722 "-" "Mozilla/5.0 (Windows NT 10.0; Win64; x64) AppleWebKit/537.36 (KHTML, like Gecko) Chrome/60.0.3112.113 Safari/537.36"
185.226.197.64 - - [16/Dec/2025:07:18:27 -0500] "GET /wp-content/plugins/wps-hide-login/readme.txt HTTP/1.1" 404 103632 "-" "Mozilla/5.0 (Windows NT 10.0; Win64; x64) AppleWebKit/537.36 (KHTML, like Gecko) Chrome/60.0.3112.113 Safari/537.36"
185.226.197.65 - - [16/Dec/2025:07:18:26 -0500] "GET /wp-content/plugins/astra-sites/readme.txt HTTP/1.1" 404 103614 "-" "Mozilla/5.0 (Windows NT 10.0; Win64; x64) AppleWebKit/537.36 (KHTML, like Gecko) Chrome/60.0.3112.113 Safari/537.36"
185.226.197.63 - - [16/Dec/2025:07:18:27 -0500] "GET /wp-content/plugins/duplicator/readme.txt HTTP/1.1" 404 103608 "-" "Mozilla/5.0 (Windows NT 10.0; Win64; x64) AppleWebKit/537.36 (KHTML, like Gecko) Chrome/60.0.3112.113 Safari/537.36"
185.226.197.63 - - [16/Dec/2025:07:18:27 -0500] "GET /wp-content/plugins/svg-support/readme.txt HTTP/1.1" 404 103614 "-" "Mozilla/5.0 (Windows NT 10.0; Win64; x64) AppleWebKit/537.36 (KHTML, like Gecko) Chrome/60.0.3112.113 Safari/537.36"
185.226.197.63 - - [16/Dec/2025:07:18:27 -0500] "GET /wp-content/plugins/wp-fastest-cache/readme.txt HTTP/1.1" 404 103644 "-" "Mozilla/5.0 (Windows NT 10.0; Win64; x64) AppleWebKit/537.36 (KHTML, like Gecko) Chrome/60.0.3112.113 Safari/537.36"
185.226.197.65 - - [16/Dec/2025:07:18:27 -0500] "GET /wp-content/plugins/wp-optimize/readme.txt HTTP/1.1" 404 103614 "-" "Mozilla/5.0 (Windows NT 10.0; Win64; x64) AppleWebKit/537.36 (KHTML, like Gecko) Chrome/60.0.3112.113 Safari/537.36"
50.6.4.141 - - [16/Dec/2025:07:18:36 -0500] "POST /wp-cron.php?doing_wp_cron=1765887516.5362210273742675781250 HTTP/1.1" 200 - "-" "WordPress/6.9; https://emtiyz.com"
185.226.197.63 - - [16/Dec/2025:07:18:27 -0500] "GET /wp-content/plugins/complianz-gdpr/readme.txt HTTP/1.1" 404 103632 "-" "Mozilla/5.0 (Windows NT 10.0; Win64; x64) AppleWebKit/537.36 (KHTML, like Gecko) Chrome/60.0.3112.113 Safari/537.36"
185.226.197.65 - - [16/Dec/2025:07:18:27 -0500] "GET /wp-content/plugins/hostinger/readme.txt HTTP/1.1" 404 103602 "-" "Mozilla/5.0 (Windows NT 10.0; Win64; x64) AppleWebKit/537.36 (KHTML, like Gecko) Chrome/60.0.3112.113 Safari/537.36"
185.226.197.62 - - [16/Dec/2025:07:18:27 -0500] "GET /wp-content/plugins/coming-soon/readme.txt HTTP/1.1" 404 103614 "-" "Mozilla/5.0 (Windows NT 10.0; Win64; x64) AppleWebKit/537.36 (KHTML, like Gecko) Chrome/60.0.3112.113 Safari/537.36"
185.226.197.65 - - [16/Dec/2025:07:18:27 -0500] "GET /wp-content/plugins/header-footer-elementor/readme.txt HTTP/1.1" 404 103686 "-" "Mozilla/5.0 (Windows NT 10.0; Win64; x64) AppleWebKit/537.36 (KHTML, like Gecko) Chrome/60.0.3112.113 Safari/537.36"
185.226.197.65 - - [16/Dec/2025:07:18:27 -0500] "GET /wp-content/plugins/all-in-one-wp-security-and-firewall/readme.txt HTTP/1.1" 404 103758 "-" "Mozilla/5.0 (Windows NT 10.0; Win64; x64) AppleWebKit/537.36 (KHTML, like Gecko) Chrome/60.0.3112.113 Safari/537.36"
185.226.197.63 - - [16/Dec/2025:07:18:27 -0500] "GET /wp-content/plugins/ultimate-addons-for-gutenberg/readme.txt HTTP/1.1" 404 103722 "-" "Mozilla/5.0 (Windows NT 10.0; Win64; x64) AppleWebKit/537.36 (KHTML, like Gecko) Chrome/60.0.3112.113 Safari/537.36"
185.226.197.64 - - [16/Dec/2025:07:18:27 -0500] "GET /wp-content/plugins/w3-total-cache/readme.txt HTTP/1.1" 404 103632 "-" "Mozilla/5.0 (Windows NT 10.0; Win64; x64) AppleWebKit/537.36 (KHTML, like Gecko) Chrome/60.0.3112.113 Safari/537.36"
185.226.197.65 - - [16/Dec/2025:07:18:27 -0500] "GET /wp-content/plugins/envato-elements/readme.txt HTTP/1.1" 404 103638 "-" "Mozilla/5.0 (Windows NT 10.0; Win64; x64) AppleWebKit/537.36 (KHTML, like Gecko) Chrome/60.0.3112.113 Safari/537.36"
74.7.227.62 - - [16/Dec/2025:07:18:52 -0500] "GET /wp-content/plugins/pro-elements/modules/forms/submissions/data/?C=N;O=A HTTP/2.0" 200 1533 "-" "Mozilla/5.0 AppleWebKit/537.36 (KHTML, like Gecko; compatible; GPTBot/1.3; +https://openai.com/gptbot)"
185.226.197.63 - - [16/Dec/2025:07:18:27 -0500] "GET /wp-content/plugins/smart-slider-3/readme.txt HTTP/1.1" 404 103632 "-" "Mozilla/5.0 (Windows NT 10.0; Win64; x64) AppleWebKit/537.36 (KHTML, like Gecko) Chrome/60.0.3112.113 Safari/537.36"
5.192.17.158 - - [16/Dec/2025:07:18:40 -0500] "POST /wp-admin/admin-ajax.php HTTP/2.0" 200 47 "https://emtiyz.com/wp-admin/users.php" "Mozilla/5.0 (Windows NT 10.0; Win64; x64) AppleWebKit/537.36 (KHTML, like Gecko) Chrome/143.0.0.0 Safari/537.36"
185.226.197.64 - - [16/Dec/2025:07:18:27 -0500] "GET /wp-content/plugins/loginizer/readme.txt HTTP/1.1" 404 103602 "-" "Mozilla/5.0 (Windows NT 10.0; Win64; x64) AppleWebKit/537.36 (KHTML, like Gecko) Chrome/60.0.3112.113 Safari/537.36"
185.226.197.62 - - [16/Dec/2025:07:18:27 -0500] "GET /wp-content/plugins/autoptimize/readme.txt HTTP/1.1" 404 103614 "-" "Mozilla/5.0 (Windows NT 10.0; Win64; x64) AppleWebKit/537.36 (KHTML, like Gecko) Chrome/60.0.3112.113 Safari/537.36"
185.226.197.63 - - [16/Dec/2025:07:18:27 -0500] "GET /wp-content/plugins/wp-super-cache/readme.txt HTTP/1.1" 404 103632 "-" "Mozilla/5.0 (Windows NT 10.0; Win64; x64) AppleWebKit/537.36 (KHTML, like Gecko) Chrome/60.0.3112.113 Safari/537.36"
185.226.197.63 - - [16/Dec/2025:07:18:27 -0500] "GET /wp-content/plugins/sg-security/readme.txt HTTP/1.1" 404 103614 "-" "Mozilla/5.0 (Windows NT 10.0; Win64; x64) AppleWebKit/537.36 (KHTML, like Gecko) Chrome/60.0.3112.113 Safari/537.36"
185.226.197.63 - - [16/Dec/2025:07:18:27 -0500] "GET /wp-content/plugins/better-wp-security/readme.txt HTTP/1.1" 404 103656 "-" "Mozilla/5.0 (Windows NT 10.0; Win64; x64) AppleWebKit/537.36 (KHTML, like Gecko) Chrome/60.0.3112.113 Safari/537.36"
185.226.197.63 - - [16/Dec/2025:07:18:43 -0500] "GET /wp-content/plugins/wp-central/readme.txt HTTP/1.1" 404 103608 "-" "Mozilla/5.0 (Windows NT 10.0; Win64; x64) AppleWebKit/537.36 (KHTML, like Gecko) Chrome/60.0.3112.113 Safari/537.36"
185.226.197.65 - - [16/Dec/2025:07:18:27 -0500] "GET /wp-content/plugins/disable-comments/readme.txt HTTP/1.1" 404 103644 "-" "Mozilla/5.0 (Windows NT 10.0; Win64; x64) AppleWebKit/537.36 (KHTML, like Gecko) Chrome/60.0.3112.113 Safari/537.36"
185.226.197.62 - - [16/Dec/2025:07:18:27 -0500] "GET /wp-content/plugins/ewww-image-optimizer/readme.txt HTTP/1.1" 404 103668 "-" "Mozilla/5.0 (Windows NT 10.0; Win64; x64) AppleWebKit/537.36 (KHTML, like Gecko) Chrome/60.0.3112.113 Safari/537.36"
185.226.197.63 - - [16/Dec/2025:07:18:59 -0500] "GET /wp-content/plugins/wp-time-capsule/readme.txt HTTP/1.1" 404 103638 "-" "Mozilla/5.0 (Windows NT 10.0; Win64; x64) AppleWebKit/537.36 (KHTML, like Gecko) Chrome/60.0.3112.113 Safari/537.36"
74.7.227.62 - - [16/Dec/2025:07:19:09 -0500] "GET /wp-content/plugins/pro-elements/assets/lib/html2canvas/js/?C=M;O=D HTTP/2.0" 200 1162 "-" "Mozilla/5.0 AppleWebKit/537.36 (KHTML, like Gecko; compatible; GPTBot/1.3; +https://openai.com/gptbot)"
77.75.78.164 - - [16/Dec/2025:07:19:08 -0500] "GET /sitemap.xml HTTP/1.1" 200 2424 "-" "Mozilla/5.0 (compatible; SeznamBot/4.0; +https://o-seznam.cz/napoveda/vyhledavani/en/seznambot-crawler/)"
185.226.197.62 - - [16/Dec/2025:07:19:11 -0500] "GET / HTTP/1.1" 301 - "-" "Mozilla/5.0 (Windows NT 10.0; Win64; x64) AppleWebKit/537.36 (KHTML, like Gecko) Chrome/60.0.3112.113 Safari/537.36"
185.226.197.64 - - [16/Dec/2025:07:19:14 -0500] "GET /aspera/faspex/ HTTP/1.1" 404 103363 "-" "Mozilla/5.0 (Windows NT 10.0; Win64; x64) AppleWebKit/537.36 (KHTML, like Gecko) Chrome/60.0.3112.113 Safari/537.36"
50.6.4.141 - - [16/Dec/2025:07:19:18 -0500] "POST /wp-cron.php?doing_wp_cron=1765887558.5314300060272216796875 HTTP/1.1" 200 - "-" "WordPress/6.9; https://emtiyz.com"
185.226.197.62 - - [16/Dec/2025:07:19:17 -0500] "GET /identity HTTP/1.1" 404 103327 "-" "Mozilla/5.0 (Windows NT 10.0; Win64; x64) AppleWebKit/537.36 (KHTML, like Gecko) Chrome/60.0.3112.113 Safari/537.36"
74.7.227.62 - - [16/Dec/2025:07:19:23 -0500] "GET /wp-content/plugins/pro-elements/modules/forms/submissions/data/?C=M;O=A HTTP/2.0" 200 1533 "-" "Mozilla/5.0 AppleWebKit/537.36 (KHTML, like Gecko; compatible; GPTBot/1.3; +https://openai.com/gptbot)"
185.226.197.65 - - [16/Dec/2025:07:19:30 -0500] "GET /admin/ HTTP/1.1" 302 - "-" "Mozilla/5.0 (Windows NT 10.0; Win64; x64) AppleWebKit/537.36 (KHTML, like Gecko) Chrome/60.0.3112.113 Safari/537.36"
74.7.227.62 - - [16/Dec/2025:07:19:36 -0500] "GET /wp-content/plugins/pro-elements/modules/mega-menu/controls/control-menu-dropdown-animation.php HTTP/2.0" 500 - "-" "Mozilla/5.0 AppleWebKit/537.36 (KHTML, like Gecko; compatible; GPTBot/1.3; +https://openai.com/gptbot)"
185.226.197.63 - - [16/Dec/2025:07:19:35 -0500] "GET /owncloud/status.php HTTP/1.1" 404 103399 "-" "Mozilla/5.0 (Windows NT 10.0; Win64; x64) AppleWebKit/537.36 (KHTML, like Gecko) Chrome/60.0.3112.113 Safari/537.36"
74.7.227.62 - - [16/Dec/2025:07:19:46 -0500] "GET /wp-content/plugins/pro-elements/core/modules-manager.php HTTP/2.0" 200 - "-" "Mozilla/5.0 AppleWebKit/537.36 (KHTML, like Gecko; compatible; GPTBot/1.3; +https://openai.com/gptbot)"
74.7.227.62 - - [16/Dec/2025:07:20:22 -0500] "GET /ar/wp-content/plugins/elementor/modules/floating-buttons/control/hover-animation-floating-buttons.php HTTP/2.0" 500 - "-" "Mozilla/5.0 AppleWebKit/537.36 (KHTML, like Gecko; compatible; GPTBot/1.3; +https://openai.com/gptbot)"
50.6.4.141 - - [16/Dec/2025:07:20:30 -0500] "POST /wp-cron.php?doing_wp_cron=1765887630.8868460655212402343750 HTTP/1.1" 200 - "-" "WordPress/6.9; https://emtiyz.com"
185.226.197.63 - - [16/Dec/2025:07:20:12 -0500] "GET /status.php HTTP/1.1" 404 103339 "-" "Mozilla/5.0 (Windows NT 10.0; Win64; x64) AppleWebKit/537.36 (KHTML, like Gecko) Chrome/60.0.3112.113 Safari/537.36"
5.192.17.158 - - [16/Dec/2025:07:20:42 -0500] "POST /wp-admin/admin-ajax.php HTTP/2.0" 200 47 "https://emtiyz.com/wp-admin/users.php" "Mozilla/5.0 (Windows NT 10.0; Win64; x64) AppleWebKit/537.36 (KHTML, like Gecko) Chrome/143.0.0.0 Safari/537.36"
74.7.227.62 - - [16/Dec/2025:07:20:51 -0500] "GET /wp-content/plugins/pro-elements/modules/forms/submissions/database/entities/?C=M;O=A HTTP/2.0" 200 1027 "-" "Mozilla/5.0 AppleWebKit/537.36 (KHTML, like Gecko; compatible; GPTBot/1.3; +https://openai.com/gptbot)"
185.226.197.63 - - [16/Dec/2025:07:20:58 -0500] "GET /favicon-32x32.png HTTP/1.1" 404 103381 "-" "Mozilla/5.0 (Windows NT 10.0; Win64; x64) AppleWebKit/537.36 (KHTML, like Gecko) Chrome/60.0.3112.113 Safari/537.36"
185.226.197.62 - - [16/Dec/2025:07:21:00 -0500] "GET /sugar_version.json HTTP/1.1" 404 103387 "-" "Mozilla/5.0 (Windows NT 10.0; Win64; x64) AppleWebKit/537.36 (KHTML, like Gecko) Chrome/60.0.3112.113 Safari/537.36"
50.6.4.141 - - [16/Dec/2025:07:21:37 -0500] "POST /wp-cron.php?doing_wp_cron=1765887697.1259980201721191406250 HTTP/1.1" 200 - "-" "WordPress/6.9; https://emtiyz.com"
185.226.197.62 - - [16/Dec/2025:07:21:36 -0500] "GET / HTTP/1.1" 301 - "-" "Mozilla/5.0 (Windows NT 10.0; Win64; x64) AppleWebKit/537.36 (KHTML, like Gecko) Chrome/60.0.3112.113 Safari/537.36"
185.226.197.65 - - [16/Dec/2025:07:21:37 -0500] "GET / HTTP/1.1" 200 375307 "https://50.6.4.141/" "Mozilla/5.0 (Windows NT 10.0; Win64; x64) AppleWebKit/537.36 (KHTML, like Gecko) Chrome/60.0.3112.113 Safari/537.36"
185.226.197.64 - - [16/Dec/2025:07:21:41 -0500] "GET /login/login HTTP/1.1" 404 103351 "-" "Mozilla/5.0 (Windows NT 10.0; Win64; x64) AppleWebKit/537.36 (KHTML, like Gecko) Chrome/60.0.3112.113 Safari/537.36"
185.226.197.63 - - [16/Dec/2025:07:21:44 -0500] "GET /helpdesk/WebObjects/Helpdesk.woa HTTP/1.1" 404 103554 "-" "Mozilla/5.0 (Windows NT 10.0; Win64; x64) AppleWebKit/537.36 (KHTML, like Gecko) Chrome/60.0.3112.113 Safari/537.36"
185.226.197.63 - - [16/Dec/2025:07:21:53 -0500] "GET /php/login.php HTTP/1.1" 404 103363 "-" "Mozilla/5.0 (Windows NT 10.0; Win64; x64) AppleWebKit/537.36 (KHTML, like Gecko) Chrome/60.0.3112.113 Safari/537.36"
74.7.227.62 - - [16/Dec/2025:07:21:54 -0500] "GET /wp-content/plugins/pro-elements/modules/forms/submissions/database/entities/?C=N;O=D HTTP/2.0" 200 1027 "-" "Mozilla/5.0 AppleWebKit/537.36 (KHTML, like Gecko; compatible; GPTBot/1.3; +https://openai.com/gptbot)"
185.226.197.63 - - [16/Dec/2025:07:22:14 -0500] "GET /partymgr/control/main HTTP/1.1" 404 103488 "-" "Mozilla/5.0 (Windows NT 10.0; Win64; x64) AppleWebKit/537.36 (KHTML, like Gecko) Chrome/60.0.3112.113 Safari/537.36"
50.6.4.141 - - [16/Dec/2025:07:22:20 -0500] "POST /wp-cron.php?doing_wp_cron=1765887740.1986351013183593750000 HTTP/1.1" 200 - "-" "WordPress/6.9; https://emtiyz.com"
185.226.197.64 - - [16/Dec/2025:07:22:19 -0500] "GET /showLogin.cc HTTP/1.1" 404 103351 "-" "Mozilla/5.0 (Windows NT 10.0; Win64; x64) AppleWebKit/537.36 (KHTML, like Gecko) Chrome/60.0.3112.113 Safari/537.36"
185.226.197.62 - - [16/Dec/2025:07:22:24 -0500] "GET /index.jsp HTTP/1.1" 404 103333 "-" "Mozilla/5.0 (Windows NT 10.0; Win64; x64) AppleWebKit/537.36 (KHTML, like Gecko) Chrome/60.0.3112.113 Safari/537.36"
185.226.197.62 - - [16/Dec/2025:07:22:36 -0500] "GET /login.html HTTP/1.1" 404 103339 "-" "Mozilla/5.0 (Windows NT 10.0; Win64; x64) AppleWebKit/537.36 (KHTML, like Gecko) Chrome/60.0.3112.113 Safari/537.36"
5.192.17.158 - - [16/Dec/2025:07:22:43 -0500] "POST /wp-admin/admin-ajax.php HTTP/2.0" 200 47 "https://emtiyz.com/wp-admin/users.php" "Mozilla/5.0 (Windows NT 10.0; Win64; x64) AppleWebKit/537.36 (KHTML, like Gecko) Chrome/143.0.0.0 Safari/537.36"
74.7.227.62 - - [16/Dec/2025:07:22:52 -0500] "GET /wp-content/plugins/pro-elements/modules/forms/submissions/database/entities/?C=S;O=A HTTP/2.0" 200 1027 "-" "Mozilla/5.0 AppleWebKit/537.36 (KHTML, like Gecko; compatible; GPTBot/1.3; +https://openai.com/gptbot)"
185.226.197.65 - - [16/Dec/2025:07:22:55 -0500] "GET /jasperserver/login.html HTTP/1.1" 404 103423 "-" "Mozilla/5.0 (Windows NT 10.0; Win64; x64) AppleWebKit/537.36 (KHTML, like Gecko) Chrome/60.0.3112.113 Safari/537.36"
185.226.197.64 - - [16/Dec/2025:07:23:01 -0500] "GET /jasperserver-pro/login.html HTTP/1.1" 404 103447 "-" "Mozilla/5.0 (Windows NT 10.0; Win64; x64) AppleWebKit/537.36 (KHTML, like Gecko) Chrome/60.0.3112.113 Safari/537.36"
185.226.197.63 - - [16/Dec/2025:07:23:07 -0500] "GET /jasperserverTest/login.html HTTP/1.1" 404 103447 "-" "Mozilla/5.0 (Windows NT 10.0; Win64; x64) AppleWebKit/537.36 (KHTML, like Gecko) Chrome/60.0.3112.113 Safari/537.36"
185.226.197.64 - - [16/Dec/2025:07:23:15 -0500] "GET /favicon.ico HTTP/1.1" 302 - "-" "Mozilla/5.0 (Windows NT 10.0; Win64; x64) AppleWebKit/537.36 (KHTML, like Gecko) Chrome/60.0.3112.113 Safari/537.36"
185.226.197.63 - - [16/Dec/2025:07:23:16 -0500] "GET /wp-content/uploads/2024/10/New-Project.png HTTP/1.1" 200 41542 "https://50.6.4.141/favicon.ico" "Mozilla/5.0 (Windows NT 10.0; Win64; x64) AppleWebKit/537.36 (KHTML, like Gecko) Chrome/60.0.3112.113 Safari/537.36"
50.6.4.141 - - [16/Dec/2025:07:23:24 -0500] "POST /wp-cron.php?doing_wp_cron=1765887804.7758660316467285156250 HTTP/1.1" 200 - "-" "WordPress/6.9; https://emtiyz.com"
185.226.197.62 - - [16/Dec/2025:07:23:23 -0500] "GET /js/NewWindow_2_all.js HTTP/1.1" 404 103411 "-" "Mozilla/5.0 (Windows NT 10.0; Win64; x64) AppleWebKit/537.36 (KHTML, like Gecko) Chrome/60.0.3112.113 Safari/537.36"
185.226.197.63 - - [16/Dec/2025:07:23:26 -0500] "GET /api/session/properties HTTP/1.1" 404 103494 "-" "Mozilla/5.0 (Windows NT 10.0; Win64; x64) AppleWebKit/537.36 (KHTML, like Gecko) Chrome/60.0.3112.113 Safari/537.36"
185.226.197.65 - - [16/Dec/2025:07:23:30 -0500] "GET /ssi.cgi/Login.htm HTTP/1.1" 404 103387 "-" "Mozilla/5.0 (Windows NT 10.0; Win64; x64) AppleWebKit/537.36 (KHTML, like Gecko) Chrome/60.0.3112.113 Safari/537.36"
185.226.197.64 - - [16/Dec/2025:07:23:36 -0500] "GET / HTTP/1.1" 301 - "-" "Mozilla/5.0 (Windows NT 10.0; Win64; x64) AppleWebKit/537.36 (KHTML, like Gecko) Chrome/60.0.3112.113 Safari/537.36"
185.226.197.62 - - [16/Dec/2025:07:23:37 -0500] "GET / HTTP/1.1" 200 375307 "https://50.6.4.141/" "Mozilla/5.0 (Windows NT 10.0; Win64; x64) AppleWebKit/537.36 (KHTML, like Gecko) Chrome/60.0.3112.113 Safari/537.36"
185.226.197.62 - - [16/Dec/2025:07:23:39 -0500] "GET /webfig/ HTTP/1.1" 404 103315 "-" "Mozilla/5.0 (Windows NT 10.0; Win64; x64) AppleWebKit/537.36 (KHTML, like Gecko) Chrome/60.0.3112.113 Safari/537.36"
74.7.227.62 - - [16/Dec/2025:07:23:42 -0500] "GET /wp-content/plugins/pro-elements/modules/forms/submissions/database/entities/?C=D;O=A HTTP/2.0" 200 1027 "-" "Mozilla/5.0 AppleWebKit/537.36 (KHTML, like Gecko; compatible; GPTBot/1.3; +https://openai.com/gptbot)"
185.226.197.64 - - [16/Dec/2025:07:23:45 -0500] "GET /xmldata?item=all HTTP/1.1" 404 103321 "-" "Mozilla/5.0 (Windows NT 10.0; Win64; x64) AppleWebKit/537.36 (KHTML, like Gecko) Chrome/60.0.3112.113 Safari/537.36"
185.226.197.62 - - [16/Dec/2025:07:23:47 -0500] "GET /ext-js/app/common/zld_product_spec.js HTTP/1.1" 404 103590 "-" "Mozilla/5.0 (Windows NT 10.0; Win64; x64) AppleWebKit/537.36 (KHTML, like Gecko) Chrome/60.0.3112.113 Safari/537.36"
185.226.197.63 - - [16/Dec/2025:07:23:49 -0500] "GET /cf_scripts/scripts/ajax/ckeditor/ckeditor.js HTTP/1.1" 404 103638 "-" "Mozilla/5.0 (Windows NT 10.0; Win64; x64) AppleWebKit/537.36 (KHTML, like Gecko) Chrome/60.0.3112.113 Safari/537.36"
185.226.197.62 - - [16/Dec/2025:07:23:52 -0500] "GET /sitecore/shell/sitecore.version.xml HTTP/1.1" 404 103572 "-" "Mozilla/5.0 (Windows NT 10.0; Win64; x64) AppleWebKit/537.36 (KHTML, like Gecko) Chrome/60.0.3112.113 Safari/537.36"
185.226.197.64 - - [16/Dec/2025:07:23:57 -0500] "GET /solr/ HTTP/1.1" 404 103303 "-" "Mozilla/5.0 (Windows NT 10.0; Win64; x64) AppleWebKit/537.36 (KHTML, like Gecko) Chrome/60.0.3112.113 Safari/537.36"
185.226.197.62 - - [16/Dec/2025:07:24:02 -0500] "GET / HTTP/1.1" 301 - "-" "Mozilla/5.0 (Windows NT 10.0; Win64; x64) AppleWebKit/537.36 (KHTML, like Gecko) Chrome/60.0.3112.113 Safari/537.36"
185.226.197.64 - - [16/Dec/2025:07:24:03 -0500] "GET / HTTP/1.1" 200 375307 "https://50.6.4.141/" "Mozilla/5.0 (Windows NT 10.0; Win64; x64) AppleWebKit/537.36 (KHTML, like Gecko) Chrome/60.0.3112.113 Safari/537.36"
185.226.197.62 - - [16/Dec/2025:07:24:05 -0500] "GET /Web/Auth HTTP/1.1" 404 103333 "-" "Mozilla/5.0 (Windows NT 10.0; Win64; x64) AppleWebKit/537.36 (KHTML, like Gecko) Chrome/60.0.3112.113 Safari/537.36"
185.226.197.63 - - [16/Dec/2025:07:24:06 -0500] "GET /zabbix/favicon.ico HTTP/1.1" 404 103393 "-" "Mozilla/5.0 (Windows NT 10.0; Win64; x64) AppleWebKit/537.36 (KHTML, like Gecko) Chrome/60.0.3112.113 Safari/537.36"
185.226.197.63 - - [16/Dec/2025:07:24:08 -0500] "GET /console HTTP/1.1" 404 103321 "-" "Mozilla/5.0 (Windows NT 10.0; Win64; x64) AppleWebKit/537.36 (KHTML, like Gecko) Chrome/60.0.3112.113 Safari/537.36"
185.226.197.63 - - [16/Dec/2025:07:24:09 -0500] "GET /OA_HTML/AppsLocalLogin.jsp HTTP/1.1" 404 103441 "-" "Mozilla/5.0 (Windows NT 10.0; Win64; x64) AppleWebKit/537.36 (KHTML, like Gecko) Chrome/60.0.3112.113 Safari/537.36"
185.226.197.62 - - [16/Dec/2025:07:24:11 -0500] "GET /owa/ HTTP/1.1" 404 103297 "-" "Mozilla/5.0 (Windows NT 10.0; Win64; x64) AppleWebKit/537.36 (KHTML, like Gecko) Chrome/60.0.3112.113 Safari/537.36"
185.226.197.65 - - [16/Dec/2025:07:24:13 -0500] "GET /WebInterface/ HTTP/1.1" 404 103351 "-" "Mozilla/5.0 (Windows NT 10.0; Win64; x64) AppleWebKit/537.36 (KHTML, like Gecko) Chrome/60.0.3112.113 Safari/537.36"
185.226.197.63 - - [16/Dec/2025:07:24:14 -0500] "GET /static/historypage.js HTTP/1.1" 404 103411 "-" "Mozilla/5.0 (Windows NT 10.0; Win64; x64) AppleWebKit/537.36 (KHTML, like Gecko) Chrome/60.0.3112.113 Safari/537.36"
185.226.197.63 - - [16/Dec/2025:07:24:16 -0500] "GET /Telerik.Web.UI.WebResource.axd?type=rau HTTP/1.1" 404 103459 "-" "Mozilla/5.0 (Windows NT 10.0; Win64; x64) AppleWebKit/537.36 (KHTML, like Gecko) Chrome/60.0.3112.113 Safari/537.36"
50.6.4.141 - - [16/Dec/2025:07:24:18 -0500] "POST /wp-cron.php?doing_wp_cron=1765887858.2602829933166503906250 HTTP/1.1" 200 - "-" "WordPress/6.9; https://emtiyz.com"
185.226.197.64 - - [16/Dec/2025:07:24:17 -0500] "GET /css/images/PTZOptics_powerby.png HTTP/1.1" 404 103554 "-" "Mozilla/5.0 (Windows NT 10.0; Win64; x64) AppleWebKit/537.36 (KHTML, like Gecko) Chrome/60.0.3112.113 Safari/537.36"
185.226.197.62 - - [16/Dec/2025:07:24:19 -0500] "GET /favicon.ico HTTP/1.1" 302 - "-" "Mozilla/5.0 (Windows NT 10.0; WOW64) AppleWebKit/537.36 (KHTML, like Gecko) Chrome/66.0.3359.117 Safari/537.36"
185.226.197.62 - - [16/Dec/2025:07:24:20 -0500] "GET /wp-content/uploads/2024/10/New-Project.png HTTP/1.1" 200 41542 "-" "Mozilla/5.0 (Windows NT 10.0; WOW64) AppleWebKit/537.36 (KHTML, like Gecko) Chrome/66.0.3359.117 Safari/537.36"
185.226.197.64 - - [16/Dec/2025:07:24:21 -0500] "GET /internal_forms_authentication HTTP/1.1" 404 103453 "-" "Mozilla/5.0 (Windows NT 10.0; Win64; x64) AppleWebKit/537.36 (KHTML, like Gecko) Chrome/60.0.3112.113 Safari/537.36"
185.226.197.65 - - [16/Dec/2025:07:24:22 -0500] "HEAD /icons/sphere1.png HTTP/1.1" 404 - "-" "Mozilla/5.0 (Windows NT 10.0; Win64; x64) AppleWebKit/537.36 (KHTML, like Gecko) Chrome/60.0.3112.113 Safari/537.36"
185.226.197.63 - - [16/Dec/2025:07:24:23 -0500] "GET /login.do HTTP/1.1" 404 103327 "-" "Mozilla/5.0 (Windows NT 10.0; Win64; x64) AppleWebKit/537.36 (KHTML, like Gecko) Chrome/60.0.3112.113 Safari/537.36"
74.7.227.62 - - [16/Dec/2025:07:24:28 -0500] "GET /ar/wp-content/plugins/pro-elements/modules/mega-menu/controls/control-menu-dropdown-animation.php HTTP/2.0" 500 - "-" "Mozilla/5.0 AppleWebKit/537.36 (KHTML, like Gecko; compatible; GPTBot/1.3; +https://openai.com/gptbot)"
5.192.17.158 - - [16/Dec/2025:07:24:44 -0500] "POST /wp-admin/admin-ajax.php HTTP/2.0" 200 47 "https://emtiyz.com/wp-admin/users.php" "Mozilla/5.0 (Windows NT 10.0; Win64; x64) AppleWebKit/537.36 (KHTML, like Gecko) Chrome/143.0.0.0 Safari/537.36"
74.7.227.62 - - [16/Dec/2025:07:25:10 -0500] "GET /ar/wp-content/plugins/elementor/vendor_prefixed/dependency-injection/php-di/invoker/src/Exception/NotCallableException.php HTTP/2.0" 500 - "-" "Mozilla/5.0 AppleWebKit/537.36 (KHTML, like Gecko; compatible; GPTBot/1.3; +https://openai.com/gptbot)"
74.7.227.62 - - [16/Dec/2025:07:26:15 -0500] "GET /ar/wp-content/plugins/elementor/vendor_prefixed/dependency-injection/php-di/invoker/src/Exception/NotEnoughParametersException.php HTTP/2.0" 500 - "-" "Mozilla/5.0 AppleWebKit/537.36 (KHTML, like Gecko; compatible; GPTBot/1.3; +https://openai.com/gptbot)"
50.6.4.141 - - [16/Dec/2025:07:26:46 -0500] "POST /wp-cron.php?doing_wp_cron=1765888006.6578249931335449218750 HTTP/1.1" 200 - "-" "WordPress/6.9; https://emtiyz.com"
5.192.17.158 - - [16/Dec/2025:07:26:44 -0500] "POST /wp-admin/admin-ajax.php HTTP/2.0" 200 47 "https://emtiyz.com/wp-admin/users.php" "Mozilla/5.0 (Windows NT 10.0; Win64; x64) AppleWebKit/537.36 (KHTML, like Gecko) Chrome/143.0.0.0 Safari/537.36"
50.6.4.141 - - [16/Dec/2025:07:26:45 -0500] "POST /wp-admin/admin-ajax.php?action=as_async_request_queue_runner&nonce=d567e2068a HTTP/1.1" 200 - "-" "WordPress/6.9; https://emtiyz.com"
74.7.227.62 - - [16/Dec/2025:07:27:17 -0500] "GET /wp-content/plugins/pro-elements/modules/forms/submissions/database/entities/form-snapshot.php HTTP/2.0" 200 - "-" "Mozilla/5.0 AppleWebKit/537.36 (KHTML, like Gecko; compatible; GPTBot/1.3; +https://openai.com/gptbot)"
74.7.227.62 - - [16/Dec/2025:07:28:19 -0500] "GET /ar/wp-content/plugins/pro-elements/vendor_prefixed/laravel/serializable-closure/src/Serializers/Signed.php HTTP/2.0" 500 - "-" "Mozilla/5.0 AppleWebKit/537.36 (KHTML, like Gecko; compatible; GPTBot/1.3; +https://openai.com/gptbot)"
50.6.4.141 - - [16/Dec/2025:07:28:46 -0500] "POST /wp-cron.php?doing_wp_cron=1765888126.4347848892211914062500 HTTP/1.1" 200 - "-" "WordPress/6.9; https://emtiyz.com"
5.192.17.158 - - [16/Dec/2025:07:28:45 -0500] "POST /wp-admin/admin-ajax.php HTTP/2.0" 200 47 "https://emtiyz.com/wp-admin/users.php" "Mozilla/5.0 (Windows NT 10.0; Win64; x64) AppleWebKit/537.36 (KHTML, like Gecko) Chrome/143.0.0.0 Safari/537.36"
74.7.227.62 - - [16/Dec/2025:07:29:17 -0500] "GET /ar/wp-content/plugins/pro-elements/vendor_prefixed/laravel/serializable-closure/src/Serializers/Native.php HTTP/2.0" 500 - "-" "Mozilla/5.0 AppleWebKit/537.36 (KHTML, like Gecko; compatible; GPTBot/1.3; +https://openai.com/gptbot)"
74.7.227.62 - - [16/Dec/2025:07:30:23 -0500] "GET /wp-content/plugins/pro-elements/modules/forms/submissions/data/?C=M;O=D HTTP/2.0" 200 1533 "-" "Mozilla/5.0 AppleWebKit/537.36 (KHTML, like Gecko; compatible; GPTBot/1.3; +https://openai.com/gptbot)"
50.6.4.141 - - [16/Dec/2025:07:30:47 -0500] "POST /wp-cron.php?doing_wp_cron=1765888247.8896830081939697265625 HTTP/1.1" 200 - "-" "WordPress/6.9; https://emtiyz.com"
5.192.17.158 - - [16/Dec/2025:07:30:47 -0500] "POST /wp-admin/admin-ajax.php HTTP/2.0" 200 47 "https://emtiyz.com/wp-admin/users.php" "Mozilla/5.0 (Windows NT 10.0; Win64; x64) AppleWebKit/537.36 (KHTML, like Gecko) Chrome/143.0.0.0 Safari/537.36"
74.7.227.62 - - [16/Dec/2025:07:31:26 -0500] "GET /wp-content/plugins/pro-elements/modules/forms/submissions/database/entities/?C=N;O=A HTTP/2.0" 200 1027 "-" "Mozilla/5.0 AppleWebKit/537.36 (KHTML, like Gecko; compatible; GPTBot/1.3; +https://openai.com/gptbot)"
50.6.4.141 - - [16/Dec/2025:07:31:35 -0500] "POST /wp-cron.php?doing_wp_cron=1765888295.0389890670776367187500 HTTP/1.1" 200 - "-" "WordPress/6.9; https://emtiyz.com"
57.131.27.119 - - [16/Dec/2025:07:31:33 -0500] "GET / HTTP/1.1" 200 375307 "-" "Mozilla/5.0"
74.7.227.62 - - [16/Dec/2025:07:32:22 -0500] "GET /wp-content/plugins/pro-elements/modules/forms/submissions/database/entities/?C=M;O=D HTTP/2.0" 200 1027 "-" "Mozilla/5.0 AppleWebKit/537.36 (KHTML, like Gecko; compatible; GPTBot/1.3; +https://openai.com/gptbot)"
50.6.4.141 - - [16/Dec/2025:07:32:50 -0500] "POST /wp-cron.php?doing_wp_cron=1765888370.1657190322875976562500 HTTP/1.1" 200 - "-" "WordPress/6.9; https://emtiyz.com"
5.192.17.158 - - [16/Dec/2025:07:32:48 -0500] "POST /wp-admin/admin-ajax.php HTTP/2.0" 200 47 "https://emtiyz.com/wp-admin/users.php" "Mozilla/5.0 (Windows NT 10.0; Win64; x64) AppleWebKit/537.36 (KHTML, like Gecko) Chrome/143.0.0.0 Safari/537.36"
50.6.4.141 - - [16/Dec/2025:07:32:49 -0500] "POST /wp-admin/admin-ajax.php?action=as_async_request_queue_runner&nonce=d567e2068a HTTP/1.1" 200 - "-" "WordPress/6.9; https://emtiyz.com"
74.7.227.62 - - [16/Dec/2025:07:33:10 -0500] "GET /wp-content/plugins/pro-elements/modules/forms/submissions/database/entities/?C=S;O=D HTTP/2.0" 200 1027 "-" "Mozilla/5.0 AppleWebKit/537.36 (KHTML, like Gecko; compatible; GPTBot/1.3; +https://openai.com/gptbot)"
50.6.4.141 - - [16/Dec/2025:07:33:20 -0500] "POST /wp-cron.php?doing_wp_cron=1765888400.0282809734344482421875 HTTP/1.1" 200 - "-" "WordPress/6.9; https://emtiyz.com"
209.141.34.83 - - [16/Dec/2025:07:33:19 -0500] "GET /wp-login.php HTTP/1.1" 200 10442 "-" "Mozilla/5.0 (compatible; MSIE 9.0; Windows NT 6.1; WOW64; Trident/5.0)"
209.141.34.83 - - [16/Dec/2025:07:33:20 -0500] "POST /wp-login.php HTTP/1.1" 200 10877 "-" "Mozilla/5.0 (compatible; MSIE 9.0; Windows NT 6.1; WOW64; Trident/5.0)"
74.7.227.62 - - [16/Dec/2025:07:33:58 -0500] "GET /wp-content/plugins/pro-elements/modules/forms/submissions/database/entities/?C=D;O=D HTTP/2.0" 200 1027 "-" "Mozilla/5.0 AppleWebKit/537.36 (KHTML, like Gecko; compatible; GPTBot/1.3; +https://openai.com/gptbot)"
74.7.227.62 - - [16/Dec/2025:07:34:41 -0500] "GET /wp-content/plugins/pro-elements/modules/forms/submissions/data/?C=S;O=D HTTP/2.0" 200 1533 "-" "Mozilla/5.0 AppleWebKit/537.36 (KHTML, like Gecko; compatible; GPTBot/1.3; +https://openai.com/gptbot)"
50.6.4.141 - - [16/Dec/2025:07:34:45 -0500] "POST /wp-cron.php?doing_wp_cron=1765888485.9042320251464843750000 HTTP/1.1" 200 - "-" "WordPress/6.9; https://emtiyz.com"
107.189.5.145 - - [16/Dec/2025:07:34:45 -0500] "GET /wp-login.php HTTP/1.1" 200 10442 "https://www.bing.com/" "Mozilla/5.0 (Macintosh; Intel Mac OS X 10_15_7) AppleWebKit/605.1.15 (KHTML, like Gecko) Version/16.6 Safari/605.1.15"
5.192.17.158 - - [16/Dec/2025:07:34:49 -0500] "POST /wp-admin/admin-ajax.php HTTP/2.0" 200 47 "https://emtiyz.com/wp-admin/users.php" "Mozilla/5.0 (Windows NT 10.0; Win64; x64) AppleWebKit/537.36 (KHTML, like Gecko) Chrome/143.0.0.0 Safari/537.36"
107.189.5.145 - - [16/Dec/2025:07:35:04 -0500] "POST /wp-login.php HTTP/1.1" 200 10913 "https://www.bing.com/" "Mozilla/5.0 (Macintosh; Intel Mac OS X 10_15_7) AppleWebKit/605.1.15 (KHTML, like Gecko) Version/16.6 Safari/605.1.15"
74.7.227.62 - - [16/Dec/2025:07:35:19 -0500] "GET /wp-content/plugins/pro-elements/?C=D;O=A HTTP/2.0" 200 3372 "-" "Mozilla/5.0 AppleWebKit/537.36 (KHTML, like Gecko; compatible; GPTBot/1.3; +https://openai.com/gptbot)"
50.6.4.141 - - [16/Dec/2025:07:35:30 -0500] "POST /wp-cron.php?doing_wp_cron=1765888530.5883479118347167968750 HTTP/1.1" 200 - "-" "WordPress/6.9; https://emtiyz.com"
206.189.140.139 - - [16/Dec/2025:07:35:30 -0500] "GET / HTTP/1.1" 301 - "-" "Mozilla/5.0 (X11; Linux x86_64) AppleWebKit/537.36 (KHTML, like Gecko) Chrome/142.0.0.0 Safari/537.36"
206.189.140.139 - - [16/Dec/2025:07:35:36 -0500] "GET /favicon.ico HTTP/1.1" 302 - "https://50.6.4.141/" "Mozilla/5.0 (X11; Linux x86_64) AppleWebKit/537.36 (KHTML, like Gecko) Chrome/142.0.0.0 Safari/537.36"
74.7.227.62 - - [16/Dec/2025:07:35:54 -0500] "GET /wp-content/plugins/pro-elements/?C=M;O=A HTTP/2.0" 200 3372 "-" "Mozilla/5.0 AppleWebKit/537.36 (KHTML, like Gecko; compatible; GPTBot/1.3; +https://openai.com/gptbot)"
74.7.227.62 - - [16/Dec/2025:07:36:23 -0500] "GET /wp-content/plugins/pro-elements/?C=N;O=D HTTP/2.0" 200 3372 "-" "Mozilla/5.0 AppleWebKit/537.36 (KHTML, like Gecko; compatible; GPTBot/1.3; +https://openai.com/gptbot)"
74.7.227.62 - - [16/Dec/2025:07:36:50 -0500] "GET /wp-content/plugins/pro-elements/?C=S;O=A HTTP/2.0" 200 3372 "-" "Mozilla/5.0 AppleWebKit/537.36 (KHTML, like Gecko; compatible; GPTBot/1.3; +https://openai.com/gptbot)"
50.6.4.141 - - [16/Dec/2025:07:36:50 -0500] "POST /wp-cron.php?doing_wp_cron=1765888610.7220220565795898437500 HTTP/1.1" 200 - "-" "WordPress/6.9; https://emtiyz.com"
5.192.17.158 - - [16/Dec/2025:07:36:49 -0500] "POST /wp-admin/admin-ajax.php HTTP/2.0" 200 47 "https://emtiyz.com/wp-admin/users.php" "Mozilla/5.0 (Windows NT 10.0; Win64; x64) AppleWebKit/537.36 (KHTML, like Gecko) Chrome/143.0.0.0 Safari/537.36"
74.7.227.62 - - [16/Dec/2025:07:37:14 -0500] "GET /wp-content/plugins/pro-elements/assets/css/widget-share-buttons.min.css HTTP/2.0" 200 32785 "-" "Mozilla/5.0 AppleWebKit/537.36 (KHTML, like Gecko; compatible; GPTBot/1.3; +https://openai.com/gptbot)"
74.7.227.62 - - [16/Dec/2025:07:37:37 -0500] "GET /wp-content/plugins/pro-elements/assets/css/widget-share-buttons-rtl.min.css HTTP/2.0" 200 32786 "-" "Mozilla/5.0 AppleWebKit/537.36 (KHTML, like Gecko; compatible; GPTBot/1.3; +https://openai.com/gptbot)"
74.7.227.62 - - [16/Dec/2025:07:37:57 -0500] "GET /wp-content/plugins/pro-elements/vendor_prefixed/php-di/invoker/src/Exception/NotCallableException.php HTTP/2.0" 500 - "-" "Mozilla/5.0 AppleWebKit/537.36 (KHTML, like Gecko; compatible; GPTBot/1.3; +https://openai.com/gptbot)"
