74.7.227.62 - - [16/Dec/2025:09:17:35 -0500] "GET /ar/wp-content/plugins/elementor/app/modules/import-export-customization/data/?C=S;O=A HTTP/2.0" 200 1386 "-" "Mozilla/5.0 AppleWebKit/537.36 (KHTML, like Gecko; compatible; GPTBot/1.3; +https://openai.com/gptbot)"
74.7.227.62 - - [16/Dec/2025:09:17:35 -0500] "GET /ar/wp-content/plugins/elementor/app/modules/import-export-customization/runners/?C=S;O=A HTTP/2.0" 200 1568 "-" "Mozilla/5.0 AppleWebKit/537.36 (KHTML, like Gecko; compatible; GPTBot/1.3; +https://openai.com/gptbot)"
74.7.227.62 - - [16/Dec/2025:09:17:36 -0500] "GET /wp-content/plugins/elementor/app/modules/import-export-customization/data/routes/?C=N;O=A HTTP/2.0" 200 1760 "-" "Mozilla/5.0 AppleWebKit/537.36 (KHTML, like Gecko; compatible; GPTBot/1.3; +https://openai.com/gptbot)"
74.7.227.62 - - [16/Dec/2025:09:17:36 -0500] "GET /wp-content/plugins/elementor/app/modules/import-export-customization/data/routes/?C=N;O=D HTTP/2.0" 200 1760 "-" "Mozilla/5.0 AppleWebKit/537.36 (KHTML, like Gecko; compatible; GPTBot/1.3; +https://openai.com/gptbot)"
74.7.227.62 - - [16/Dec/2025:09:17:37 -0500] "GET /ar/wp-content/plugins/elementor/app/modules/import-export-customization/data/?C=M;O=A HTTP/2.0" 200 1386 "-" "Mozilla/5.0 AppleWebKit/537.36 (KHTML, like Gecko; compatible; GPTBot/1.3; +https://openai.com/gptbot)"
74.7.227.62 - - [16/Dec/2025:09:17:37 -0500] "GET /wp-content/plugins/pro-elements/modules/floating-buttons/documents/?C=N;O=A HTTP/2.0" 200 1002 "-" "Mozilla/5.0 AppleWebKit/537.36 (KHTML, like Gecko; compatible; GPTBot/1.3; +https://openai.com/gptbot)"
74.7.227.62 - - [16/Dec/2025:09:17:38 -0500] "GET /wp-content/plugins/pro-elements/modules/floating-buttons/documents/?C=D;O=D HTTP/2.0" 200 1002 "-" "Mozilla/5.0 AppleWebKit/537.36 (KHTML, like Gecko; compatible; GPTBot/1.3; +https://openai.com/gptbot)"
74.7.227.62 - - [16/Dec/2025:09:17:38 -0500] "GET /wp-content/plugins/pro-elements/modules/floating-buttons/documents/?C=M;O=D HTTP/2.0" 200 1002 "-" "Mozilla/5.0 AppleWebKit/537.36 (KHTML, like Gecko; compatible; GPTBot/1.3; +https://openai.com/gptbot)"
74.7.227.62 - - [16/Dec/2025:09:17:39 -0500] "GET /wp-content/plugins/pro-elements/modules/floating-buttons/documents/?C=S;O=D HTTP/2.0" 200 1002 "-" "Mozilla/5.0 AppleWebKit/537.36 (KHTML, like Gecko; compatible; GPTBot/1.3; +https://openai.com/gptbot)"
74.7.227.62 - - [16/Dec/2025:09:17:40 -0500] "GET /ar/wp-content/plugins/elementor/app/modules/import-export-customization/data/?C=N;O=A HTTP/2.0" 200 1386 "-" "Mozilla/5.0 AppleWebKit/537.36 (KHTML, like Gecko; compatible; GPTBot/1.3; +https://openai.com/gptbot)"
5.192.17.158 - - [16/Dec/2025:09:17:39 -0500] "POST /wp-admin/admin-ajax.php HTTP/2.0" 200 47 "https://emtiyz.com/wp-admin/users.php" "Mozilla/5.0 (Windows NT 10.0; Win64; x64) AppleWebKit/537.36 (KHTML, like Gecko) Chrome/143.0.0.0 Safari/537.36"
74.7.227.62 - - [16/Dec/2025:09:17:40 -0500] "GET /wp-content/plugins/elementor/app/modules/import-export-customization/data/routes/?C=S;O=D HTTP/2.0" 200 1760 "-" "Mozilla/5.0 AppleWebKit/537.36 (KHTML, like Gecko; compatible; GPTBot/1.3; +https://openai.com/gptbot)"
74.7.227.62 - - [16/Dec/2025:09:17:41 -0500] "GET /wp-content/plugins/elementor/app/modules/import-export-customization/data/routes/?C=M;O=D HTTP/2.0" 200 1760 "-" "Mozilla/5.0 AppleWebKit/537.36 (KHTML, like Gecko; compatible; GPTBot/1.3; +https://openai.com/gptbot)"
74.7.227.62 - - [16/Dec/2025:09:17:41 -0500] "GET /ar/wp-content/plugins/elementor/app/modules/import-export-customization/runners/?C=S;O=D HTTP/2.0" 200 1568 "-" "Mozilla/5.0 AppleWebKit/537.36 (KHTML, like Gecko; compatible; GPTBot/1.3; +https://openai.com/gptbot)"
74.7.227.62 - - [16/Dec/2025:09:17:42 -0500] "GET /ar/wp-content/plugins/elementor/app/modules/import-export-customization/runners/?C=N;O=D HTTP/2.0" 200 1568 "-" "Mozilla/5.0 AppleWebKit/537.36 (KHTML, like Gecko; compatible; GPTBot/1.3; +https://openai.com/gptbot)"
74.7.227.62 - - [16/Dec/2025:09:17:42 -0500] "GET /ar/wp-content/plugins/elementor/app/modules/import-export-customization/runners/?C=M;O=D HTTP/2.0" 200 1568 "-" "Mozilla/5.0 AppleWebKit/537.36 (KHTML, like Gecko; compatible; GPTBot/1.3; +https://openai.com/gptbot)"
74.7.227.62 - - [16/Dec/2025:09:17:43 -0500] "GET /ar/wp-content/plugins/elementor/app/modules/import-export-customization/data/?C=D;O=A HTTP/2.0" 200 1386 "-" "Mozilla/5.0 AppleWebKit/537.36 (KHTML, like Gecko; compatible; GPTBot/1.3; +https://openai.com/gptbot)"
74.7.227.62 - - [16/Dec/2025:09:17:43 -0500] "GET /ar/wp-content/plugins/elementor/app/modules/import-export-customization/data/?C=S;O=D HTTP/2.0" 200 1386 "-" "Mozilla/5.0 AppleWebKit/537.36 (KHTML, like Gecko; compatible; GPTBot/1.3; +https://openai.com/gptbot)"
74.7.227.62 - - [16/Dec/2025:09:17:44 -0500] "GET /ar/wp-content/plugins/elementor/app/modules/import-export-customization/runners/?C=N;O=A HTTP/2.0" 200 1568 "-" "Mozilla/5.0 AppleWebKit/537.36 (KHTML, like Gecko; compatible; GPTBot/1.3; +https://openai.com/gptbot)"
74.7.227.62 - - [16/Dec/2025:09:17:44 -0500] "GET /ar/wp-content/plugins/elementor/app/modules/import-export-customization/runners/?C=D;O=A HTTP/2.0" 200 1568 "-" "Mozilla/5.0 AppleWebKit/537.36 (KHTML, like Gecko; compatible; GPTBot/1.3; +https://openai.com/gptbot)"
74.7.227.62 - - [16/Dec/2025:09:17:45 -0500] "GET /wp-content/plugins/elementor/app/modules/import-export-customization/data/routes/?C=D;O=A HTTP/2.0" 200 1760 "-" "Mozilla/5.0 AppleWebKit/537.36 (KHTML, like Gecko; compatible; GPTBot/1.3; +https://openai.com/gptbot)"
74.7.227.62 - - [16/Dec/2025:09:17:45 -0500] "GET /ar/wp-content/plugins/elementor/app/modules/import-export-customization/data/?C=M;O=D HTTP/2.0" 200 1386 "-" "Mozilla/5.0 AppleWebKit/537.36 (KHTML, like Gecko; compatible; GPTBot/1.3; +https://openai.com/gptbot)"
74.7.227.62 - - [16/Dec/2025:09:17:46 -0500] "GET /wp-content/plugins/pro-elements/assets/css/preview.css HTTP/2.0" 200 10333 "-" "Mozilla/5.0 AppleWebKit/537.36 (KHTML, like Gecko; compatible; GPTBot/1.3; +https://openai.com/gptbot)"
74.7.227.62 - - [16/Dec/2025:09:17:46 -0500] "GET /wp-content/plugins/pro-elements/vendor/composer/autoload_psr4.php HTTP/2.0" 200 - "-" "Mozilla/5.0 AppleWebKit/537.36 (KHTML, like Gecko; compatible; GPTBot/1.3; +https://openai.com/gptbot)"
74.7.227.62 - - [16/Dec/2025:09:17:47 -0500] "GET /wp-content/plugins/elementor/assets/js/packages/editor-canvas/editor-canvas.min.js HTTP/2.0" 200 56612 "-" "Mozilla/5.0 AppleWebKit/537.36 (KHTML, like Gecko; compatible; GPTBot/1.3; +https://openai.com/gptbot)"
74.7.227.62 - - [16/Dec/2025:09:17:48 -0500] "GET /wp-content/plugins/elementor/assets/js/packages/editor-canvas/editor-canvas.js.map HTTP/2.0" 404 103836 "-" "Mozilla/5.0 AppleWebKit/537.36 (KHTML, like Gecko; compatible; GPTBot/1.3; +https://openai.com/gptbot)"
74.7.227.62 - - [16/Dec/2025:09:17:49 -0500] "GET /wp-content/plugins/elementor/core/debug/classes/?C=M;O=A HTTP/2.0" 200 1497 "-" "Mozilla/5.0 AppleWebKit/537.36 (KHTML, like Gecko; compatible; GPTBot/1.3; +https://openai.com/gptbot)"
74.7.227.62 - - [16/Dec/2025:09:17:49 -0500] "GET /ar/wp-content/plugins/elementor/app/modules/import-export-customization/data/?C=D;O=D HTTP/2.0" 200 1386 "-" "Mozilla/5.0 AppleWebKit/537.36 (KHTML, like Gecko; compatible; GPTBot/1.3; +https://openai.com/gptbot)"
74.7.227.62 - - [16/Dec/2025:09:17:50 -0500] "GET /wp-content/plugins/elementor/core/debug/classes/?C=N;O=D HTTP/2.0" 200 1497 "-" "Mozilla/5.0 AppleWebKit/537.36 (KHTML, like Gecko; compatible; GPTBot/1.3; +https://openai.com/gptbot)"
74.7.227.62 - - [16/Dec/2025:09:17:50 -0500] "GET /wp-content/plugins/elementor/core/debug/classes/?C=S;O=A HTTP/2.0" 200 1497 "-" "Mozilla/5.0 AppleWebKit/537.36 (KHTML, like Gecko; compatible; GPTBot/1.3; +https://openai.com/gptbot)"
74.7.227.62 - - [16/Dec/2025:09:17:51 -0500] "GET /ar/wp-content/plugins/elementor/app/modules/import-export-customization/runners/?C=D;O=D HTTP/2.0" 200 1568 "-" "Mozilla/5.0 AppleWebKit/537.36 (KHTML, like Gecko; compatible; GPTBot/1.3; +https://openai.com/gptbot)"
74.7.227.62 - - [16/Dec/2025:09:17:51 -0500] "GET /wp-content/plugins/elementor/app/modules/import-export-customization/data/routes/?C=D;O=D HTTP/2.0" 200 1760 "-" "Mozilla/5.0 AppleWebKit/537.36 (KHTML, like Gecko; compatible; GPTBot/1.3; +https://openai.com/gptbot)"
74.7.227.62 - - [16/Dec/2025:09:17:52 -0500] "GET /wp-content/plugins/elementor/assets/lib/backbone/?C=N;O=D HTTP/2.0" 200 1522 "-" "Mozilla/5.0 AppleWebKit/537.36 (KHTML, like Gecko; compatible; GPTBot/1.3; +https://openai.com/gptbot)"
74.7.227.62 - - [16/Dec/2025:09:17:52 -0500] "GET /ar/wp-content/plugins/pro-elements/modules/forms/?C=M;O=A HTTP/2.0" 200 2181 "-" "Mozilla/5.0 AppleWebKit/537.36 (KHTML, like Gecko; compatible; GPTBot/1.3; +https://openai.com/gptbot)"
74.7.227.62 - - [16/Dec/2025:09:17:53 -0500] "GET /ar/wp-content/plugins/pro-elements/modules/hotspot/?C=M;O=A HTTP/2.0" 200 1122 "-" "Mozilla/5.0 AppleWebKit/537.36 (KHTML, like Gecko; compatible; GPTBot/1.3; +https://openai.com/gptbot)"
74.7.227.62 - - [16/Dec/2025:09:17:53 -0500] "GET /wp-content/plugins/elementor/core/base/providers/?C=D;O=A HTTP/2.0" 200 958 "-" "Mozilla/5.0 AppleWebKit/537.36 (KHTML, like Gecko; compatible; GPTBot/1.3; +https://openai.com/gptbot)"
74.7.227.62 - - [16/Dec/2025:09:17:54 -0500] "GET /wp-content/plugins/elementor/assets/lib/backbone/?C=S;O=A HTTP/2.0" 200 1522 "-" "Mozilla/5.0 AppleWebKit/537.36 (KHTML, like Gecko; compatible; GPTBot/1.3; +https://openai.com/gptbot)"
74.7.227.62 - - [16/Dec/2025:09:17:54 -0500] "GET /wp-content/plugins/elementor/core/debug/classes/htaccess.php HTTP/2.0" 500 - "-" "Mozilla/5.0 AppleWebKit/537.36 (KHTML, like Gecko; compatible; GPTBot/1.3; +https://openai.com/gptbot)"
74.7.227.62 - - [16/Dec/2025:09:17:55 -0500] "GET /wp-content/plugins/elementor/core/debug/classes/theme-missing.php HTTP/2.0" 500 - "-" "Mozilla/5.0 AppleWebKit/537.36 (KHTML, like Gecko; compatible; GPTBot/1.3; +https://openai.com/gptbot)"
74.7.227.62 - - [16/Dec/2025:09:17:56 -0500] "GET /wp-content/plugins/elementor/core/debug/classes/shop-page-edit.php HTTP/2.0" 500 - "-" "Mozilla/5.0 AppleWebKit/537.36 (KHTML, like Gecko; compatible; GPTBot/1.3; +https://openai.com/gptbot)"
74.7.227.62 - - [16/Dec/2025:09:18:01 -0500] "GET /wp-content/plugins/elementor/core/debug/classes/?C=M;O=D HTTP/2.0" 200 1497 "-" "Mozilla/5.0 AppleWebKit/537.36 (KHTML, like Gecko; compatible; GPTBot/1.3; +https://openai.com/gptbot)"
74.7.227.62 - - [16/Dec/2025:09:18:15 -0500] "GET /ar/wp-content/plugins/pro-elements/modules/usage/?C=D;O=A HTTP/2.0" 200 1327 "-" "Mozilla/5.0 AppleWebKit/537.36 (KHTML, like Gecko; compatible; GPTBot/1.3; +https://openai.com/gptbot)"
74.7.227.62 - - [16/Dec/2025:09:18:28 -0500] "GET /ar/wp-content/plugins/elementor/includes/widgets/?C=M;O=A HTTP/2.0" 200 7251 "-" "Mozilla/5.0 AppleWebKit/537.36 (KHTML, like Gecko; compatible; GPTBot/1.3; +https://openai.com/gptbot)"
74.7.227.62 - - [16/Dec/2025:09:18:40 -0500] "GET /wp-content/plugins/elementor/core/debug/classes/?C=N;O=A HTTP/2.0" 200 1497 "-" "Mozilla/5.0 AppleWebKit/537.36 (KHTML, like Gecko; compatible; GPTBot/1.3; +https://openai.com/gptbot)"
74.7.227.62 - - [16/Dec/2025:09:18:50 -0500] "GET /ar/wp-content/plugins/pro-elements/modules/forms/?C=M;O=D HTTP/2.0" 200 2181 "-" "Mozilla/5.0 AppleWebKit/537.36 (KHTML, like Gecko; compatible; GPTBot/1.3; +https://openai.com/gptbot)"
74.7.227.62 - - [16/Dec/2025:09:18:59 -0500] "GET /ar/wp-content/plugins/pro-elements/modules/hotspot/?C=M;O=D HTTP/2.0" 200 1122 "-" "Mozilla/5.0 AppleWebKit/537.36 (KHTML, like Gecko; compatible; GPTBot/1.3; +https://openai.com/gptbot)"
74.7.227.62 - - [16/Dec/2025:09:19:07 -0500] "GET /wp-content/plugins/elementor/core/base/providers/?C=D;O=D HTTP/2.0" 200 958 "-" "Mozilla/5.0 AppleWebKit/537.36 (KHTML, like Gecko; compatible; GPTBot/1.3; +https://openai.com/gptbot)"
74.7.227.62 - - [16/Dec/2025:09:19:14 -0500] "GET /wp-content/plugins/elementor/assets/lib/backbone/?C=S;O=D HTTP/2.0" 200 1522 "-" "Mozilla/5.0 AppleWebKit/537.36 (KHTML, like Gecko; compatible; GPTBot/1.3; +https://openai.com/gptbot)"
74.7.227.62 - - [16/Dec/2025:09:19:21 -0500] "GET /wp-content/plugins/elementor/core/base/providers/?C=N;O=A HTTP/2.0" 200 958 "-" "Mozilla/5.0 AppleWebKit/537.36 (KHTML, like Gecko; compatible; GPTBot/1.3; +https://openai.com/gptbot)"
74.7.227.62 - - [16/Dec/2025:09:19:27 -0500] "GET /wp-content/plugins/elementor/core/base/providers/?C=M;O=A HTTP/2.0" 200 958 "-" "Mozilla/5.0 AppleWebKit/537.36 (KHTML, like Gecko; compatible; GPTBot/1.3; +https://openai.com/gptbot)"
74.7.227.62 - - [16/Dec/2025:09:19:32 -0500] "GET /wp-content/plugins/elementor/core/base/providers/?C=S;O=A HTTP/2.0" 200 958 "-" "Mozilla/5.0 AppleWebKit/537.36 (KHTML, like Gecko; compatible; GPTBot/1.3; +https://openai.com/gptbot)"
74.7.227.62 - - [16/Dec/2025:09:19:37 -0500] "GET /wp-content/plugins/elementor/core/base/providers/?C=N;O=D HTTP/2.0" 200 958 "-" "Mozilla/5.0 AppleWebKit/537.36 (KHTML, like Gecko; compatible; GPTBot/1.3; +https://openai.com/gptbot)"
74.7.227.62 - - [16/Dec/2025:09:19:42 -0500] "GET /ar/wp-content/plugins/pro-elements/modules/usage/?C=D;O=D HTTP/2.0" 200 1327 "-" "Mozilla/5.0 AppleWebKit/537.36 (KHTML, like Gecko; compatible; GPTBot/1.3; +https://openai.com/gptbot)"
50.6.4.141 - - [16/Dec/2025:09:19:42 -0500] "POST /wp-cron.php?doing_wp_cron=1765894782.7342751026153564453125 HTTP/1.1" 200 - "-" "WordPress/6.9; https://emtiyz.com"
5.192.17.158 - - [16/Dec/2025:09:19:40 -0500] "POST /wp-admin/admin-ajax.php HTTP/2.0" 200 47 "https://emtiyz.com/wp-admin/users.php" "Mozilla/5.0 (Windows NT 10.0; Win64; x64) AppleWebKit/537.36 (KHTML, like Gecko) Chrome/143.0.0.0 Safari/537.36"
74.7.227.62 - - [16/Dec/2025:09:19:46 -0500] "GET /ar/wp-content/plugins/elementor/includes/widgets/?C=M;O=D HTTP/2.0" 200 7251 "-" "Mozilla/5.0 AppleWebKit/537.36 (KHTML, like Gecko; compatible; GPTBot/1.3; +https://openai.com/gptbot)"
50.6.4.141 - - [16/Dec/2025:09:19:41 -0500] "POST /wp-admin/admin-ajax.php?action=as_async_request_queue_runner&nonce=d567e2068a HTTP/1.1" 200 - "-" "WordPress/6.9; https://emtiyz.com"
74.7.227.62 - - [16/Dec/2025:09:19:49 -0500] "GET /wp-content/plugins/elementor/core/debug/classes/theme-missing.php HTTP/2.0" 500 - "-" "Mozilla/5.0 AppleWebKit/537.36 (KHTML, like Gecko; compatible; GPTBot/1.3; +https://openai.com/gptbot)"
74.7.227.62 - - [16/Dec/2025:09:19:52 -0500] "GET /wp-content/plugins/elementor/core/debug/classes/htaccess.php HTTP/2.0" 500 - "-" "Mozilla/5.0 AppleWebKit/537.36 (KHTML, like Gecko; compatible; GPTBot/1.3; +https://openai.com/gptbot)"
74.7.227.62 - - [16/Dec/2025:09:20:03 -0500] "GET /wp-content/plugins/elementor/core/debug/classes/shop-page-edit.php HTTP/2.0" 500 - "-" "Mozilla/5.0 AppleWebKit/537.36 (KHTML, like Gecko; compatible; GPTBot/1.3; +https://openai.com/gptbot)"
74.7.227.62 - - [16/Dec/2025:09:20:32 -0500] "GET /wp-content/plugins/elementor/core/debug/classes/?C=D;O=A HTTP/2.0" 200 1497 "-" "Mozilla/5.0 AppleWebKit/537.36 (KHTML, like Gecko; compatible; GPTBot/1.3; +https://openai.com/gptbot)"
74.7.227.62 - - [16/Dec/2025:09:21:34 -0500] "GET /ar/wp-content/plugins/elementor/includes/widgets/?C=D;O=A HTTP/2.0" 200 7251 "-" "Mozilla/5.0 AppleWebKit/537.36 (KHTML, like Gecko; compatible; GPTBot/1.3; +https://openai.com/gptbot)"
50.6.4.141 - - [16/Dec/2025:09:21:43 -0500] "POST /wp-cron.php?doing_wp_cron=1765894903.5064949989318847656250 HTTP/1.1" 200 - "-" "WordPress/6.9; https://emtiyz.com"
5.192.17.158 - - [16/Dec/2025:09:21:41 -0500] "POST /wp-admin/admin-ajax.php HTTP/2.0" 200 47 "https://emtiyz.com/wp-admin/users.php" "Mozilla/5.0 (Windows NT 10.0; Win64; x64) AppleWebKit/537.36 (KHTML, like Gecko) Chrome/143.0.0.0 Safari/537.36"
50.6.4.141 - - [16/Dec/2025:09:21:42 -0500] "POST /wp-admin/admin-ajax.php?action=as_async_request_queue_runner&nonce=d567e2068a HTTP/1.1" 200 - "-" "WordPress/6.9; https://emtiyz.com"
199.195.253.6 - - [16/Dec/2025:09:22:10 -0500] "POST /wp-login.php HTTP/1.1" 200 10899 "https://ns1.aamcc.ae/wp-login.php" "Mozilla/5.0 (iPhone; CPU iPhone OS 14_6 like Mac OS X) AppleWebKit/605.1.15 (KHTML, like Gecko) Version/14.1.1 Mobile/15E148 Safari/604.1"
74.7.227.62 - - [16/Dec/2025:09:22:32 -0500] "GET /ar/wp-content/plugins/elementor/includes/widgets/?C=N;O=A HTTP/2.0" 200 7251 "-" "Mozilla/5.0 AppleWebKit/537.36 (KHTML, like Gecko; compatible; GPTBot/1.3; +https://openai.com/gptbot)"
50.6.4.141 - - [16/Dec/2025:09:22:33 -0500] "POST /wp-cron.php?doing_wp_cron=1765894953.9017341136932373046875 HTTP/1.1" 200 - "-" "WordPress/6.9; https://emtiyz.com"
198.98.61.40 - - [16/Dec/2025:09:22:33 -0500] "GET / HTTP/1.1" 301 - "https://www.google.com/" "Mozilla/5.0 (iPhone; CPU iPhone OS 18_0 like Mac OS X) AppleWebKit/605.1.15 (KHTML, like Gecko) Version/18.0 Mobile/15E148 Safari/604.1"
146.190.230.235 - - [16/Dec/2025:09:22:40 -0500] "GET /+CSCOL+/Java.jar HTTP/1.1" 404 103381 "-" "Mozilla/5.0 (Windows NT 10.0; Win64; x64) AppleWebKit/537.36 (KHTML, like Gecko) Chrome/108.0.0.0 Safari/537.36"
146.190.230.235 - - [16/Dec/2025:09:22:42 -0500] "GET /+CSCOE+/logon_forms.js HTTP/1.1" 404 103417 "-" "Mozilla/5.0 (Windows NT 10.0; Win64; x64) AppleWebKit/537.36 (KHTML, like Gecko) Chrome/108.0.0.0 Safari/537.36"
146.190.230.235 - - [16/Dec/2025:09:22:43 -0500] "GET /+CSCOL+/a1.jar HTTP/1.1" 404 103369 "-" "Mozilla/5.0 (Windows NT 10.0; Win64; x64) AppleWebKit/537.36 (KHTML, like Gecko) Chrome/108.0.0.0 Safari/537.36"
146.190.230.235 - - [16/Dec/2025:09:22:45 -0500] "GET /+CSCOE+/transfer.js HTTP/1.1" 404 103399 "-" "Mozilla/5.0 (Windows NT 10.0; Win64; x64) AppleWebKit/537.36 (KHTML, like Gecko) Chrome/108.0.0.0 Safari/537.36"
74.7.227.62 - - [16/Dec/2025:09:23:21 -0500] "GET /wp-content/plugins/elementor/core/base/providers/?C=M;O=D HTTP/2.0" 200 958 "-" "Mozilla/5.0 AppleWebKit/537.36 (KHTML, like Gecko; compatible; GPTBot/1.3; +https://openai.com/gptbot)"
50.6.4.141 - - [16/Dec/2025:09:23:33 -0500] "POST /wp-cron.php?doing_wp_cron=1765895013.5768449306488037109375 HTTP/1.1" 200 - "-" "WordPress/6.9; https://emtiyz.com"
198.98.61.40 - - [16/Dec/2025:09:23:32 -0500] "GET / HTTP/1.1" 200 375307 "https://www.google.com/" "Mozilla/5.0 (iPhone; CPU iPhone OS 18_0 like Mac OS X) AppleWebKit/605.1.15 (KHTML, like Gecko) Version/18.0 Mobile/15E148 Safari/604.1"
5.192.17.158 - - [16/Dec/2025:09:23:42 -0500] "POST /wp-admin/admin-ajax.php HTTP/2.0" 200 47 "https://emtiyz.com/wp-admin/users.php" "Mozilla/5.0 (Windows NT 10.0; Win64; x64) AppleWebKit/537.36 (KHTML, like Gecko) Chrome/143.0.0.0 Safari/537.36"
34.59.125.240 - - [16/Dec/2025:09:23:56 -0500] "GET /.git/config HTTP/1.1" 404 103351 "-" "-"
74.7.227.62 - - [16/Dec/2025:09:24:06 -0500] "GET /ar/wp-content/plugins/elementor/includes/widgets/?C=N;O=D HTTP/2.0" 200 7251 "-" "Mozilla/5.0 AppleWebKit/537.36 (KHTML, like Gecko; compatible; GPTBot/1.3; +https://openai.com/gptbot)"
50.6.4.141 - - [16/Dec/2025:09:24:17 -0500] "POST /wp-cron.php?doing_wp_cron=1765895057.7702379226684570312500 HTTP/1.1" 200 - "-" "WordPress/6.9; https://emtiyz.com"
198.98.62.191 - - [16/Dec/2025:09:24:17 -0500] "GET /wp-login.php HTTP/1.1" 200 10442 "https://www.bing.com/" "Mozilla/5.0 (Macintosh; Intel Mac OS X 14_7_1) AppleWebKit/537.36 (KHTML, like Gecko) Chrome/131.0.0.0 Safari/537.36"
198.98.62.191 - - [16/Dec/2025:09:24:20 -0500] "POST /wp-login.php HTTP/1.1" 200 10895 "https://www.bing.com/" "Mozilla/5.0 (Macintosh; Intel Mac OS X 14_7_1) AppleWebKit/537.36 (KHTML, like Gecko) Chrome/131.0.0.0 Safari/537.36"
198.98.61.40 - - [16/Dec/2025:09:24:29 -0500] "GET /wp-login.php HTTP/1.1" 200 10442 "https://www.google.com/" "Mozilla/5.0 (iPhone; CPU iPhone OS 18_0 like Mac OS X) AppleWebKit/605.1.15 (KHTML, like Gecko) Version/18.0 Mobile/15E148 Safari/604.1"
198.98.61.40 - - [16/Dec/2025:09:24:34 -0500] "POST /wp-login.php HTTP/1.1" 200 10899 "https://www.google.com/" "Mozilla/5.0 (iPhone; CPU iPhone OS 18_0 like Mac OS X) AppleWebKit/605.1.15 (KHTML, like Gecko) Version/18.0 Mobile/15E148 Safari/604.1"
74.7.227.62 - - [16/Dec/2025:09:24:47 -0500] "GET /ar/wp-content/plugins/pro-elements/modules/forms/?C=D;O=A HTTP/2.0" 200 2181 "-" "Mozilla/5.0 AppleWebKit/537.36 (KHTML, like Gecko; compatible; GPTBot/1.3; +https://openai.com/gptbot)"
74.7.227.62 - - [16/Dec/2025:09:25:23 -0500] "GET /ar/wp-content/plugins/pro-elements/modules/usage/?C=M;O=A HTTP/2.0" 200 1327 "-" "Mozilla/5.0 AppleWebKit/537.36 (KHTML, like Gecko; compatible; GPTBot/1.3; +https://openai.com/gptbot)"
50.6.4.141 - - [16/Dec/2025:09:25:45 -0500] "POST /wp-cron.php?doing_wp_cron=1765895145.3270680904388427734375 HTTP/1.1" 200 - "-" "WordPress/6.9; https://emtiyz.com"
5.192.17.158 - - [16/Dec/2025:09:25:43 -0500] "POST /wp-admin/admin-ajax.php HTTP/2.0" 200 47 "https://emtiyz.com/wp-admin/users.php" "Mozilla/5.0 (Windows NT 10.0; Win64; x64) AppleWebKit/537.36 (KHTML, like Gecko) Chrome/143.0.0.0 Safari/537.36"
74.7.227.62 - - [16/Dec/2025:09:25:55 -0500] "GET /ar/wp-content/plugins/pro-elements/modules/hotspot/?C=D;O=A HTTP/2.0" 200 1122 "-" "Mozilla/5.0 AppleWebKit/537.36 (KHTML, like Gecko; compatible; GPTBot/1.3; +https://openai.com/gptbot)"
50.6.4.141 - - [16/Dec/2025:09:25:44 -0500] "POST /wp-admin/admin-ajax.php?action=as_async_request_queue_runner&nonce=d567e2068a HTTP/1.1" 200 - "-" "WordPress/6.9; https://emtiyz.com"
74.7.227.62 - - [16/Dec/2025:09:26:25 -0500] "GET /ar/wp-content/plugins/pro-elements/core/database/?C=S;O=A HTTP/2.0" 200 1884 "-" "Mozilla/5.0 AppleWebKit/537.36 (KHTML, like Gecko; compatible; GPTBot/1.3; +https://openai.com/gptbot)"
74.7.227.62 - - [16/Dec/2025:09:26:52 -0500] "GET /ar/wp-content/plugins/elementor/includes/widgets/?C=S;O=A HTTP/2.0" 200 7251 "-" "Mozilla/5.0 AppleWebKit/537.36 (KHTML, like Gecko; compatible; GPTBot/1.3; +https://openai.com/gptbot)"
104.28.38.184 - - [16/Dec/2025:09:26:45 -0500] "GET /signature/sanasignature.jpeg HTTP/2.0" 200 443902 "-" "Mozilla/5.0"
74.7.227.62 - - [16/Dec/2025:09:27:15 -0500] "GET /ar/wp-content/plugins/pro-elements/modules/forms/?C=S;O=A HTTP/2.0" 200 2181 "-" "Mozilla/5.0 AppleWebKit/537.36 (KHTML, like Gecko; compatible; GPTBot/1.3; +https://openai.com/gptbot)"
74.7.227.62 - - [16/Dec/2025:09:27:37 -0500] "GET /wp-content/plugins/elementor/core/debug/classes/?C=D;O=D HTTP/2.0" 200 1497 "-" "Mozilla/5.0 AppleWebKit/537.36 (KHTML, like Gecko; compatible; GPTBot/1.3; +https://openai.com/gptbot)"
104.244.75.4 - - [16/Dec/2025:09:27:41 -0500] "GET /wp-login.php HTTP/1.1" 200 10442 "-" "Mozilla/5.0 (Macintosh; Intel Mac OS X 10_9_3) AppleWebKit/537.36 (KHTML, like Gecko) Chrome/36.0.1985.125 Safari/537.36"
104.244.75.4 - - [16/Dec/2025:09:27:42 -0500] "POST /wp-login.php HTTP/1.1" 200 10913 "-" "Mozilla/5.0 (Macintosh; Intel Mac OS X 10_9_3) AppleWebKit/537.36 (KHTML, like Gecko) Chrome/36.0.1985.125 Safari/537.36"
5.192.17.158 - - [16/Dec/2025:09:27:44 -0500] "POST /wp-admin/admin-ajax.php HTTP/2.0" 200 47 "https://emtiyz.com/wp-admin/users.php" "Mozilla/5.0 (Windows NT 10.0; Win64; x64) AppleWebKit/537.36 (KHTML, like Gecko) Chrome/143.0.0.0 Safari/537.36"
74.7.227.62 - - [16/Dec/2025:09:27:56 -0500] "GET /ar/wp-content/plugins/elementor/includes/widgets/?C=D;O=D HTTP/2.0" 200 7251 "-" "Mozilla/5.0 AppleWebKit/537.36 (KHTML, like Gecko; compatible; GPTBot/1.3; +https://openai.com/gptbot)"
74.7.227.62 - - [16/Dec/2025:09:28:14 -0500] "GET /wp-content/plugins/elementor/core/debug/classes/htaccess.php HTTP/2.0" 500 - "-" "Mozilla/5.0 AppleWebKit/537.36 (KHTML, like Gecko; compatible; GPTBot/1.3; +https://openai.com/gptbot)"
74.7.227.62 - - [16/Dec/2025:09:28:30 -0500] "GET /wp-content/plugins/elementor/core/debug/classes/theme-missing.php HTTP/2.0" 500 - "-" "Mozilla/5.0 AppleWebKit/537.36 (KHTML, like Gecko; compatible; GPTBot/1.3; +https://openai.com/gptbot)"
74.7.227.62 - - [16/Dec/2025:09:29:18 -0500] "GET /wp-content/plugins/elementor/core/debug/classes/shop-page-edit.php HTTP/2.0" 500 - "-" "Mozilla/5.0 AppleWebKit/537.36 (KHTML, like Gecko; compatible; GPTBot/1.3; +https://openai.com/gptbot)"
50.6.4.141 - - [16/Dec/2025:09:29:46 -0500] "POST /wp-cron.php?doing_wp_cron=1765895386.3013570308685302734375 HTTP/1.1" 200 - "-" "WordPress/6.9; https://emtiyz.com"
5.192.17.158 - - [16/Dec/2025:09:29:45 -0500] "POST /wp-admin/admin-ajax.php HTTP/2.0" 200 47 "https://emtiyz.com/wp-admin/users.php" "Mozilla/5.0 (Windows NT 10.0; Win64; x64) AppleWebKit/537.36 (KHTML, like Gecko) Chrome/143.0.0.0 Safari/537.36"
74.7.227.62 - - [16/Dec/2025:09:30:18 -0500] "GET /ar/wp-content/plugins/pro-elements/modules/forms/?C=D;O=D HTTP/2.0" 200 2181 "-" "Mozilla/5.0 AppleWebKit/537.36 (KHTML, like Gecko; compatible; GPTBot/1.3; +https://openai.com/gptbot)"
50.6.4.141 - - [16/Dec/2025:09:30:29 -0500] "POST /wp-cron.php?doing_wp_cron=1765895429.1746420860290527343750 HTTP/1.1" 200 - "-" "WordPress/6.9; https://emtiyz.com"
96.41.38.202 - - [16/Dec/2025:09:30:28 -0500] "GET / HTTP/1.1" 200 375307 "-" "Mozilla/5.0 (Macintosh; Intel Mac OS X 10.15; rv:139.0) Gecko/20100101 Firefox/139.0"
96.41.38.202 - - [16/Dec/2025:09:30:29 -0500] "GET /wp-includes/js/plupload/moxie.min.js?ver=1.3.5.1 HTTP/1.1" 200 87394 "-" "Mozilla/5.0 (Macintosh; Intel Mac OS X 10.15; rv:139.0) Gecko/20100101 Firefox/139.0"
96.41.38.202 - - [16/Dec/2025:09:30:29 -0500] "GET /wp-includes/js/plupload/plupload.min.js?ver=2.1.9 HTTP/1.1" 200 15605 "-" "Mozilla/5.0 (Macintosh; Intel Mac OS X 10.15; rv:139.0) Gecko/20100101 Firefox/139.0"
96.41.38.202 - - [16/Dec/2025:09:30:29 -0500] "GET /wp-includes/js/jquery/jquery.min.js?ver=3.7.1 HTTP/1.1" 200 87553 "-" "Mozilla/5.0 (Macintosh; Intel Mac OS X 10.15; rv:139.0) Gecko/20100101 Firefox/139.0"
96.41.38.202 - - [16/Dec/2025:09:30:29 -0500] "GET /wp-includes/js/jquery/jquery-migrate.min.js?ver=3.4.1 HTTP/1.1" 200 13577 "-" "Mozilla/5.0 (Macintosh; Intel Mac OS X 10.15; rv:139.0) Gecko/20100101 Firefox/139.0"
96.41.38.202 - - [16/Dec/2025:09:30:29 -0500] "GET /wp-content/plugins/tf-car-listing//public/assets/js/compare.js HTTP/1.1" 200 8809 "-" "Mozilla/5.0 (Macintosh; Intel Mac OS X 10.15; rv:139.0) Gecko/20100101 Firefox/139.0"
96.41.38.202 - - [16/Dec/2025:09:30:29 -0500] "GET /wp-content/plugins/tf-car-listing//public/assets/js/review.js HTTP/1.1" 200 23765 "-" "Mozilla/5.0 (Macintosh; Intel Mac OS X 10.15; rv:139.0) Gecko/20100101 Firefox/139.0"
96.41.38.202 - - [16/Dec/2025:09:30:30 -0500] "GET /wp-content/plugins/tf-car-listing/public/assets/js/range-slider.js?ver=6.9 HTTP/1.1" 200 5085 "-" "Mozilla/5.0 (Macintosh; Intel Mac OS X 10.15; rv:139.0) Gecko/20100101 Firefox/139.0"
74.7.227.62 - - [16/Dec/2025:09:31:20 -0500] "GET /ar/wp-content/plugins/pro-elements/modules/usage/?C=M;O=D HTTP/2.0" 200 1327 "-" "Mozilla/5.0 AppleWebKit/537.36 (KHTML, like Gecko; compatible; GPTBot/1.3; +https://openai.com/gptbot)"
50.6.4.141 - - [16/Dec/2025:09:31:48 -0500] "POST /wp-cron.php?doing_wp_cron=1765895508.2467689514160156250000 HTTP/1.1" 200 - "-" "WordPress/6.9; https://emtiyz.com"
5.192.17.158 - - [16/Dec/2025:09:31:46 -0500] "POST /wp-admin/admin-ajax.php HTTP/2.0" 200 47 "https://emtiyz.com/wp-admin/users.php" "Mozilla/5.0 (Windows NT 10.0; Win64; x64) AppleWebKit/537.36 (KHTML, like Gecko) Chrome/143.0.0.0 Safari/537.36"
50.6.4.141 - - [16/Dec/2025:09:31:47 -0500] "POST /wp-admin/admin-ajax.php?action=as_async_request_queue_runner&nonce=d567e2068a HTTP/1.1" 200 - "-" "WordPress/6.9; https://emtiyz.com"
74.7.227.62 - - [16/Dec/2025:09:32:18 -0500] "GET /ar/wp-content/plugins/pro-elements/modules/hotspot/?C=D;O=D HTTP/2.0" 200 1122 "-" "Mozilla/5.0 AppleWebKit/537.36 (KHTML, like Gecko; compatible; GPTBot/1.3; +https://openai.com/gptbot)"
50.6.4.141 - - [16/Dec/2025:09:32:45 -0500] "POST /wp-cron.php?doing_wp_cron=1765895565.0231211185455322265625 HTTP/1.1" 200 - "-" "WordPress/6.9; https://emtiyz.com"
104.198.16.1 - - [16/Dec/2025:09:32:44 -0500] "GET / HTTP/1.1" 301 - "-" "Go-http-client/1.1"
104.198.16.1 - - [16/Dec/2025:09:32:45 -0500] "GET / HTTP/1.1" 200 375307 "https://www.server-634962.emtiyz.com" "Go-http-client/1.1"
104.198.16.1 - - [16/Dec/2025:09:32:46 -0500] "GET /wp-content/uploads/2024/10/New-Project.png HTTP/1.1" 200 41542 "-" "Go-http-client/1.1"
104.198.16.1 - - [16/Dec/2025:09:32:45 -0500] "GET / HTTP/1.1" 301 - "-" "Go-http-client/1.1"
104.198.16.1 - - [16/Dec/2025:09:32:46 -0500] "GET / HTTP/1.1" 200 375307 "https://mail.server-634962.emtiyz.com" "Go-http-client/1.1"
104.198.16.1 - - [16/Dec/2025:09:32:47 -0500] "GET /wp-content/uploads/2024/10/New-Project.png HTTP/1.1" 200 41542 "-" "Go-http-client/1.1"
96.41.38.202 - - [16/Dec/2025:09:32:57 -0500] "GET /wp-content/plugins/themesflat-core/assets/js/tf-animated.js?ver=6.9 HTTP/1.1" 200 1859 "-" "Mozilla/5.0 (Macintosh; Intel Mac OS X 10.15; rv:139.0) Gecko/20100101 Firefox/139.0"
96.41.38.202 - - [16/Dec/2025:09:32:57 -0500] "GET /wp-content/plugins/themesflat-core/assets/js/jquery.justified.min.js?ver=6.9 HTTP/1.1" 200 19291 "-" "Mozilla/5.0 (Macintosh; Intel Mac OS X 10.15; rv:139.0) Gecko/20100101 Firefox/139.0"
96.41.38.202 - - [16/Dec/2025:09:32:58 -0500] "GET /wp-content/plugins/tf-car-listing/public/assets/third-party/magnific-popup/jquery.magnific-popup.min.js?ver=6.9 HTTP/1.1" 200 21020 "-" "Mozilla/5.0 (Macintosh; Intel Mac OS X 10.15; rv:139.0) Gecko/20100101 Firefox/139.0"
96.41.38.202 - - [16/Dec/2025:09:32:58 -0500] "GET /wp-content/plugins/themesflat-core/post-format/assets/js/jquery.mb.YTPlayer.js?ver=6.9 HTTP/1.1" 200 68480 "-" "Mozilla/5.0 (Macintosh; Intel Mac OS X 10.15; rv:139.0) Gecko/20100101 Firefox/139.0"
96.41.38.202 - - [16/Dec/2025:09:32:58 -0500] "GET /wp-includes/js/jquery/ui/core.min.js?ver=1.13.3 HTTP/1.1" 200 21464 "-" "Mozilla/5.0 (Macintosh; Intel Mac OS X 10.15; rv:139.0) Gecko/20100101 Firefox/139.0"
96.41.38.202 - - [16/Dec/2025:09:32:58 -0500] "GET /wp-includes/js/jquery/ui/datepicker.min.js?ver=1.13.3 HTTP/1.1" 200 36748 "-" "Mozilla/5.0 (Macintosh; Intel Mac OS X 10.15; rv:139.0) Gecko/20100101 Firefox/139.0"
96.41.38.202 - - [16/Dec/2025:09:32:58 -0500] "GET /wp-content/plugins/tf-car-listing/public/assets/third-party/nice-select/nice-select.min.js HTTP/1.1" 200 2822 "-" "Mozilla/5.0 (Macintosh; Intel Mac OS X 10.15; rv:139.0) Gecko/20100101 Firefox/139.0"
96.41.38.202 - - [16/Dec/2025:09:32:58 -0500] "GET /wp-content/plugins/tf-car-listing/public/assets/js/jquery.validate.min.js HTTP/1.1" 200 24604 "-" "Mozilla/5.0 (Macintosh; Intel Mac OS X 10.15; rv:139.0) Gecko/20100101 Firefox/139.0"
96.41.38.202 - - [16/Dec/2025:09:32:58 -0500] "GET /wp-content/plugins/tf-car-listing/public/assets/third-party/jquery-ui/jquery-ui.min.js?ver=1.12.1 HTTP/1.1" 200 253681 "-" "Mozilla/5.0 (Macintosh; Intel Mac OS X 10.15; rv:139.0) Gecko/20100101 Firefox/139.0"
96.41.38.202 - - [16/Dec/2025:09:32:59 -0500] "GET /wp-content/plugins/tf-car-listing/public/assets/third-party/bootstrap/js/bootstrap.bundle.min.js?ver=4.6.2 HTTP/1.1" 200 136938 "-" "Mozilla/5.0 (Macintosh; Intel Mac OS X 10.15; rv:139.0) Gecko/20100101 Firefox/139.0"
96.41.38.202 - - [16/Dec/2025:09:32:59 -0500] "GET /wp-content/plugins/tf-car-listing/public/assets/js/main.js?ver=6.9 HTTP/1.1" 200 9925 "-" "Mozilla/5.0 (Macintosh; Intel Mac OS X 10.15; rv:139.0) Gecko/20100101 Firefox/139.0"
96.41.38.202 - - [16/Dec/2025:09:32:59 -0500] "GET /wp-content/plugins/tf-car-listing//public/assets/js/user.js HTTP/1.1" 200 26683 "-" "Mozilla/5.0 (Macintosh; Intel Mac OS X 10.15; rv:139.0) Gecko/20100101 Firefox/139.0"
96.41.38.202 - - [16/Dec/2025:09:32:59 -0500] "GET /wp-content/plugins/tf-car-listing/public/assets/js/listing.js?ver=6.9 HTTP/1.1" 200 77073 "-" "Mozilla/5.0 (Macintosh; Intel Mac OS X 10.15; rv:139.0) Gecko/20100101 Firefox/139.0"
96.41.38.202 - - [16/Dec/2025:09:32:59 -0500] "GET /wp-content/plugins/tf-car-listing/public/assets/js/taxonomy.js HTTP/1.1" 200 43319 "-" "Mozilla/5.0 (Macintosh; Intel Mac OS X 10.15; rv:139.0) Gecko/20100101 Firefox/139.0"
96.41.38.202 - - [16/Dec/2025:09:32:59 -0500] "GET /wp-content/plugins/tf-car-listing/public/assets/js/advanced-search.js HTTP/1.1" 200 12358 "-" "Mozilla/5.0 (Macintosh; Intel Mac OS X 10.15; rv:139.0) Gecko/20100101 Firefox/139.0"
96.41.38.202 - - [16/Dec/2025:09:32:59 -0500] "GET /wp-content/themes/autodeal/js/html5shiv.js?ver=3.7.0 HTTP/1.1" 200 2437 "-" "Mozilla/5.0 (Macintosh; Intel Mac OS X 10.15; rv:139.0) Gecko/20100101 Firefox/139.0"
96.41.38.202 - - [16/Dec/2025:09:32:59 -0500] "GET /wp-content/themes/autodeal/js/matchMedia.js?ver=1.2 HTTP/1.1" 200 1744 "-" "Mozilla/5.0 (Macintosh; Intel Mac OS X 10.15; rv:139.0) Gecko/20100101 Firefox/139.0"
96.41.38.202 - - [16/Dec/2025:09:32:59 -0500] "GET /wp-content/themes/autodeal/js/main.js?ver=2.0.4 HTTP/1.1" 200 13999 "-" "Mozilla/5.0 (Macintosh; Intel Mac OS X 10.15; rv:139.0) Gecko/20100101 Firefox/139.0"
96.41.38.202 - - [16/Dec/2025:09:32:59 -0500] "GET /wp-includes/js/imagesloaded.min.js?ver=5.0.0 HTTP/1.1" 200 5520 "-" "Mozilla/5.0 (Macintosh; Intel Mac OS X 10.15; rv:139.0) Gecko/20100101 Firefox/139.0"
96.41.38.202 - - [16/Dec/2025:09:33:00 -0500] "GET /wp-content/plugins/elementor/assets/lib/swiper/v8/swiper.min.js?ver=8.4.5 HTTP/1.1" 200 143709 "-" "Mozilla/5.0 (Macintosh; Intel Mac OS X 10.15; rv:139.0) Gecko/20100101 Firefox/139.0"
96.41.38.202 - - [16/Dec/2025:09:33:00 -0500] "GET /wp-content/plugins/elementor/assets/js/webpack.runtime.min.js?ver=3.31.3 HTTP/1.1" 200 5707 "-" "Mozilla/5.0 (Macintosh; Intel Mac OS X 10.15; rv:139.0) Gecko/20100101 Firefox/139.0"
96.41.38.202 - - [16/Dec/2025:09:33:00 -0500] "GET /wp-content/plugins/elementor/assets/js/frontend-modules.min.js?ver=3.31.3 HTTP/1.1" 200 49432 "-" "Mozilla/5.0 (Macintosh; Intel Mac OS X 10.15; rv:139.0) Gecko/20100101 Firefox/139.0"
96.41.38.202 - - [16/Dec/2025:09:33:00 -0500] "GET /wp-content/plugins/elementor/assets/js/frontend.min.js?ver=3.31.3 HTTP/1.1" 200 32879 "-" "Mozilla/5.0 (Macintosh; Intel Mac OS X 10.15; rv:139.0) Gecko/20100101 Firefox/139.0"
96.41.38.202 - - [16/Dec/2025:09:33:00 -0500] "GET /wp-content/plugins/tf-car-listing/includes/elementor-widget/assets/js/search.js?ver=6.9 HTTP/1.1" 200 17324 "-" "Mozilla/5.0 (Macintosh; Intel Mac OS X 10.15; rv:139.0) Gecko/20100101 Firefox/139.0"
96.41.38.202 - - [16/Dec/2025:09:33:00 -0500] "GET /wp-content/plugins/themesflat-core/assets/js/owl.carousel.min.js?ver=6.9 HTTP/1.1" 200 44342 "-" "Mozilla/5.0 (Macintosh; Intel Mac OS X 10.15; rv:139.0) Gecko/20100101 Firefox/139.0"
96.41.38.202 - - [16/Dec/2025:09:33:00 -0500] "GET /wp-content/plugins/tf-car-listing/includes/elementor-widget/assets/js/taxonomy.js?ver=6.9 HTTP/1.1" 200 2422 "-" "Mozilla/5.0 (Macintosh; Intel Mac OS X 10.15; rv:139.0) Gecko/20100101 Firefox/139.0"
96.41.38.202 - - [16/Dec/2025:09:33:00 -0500] "GET /wp-content/plugins/tf-car-listing/includes/elementor-widget/assets/js/listing.js?ver=6.9 HTTP/1.1" 200 18956 "-" "Mozilla/5.0 (Macintosh; Intel Mac OS X 10.15; rv:139.0) Gecko/20100101 Firefox/139.0"
96.41.38.202 - - [16/Dec/2025:09:33:00 -0500] "GET /wp-content/plugins/elementor/assets/lib/jquery-numerator/jquery-numerator.min.js?ver=0.2.1 HTTP/1.1" 200 1801 "-" "Mozilla/5.0 (Macintosh; Intel Mac OS X 10.15; rv:139.0) Gecko/20100101 Firefox/139.0"
96.41.38.202 - - [16/Dec/2025:09:33:01 -0500] "GET /wp-content/plugins/themesflat-core/assets/js/posts/tf-posts.js?ver=6.9 HTTP/1.1" 200 2173 "-" "Mozilla/5.0 (Macintosh; Intel Mac OS X 10.15; rv:139.0) Gecko/20100101 Firefox/139.0"
96.41.38.202 - - [16/Dec/2025:09:33:01 -0500] "GET /wp-content/plugins/themesflat-core/assets/js/imagesloaded.pkgd.min.js?ver=6.9 HTTP/1.1" 200 5600 "-" "Mozilla/5.0 (Macintosh; Intel Mac OS X 10.15; rv:139.0) Gecko/20100101 Firefox/139.0"
96.41.38.202 - - [16/Dec/2025:09:33:01 -0500] "GET /wp-content/plugins/tf-car-listing/public/assets/third-party/swiper/swiper-bundle.min.js?ver=6.9 HTTP/1.1" 200 146417 "-" "Mozilla/5.0 (Macintosh; Intel Mac OS X 10.15; rv:139.0) Gecko/20100101 Firefox/139.0"
96.41.38.202 - - [16/Dec/2025:09:33:01 -0500] "GET /wp-content/plugins/pro-elements/assets/js/webpack-pro.runtime.min.js?ver=3.31.2 HTTP/1.1" 200 6247 "-" "Mozilla/5.0 (Macintosh; Intel Mac OS X 10.15; rv:139.0) Gecko/20100101 Firefox/139.0"
96.41.38.202 - - [16/Dec/2025:09:33:01 -0500] "GET /wp-includes/js/dist/hooks.min.js?ver=dd5603f07f9220ed27f1 HTTP/1.1" 200 5661 "-" "Mozilla/5.0 (Macintosh; Intel Mac OS X 10.15; rv:139.0) Gecko/20100101 Firefox/139.0"
96.41.38.202 - - [16/Dec/2025:09:33:01 -0500] "GET /wp-includes/js/dist/i18n.min.js?ver=c26c3dc7bed366793375 HTTP/1.1" 200 5314 "-" "Mozilla/5.0 (Macintosh; Intel Mac OS X 10.15; rv:139.0) Gecko/20100101 Firefox/139.0"
96.41.38.202 - - [16/Dec/2025:09:33:01 -0500] "GET /wp-content/plugins/pro-elements/assets/js/frontend.min.js?ver=3.31.2 HTTP/1.1" 200 24209 "-" "Mozilla/5.0 (Macintosh; Intel Mac OS X 10.15; rv:139.0) Gecko/20100101 Firefox/139.0"
96.41.38.202 - - [16/Dec/2025:09:33:01 -0500] "GET /wp-content/plugins/pro-elements/assets/js/elements-handlers.min.js?ver=3.31.2 HTTP/1.1" 200 44669 "-" "Mozilla/5.0 (Macintosh; Intel Mac OS X 10.15; rv:139.0) Gecko/20100101 Firefox/139.0"
96.41.38.202 - - [16/Dec/2025:09:33:01 -0500] "GET /@vite/env HTTP/1.1" 404 103291 "-" "Mozilla/5.0 (Macintosh; Intel Mac OS X 10.15; rv:139.0) Gecko/20100101 Firefox/139.0"
96.41.38.202 - - [16/Dec/2025:09:33:02 -0500] "GET /actutor/env HTTP/1.1" 404 103303 "-" "Mozilla/5.0 (Macintosh; Intel Mac OS X 10.15; rv:139.0) Gecko/20100101 Firefox/139.0"
96.41.38.202 - - [16/Dec/2025:09:33:03 -0500] "GET /.vscode/sftp.json HTTP/1.1" 404 103339 "-" "Mozilla/5.0 (Macintosh; Intel Mac OS X 10.15; rv:139.0) Gecko/20100101 Firefox/139.0"
96.41.38.202 - - [16/Dec/2025:09:33:04 -0500] "GET /.env HTTP/1.1" 404 103255 "-" "Mozilla/5.0 (Macintosh; Intel Mac OS X 10.15; rv:139.0) Gecko/20100101 Firefox/139.0"
96.41.38.202 - - [16/Dec/2025:09:33:04 -0500] "GET /.git/config HTTP/1.1" 404 103303 "-" "Mozilla/5.0 (Macintosh; Intel Mac OS X 10.15; rv:139.0) Gecko/20100101 Firefox/139.0"
74.7.227.62 - - [16/Dec/2025:09:33:09 -0500] "GET /ar/wp-content/plugins/pro-elements/core/database/?C=N;O=A HTTP/2.0" 200 1884 "-" "Mozilla/5.0 AppleWebKit/537.36 (KHTML, like Gecko; compatible; GPTBot/1.3; +https://openai.com/gptbot)"
50.6.4.141 - - [16/Dec/2025:09:33:48 -0500] "POST /wp-cron.php?doing_wp_cron=1765895628.3156590461730957031250 HTTP/1.1" 200 - "-" "WordPress/6.9; https://emtiyz.com"
5.192.17.158 - - [16/Dec/2025:09:33:47 -0500] "POST /wp-admin/admin-ajax.php HTTP/2.0" 200 47 "https://emtiyz.com/wp-admin/users.php" "Mozilla/5.0 (Windows NT 10.0; Win64; x64) AppleWebKit/537.36 (KHTML, like Gecko) Chrome/143.0.0.0 Safari/537.36"
74.7.227.62 - - [16/Dec/2025:09:33:57 -0500] "GET /ar/wp-content/plugins/elementor/includes/widgets/?C=S;O=D HTTP/2.0" 200 7251 "-" "Mozilla/5.0 AppleWebKit/537.36 (KHTML, like Gecko; compatible; GPTBot/1.3; +https://openai.com/gptbot)"
74.7.227.62 - - [16/Dec/2025:09:34:40 -0500] "GET /ar/wp-content/plugins/pro-elements/modules/usage/?C=S;O=A HTTP/2.0" 200 1327 "-" "Mozilla/5.0 AppleWebKit/537.36 (KHTML, like Gecko; compatible; GPTBot/1.3; +https://openai.com/gptbot)"
74.7.227.62 - - [16/Dec/2025:09:35:17 -0500] "GET /ar/wp-content/plugins/pro-elements/modules/hotspot/?C=S;O=A HTTP/2.0" 200 1122 "-" "Mozilla/5.0 AppleWebKit/537.36 (KHTML, like Gecko; compatible; GPTBot/1.3; +https://openai.com/gptbot)"
50.6.4.141 - - [16/Dec/2025:09:35:49 -0500] "POST /wp-cron.php?doing_wp_cron=1765895749.2253808975219726562500 HTTP/1.1" 200 - "-" "WordPress/6.9; https://emtiyz.com"
5.192.17.158 - - [16/Dec/2025:09:35:48 -0500] "POST /wp-admin/admin-ajax.php HTTP/2.0" 200 47 "https://emtiyz.com/wp-admin/users.php" "Mozilla/5.0 (Windows NT 10.0; Win64; x64) AppleWebKit/537.36 (KHTML, like Gecko) Chrome/143.0.0.0 Safari/537.36"
74.7.227.62 - - [16/Dec/2025:09:35:51 -0500] "GET /ar/wp-content/plugins/pro-elements/modules/forms/?C=S;O=D HTTP/2.0" 200 2181 "-" "Mozilla/5.0 AppleWebKit/537.36 (KHTML, like Gecko; compatible; GPTBot/1.3; +https://openai.com/gptbot)"
74.7.227.62 - - [16/Dec/2025:09:36:21 -0500] "GET /ar/wp-content/plugins/pro-elements/core/database/?C=M;O=A HTTP/2.0" 200 1884 "-" "Mozilla/5.0 AppleWebKit/537.36 (KHTML, like Gecko; compatible; GPTBot/1.3; +https://openai.com/gptbot)"
74.7.227.62 - - [16/Dec/2025:09:36:48 -0500] "GET /wp-content/plugins/elementor/assets/lib/backbone/?C=D;O=A HTTP/2.0" 200 1522 "-" "Mozilla/5.0 AppleWebKit/537.36 (KHTML, like Gecko; compatible; GPTBot/1.3; +https://openai.com/gptbot)"
50.6.4.141 - - [16/Dec/2025:09:36:51 -0500] "POST /wp-cron.php?doing_wp_cron=1765895811.5368530750274658203125 HTTP/1.1" 200 - "-" "WordPress/6.9; https://emtiyz.com"
172.236.119.62 - - [16/Dec/2025:09:36:50 -0500] "POST / HTTP/1.1" 200 375355 "-" "Mozilla/5.0 (Windows NT 10.0; Win64; x64) AppleWebKit/537.36"
5.192.17.158 - - [16/Dec/2025:09:37:01 -0500] "GET / HTTP/2.0" 200 375307 "-" "Mozilla/5.0 (Macintosh; Intel Mac OS X 10_15_7) AppleWebKit/605.1.15 (KHTML, like Gecko) Version/18.5 Safari/605.1.15"
5.192.17.158 - - [16/Dec/2025:09:37:02 -0500] "GET /wp-content/uploads/2025/05/Education.jpg HTTP/2.0" 304 - "https://emtiyz.com/" "Mozilla/5.0 (Macintosh; Intel Mac OS X 10_15_7) AppleWebKit/605.1.15 (KHTML, like Gecko) Version/18.5 Safari/605.1.15"
5.192.17.158 - - [16/Dec/2025:09:37:02 -0500] "GET /wp-content/uploads/2025/05/Health.jpg HTTP/2.0" 304 - "https://emtiyz.com/" "Mozilla/5.0 (Macintosh; Intel Mac OS X 10_15_7) AppleWebKit/605.1.15 (KHTML, like Gecko) Version/18.5 Safari/605.1.15"
5.192.17.158 - - [16/Dec/2025:09:37:02 -0500] "GET /wp-content/uploads/2025/05/Industry.jpg HTTP/2.0" 304 - "https://emtiyz.com/" "Mozilla/5.0 (Macintosh; Intel Mac OS X 10_15_7) AppleWebKit/605.1.15 (KHTML, like Gecko) Version/18.5 Safari/605.1.15"
5.192.17.158 - - [16/Dec/2025:09:37:02 -0500] "GET /wp-content/uploads/elementor/css/post-6.css?ver=1765554280 HTTP/2.0" 200 1225 "https://emtiyz.com/" "Mozilla/5.0 (Macintosh; Intel Mac OS X 10_15_7) AppleWebKit/605.1.15 (KHTML, like Gecko) Version/18.5 Safari/605.1.15"
5.192.17.158 - - [16/Dec/2025:09:37:02 -0500] "GET /wp-content/uploads/elementor/css/post-5940.css?ver=1765555554 HTTP/2.0" 200 81281 "https://emtiyz.com/" "Mozilla/5.0 (Macintosh; Intel Mac OS X 10_15_7) AppleWebKit/605.1.15 (KHTML, like Gecko) Version/18.5 Safari/605.1.15"
5.192.17.158 - - [16/Dec/2025:09:37:02 -0500] "GET /wp-content/plugins/tf-car-listing/public/assets/third-party/jquery-ui/jquery-ui.min.css?ver=1.11.4 HTTP/2.0" 304 - "https://emtiyz.com/" "Mozilla/5.0 (Macintosh; Intel Mac OS X 10_15_7) AppleWebKit/605.1.15 (KHTML, like Gecko) Version/18.5 Safari/605.1.15"
5.192.17.158 - - [16/Dec/2025:09:37:02 -0500] "GET /wp-admin/css/color-picker.min.css?ver=6.9 HTTP/2.0" 304 - "https://emtiyz.com/" "Mozilla/5.0 (Macintosh; Intel Mac OS X 10_15_7) AppleWebKit/605.1.15 (KHTML, like Gecko) Version/18.5 Safari/605.1.15"
5.192.17.158 - - [16/Dec/2025:09:37:02 -0500] "GET /wp-content/plugins/pro-elements/assets/css/widget-slides.min.css?ver=3.31.2 HTTP/2.0" 304 - "https://emtiyz.com/" "Mozilla/5.0 (Macintosh; Intel Mac OS X 10_15_7) AppleWebKit/605.1.15 (KHTML, like Gecko) Version/18.5 Safari/605.1.15"
5.192.17.158 - - [16/Dec/2025:09:37:02 -0500] "GET /wp-content/plugins/elementor/assets/css/frontend.min.css?ver=3.31.3 HTTP/2.0" 304 - "https://emtiyz.com/" "Mozilla/5.0 (Macintosh; Intel Mac OS X 10_15_7) AppleWebKit/605.1.15 (KHTML, like Gecko) Version/18.5 Safari/605.1.15"
5.192.17.158 - - [16/Dec/2025:09:37:02 -0500] "GET /wp-content/plugins/elementor/assets/css/widget-counter.min.css?ver=3.31.3 HTTP/2.0" 304 - "https://emtiyz.com/" "Mozilla/5.0 (Macintosh; Intel Mac OS X 10_15_7) AppleWebKit/605.1.15 (KHTML, like Gecko) Version/18.5 Safari/605.1.15"
5.192.17.158 - - [16/Dec/2025:09:37:02 -0500] "GET /wp-content/plugins/elementor/assets/css/conditionals/e-swiper.min.css?ver=3.31.3 HTTP/2.0" 304 - "https://emtiyz.com/" "Mozilla/5.0 (Macintosh; Intel Mac OS X 10_15_7) AppleWebKit/605.1.15 (KHTML, like Gecko) Version/18.5 Safari/605.1.15"
5.192.17.158 - - [16/Dec/2025:09:37:02 -0500] "GET /wp-content/plugins/elementor/assets/css/widget-heading.min.css?ver=3.31.3 HTTP/2.0" 304 - "https://emtiyz.com/" "Mozilla/5.0 (Macintosh; Intel Mac OS X 10_15_7) AppleWebKit/605.1.15 (KHTML, like Gecko) Version/18.5 Safari/605.1.15"
5.192.17.158 - - [16/Dec/2025:09:37:02 -0500] "GET /wp-content/plugins/elementor/assets/css/widget-image.min.css?ver=3.31.3 HTTP/2.0" 304 - "https://emtiyz.com/" "Mozilla/5.0 (Macintosh; Intel Mac OS X 10_15_7) AppleWebKit/605.1.15 (KHTML, like Gecko) Version/18.5 Safari/605.1.15"
5.192.17.158 - - [16/Dec/2025:09:37:02 -0500] "GET /wp-content/plugins/elementor/assets/lib/animations/styles/fadeInUp.min.css?ver=3.31.3 HTTP/2.0" 304 - "https://emtiyz.com/" "Mozilla/5.0 (Macintosh; Intel Mac OS X 10_15_7) AppleWebKit/605.1.15 (KHTML, like Gecko) Version/18.5 Safari/605.1.15"
5.192.17.158 - - [16/Dec/2025:09:37:02 -0500] "GET /wp-content/plugins/elementor/assets/lib/swiper/v8/css/swiper.min.css?ver=8.4.5 HTTP/2.0" 304 - "https://emtiyz.com/" "Mozilla/5.0 (Macintosh; Intel Mac OS X 10_15_7) AppleWebKit/605.1.15 (KHTML, like Gecko) Version/18.5 Safari/605.1.15"
5.192.17.158 - - [16/Dec/2025:09:37:02 -0500] "GET /wp-content/plugins/pro-elements/assets/css/widget-hotspot.min.css?ver=3.31.2 HTTP/2.0" 304 - "https://emtiyz.com/" "Mozilla/5.0 (Macintosh; Intel Mac OS X 10_15_7) AppleWebKit/605.1.15 (KHTML, like Gecko) Version/18.5 Safari/605.1.15"
5.192.17.158 - - [16/Dec/2025:09:37:02 -0500] "GET /wp-content/plugins/elementor/assets/css/widget-image-box.min.css?ver=3.31.3 HTTP/2.0" 304 - "https://emtiyz.com/" "Mozilla/5.0 (Macintosh; Intel Mac OS X 10_15_7) AppleWebKit/605.1.15 (KHTML, like Gecko) Version/18.5 Safari/605.1.15"
5.192.17.158 - - [16/Dec/2025:09:37:02 -0500] "GET /wp-content/plugins/themesflat-core/assets/css/tf-main-post-type.css?ver=1 HTTP/2.0" 304 - "https://emtiyz.com/" "Mozilla/5.0 (Macintosh; Intel Mac OS X 10_15_7) AppleWebKit/605.1.15 (KHTML, like Gecko) Version/18.5 Safari/605.1.15"
5.192.17.158 - - [16/Dec/2025:09:37:02 -0500] "GET /wp-content/plugins/tf-car-listing//public/assets/js/review.js HTTP/2.0" 304 - "https://emtiyz.com/" "Mozilla/5.0 (Macintosh; Intel Mac OS X 10_15_7) AppleWebKit/605.1.15 (KHTML, like Gecko) Version/18.5 Safari/605.1.15"
5.192.17.158 - - [16/Dec/2025:09:37:02 -0500] "GET /wp-content/plugins/tf-car-listing//public/assets/js/compare.js HTTP/2.0" 304 - "https://emtiyz.com/" "Mozilla/5.0 (Macintosh; Intel Mac OS X 10_15_7) AppleWebKit/605.1.15 (KHTML, like Gecko) Version/18.5 Safari/605.1.15"
5.192.17.158 - - [16/Dec/2025:09:37:02 -0500] "GET /wp-content/plugins/elementor/assets/css/widget-social-icons.min.css?ver=3.31.3 HTTP/2.0" 304 - "https://emtiyz.com/" "Mozilla/5.0 (Macintosh; Intel Mac OS X 10_15_7) AppleWebKit/605.1.15 (KHTML, like Gecko) Version/18.5 Safari/605.1.15"
5.192.17.158 - - [16/Dec/2025:09:37:02 -0500] "GET /wp-content/plugins/elementor/assets/css/widget-icon-list.min.css?ver=3.31.3 HTTP/2.0" 304 - "https://emtiyz.com/" "Mozilla/5.0 (Macintosh; Intel Mac OS X 10_15_7) AppleWebKit/605.1.15 (KHTML, like Gecko) Version/18.5 Safari/605.1.15"
5.192.17.158 - - [16/Dec/2025:09:37:02 -0500] "GET /wp-content/uploads/elementor/css/post-3795.css?ver=1765554280 HTTP/2.0" 200 10502 "https://emtiyz.com/" "Mozilla/5.0 (Macintosh; Intel Mac OS X 10_15_7) AppleWebKit/605.1.15 (KHTML, like Gecko) Version/18.5 Safari/605.1.15"
5.192.17.158 - - [16/Dec/2025:09:37:02 -0500] "GET /wp-content/plugins/elementor/assets/css/conditionals/apple-webkit.min.css?ver=3.31.3 HTTP/2.0" 304 - "https://emtiyz.com/" "Mozilla/5.0 (Macintosh; Intel Mac OS X 10_15_7) AppleWebKit/605.1.15 (KHTML, like Gecko) Version/18.5 Safari/605.1.15"
5.192.17.158 - - [16/Dec/2025:09:37:02 -0500] "GET /wp-content/uploads/2025/05/Logo-1.png HTTP/2.0" 304 - "https://emtiyz.com/" "Mozilla/5.0 (Macintosh; Intel Mac OS X 10_15_7) AppleWebKit/605.1.15 (KHTML, like Gecko) Version/18.5 Safari/605.1.15"
5.192.17.158 - - [16/Dec/2025:09:37:02 -0500] "GET /wp-content/uploads/2024/10/Logo-2.png HTTP/2.0" 304 - "https://emtiyz.com/" "Mozilla/5.0 (Macintosh; Intel Mac OS X 10_15_7) AppleWebKit/605.1.15 (KHTML, like Gecko) Version/18.5 Safari/605.1.15"
5.192.17.158 - - [16/Dec/2025:09:37:02 -0500] "GET /icons/marketing.png HTTP/2.0" 304 - "https://emtiyz.com/" "Mozilla/5.0 (Macintosh; Intel Mac OS X 10_15_7) AppleWebKit/605.1.15 (KHTML, like Gecko) Version/18.5 Safari/605.1.15"
5.192.17.158 - - [16/Dec/2025:09:37:02 -0500] "GET /icons/units.png HTTP/2.0" 304 - "https://emtiyz.com/" "Mozilla/5.0 (Macintosh; Intel Mac OS X 10_15_7) AppleWebKit/605.1.15 (KHTML, like Gecko) Version/18.5 Safari/605.1.15"
5.192.17.158 - - [16/Dec/2025:09:37:02 -0500] "GET /icons/royalty.png HTTP/2.0" 304 - "https://emtiyz.com/" "Mozilla/5.0 (Macintosh; Intel Mac OS X 10_15_7) AppleWebKit/605.1.15 (KHTML, like Gecko) Version/18.5 Safari/605.1.15"
5.192.17.158 - - [16/Dec/2025:09:37:02 -0500] "GET /icons/invesment.png HTTP/2.0" 304 - "https://emtiyz.com/" "Mozilla/5.0 (Macintosh; Intel Mac OS X 10_15_7) AppleWebKit/605.1.15 (KHTML, like Gecko) Version/18.5 Safari/605.1.15"
5.192.17.158 - - [16/Dec/2025:09:37:03 -0500] "GET /wp-content/uploads/2025/05/Emtiyz-1.png HTTP/2.0" 304 - "https://emtiyz.com/" "Mozilla/5.0 (Macintosh; Intel Mac OS X 10_15_7) AppleWebKit/605.1.15 (KHTML, like Gecko) Version/18.5 Safari/605.1.15"
5.192.17.158 - - [16/Dec/2025:09:37:03 -0500] "GET /wp-content/plugins/tf-car-listing/public/assets/third-party/nice-select/nice-select.min.js HTTP/2.0" 304 - "https://emtiyz.com/" "Mozilla/5.0 (Macintosh; Intel Mac OS X 10_15_7) AppleWebKit/605.1.15 (KHTML, like Gecko) Version/18.5 Safari/605.1.15"
5.192.17.158 - - [16/Dec/2025:09:37:03 -0500] "GET /wp-content/plugins/tf-car-listing/public/assets/js/jquery.validate.min.js HTTP/2.0" 304 - "https://emtiyz.com/" "Mozilla/5.0 (Macintosh; Intel Mac OS X 10_15_7) AppleWebKit/605.1.15 (KHTML, like Gecko) Version/18.5 Safari/605.1.15"
