5.192.17.158 - - [16/Dec/2025:09:37:03 -0500] "GET /wp-content/plugins/tf-car-listing//public/assets/js/user.js HTTP/2.0" 304 - "https://emtiyz.com/" "Mozilla/5.0 (Macintosh; Intel Mac OS X 10_15_7) AppleWebKit/605.1.15 (KHTML, like Gecko) Version/18.5 Safari/605.1.15"
5.192.17.158 - - [16/Dec/2025:09:37:03 -0500] "GET /wp-content/plugins/tf-car-listing/public/assets/js/advanced-search.js HTTP/2.0" 304 - "https://emtiyz.com/" "Mozilla/5.0 (Macintosh; Intel Mac OS X 10_15_7) AppleWebKit/605.1.15 (KHTML, like Gecko) Version/18.5 Safari/605.1.15"
5.192.17.158 - - [16/Dec/2025:09:37:03 -0500] "GET /wp-content/plugins/tf-car-listing/public/assets/third-party/bootstrap/js/bootstrap.bundle.min.js?ver=4.6.2 HTTP/2.0" 304 - "https://emtiyz.com/" "Mozilla/5.0 (Macintosh; Intel Mac OS X 10_15_7) AppleWebKit/605.1.15 (KHTML, like Gecko) Version/18.5 Safari/605.1.15"
5.192.17.158 - - [16/Dec/2025:09:37:03 -0500] "GET /wp-content/plugins/tf-car-listing/public/assets/third-party/jquery-ui/jquery-ui.min.js?ver=1.12.1 HTTP/2.0" 304 - "https://emtiyz.com/" "Mozilla/5.0 (Macintosh; Intel Mac OS X 10_15_7) AppleWebKit/605.1.15 (KHTML, like Gecko) Version/18.5 Safari/605.1.15"
5.192.17.158 - - [16/Dec/2025:09:37:03 -0500] "GET /wp-content/plugins/tf-car-listing/public/assets/js/taxonomy.js HTTP/2.0" 304 - "https://emtiyz.com/" "Mozilla/5.0 (Macintosh; Intel Mac OS X 10_15_7) AppleWebKit/605.1.15 (KHTML, like Gecko) Version/18.5 Safari/605.1.15"
5.192.17.158 - - [16/Dec/2025:09:37:03 -0500] "GET /wp-content/plugins/elementor/assets/js/webpack.runtime.min.js?ver=3.31.3 HTTP/2.0" 304 - "https://emtiyz.com/" "Mozilla/5.0 (Macintosh; Intel Mac OS X 10_15_7) AppleWebKit/605.1.15 (KHTML, like Gecko) Version/18.5 Safari/605.1.15"
5.192.17.158 - - [16/Dec/2025:09:37:03 -0500] "GET /wp-content/plugins/elementor/assets/js/frontend.min.js?ver=3.31.3 HTTP/2.0" 304 - "https://emtiyz.com/" "Mozilla/5.0 (Macintosh; Intel Mac OS X 10_15_7) AppleWebKit/605.1.15 (KHTML, like Gecko) Version/18.5 Safari/605.1.15"
5.192.17.158 - - [16/Dec/2025:09:37:03 -0500] "GET /wp-content/plugins/elementor/assets/js/frontend-modules.min.js?ver=3.31.3 HTTP/2.0" 304 - "https://emtiyz.com/" "Mozilla/5.0 (Macintosh; Intel Mac OS X 10_15_7) AppleWebKit/605.1.15 (KHTML, like Gecko) Version/18.5 Safari/605.1.15"
5.192.17.158 - - [16/Dec/2025:09:37:03 -0500] "GET /wp-content/plugins/elementor/assets/lib/swiper/v8/swiper.min.js?ver=8.4.5 HTTP/2.0" 304 - "https://emtiyz.com/" "Mozilla/5.0 (Macintosh; Intel Mac OS X 10_15_7) AppleWebKit/605.1.15 (KHTML, like Gecko) Version/18.5 Safari/605.1.15"
5.192.17.158 - - [16/Dec/2025:09:37:03 -0500] "GET /wp-content/plugins/elementor/assets/lib/jquery-numerator/jquery-numerator.min.js?ver=0.2.1 HTTP/2.0" 304 - "https://emtiyz.com/" "Mozilla/5.0 (Macintosh; Intel Mac OS X 10_15_7) AppleWebKit/605.1.15 (KHTML, like Gecko) Version/18.5 Safari/605.1.15"
5.192.17.158 - - [16/Dec/2025:09:37:03 -0500] "GET /wp-content/plugins/pro-elements/assets/js/webpack-pro.runtime.min.js?ver=3.31.2 HTTP/2.0" 304 - "https://emtiyz.com/" "Mozilla/5.0 (Macintosh; Intel Mac OS X 10_15_7) AppleWebKit/605.1.15 (KHTML, like Gecko) Version/18.5 Safari/605.1.15"
5.192.17.158 - - [16/Dec/2025:09:37:03 -0500] "GET /wp-includes/js/dist/hooks.min.js?ver=dd5603f07f9220ed27f1 HTTP/2.0" 304 - "https://emtiyz.com/" "Mozilla/5.0 (Macintosh; Intel Mac OS X 10_15_7) AppleWebKit/605.1.15 (KHTML, like Gecko) Version/18.5 Safari/605.1.15"
5.192.17.158 - - [16/Dec/2025:09:37:03 -0500] "GET /wp-includes/js/dist/i18n.min.js?ver=c26c3dc7bed366793375 HTTP/2.0" 304 - "https://emtiyz.com/" "Mozilla/5.0 (Macintosh; Intel Mac OS X 10_15_7) AppleWebKit/605.1.15 (KHTML, like Gecko) Version/18.5 Safari/605.1.15"
5.192.17.158 - - [16/Dec/2025:09:37:03 -0500] "GET /wp-content/plugins/pro-elements/assets/js/frontend.min.js?ver=3.31.2 HTTP/2.0" 304 - "https://emtiyz.com/" "Mozilla/5.0 (Macintosh; Intel Mac OS X 10_15_7) AppleWebKit/605.1.15 (KHTML, like Gecko) Version/18.5 Safari/605.1.15"
5.192.17.158 - - [16/Dec/2025:09:37:03 -0500] "GET /wp-content/plugins/pro-elements/assets/js/elements-handlers.min.js?ver=3.31.2 HTTP/2.0" 304 - "https://emtiyz.com/" "Mozilla/5.0 (Macintosh; Intel Mac OS X 10_15_7) AppleWebKit/605.1.15 (KHTML, like Gecko) Version/18.5 Safari/605.1.15"
5.192.17.158 - - [16/Dec/2025:09:37:03 -0500] "GET /wp-content/uploads/2024/10/young-asian-woman-professional-entrepreneur-stand-2025-02-22-01-15-59-utc-scaled.jpg HTTP/2.0" 304 - "https://emtiyz.com/" "Mozilla/5.0 (Macintosh; Intel Mac OS X 10_15_7) AppleWebKit/605.1.15 (KHTML, like Gecko) Version/18.5 Safari/605.1.15"
5.192.17.158 - - [16/Dec/2025:09:37:03 -0500] "GET /wp-content/uploads/2025/11/photo.png HTTP/2.0" 304 - "https://emtiyz.com/" "Mozilla/5.0 (Macintosh; Intel Mac OS X 10_15_7) AppleWebKit/605.1.15 (KHTML, like Gecko) Version/18.5 Safari/605.1.15"
5.192.17.158 - - [16/Dec/2025:09:37:03 -0500] "GET /wp-content/uploads/2025/11/%D8%B4%D9%83%D8%B1-%D9%88%D8%AA%D9%87%D9%86%D8%A6%D8%A9-%D8%B3%D8%B9%D8%A7%D8%AF%D8%A9-%D8%B9%D8%B5%D9%80%D9%80%D9%80%D9%80%D8%A7%D9%85-%D9%84%D9%88%D8%AA%D9%80%D9%80%D9%80%D9%80%D9%80%D8%A7%D9%87_page-0001.jpg HTTP/2.0" 304 - "https://emtiyz.com/" "Mozilla/5.0 (Macintosh; Intel Mac OS X 10_15_7) AppleWebKit/605.1.15 (KHTML, like Gecko) Version/18.5 Safari/605.1.15"
5.192.17.158 - - [16/Dec/2025:09:37:03 -0500] "GET /wp-content/uploads/2025/11/PHOTO-2025-09-23-22-17-54.jpg HTTP/2.0" 304 - "https://emtiyz.com/" "Mozilla/5.0 (Macintosh; Intel Mac OS X 10_15_7) AppleWebKit/605.1.15 (KHTML, like Gecko) Version/18.5 Safari/605.1.15"
5.192.17.158 - - [16/Dec/2025:09:37:03 -0500] "GET /wp-content/uploads/2025/05/two-businesswomen-with-luggage-in-modern-hotel-lob-2025-01-07-20-10-22-utc-scaled.jpg HTTP/2.0" 304 - "https://emtiyz.com/" "Mozilla/5.0 (Macintosh; Intel Mac OS X 10_15_7) AppleWebKit/605.1.15 (KHTML, like Gecko) Version/18.5 Safari/605.1.15"
5.192.17.158 - - [16/Dec/2025:09:37:03 -0500] "GET /wp-content/uploads/2025/05/self-service-in-a-supermarket-a-young-arab-woman-2025-03-25-19-21-18-utc-scaled.jpg HTTP/2.0" 304 - "https://emtiyz.com/" "Mozilla/5.0 (Macintosh; Intel Mac OS X 10_15_7) AppleWebKit/605.1.15 (KHTML, like Gecko) Version/18.5 Safari/605.1.15"
5.192.17.158 - - [16/Dec/2025:09:37:03 -0500] "GET /wp-content/uploads/2025/05/woman-makeup-artist-working-with-client-in-beauty-2025-01-16-23-39-05-utc-scaled.jpg HTTP/2.0" 304 - "https://emtiyz.com/" "Mozilla/5.0 (Macintosh; Intel Mac OS X 10_15_7) AppleWebKit/605.1.15 (KHTML, like Gecko) Version/18.5 Safari/605.1.15"
5.192.17.158 - - [16/Dec/2025:09:37:03 -0500] "GET /wp-content/plugins/elementor/assets/js/shared-frontend-handlers.4c8abccc3e268b0767b2.bundle.min.js HTTP/2.0" 304 - "https://emtiyz.com/" "Mozilla/5.0 (Macintosh; Intel Mac OS X 10_15_7) AppleWebKit/605.1.15 (KHTML, like Gecko) Version/18.5 Safari/605.1.15"
5.192.17.158 - - [16/Dec/2025:09:37:03 -0500] "GET /wp-content/plugins/elementor/assets/js/text-editor.abc8f59c62f2820dc25a.bundle.min.js HTTP/2.0" 304 - "https://emtiyz.com/" "Mozilla/5.0 (Macintosh; Intel Mac OS X 10_15_7) AppleWebKit/605.1.15 (KHTML, like Gecko) Version/18.5 Safari/605.1.15"
5.192.17.158 - - [16/Dec/2025:09:37:03 -0500] "GET /wp-content/plugins/pro-elements/assets/js/slides.c0029640cbdb48199471.bundle.min.js HTTP/2.0" 304 - "https://emtiyz.com/" "Mozilla/5.0 (Macintosh; Intel Mac OS X 10_15_7) AppleWebKit/605.1.15 (KHTML, like Gecko) Version/18.5 Safari/605.1.15"
5.192.17.158 - - [16/Dec/2025:09:37:03 -0500] "GET /wp-content/plugins/elementor/assets/js/counter.12335f45aaa79d244f24.bundle.min.js HTTP/2.0" 304 - "https://emtiyz.com/" "Mozilla/5.0 (Macintosh; Intel Mac OS X 10_15_7) AppleWebKit/605.1.15 (KHTML, like Gecko) Version/18.5 Safari/605.1.15"
5.192.17.158 - - [16/Dec/2025:09:37:03 -0500] "GET /wp-content/plugins/pro-elements/assets/js/hotspot.fa04300164c35a866a51.bundle.min.js HTTP/2.0" 304 - "https://emtiyz.com/" "Mozilla/5.0 (Macintosh; Intel Mac OS X 10_15_7) AppleWebKit/605.1.15 (KHTML, like Gecko) Version/18.5 Safari/605.1.15"
5.192.17.158 - - [16/Dec/2025:09:37:03 -0500] "GET /wp-content/uploads/2024/10/Food.svg HTTP/2.0" 304 - "https://emtiyz.com/" "Mozilla/5.0 (Macintosh; Intel Mac OS X 10_15_7) AppleWebKit/605.1.15 (KHTML, like Gecko) Version/18.5 Safari/605.1.15"
5.192.17.158 - - [16/Dec/2025:09:37:03 -0500] "GET /wp-content/uploads/2024/10/Beauty.svg HTTP/2.0" 304 - "https://emtiyz.com/" "Mozilla/5.0 (Macintosh; Intel Mac OS X 10_15_7) AppleWebKit/605.1.15 (KHTML, like Gecko) Version/18.5 Safari/605.1.15"
5.192.17.158 - - [16/Dec/2025:09:37:03 -0500] "GET /wp-content/uploads/2024/10/xx.svg HTTP/2.0" 304 - "https://emtiyz.com/" "Mozilla/5.0 (Macintosh; Intel Mac OS X 10_15_7) AppleWebKit/605.1.15 (KHTML, like Gecko) Version/18.5 Safari/605.1.15"
5.192.17.158 - - [16/Dec/2025:09:37:03 -0500] "GET /wp-content/uploads/2024/10/Enter.svg HTTP/2.0" 304 - "https://emtiyz.com/" "Mozilla/5.0 (Macintosh; Intel Mac OS X 10_15_7) AppleWebKit/605.1.15 (KHTML, like Gecko) Version/18.5 Safari/605.1.15"
5.192.17.158 - - [16/Dec/2025:09:37:03 -0500] "GET /wp-includes/js/wp-emoji-release.min.js?ver=6.9 HTTP/2.0" 304 - "https://emtiyz.com/" "Mozilla/5.0 (Macintosh; Intel Mac OS X 10_15_7) AppleWebKit/605.1.15 (KHTML, like Gecko) Version/18.5 Safari/605.1.15"
5.192.17.158 - - [16/Dec/2025:09:37:03 -0500] "POST /wp-admin/admin-ajax.php HTTP/2.0" 200 1270 "https://emtiyz.com/" "Mozilla/5.0 (Macintosh; Intel Mac OS X 10_15_7) AppleWebKit/605.1.15 (KHTML, like Gecko) Version/18.5 Safari/605.1.15"
5.192.17.158 - - [16/Dec/2025:09:37:06 -0500] "GET / HTTP/2.0" 200 375307 "-" "Mozilla/5.0 (Macintosh; Intel Mac OS X 10_15_7) AppleWebKit/605.1.15 (KHTML, like Gecko) Version/18.5 Safari/605.1.15"
5.192.17.158 - - [16/Dec/2025:09:37:09 -0500] "POST /wp-admin/admin-ajax.php HTTP/2.0" 200 1270 "https://emtiyz.com/" "Mozilla/5.0 (Macintosh; Intel Mac OS X 10_15_7) AppleWebKit/605.1.15 (KHTML, like Gecko) Version/18.5 Safari/605.1.15"
74.7.227.62 - - [16/Dec/2025:09:37:11 -0500] "GET /ar/wp-content/plugins/pro-elements/core/database/?C=N;O=D HTTP/2.0" 200 1884 "-" "Mozilla/5.0 AppleWebKit/537.36 (KHTML, like Gecko; compatible; GPTBot/1.3; +https://openai.com/gptbot)"
50.6.4.141 - - [16/Dec/2025:09:37:12 -0500] "POST /ar/wp-cron.php?doing_wp_cron=1765895832.9218389987945556640625 HTTP/1.1" 200 - "-" "WordPress/6.9; https://emtiyz.com/ar"
5.192.17.158 - - [16/Dec/2025:09:37:11 -0500] "GET /ar/ HTTP/2.0" 200 394786 "https://emtiyz.com/" "Mozilla/5.0 (Macintosh; Intel Mac OS X 10_15_7) AppleWebKit/605.1.15 (KHTML, like Gecko) Version/18.5 Safari/605.1.15"
5.192.17.158 - - [16/Dec/2025:09:37:13 -0500] "GET /ar/wp-content/uploads/2025/11/PHOTO-2025-10-25-11-33-50.jpg HTTP/2.0" 304 - "https://emtiyz.com/ar/" "Mozilla/5.0 (Macintosh; Intel Mac OS X 10_15_7) AppleWebKit/605.1.15 (KHTML, like Gecko) Version/18.5 Safari/605.1.15"
5.192.17.158 - - [16/Dec/2025:09:37:13 -0500] "GET /ar/wp-content/uploads/2025/11/%D8%B4%D9%83%D8%B1-%D9%88%D8%AA%D9%87%D9%86%D8%A6%D8%A9-%D8%B3%D8%B9%D8%A7%D8%AF%D8%A9-%D8%B9%D8%B5%D9%80%D9%80%D9%80%D9%80%D8%A7%D9%85-%D9%84%D9%88%D8%AA%D9%80%D9%80%D9%80%D9%80%D9%80%D8%A7%D9%87_page-0001.jpg HTTP/2.0" 304 - "https://emtiyz.com/ar/" "Mozilla/5.0 (Macintosh; Intel Mac OS X 10_15_7) AppleWebKit/605.1.15 (KHTML, like Gecko) Version/18.5 Safari/605.1.15"
5.192.17.158 - - [16/Dec/2025:09:37:13 -0500] "GET /ar/wp-content/uploads/elementor/css/post-2061.css?ver=1750323702 HTTP/2.0" 304 - "https://emtiyz.com/ar/" "Mozilla/5.0 (Macintosh; Intel Mac OS X 10_15_7) AppleWebKit/605.1.15 (KHTML, like Gecko) Version/18.5 Safari/605.1.15"
5.192.17.158 - - [16/Dec/2025:09:37:13 -0500] "GET /ar/wp-content/uploads/elementor/css/post-2061.css?ver=1763472560 HTTP/2.0" 304 - "https://emtiyz.com/ar/" "Mozilla/5.0 (Macintosh; Intel Mac OS X 10_15_7) AppleWebKit/605.1.15 (KHTML, like Gecko) Version/18.5 Safari/605.1.15"
5.192.17.158 - - [16/Dec/2025:09:37:13 -0500] "GET /ar/wp-content/uploads/2025/11/PHOTO-2025-09-23-22-17-54.jpg HTTP/2.0" 304 - "https://emtiyz.com/ar/" "Mozilla/5.0 (Macintosh; Intel Mac OS X 10_15_7) AppleWebKit/605.1.15 (KHTML, like Gecko) Version/18.5 Safari/605.1.15"
5.192.17.158 - - [16/Dec/2025:09:37:13 -0500] "GET /ar/wp-admin/css/color-picker-rtl.min.css?ver=6.9 HTTP/2.0" 304 - "https://emtiyz.com/ar/" "Mozilla/5.0 (Macintosh; Intel Mac OS X 10_15_7) AppleWebKit/605.1.15 (KHTML, like Gecko) Version/18.5 Safari/605.1.15"
5.192.17.158 - - [16/Dec/2025:09:37:14 -0500] "GET /ar/wp-includes/js/dist/i18n.min.js?ver=c26c3dc7bed366793375 HTTP/2.0" 304 - "https://emtiyz.com/ar/" "Mozilla/5.0 (Macintosh; Intel Mac OS X 10_15_7) AppleWebKit/605.1.15 (KHTML, like Gecko) Version/18.5 Safari/605.1.15"
5.192.17.158 - - [16/Dec/2025:09:37:14 -0500] "GET /ar/wp-includes/js/dist/hooks.min.js?ver=dd5603f07f9220ed27f1 HTTP/2.0" 304 - "https://emtiyz.com/ar/" "Mozilla/5.0 (Macintosh; Intel Mac OS X 10_15_7) AppleWebKit/605.1.15 (KHTML, like Gecko) Version/18.5 Safari/605.1.15"
5.192.17.158 - - [16/Dec/2025:09:37:14 -0500] "GET /ar/wp-includes/js/wp-emoji-release.min.js?ver=6.9 HTTP/2.0" 304 - "https://emtiyz.com/ar/" "Mozilla/5.0 (Macintosh; Intel Mac OS X 10_15_7) AppleWebKit/605.1.15 (KHTML, like Gecko) Version/18.5 Safari/605.1.15"
5.192.17.158 - - [16/Dec/2025:09:37:14 -0500] "POST /ar/wp-admin/admin-ajax.php HTTP/2.0" 200 1705 "https://emtiyz.com/ar/" "Mozilla/5.0 (Macintosh; Intel Mac OS X 10_15_7) AppleWebKit/605.1.15 (KHTML, like Gecko) Version/18.5 Safari/605.1.15"
50.6.4.141 - - [16/Dec/2025:09:37:19 -0500] "POST /ar/wp-cron.php?doing_wp_cron=1765895839.4814240932464599609375 HTTP/1.1" 200 - "-" "WordPress/6.9; https://emtiyz.com/ar"
5.192.17.158 - - [16/Dec/2025:09:37:18 -0500] "GET /ar/emtiyz-plus/ HTTP/2.0" 200 204616 "https://emtiyz.com/ar/" "Mozilla/5.0 (Macintosh; Intel Mac OS X 10_15_7) AppleWebKit/605.1.15 (KHTML, like Gecko) Version/18.5 Safari/605.1.15"
5.192.17.158 - - [16/Dec/2025:09:37:19 -0500] "GET /ar/wp-content/uploads/elementor/css/post-3329.css?ver=1765553925 HTTP/2.0" 200 35383 "https://emtiyz.com/ar/emtiyz-plus/" "Mozilla/5.0 (Macintosh; Intel Mac OS X 10_15_7) AppleWebKit/605.1.15 (KHTML, like Gecko) Version/18.5 Safari/605.1.15"
50.6.4.141 - - [16/Dec/2025:09:37:19 -0500] "POST /wp-cron.php?doing_wp_cron=1765895839.9546749591827392578125 HTTP/1.1" 200 - "-" "WordPress/6.9; https://emtiyz.com"
50.6.4.141 - - [16/Dec/2025:09:37:03 -0500] "POST /wp-admin/admin-ajax.php?action=as_async_request_queue_runner&nonce=a8cfadf71d HTTP/1.1" 200 - "-" "WordPress/6.9; https://emtiyz.com"
5.192.17.158 - - [16/Dec/2025:09:37:20 -0500] "GET /ar/wp-content/uploads/elementor/css/post-1809.css?ver=1765552097 HTTP/2.0" 200 8185 "https://emtiyz.com/ar/emtiyz-plus/" "Mozilla/5.0 (Macintosh; Intel Mac OS X 10_15_7) AppleWebKit/605.1.15 (KHTML, like Gecko) Version/18.5 Safari/605.1.15"
5.192.17.158 - - [16/Dec/2025:09:37:20 -0500] "GET /ar/wp-content/uploads/elementor/css/post-5282.css?ver=1757161890 HTTP/2.0" 304 - "https://emtiyz.com/ar/emtiyz-plus/" "Mozilla/5.0 (Macintosh; Intel Mac OS X 10_15_7) AppleWebKit/605.1.15 (KHTML, like Gecko) Version/18.5 Safari/605.1.15"
5.192.17.158 - - [16/Dec/2025:09:37:20 -0500] "GET /ar/wp-content/uploads/elementor/css/post-5321.css?ver=1757161890 HTTP/2.0" 304 - "https://emtiyz.com/ar/emtiyz-plus/" "Mozilla/5.0 (Macintosh; Intel Mac OS X 10_15_7) AppleWebKit/605.1.15 (KHTML, like Gecko) Version/18.5 Safari/605.1.15"
5.192.17.158 - - [16/Dec/2025:09:37:20 -0500] "GET /ar/wp-content/uploads/elementor/css/post-5327.css?ver=1757161890 HTTP/2.0" 304 - "https://emtiyz.com/ar/emtiyz-plus/" "Mozilla/5.0 (Macintosh; Intel Mac OS X 10_15_7) AppleWebKit/605.1.15 (KHTML, like Gecko) Version/18.5 Safari/605.1.15"
5.192.17.158 - - [16/Dec/2025:09:37:20 -0500] "GET /ar/wp-content/plugins/pro-elements/assets/css/conditionals/popup.min.css?ver=3.31.2 HTTP/2.0" 304 - "https://emtiyz.com/ar/emtiyz-plus/" "Mozilla/5.0 (Macintosh; Intel Mac OS X 10_15_7) AppleWebKit/605.1.15 (KHTML, like Gecko) Version/18.5 Safari/605.1.15"
5.192.17.158 - - [16/Dec/2025:09:37:21 -0500] "GET /ar/wp-content/plugins/elementor/assets/lib/dialog/dialog.min.js?ver=4.9.3 HTTP/2.0" 304 - "https://emtiyz.com/ar/emtiyz-plus/" "Mozilla/5.0 (Macintosh; Intel Mac OS X 10_15_7) AppleWebKit/605.1.15 (KHTML, like Gecko) Version/18.5 Safari/605.1.15"
74.7.227.62 - - [16/Dec/2025:09:37:33 -0500] "GET /ar/wp-content/plugins/pro-elements/modules/usage/?C=N;O=A HTTP/2.0" 200 1327 "-" "Mozilla/5.0 AppleWebKit/537.36 (KHTML, like Gecko; compatible; GPTBot/1.3; +https://openai.com/gptbot)"
5.192.17.158 - - [16/Dec/2025:09:37:49 -0500] "POST /wp-admin/admin-ajax.php HTTP/2.0" 200 47 "https://emtiyz.com/wp-admin/users.php" "Mozilla/5.0 (Windows NT 10.0; Win64; x64) AppleWebKit/537.36 (KHTML, like Gecko) Chrome/143.0.0.0 Safari/537.36"
74.7.227.62 - - [16/Dec/2025:09:37:53 -0500] "GET /wp-content/plugins/elementor/core/base/providers/?C=S;O=D HTTP/2.0" 200 958 "-" "Mozilla/5.0 AppleWebKit/537.36 (KHTML, like Gecko; compatible; GPTBot/1.3; +https://openai.com/gptbot)"
77.75.78.164 - - [16/Dec/2025:09:38:08 -0500] "GET /drive-type/20/ HTTP/1.1" 200 146304 "-" "Mozilla/5.0 (compatible; SeznamBot/4.0; +https://o-seznam.cz/napoveda/vyhledavani/en/seznambot-crawler/)"
74.7.227.62 - - [16/Dec/2025:09:38:11 -0500] "GET /ar/wp-content/plugins/elementor/modules/floating-buttons/control/hover-animation-floating-buttons.php HTTP/2.0" 500 - "-" "Mozilla/5.0 AppleWebKit/537.36 (KHTML, like Gecko; compatible; GPTBot/1.3; +https://openai.com/gptbot)"
74.7.227.62 - - [16/Dec/2025:09:38:26 -0500] "GET /wp-content/plugins/pro-elements/vendor_prefixed/php-di/invoker/src/ParameterResolver/AssociativeArrayResolver.php HTTP/2.0" 500 - "-" "Mozilla/5.0 AppleWebKit/537.36 (KHTML, like Gecko; compatible; GPTBot/1.3; +https://openai.com/gptbot)"
74.7.227.62 - - [16/Dec/2025:09:39:14 -0500] "GET /wp-content/plugins/pro-elements/vendor_prefixed/php-di/invoker/src/ParameterResolver/TypeHintResolver.php HTTP/2.0" 500 - "-" "Mozilla/5.0 AppleWebKit/537.36 (KHTML, like Gecko; compatible; GPTBot/1.3; +https://openai.com/gptbot)"
50.6.4.141 - - [16/Dec/2025:09:39:51 -0500] "POST /wp-cron.php?doing_wp_cron=1765895991.3166649341583251953125 HTTP/1.1" 200 - "-" "WordPress/6.9; https://emtiyz.com"
5.192.17.158 - - [16/Dec/2025:09:39:50 -0500] "POST /wp-admin/admin-ajax.php HTTP/2.0" 200 47 "https://emtiyz.com/wp-admin/users.php" "Mozilla/5.0 (Windows NT 10.0; Win64; x64) AppleWebKit/537.36 (KHTML, like Gecko) Chrome/143.0.0.0 Safari/537.36"
77.75.78.164 - - [16/Dec/2025:09:40:15 -0500] "GET /drive-type/44/ HTTP/1.1" 200 146141 "-" "Mozilla/5.0 (compatible; SeznamBot/4.0; +https://o-seznam.cz/napoveda/vyhledavani/en/seznambot-crawler/)"
74.7.227.62 - - [16/Dec/2025:09:40:18 -0500] "GET /ar/wp-content/plugins/pro-elements/modules/mega-menu/controls/control-menu-dropdown-animation.php HTTP/2.0" 500 - "-" "Mozilla/5.0 AppleWebKit/537.36 (KHTML, like Gecko; compatible; GPTBot/1.3; +https://openai.com/gptbot)"
74.7.227.62 - - [16/Dec/2025:09:41:20 -0500] "GET /ar/wp-content/plugins/elementor/vendor_prefixed/dependency-injection/php-di/invoker/src/Exception/NotCallableException.php HTTP/2.0" 500 - "-" "Mozilla/5.0 AppleWebKit/537.36 (KHTML, like Gecko; compatible; GPTBot/1.3; +https://openai.com/gptbot)"
50.6.4.141 - - [16/Dec/2025:09:41:52 -0500] "POST /wp-cron.php?doing_wp_cron=1765896112.1650950908660888671875 HTTP/1.1" 200 - "-" "WordPress/6.9; https://emtiyz.com"
5.192.17.158 - - [16/Dec/2025:09:41:51 -0500] "POST /wp-admin/admin-ajax.php HTTP/2.0" 200 47 "https://emtiyz.com/wp-admin/users.php" "Mozilla/5.0 (Windows NT 10.0; Win64; x64) AppleWebKit/537.36 (KHTML, like Gecko) Chrome/143.0.0.0 Safari/537.36"
74.7.227.62 - - [16/Dec/2025:09:42:24 -0500] "GET /ar/wp-content/plugins/elementor/vendor_prefixed/dependency-injection/php-di/invoker/src/Exception/NotEnoughParametersException.php HTTP/2.0" 500 - "-" "Mozilla/5.0 AppleWebKit/537.36 (KHTML, like Gecko; compatible; GPTBot/1.3; +https://openai.com/gptbot)"
74.7.227.62 - - [16/Dec/2025:09:43:26 -0500] "GET /wp-content/plugins/pro-elements/vendor_prefixed/php-di/invoker/src/ParameterResolver/NumericArrayResolver.php HTTP/2.0" 500 - "-" "Mozilla/5.0 AppleWebKit/537.36 (KHTML, like Gecko; compatible; GPTBot/1.3; +https://openai.com/gptbot)"
50.6.4.141 - - [16/Dec/2025:09:43:53 -0500] "POST /wp-cron.php?doing_wp_cron=1765896233.1660199165344238281250 HTTP/1.1" 200 - "-" "WordPress/6.9; https://emtiyz.com"
5.192.17.158 - - [16/Dec/2025:09:43:52 -0500] "POST /wp-admin/admin-ajax.php HTTP/2.0" 200 47 "https://emtiyz.com/wp-admin/users.php" "Mozilla/5.0 (Windows NT 10.0; Win64; x64) AppleWebKit/537.36 (KHTML, like Gecko) Chrome/143.0.0.0 Safari/537.36"
74.7.227.62 - - [16/Dec/2025:09:44:30 -0500] "GET /wp-content/plugins/elementor/assets/lib/backbone/?C=D;O=D HTTP/2.0" 200 1522 "-" "Mozilla/5.0 AppleWebKit/537.36 (KHTML, like Gecko; compatible; GPTBot/1.3; +https://openai.com/gptbot)"
74.7.227.62 - - [16/Dec/2025:09:45:35 -0500] "GET /wp-content/plugins/pro-elements/vendor_prefixed/php-di/invoker/src/ParameterResolver/DefaultValueResolver.php HTTP/2.0" 500 - "-" "Mozilla/5.0 AppleWebKit/537.36 (KHTML, like Gecko; compatible; GPTBot/1.3; +https://openai.com/gptbot)"
5.192.17.158 - - [16/Dec/2025:09:45:53 -0500] "POST /wp-admin/admin-ajax.php HTTP/2.0" 200 47 "https://emtiyz.com/wp-admin/users.php" "Mozilla/5.0 (Windows NT 10.0; Win64; x64) AppleWebKit/537.36 (KHTML, like Gecko) Chrome/143.0.0.0 Safari/537.36"
74.7.227.62 - - [16/Dec/2025:09:46:33 -0500] "GET /ar/wp-content/plugins/pro-elements/vendor_prefixed/laravel/serializable-closure/src/Serializers/Signed.php HTTP/2.0" 500 - "-" "Mozilla/5.0 AppleWebKit/537.36 (KHTML, like Gecko; compatible; GPTBot/1.3; +https://openai.com/gptbot)"
74.7.227.62 - - [16/Dec/2025:09:47:37 -0500] "GET /ar/wp-content/plugins/pro-elements/vendor_prefixed/laravel/serializable-closure/src/Serializers/Native.php HTTP/2.0" 500 - "-" "Mozilla/5.0 AppleWebKit/537.36 (KHTML, like Gecko; compatible; GPTBot/1.3; +https://openai.com/gptbot)"
50.6.4.141 - - [16/Dec/2025:09:47:56 -0500] "POST /wp-cron.php?doing_wp_cron=1765896476.2258338928222656250000 HTTP/1.1" 200 - "-" "WordPress/6.9; https://emtiyz.com"
5.192.17.158 - - [16/Dec/2025:09:47:54 -0500] "POST /wp-admin/admin-ajax.php HTTP/2.0" 200 47 "https://emtiyz.com/wp-admin/users.php" "Mozilla/5.0 (Windows NT 10.0; Win64; x64) AppleWebKit/537.36 (KHTML, like Gecko) Chrome/143.0.0.0 Safari/537.36"
50.6.4.141 - - [16/Dec/2025:09:47:55 -0500] "POST /wp-admin/admin-ajax.php?action=as_async_request_queue_runner&nonce=d567e2068a HTTP/1.1" 200 - "-" "WordPress/6.9; https://emtiyz.com"
74.7.227.62 - - [16/Dec/2025:09:48:41 -0500] "GET /wp-content/plugins/pro-elements/vendor_prefixed/php-di/invoker/src/ParameterResolver/ResolverChain.php HTTP/2.0" 500 - "-" "Mozilla/5.0 AppleWebKit/537.36 (KHTML, like Gecko; compatible; GPTBot/1.3; +https://openai.com/gptbot)"
74.7.227.62 - - [16/Dec/2025:09:49:44 -0500] "GET /ar/wp-content/plugins/pro-elements/modules/hotspot/?C=S;O=D HTTP/2.0" 200 1122 "-" "Mozilla/5.0 AppleWebKit/537.36 (KHTML, like Gecko; compatible; GPTBot/1.3; +https://openai.com/gptbot)"
50.6.4.141 - - [16/Dec/2025:09:49:56 -0500] "POST /wp-cron.php?doing_wp_cron=1765896596.2915539741516113281250 HTTP/1.1" 200 - "-" "WordPress/6.9; https://emtiyz.com"
5.192.17.158 - - [16/Dec/2025:09:49:55 -0500] "POST /wp-admin/admin-ajax.php HTTP/2.0" 200 47 "https://emtiyz.com/wp-admin/users.php" "Mozilla/5.0 (Windows NT 10.0; Win64; x64) AppleWebKit/537.36 (KHTML, like Gecko) Chrome/143.0.0.0 Safari/537.36"
74.7.227.62 - - [16/Dec/2025:09:50:46 -0500] "GET /ar/wp-content/plugins/pro-elements/modules/usage/?C=S;O=D HTTP/2.0" 200 1327 "-" "Mozilla/5.0 AppleWebKit/537.36 (KHTML, like Gecko; compatible; GPTBot/1.3; +https://openai.com/gptbot)"
74.7.227.62 - - [16/Dec/2025:09:51:42 -0500] "GET /ar/wp-content/plugins/pro-elements/core/database/?C=S;O=D HTTP/2.0" 200 1884 "-" "Mozilla/5.0 AppleWebKit/537.36 (KHTML, like Gecko; compatible; GPTBot/1.3; +https://openai.com/gptbot)"
50.6.4.141 - - [16/Dec/2025:09:51:58 -0500] "POST /wp-cron.php?doing_wp_cron=1765896718.1739339828491210937500 HTTP/1.1" 200 - "-" "WordPress/6.9; https://emtiyz.com"
5.192.17.158 - - [16/Dec/2025:09:51:56 -0500] "POST /wp-admin/admin-ajax.php HTTP/2.0" 200 47 "https://emtiyz.com/wp-admin/users.php" "Mozilla/5.0 (Windows NT 10.0; Win64; x64) AppleWebKit/537.36 (KHTML, like Gecko) Chrome/143.0.0.0 Safari/537.36"
50.6.4.141 - - [16/Dec/2025:09:51:57 -0500] "POST /wp-admin/admin-ajax.php?action=as_async_request_queue_runner&nonce=d567e2068a HTTP/1.1" 200 - "-" "WordPress/6.9; https://emtiyz.com"
74.7.227.62 - - [16/Dec/2025:09:52:33 -0500] "GET /ar/wp-content/plugins/pro-elements/modules/hotspot/?C=N;O=D HTTP/2.0" 200 1122 "-" "Mozilla/5.0 AppleWebKit/537.36 (KHTML, like Gecko; compatible; GPTBot/1.3; +https://openai.com/gptbot)"
50.6.4.141 - - [16/Dec/2025:09:52:49 -0500] "POST /wp-cron.php?doing_wp_cron=1765896769.0590119361877441406250 HTTP/1.1" 200 - "-" "WordPress/6.9; https://emtiyz.com"
104.210.140.136 - - [16/Dec/2025:09:52:48 -0500] "GET /robots.txt HTTP/2.0" 301 - "-" "Mozilla/5.0 (Macintosh; Intel Mac OS X 10_15_7) AppleWebKit/537.36 (KHTML, like Gecko) Chrome/131.0.0.0 Safari/537.36; compatible; OAI-SearchBot/1.0; +https://openai.com/searchbot"
104.210.140.139 - - [16/Dec/2025:09:52:50 -0500] "GET /robots.txt HTTP/2.0" 200 153 "-" "Mozilla/5.0 (Macintosh; Intel Mac OS X 10_15_7) AppleWebKit/537.36 (KHTML, like Gecko) Chrome/131.0.0.0 Safari/537.36; compatible; OAI-SearchBot/1.0; +https://openai.com/searchbot"
74.7.227.62 - - [16/Dec/2025:09:53:21 -0500] "GET /ar/wp-content/plugins/pro-elements/core/database/?C=D;O=A HTTP/2.0" 200 1884 "-" "Mozilla/5.0 AppleWebKit/537.36 (KHTML, like Gecko; compatible; GPTBot/1.3; +https://openai.com/gptbot)"
50.6.4.141 - - [16/Dec/2025:09:53:22 -0500] "POST /wp-cron.php?doing_wp_cron=1765896802.2950611114501953125000 HTTP/1.1" 200 - "-" "WordPress/6.9; https://emtiyz.com"
3.140.182.19 - - [16/Dec/2025:09:53:21 -0500] "GET / HTTP/1.1" 301 - "-" "cypex.ai/scanning Mozilla/5.0 (Macintosh; Intel Mac OS X 10_15_7) Chrome/126.0.0.0 Safari/537.36"
5.192.17.158 - - [16/Dec/2025:09:53:57 -0500] "POST /wp-admin/admin-ajax.php HTTP/2.0" 200 47 "https://emtiyz.com/wp-admin/users.php" "Mozilla/5.0 (Windows NT 10.0; Win64; x64) AppleWebKit/537.36 (KHTML, like Gecko) Chrome/143.0.0.0 Safari/537.36"
74.7.227.62 - - [16/Dec/2025:09:54:02 -0500] "GET /wp-content/plugins/elementor/assets/lib/backbone/?C=M;O=A HTTP/2.0" 200 1522 "-" "Mozilla/5.0 AppleWebKit/537.36 (KHTML, like Gecko; compatible; GPTBot/1.3; +https://openai.com/gptbot)"
74.7.227.62 - - [16/Dec/2025:09:54:37 -0500] "GET /ar/wp-content/plugins/pro-elements/modules/forms/?C=N;O=A HTTP/2.0" 200 2181 "-" "Mozilla/5.0 AppleWebKit/537.36 (KHTML, like Gecko; compatible; GPTBot/1.3; +https://openai.com/gptbot)"
74.7.227.62 - - [16/Dec/2025:09:55:11 -0500] "GET /wp-content/plugins/elementor/core/debug/classes/?C=S;O=D HTTP/2.0" 200 1497 "-" "Mozilla/5.0 AppleWebKit/537.36 (KHTML, like Gecko; compatible; GPTBot/1.3; +https://openai.com/gptbot)"
74.7.227.62 - - [16/Dec/2025:09:55:41 -0500] "GET /ar/wp-content/plugins/pro-elements/modules/usage/?C=N;O=D HTTP/2.0" 200 1327 "-" "Mozilla/5.0 AppleWebKit/537.36 (KHTML, like Gecko; compatible; GPTBot/1.3; +https://openai.com/gptbot)"
50.6.4.141 - - [16/Dec/2025:09:55:59 -0500] "POST /wp-cron.php?doing_wp_cron=1765896959.1133310794830322265625 HTTP/1.1" 200 - "-" "WordPress/6.9; https://emtiyz.com"
5.192.17.158 - - [16/Dec/2025:09:55:58 -0500] "POST /wp-admin/admin-ajax.php HTTP/2.0" 200 47 "https://emtiyz.com/wp-admin/users.php" "Mozilla/5.0 (Windows NT 10.0; Win64; x64) AppleWebKit/537.36 (KHTML, like Gecko) Chrome/143.0.0.0 Safari/537.36"
74.7.227.62 - - [16/Dec/2025:09:56:09 -0500] "GET /ar/wp-content/plugins/pro-elements/core/database/?C=M;O=D HTTP/2.0" 200 1884 "-" "Mozilla/5.0 AppleWebKit/537.36 (KHTML, like Gecko; compatible; GPTBot/1.3; +https://openai.com/gptbot)"
74.7.227.62 - - [16/Dec/2025:09:56:33 -0500] "GET /wp-content/plugins/elementor/assets/lib/backbone/?C=N;O=A HTTP/2.0" 200 1522 "-" "Mozilla/5.0 AppleWebKit/537.36 (KHTML, like Gecko; compatible; GPTBot/1.3; +https://openai.com/gptbot)"
74.7.227.62 - - [16/Dec/2025:09:56:55 -0500] "GET /ar/wp-content/plugins/pro-elements/modules/hotspot/?C=N;O=A HTTP/2.0" 200 1122 "-" "Mozilla/5.0 AppleWebKit/537.36 (KHTML, like Gecko; compatible; GPTBot/1.3; +https://openai.com/gptbot)"
74.7.227.62 - - [16/Dec/2025:09:57:16 -0500] "GET /ar/wp-content/plugins/pro-elements/modules/forms/?C=N;O=D HTTP/2.0" 200 2181 "-" "Mozilla/5.0 AppleWebKit/537.36 (KHTML, like Gecko; compatible; GPTBot/1.3; +https://openai.com/gptbot)"
74.7.227.62 - - [16/Dec/2025:09:57:33 -0500] "GET /ar/wp-content/plugins/pro-elements/modules/theme-builder/classes/conditions-repeater.php HTTP/2.0" 200 - "-" "Mozilla/5.0 AppleWebKit/537.36 (KHTML, like Gecko; compatible; GPTBot/1.3; +https://openai.com/gptbot)"
74.7.227.62 - - [16/Dec/2025:09:57:49 -0500] "GET /ar/wp-content/plugins/pro-elements/modules/video-playlist/?C=N;O=D HTTP/2.0" 200 1136 "-" "Mozilla/5.0 AppleWebKit/537.36 (KHTML, like Gecko; compatible; GPTBot/1.3; +https://openai.com/gptbot)"
50.6.4.141 - - [16/Dec/2025:09:58:00 -0500] "POST /wp-cron.php?doing_wp_cron=1765897080.1814770698547363281250 HTTP/1.1" 200 - "-" "WordPress/6.9; https://emtiyz.com"
5.192.17.158 - - [16/Dec/2025:09:57:59 -0500] "POST /wp-admin/admin-ajax.php HTTP/2.0" 200 47 "https://emtiyz.com/wp-admin/users.php" "Mozilla/5.0 (Windows NT 10.0; Win64; x64) AppleWebKit/537.36 (KHTML, like Gecko) Chrome/143.0.0.0 Safari/537.36"
74.7.227.62 - - [16/Dec/2025:09:58:03 -0500] "GET /ar/wp-content/plugins/pro-elements/core/database/?C=D;O=D HTTP/2.0" 200 1884 "-" "Mozilla/5.0 AppleWebKit/537.36 (KHTML, like Gecko; compatible; GPTBot/1.3; +https://openai.com/gptbot)"
74.7.227.62 - - [16/Dec/2025:09:58:16 -0500] "GET /wp-content/plugins/elementor/assets/lib/backbone/?C=M;O=D HTTP/2.0" 200 1522 "-" "Mozilla/5.0 AppleWebKit/537.36 (KHTML, like Gecko; compatible; GPTBot/1.3; +https://openai.com/gptbot)"
74.7.227.62 - - [16/Dec/2025:09:58:28 -0500] "GET /ar/wp-content/plugins/pro-elements/modules/video-playlist/?C=M;O=A HTTP/2.0" 200 1136 "-" "Mozilla/5.0 AppleWebKit/537.36 (KHTML, like Gecko; compatible; GPTBot/1.3; +https://openai.com/gptbot)"
74.7.227.62 - - [16/Dec/2025:09:58:38 -0500] "GET /wp-content/plugins/elementor/core/debug/classes/htaccess.php HTTP/2.0" 500 - "-" "Mozilla/5.0 AppleWebKit/537.36 (KHTML, like Gecko; compatible; GPTBot/1.3; +https://openai.com/gptbot)"
74.7.227.62 - - [16/Dec/2025:09:58:47 -0500] "GET /wp-content/plugins/elementor/core/debug/classes/theme-missing.php HTTP/2.0" 500 - "-" "Mozilla/5.0 AppleWebKit/537.36 (KHTML, like Gecko; compatible; GPTBot/1.3; +https://openai.com/gptbot)"
74.7.227.62 - - [16/Dec/2025:09:59:16 -0500] "GET /wp-content/plugins/elementor/core/debug/classes/shop-page-edit.php HTTP/2.0" 500 - "-" "Mozilla/5.0 AppleWebKit/537.36 (KHTML, like Gecko; compatible; GPTBot/1.3; +https://openai.com/gptbot)"
50.6.4.141 - - [16/Dec/2025:10:00:02 -0500] "POST /wp-cron.php?doing_wp_cron=1765897202.3671240806579589843750 HTTP/1.1" 200 - "-" "WordPress/6.9; https://emtiyz.com"
5.192.17.158 - - [16/Dec/2025:10:00:00 -0500] "POST /wp-admin/admin-ajax.php HTTP/2.0" 200 47 "https://emtiyz.com/wp-admin/users.php" "Mozilla/5.0 (Windows NT 10.0; Win64; x64) AppleWebKit/537.36 (KHTML, like Gecko) Chrome/143.0.0.0 Safari/537.36"
50.6.4.141 - - [16/Dec/2025:10:00:17 -0500] "POST /wp-cron.php?doing_wp_cron=1765897217.2047019004821777343750 HTTP/1.1" 200 - "-" "WordPress/6.9; https://emtiyz.com"
50.6.4.141 - - [16/Dec/2025:10:00:01 -0500] "POST /wp-admin/admin-ajax.php?action=as_async_request_queue_runner&nonce=d567e2068a HTTP/1.1" 200 - "-" "WordPress/6.9; https://emtiyz.com"
74.7.227.62 - - [16/Dec/2025:10:00:20 -0500] "GET /ar/wp-content/plugins/pro-elements/modules/video-playlist/?C=D;O=A HTTP/2.0" 200 1136 "-" "Mozilla/5.0 AppleWebKit/537.36 (KHTML, like Gecko; compatible; GPTBot/1.3; +https://openai.com/gptbot)"
173.252.70.17 - - [16/Dec/2025:10:00:32 -0500] "GET /robots.txt HTTP/2.0" 200 153 "-" "facebookexternalhit/1.1 (+http://www.facebook.com/externalhit_uatext.php)"
74.7.227.62 - - [16/Dec/2025:10:01:23 -0500] "GET /ar/wp-content/plugins/pro-elements/modules/video-playlist/?C=S;O=A HTTP/2.0" 200 1136 "-" "Mozilla/5.0 AppleWebKit/537.36 (KHTML, like Gecko; compatible; GPTBot/1.3; +https://openai.com/gptbot)"
50.6.4.141 - - [16/Dec/2025:10:02:02 -0500] "POST /wp-cron.php?doing_wp_cron=1765897322.3452279567718505859375 HTTP/1.1" 200 - "-" "WordPress/6.9; https://emtiyz.com"
5.192.17.158 - - [16/Dec/2025:10:02:01 -0500] "POST /wp-admin/admin-ajax.php HTTP/2.0" 200 47 "https://emtiyz.com/wp-admin/users.php" "Mozilla/5.0 (Windows NT 10.0; Win64; x64) AppleWebKit/537.36 (KHTML, like Gecko) Chrome/143.0.0.0 Safari/537.36"
74.7.227.62 - - [16/Dec/2025:10:02:21 -0500] "GET /wp-content/plugins/elementor/core/common/modules/finder/categories/tools.php HTTP/2.0" 200 - "-" "Mozilla/5.0 AppleWebKit/537.36 (KHTML, like Gecko; compatible; GPTBot/1.3; +https://openai.com/gptbot)"
50.6.4.141 - - [16/Dec/2025:10:02:45 -0500] "POST /wp-cron.php?doing_wp_cron=1765897365.6289789676666259765625 HTTP/1.1" 200 - "-" "WordPress/6.9; https://emtiyz.com"
91.231.89.16 - - [16/Dec/2025:10:02:44 -0500] "GET / HTTP/1.1" 200 375307 "-" "Mozilla/5.0 (X11; Ubuntu; Linux x86_64; rv:134.0) Gecko/20100101 Firefox/134.0"
74.7.227.62 - - [16/Dec/2025:10:03:11 -0500] "GET /wp-content/plugins/elementor/core/common/modules/finder/categories/create.php HTTP/2.0" 200 - "-" "Mozilla/5.0 AppleWebKit/537.36 (KHTML, like Gecko; compatible; GPTBot/1.3; +https://openai.com/gptbot)"
74.7.227.62 - - [16/Dec/2025:10:03:55 -0500] "GET /ar/wp-content/plugins/pro-elements/modules/video-playlist/?C=N;O=A HTTP/2.0" 200 1136 "-" "Mozilla/5.0 AppleWebKit/537.36 (KHTML, like Gecko; compatible; GPTBot/1.3; +https://openai.com/gptbot)"
50.6.4.141 - - [16/Dec/2025:10:04:03 -0500] "POST /wp-cron.php?doing_wp_cron=1765897443.2229609489440917968750 HTTP/1.1" 200 - "-" "WordPress/6.9; https://emtiyz.com"
5.192.17.158 - - [16/Dec/2025:10:04:02 -0500] "POST /wp-admin/admin-ajax.php HTTP/2.0" 200 47 "https://emtiyz.com/wp-admin/users.php" "Mozilla/5.0 (Windows NT 10.0; Win64; x64) AppleWebKit/537.36 (KHTML, like Gecko) Chrome/143.0.0.0 Safari/537.36"
74.7.227.62 - - [16/Dec/2025:10:04:36 -0500] "GET /ar/wp-content/plugins/elementor/assets/css/modules/editor-v4-opt-in/?C=D;O=D HTTP/2.0" 200 1170 "-" "Mozilla/5.0 AppleWebKit/537.36 (KHTML, like Gecko; compatible; GPTBot/1.3; +https://openai.com/gptbot)"
74.7.227.62 - - [16/Dec/2025:10:05:12 -0500] "GET /ar/wp-content/plugins/pro-elements/modules/dynamic-tags/pods/tags/pods-base.php HTTP/2.0" 200 - "-" "Mozilla/5.0 AppleWebKit/537.36 (KHTML, like Gecko; compatible; GPTBot/1.3; +https://openai.com/gptbot)"
74.7.227.62 - - [16/Dec/2025:10:05:45 -0500] "GET /ar/wp-content/plugins/pro-elements/modules/video-playlist/?C=M;O=D HTTP/2.0" 200 1136 "-" "Mozilla/5.0 AppleWebKit/537.36 (KHTML, like Gecko; compatible; GPTBot/1.3; +https://openai.com/gptbot)"
50.6.4.141 - - [16/Dec/2025:10:06:05 -0500] "POST /wp-cron.php?doing_wp_cron=1765897565.2687389850616455078125 HTTP/1.1" 200 - "-" "WordPress/6.9; https://emtiyz.com"
5.192.17.158 - - [16/Dec/2025:10:06:03 -0500] "POST /wp-admin/admin-ajax.php HTTP/2.0" 200 47 "https://emtiyz.com/wp-admin/users.php" "Mozilla/5.0 (Windows NT 10.0; Win64; x64) AppleWebKit/537.36 (KHTML, like Gecko) Chrome/143.0.0.0 Safari/537.36"
74.7.227.62 - - [16/Dec/2025:10:06:15 -0500] "GET /ar/wp-content/plugins/pro-elements/modules/dynamic-tags/pods/tags/pods-date.php HTTP/2.0" 200 - "-" "Mozilla/5.0 AppleWebKit/537.36 (KHTML, like Gecko; compatible; GPTBot/1.3; +https://openai.com/gptbot)"
50.6.4.141 - - [16/Dec/2025:10:06:20 -0500] "POST /wp-cron.php?doing_wp_cron=1765897580.6828439235687255859375 HTTP/1.1" 200 - "-" "WordPress/6.9; https://emtiyz.com"
50.6.4.141 - - [16/Dec/2025:10:06:04 -0500] "POST /wp-admin/admin-ajax.php?action=as_async_request_queue_runner&nonce=d567e2068a HTTP/1.1" 200 - "-" "WordPress/6.9; https://emtiyz.com"
74.7.227.62 - - [16/Dec/2025:10:06:42 -0500] "GET /ar/wp-content/plugins/pro-elements/modules/dynamic-tags/pods/tags/pods-text.php HTTP/2.0" 200 - "-" "Mozilla/5.0 AppleWebKit/537.36 (KHTML, like Gecko; compatible; GPTBot/1.3; +https://openai.com/gptbot)"
74.7.227.62 - - [16/Dec/2025:10:07:06 -0500] "GET /wp-content/plugins/elementor/core/base/background-process/?C=D;O=D HTTP/2.0" 200 1162 "-" "Mozilla/5.0 AppleWebKit/537.36 (KHTML, like Gecko; compatible; GPTBot/1.3; +https://openai.com/gptbot)"
91.224.92.121 - - [16/Dec/2025:10:07:12 -0500] "OPTIONS / HTTP/1.1" 200 375355 "-" "Mozilla/5.0 (Windows NT 10.0; Win64; x64) AppleWebKit/537.36 (KHTML, like Gecko) Chrome/114.0.5735.199 Safari/537.36"
74.7.227.62 - - [16/Dec/2025:10:07:28 -0500] "GET /ar/wp-content/plugins/pro-elements/modules/video-playlist/?C=D;O=D HTTP/2.0" 200 1136 "-" "Mozilla/5.0 AppleWebKit/537.36 (KHTML, like Gecko; compatible; GPTBot/1.3; +https://openai.com/gptbot)"
74.7.227.62 - - [16/Dec/2025:10:07:48 -0500] "GET /ar/wp-content/plugins/pro-elements/modules/video-playlist/?C=S;O=D HTTP/2.0" 200 1136 "-" "Mozilla/5.0 AppleWebKit/537.36 (KHTML, like Gecko; compatible; GPTBot/1.3; +https://openai.com/gptbot)"
50.6.4.141 - - [16/Dec/2025:10:08:01 -0500] "POST /wp-cron.php?doing_wp_cron=1765897681.5467870235443115234375 HTTP/1.1" 200 - "-" "WordPress/6.9; https://emtiyz.com"
34.48.118.224 - - [16/Dec/2025:10:08:00 -0500] "GET /.git/config HTTP/1.1" 404 103351 "-" "-"
74.7.227.62 - - [16/Dec/2025:10:08:05 -0500] "GET /ar/wp-content/plugins/elementor/assets/lib/animations/styles/e-animation-buzz.min.css HTTP/2.0" 200 355 "-" "Mozilla/5.0 AppleWebKit/537.36 (KHTML, like Gecko; compatible; GPTBot/1.3; +https://openai.com/gptbot)"
74.7.227.62 - - [16/Dec/2025:10:08:21 -0500] "GET /ar/wp-content/plugins/elementor/assets/lib/animations/styles/e-animation-buzz-out.css HTTP/2.0" 200 835 "-" "Mozilla/5.0 AppleWebKit/537.36 (KHTML, like Gecko; compatible; GPTBot/1.3; +https://openai.com/gptbot)"
74.7.227.62 - - [16/Dec/2025:10:08:35 -0500] "GET /ar/wp-content/plugins/elementor/app/modules/import-export/processes/?C=D;O=A HTTP/2.0" 200 1351 "-" "Mozilla/5.0 AppleWebKit/537.36 (KHTML, like Gecko; compatible; GPTBot/1.3; +https://openai.com/gptbot)"
74.7.227.62 - - [16/Dec/2025:10:08:48 -0500] "GET /ar/wp-content/plugins/elementor/app/modules/import-export/processes/?C=S;O=A HTTP/2.0" 200 1351 "-" "Mozilla/5.0 AppleWebKit/537.36 (KHTML, like Gecko; compatible; GPTBot/1.3; +https://openai.com/gptbot)"
74.7.227.62 - - [16/Dec/2025:10:09:00 -0500] "GET /ar/wp-content/plugins/elementor/app/modules/import-export/processes/?C=N;O=D HTTP/2.0" 200 1351 "-" "Mozilla/5.0 AppleWebKit/537.36 (KHTML, like Gecko; compatible; GPTBot/1.3; +https://openai.com/gptbot)"
74.7.227.62 - - [16/Dec/2025:10:09:11 -0500] "GET /ar/wp-content/plugins/elementor/assets/js/packages/editor-documents/?C=D;O=D HTTP/2.0" 200 1785 "-" "Mozilla/5.0 AppleWebKit/537.36 (KHTML, like Gecko; compatible; GPTBot/1.3; +https://openai.com/gptbot)"
74.7.227.62 - - [16/Dec/2025:10:09:20 -0500] "GET /ar/wp-content/plugins/elementor/app/modules/import-export/processes/?C=M;O=A HTTP/2.0" 200 1351 "-" "Mozilla/5.0 AppleWebKit/537.36 (KHTML, like Gecko; compatible; GPTBot/1.3; +https://openai.com/gptbot)"
74.7.227.62 - - [16/Dec/2025:10:09:28 -0500] "GET /ar/wp-content/plugins/pro-elements/modules/hotspot/module.php HTTP/2.0" 200 - "-" "Mozilla/5.0 AppleWebKit/537.36 (KHTML, like Gecko; compatible; GPTBot/1.3; +https://openai.com/gptbot)"
74.7.227.62 - - [16/Dec/2025:10:09:36 -0500] "GET /ar/wp-content/plugins/elementor/includes/widgets/icon.php HTTP/2.0" 200 - "-" "Mozilla/5.0 AppleWebKit/537.36 (KHTML, like Gecko; compatible; GPTBot/1.3; +https://openai.com/gptbot)"
74.7.227.62 - - [16/Dec/2025:10:09:43 -0500] "GET /ar/wp-content/plugins/elementor/includes/widgets/tabs.php HTTP/2.0" 200 - "-" "Mozilla/5.0 AppleWebKit/537.36 (KHTML, like Gecko; compatible; GPTBot/1.3; +https://openai.com/gptbot)"
74.7.227.62 - - [16/Dec/2025:10:09:49 -0500] "GET /ar/wp-content/plugins/pro-elements/modules/assets-manager/asset-types/fonts-manager.php HTTP/2.0" 200 - "-" "Mozilla/5.0 AppleWebKit/537.36 (KHTML, like Gecko; compatible; GPTBot/1.3; +https://openai.com/gptbot)"
74.7.227.62 - - [16/Dec/2025:10:09:54 -0500] "GET /wp-content/plugins/pro-elements/vendor_prefixed/php-di/?C=N;O=D HTTP/2.0" 200 1314 "-" "Mozilla/5.0 AppleWebKit/537.36 (KHTML, like Gecko; compatible; GPTBot/1.3; +https://openai.com/gptbot)"
74.7.227.62 - - [16/Dec/2025:10:09:59 -0500] "GET /wp-content/plugins/pro-elements/vendor_prefixed/php-di/?C=S;O=A HTTP/2.0" 200 1314 "-" "Mozilla/5.0 AppleWebKit/537.36 (KHTML, like Gecko; compatible; GPTBot/1.3; +https://openai.com/gptbot)"
74.7.227.62 - - [16/Dec/2025:10:10:04 -0500] "GET /ar/wp-content/plugins/elementor/app/modules/import-export/processes/?C=D;O=D HTTP/2.0" 200 1351 "-" "Mozilla/5.0 AppleWebKit/537.36 (KHTML, like Gecko; compatible; GPTBot/1.3; +https://openai.com/gptbot)"
74.7.227.62 - - [16/Dec/2025:10:10:08 -0500] "GET /ar/wp-content/plugins/elementor/app/modules/import-export/processes/?C=S;O=D HTTP/2.0" 200 1351 "-" "Mozilla/5.0 AppleWebKit/537.36 (KHTML, like Gecko; compatible; GPTBot/1.3; +https://openai.com/gptbot)"
74.7.227.62 - - [16/Dec/2025:10:10:11 -0500] "GET /ar/wp-content/plugins/elementor/app/modules/import-export/processes/?C=N;O=A HTTP/2.0" 200 1351 "-" "Mozilla/5.0 AppleWebKit/537.36 (KHTML, like Gecko; compatible; GPTBot/1.3; +https://openai.com/gptbot)"
74.7.227.62 - - [16/Dec/2025:10:10:15 -0500] "GET /wp-content/plugins/pro-elements/vendor_prefixed/php-di/?C=D;O=A HTTP/2.0" 200 1314 "-" "Mozilla/5.0 AppleWebKit/537.36 (KHTML, like Gecko; compatible; GPTBot/1.3; +https://openai.com/gptbot)"
74.7.227.62 - - [16/Dec/2025:10:10:18 -0500] "GET /ar/wp-content/plugins/elementor/app/modules/import-export/processes/?C=M;O=D HTTP/2.0" 200 1351 "-" "Mozilla/5.0 AppleWebKit/537.36 (KHTML, like Gecko; compatible; GPTBot/1.3; +https://openai.com/gptbot)"
74.7.227.62 - - [16/Dec/2025:10:10:20 -0500] "GET /wp-content/plugins/pro-elements/vendor_prefixed/php-di/?C=M;O=A HTTP/2.0" 200 1314 "-" "Mozilla/5.0 AppleWebKit/537.36 (KHTML, like Gecko; compatible; GPTBot/1.3; +https://openai.com/gptbot)"
74.7.227.62 - - [16/Dec/2025:10:10:23 -0500] "GET /wp-content/plugins/elementor/assets/css/conditionals/ HTTP/2.0" 200 2589 "-" "Mozilla/5.0 AppleWebKit/537.36 (KHTML, like Gecko; compatible; GPTBot/1.3; +https://openai.com/gptbot)"
74.7.227.62 - - [16/Dec/2025:10:10:25 -0500] "GET /wp-content/plugins/elementor/modules/elementor-counter/ HTTP/2.0" 200 948 "-" "Mozilla/5.0 AppleWebKit/537.36 (KHTML, like Gecko; compatible; GPTBot/1.3; +https://openai.com/gptbot)"
74.7.227.62 - - [16/Dec/2025:10:10:27 -0500] "GET /wp-content/plugins/elementor/modules/promotions/ HTTP/2.0" 200 1835 "-" "Mozilla/5.0 AppleWebKit/537.36 (KHTML, like Gecko; compatible; GPTBot/1.3; +https://openai.com/gptbot)"
74.7.227.62 - - [16/Dec/2025:10:10:29 -0500] "GET /wp-content/plugins/pro-elements/vendor_prefixed/php-di/?C=N;O=A HTTP/2.0" 200 1314 "-" "Mozilla/5.0 AppleWebKit/537.36 (KHTML, like Gecko; compatible; GPTBot/1.3; +https://openai.com/gptbot)"
74.7.227.62 - - [16/Dec/2025:10:10:30 -0500] "GET /wp-content/plugins/pro-elements/vendor_prefixed/php-di/?C=S;O=D HTTP/2.0" 200 1314 "-" "Mozilla/5.0 AppleWebKit/537.36 (KHTML, like Gecko; compatible; GPTBot/1.3; +https://openai.com/gptbot)"
74.7.227.62 - - [16/Dec/2025:10:10:32 -0500] "GET /wp-content/plugins/elementor/modules/styleguide/ HTTP/2.0" 200 1111 "-" "Mozilla/5.0 AppleWebKit/537.36 (KHTML, like Gecko; compatible; GPTBot/1.3; +https://openai.com/gptbot)"
74.7.227.62 - - [16/Dec/2025:10:10:33 -0500] "GET /wp-content/plugins/elementor/includes/interfaces/ HTTP/2.0" 200 1130 "-" "Mozilla/5.0 AppleWebKit/537.36 (KHTML, like Gecko; compatible; GPTBot/1.3; +https://openai.com/gptbot)"
74.7.227.62 - - [16/Dec/2025:10:10:34 -0500] "GET /ar/wp-content/plugins/elementor/assets/css/frontend.css HTTP/2.0" 200 63142 "-" "Mozilla/5.0 AppleWebKit/537.36 (KHTML, like Gecko; compatible; GPTBot/1.3; +https://openai.com/gptbot)"
74.7.227.62 - - [16/Dec/2025:10:10:35 -0500] "GET /wp-content/plugins/pro-elements/vendor_prefixed/php-di/?C=D;O=D HTTP/2.0" 200 1314 "-" "Mozilla/5.0 AppleWebKit/537.36 (KHTML, like Gecko; compatible; GPTBot/1.3; +https://openai.com/gptbot)"
74.7.227.62 - - [16/Dec/2025:10:10:36 -0500] "GET /wp-content/plugins/pro-elements/modules/theme-builder/classes/templates-types-manager.php HTTP/2.0" 200 - "-" "Mozilla/5.0 AppleWebKit/537.36 (KHTML, like Gecko; compatible; GPTBot/1.3; +https://openai.com/gptbot)"
74.7.227.62 - - [16/Dec/2025:10:10:37 -0500] "GET /wp-content/plugins/pro-elements/vendor_prefixed/php-di/?C=M;O=D HTTP/2.0" 200 1314 "-" "Mozilla/5.0 AppleWebKit/537.36 (KHTML, like Gecko; compatible; GPTBot/1.3; +https://openai.com/gptbot)"
74.7.227.62 - - [16/Dec/2025:10:10:38 -0500] "GET /wp-content/plugins/elementor/assets/css/conditionals/apple-webkit.min.css HTTP/2.0" 200 7025 "-" "Mozilla/5.0 AppleWebKit/537.36 (KHTML, like Gecko; compatible; GPTBot/1.3; +https://openai.com/gptbot)"
74.7.227.62 - - [16/Dec/2025:10:10:38 -0500] "GET /wp-content/plugins/elementor/assets/css/conditionals/lightbox.css HTTP/2.0" 200 12777 "-" "Mozilla/5.0 AppleWebKit/537.36 (KHTML, like Gecko; compatible; GPTBot/1.3; +https://openai.com/gptbot)"
74.7.227.62 - - [16/Dec/2025:10:10:39 -0500] "GET /wp-content/plugins/elementor/modules/promotions/admin-menu-items/ HTTP/2.0" 200 2572 "-" "Mozilla/5.0 AppleWebKit/537.36 (KHTML, like Gecko; compatible; GPTBot/1.3; +https://openai.com/gptbot)"
74.7.227.62 - - [16/Dec/2025:10:10:39 -0500] "GET /wp-content/plugins/elementor/assets/css/conditionals/dialog.css HTTP/2.0" 200 17224 "-" "Mozilla/5.0 AppleWebKit/537.36 (KHTML, like Gecko; compatible; GPTBot/1.3; +https://openai.com/gptbot)"
74.7.227.62 - - [16/Dec/2025:10:10:40 -0500] "GET /wp-content/plugins/elementor/assets/css/conditionals/shapes.css HTTP/2.0" 200 976 "-" "Mozilla/5.0 AppleWebKit/537.36 (KHTML, like Gecko; compatible; GPTBot/1.3; +https://openai.com/gptbot)"
74.7.227.62 - - [16/Dec/2025:10:10:40 -0500] "GET /wp-content/plugins/elementor/assets/css/conditionals/apple-webkit.css HTTP/2.0" 200 7482 "-" "Mozilla/5.0 AppleWebKit/537.36 (KHTML, like Gecko; compatible; GPTBot/1.3; +https://openai.com/gptbot)"
74.7.227.62 - - [16/Dec/2025:10:10:41 -0500] "GET /wp-content/plugins/elementor/includes/interfaces/?C=D;O=A HTTP/2.0" 200 1130 "-" "Mozilla/5.0 AppleWebKit/537.36 (KHTML, like Gecko; compatible; GPTBot/1.3; +https://openai.com/gptbot)"
74.7.227.62 - - [16/Dec/2025:10:10:41 -0500] "GET /wp-content/plugins/elementor/includes/interfaces/?C=N;O=D HTTP/2.0" 200 1130 "-" "Mozilla/5.0 AppleWebKit/537.36 (KHTML, like Gecko; compatible; GPTBot/1.3; +https://openai.com/gptbot)"
74.7.227.62 - - [16/Dec/2025:10:10:42 -0500] "GET /wp-content/plugins/elementor/includes/interfaces/?C=M;O=A HTTP/2.0" 200 1130 "-" "Mozilla/5.0 AppleWebKit/537.36 (KHTML, like Gecko; compatible; GPTBot/1.3; +https://openai.com/gptbot)"
74.7.227.62 - - [16/Dec/2025:10:10:43 -0500] "GET /wp-content/plugins/elementor/includes/interfaces/?C=S;O=A HTTP/2.0" 200 1130 "-" "Mozilla/5.0 AppleWebKit/537.36 (KHTML, like Gecko; compatible; GPTBot/1.3; +https://openai.com/gptbot)"
74.7.227.62 - - [16/Dec/2025:10:10:43 -0500] "GET /wp-content/plugins/elementor/includes/interfaces/has-validation.php HTTP/2.0" 200 - "-" "Mozilla/5.0 AppleWebKit/537.36 (KHTML, like Gecko; compatible; GPTBot/1.3; +https://openai.com/gptbot)"
74.7.227.62 - - [16/Dec/2025:10:10:44 -0500] "GET /wp-content/plugins/elementor/modules/promotions/widgets/ HTTP/2.0" 200 978 "-" "Mozilla/5.0 AppleWebKit/537.36 (KHTML, like Gecko; compatible; GPTBot/1.3; +https://openai.com/gptbot)"
74.7.227.62 - - [16/Dec/2025:10:10:44 -0500] "GET /wp-content/plugins/elementor/modules/styleguide/module.php HTTP/2.0" 200 - "-" "Mozilla/5.0 AppleWebKit/537.36 (KHTML, like Gecko; compatible; GPTBot/1.3; +https://openai.com/gptbot)"
74.7.227.62 - - [16/Dec/2025:10:10:45 -0500] "GET /wp-content/plugins/elementor/modules/promotions/admin-menu-items/base-promotion-template.php HTTP/2.0" 200 - "-" "Mozilla/5.0 AppleWebKit/537.36 (KHTML, like Gecko; compatible; GPTBot/1.3; +https://openai.com/gptbot)"
74.7.227.62 - - [16/Dec/2025:10:10:45 -0500] "GET /wp-content/plugins/elementor/modules/promotions/admin-menu-items/custom-fonts-promotion-item.php HTTP/2.0" 200 - "-" "Mozilla/5.0 AppleWebKit/537.36 (KHTML, like Gecko; compatible; GPTBot/1.3; +https://openai.com/gptbot)"
74.7.227.62 - - [16/Dec/2025:10:10:46 -0500] "GET /wp-content/plugins/elementor/modules/promotions/admin-menu-items/custom-code-promotion-item.php HTTP/2.0" 200 - "-" "Mozilla/5.0 AppleWebKit/537.36 (KHTML, like Gecko; compatible; GPTBot/1.3; +https://openai.com/gptbot)"
74.7.227.62 - - [16/Dec/2025:10:10:46 -0500] "GET /wp-content/plugins/elementor/modules/promotions/admin-menu-items/custom-icons-promotion-item.php HTTP/2.0" 200 - "-" "Mozilla/5.0 AppleWebKit/537.36 (KHTML, like Gecko; compatible; GPTBot/1.3; +https://openai.com/gptbot)"
74.7.227.62 - - [16/Dec/2025:10:10:47 -0500] "GET /wp-content/plugins/elementor/includes/interfaces/?C=D;O=D HTTP/2.0" 200 1130 "-" "Mozilla/5.0 AppleWebKit/537.36 (KHTML, like Gecko; compatible; GPTBot/1.3; +https://openai.com/gptbot)"
74.7.227.62 - - [16/Dec/2025:10:10:47 -0500] "GET /wp-content/plugins/elementor/includes/interfaces/?C=N;O=A HTTP/2.0" 200 1130 "-" "Mozilla/5.0 AppleWebKit/537.36 (KHTML, like Gecko; compatible; GPTBot/1.3; +https://openai.com/gptbot)"
74.7.227.62 - - [16/Dec/2025:10:10:48 -0500] "GET /wp-content/plugins/elementor/includes/interfaces/?C=M;O=D HTTP/2.0" 200 1130 "-" "Mozilla/5.0 AppleWebKit/537.36 (KHTML, like Gecko; compatible; GPTBot/1.3; +https://openai.com/gptbot)"
