74.7.227.62 - - [16/Dec/2025:07:56:52 -0500] "GET /wp-content/plugins/pro-elements/modules/theme-builder/widgets/?C=M;O=D HTTP/2.0" 200 2646 "-" "Mozilla/5.0 AppleWebKit/537.36 (KHTML, like Gecko; compatible; GPTBot/1.3; +https://openai.com/gptbot)"
74.7.227.62 - - [16/Dec/2025:07:56:53 -0500] "GET /wp-content/plugins/pro-elements/modules/floating-buttons/base/widget-contact-button-base-pro.php HTTP/2.0" 500 - "-" "Mozilla/5.0 AppleWebKit/537.36 (KHTML, like Gecko; compatible; GPTBot/1.3; +https://openai.com/gptbot)"
74.7.227.62 - - [16/Dec/2025:07:56:53 -0500] "GET /wp-content/plugins/pro-elements/modules/floating-buttons/base/widget-floating-bars-base-pro.php HTTP/2.0" 500 - "-" "Mozilla/5.0 AppleWebKit/537.36 (KHTML, like Gecko; compatible; GPTBot/1.3; +https://openai.com/gptbot)"
74.7.227.62 - - [16/Dec/2025:07:56:55 -0500] "GET /wp-content/plugins/pro-elements/modules/theme-builder/classes/?C=S;O=D HTTP/2.0" 200 2516 "-" "Mozilla/5.0 AppleWebKit/537.36 (KHTML, like Gecko; compatible; GPTBot/1.3; +https://openai.com/gptbot)"
50.6.4.141 - - [16/Dec/2025:07:57:01 -0500] "POST /wp-cron.php?doing_wp_cron=1765889821.1004350185394287109375 HTTP/1.1" 200 - "-" "WordPress/6.9; https://emtiyz.com"
74.7.227.62 - - [16/Dec/2025:07:57:00 -0500] "GET /wp-content/plugins/pro-elements/assets/js/progress-tracker.fd1d31a26340ed74e10a.bundle.js.map HTTP/2.0" 404 103890 "-" "Mozilla/5.0 AppleWebKit/537.36 (KHTML, like Gecko; compatible; GPTBot/1.3; +https://openai.com/gptbot)"
5.192.17.158 - - [16/Dec/2025:07:56:59 -0500] "POST /wp-admin/admin-ajax.php HTTP/2.0" 200 47 "https://emtiyz.com/wp-admin/users.php" "Mozilla/5.0 (Windows NT 10.0; Win64; x64) AppleWebKit/537.36 (KHTML, like Gecko) Chrome/143.0.0.0 Safari/537.36"
74.7.227.62 - - [16/Dec/2025:07:57:04 -0500] "GET /wp-content/plugins/pro-elements/modules/link-in-bio/classes/render/single-button-cta-render.php HTTP/2.0" 500 - "-" "Mozilla/5.0 AppleWebKit/537.36 (KHTML, like Gecko; compatible; GPTBot/1.3; +https://openai.com/gptbot)"
50.6.4.141 - - [16/Dec/2025:07:57:00 -0500] "POST /wp-admin/admin-ajax.php?action=as_async_request_queue_runner&nonce=d567e2068a HTTP/1.1" 200 - "-" "WordPress/6.9; https://emtiyz.com"
74.7.227.62 - - [16/Dec/2025:07:57:08 -0500] "GET /wp-content/plugins/pro-elements/assets/css/widget-author-box-rtl.min.css HTTP/2.0" 200 2245 "-" "Mozilla/5.0 AppleWebKit/537.36 (KHTML, like Gecko; compatible; GPTBot/1.3; +https://openai.com/gptbot)"
74.7.227.62 - - [16/Dec/2025:07:57:21 -0500] "GET /wp-content/plugins/pro-elements/assets/css/widget-author-box.min.css HTTP/2.0" 200 2245 "-" "Mozilla/5.0 AppleWebKit/537.36 (KHTML, like Gecko; compatible; GPTBot/1.3; +https://openai.com/gptbot)"
50.6.4.141 - - [16/Dec/2025:07:57:24 -0500] "POST /wp-cron.php?doing_wp_cron=1765889844.5885889530181884765625 HTTP/1.1" 200 - "-" "WordPress/6.9; https://emtiyz.com"
54.147.182.90 - - [16/Dec/2025:07:57:24 -0500] "GET /make/retail/feed/ HTTP/1.1" 200 2956 "-" "Mozilla/5.0 AppleWebKit/537.36 (KHTML, like Gecko; compatible; Amazonbot/0.1; +https://developer.amazon.com/support/amazonbot) Chrome/119.0.6045.214 Safari/537.36"
74.7.227.62 - - [16/Dec/2025:07:57:33 -0500] "GET /wp-content/plugins/pro-elements/assets/css/templates/widget-woocommerce-product-add-to-cart.min.css HTTP/2.0" 200 89683 "-" "Mozilla/5.0 AppleWebKit/537.36 (KHTML, like Gecko; compatible; GPTBot/1.3; +https://openai.com/gptbot)"
74.7.227.62 - - [16/Dec/2025:07:57:43 -0500] "GET /wp-content/plugins/pro-elements/base/base-widget.php HTTP/2.0" 200 - "-" "Mozilla/5.0 AppleWebKit/537.36 (KHTML, like Gecko; compatible; GPTBot/1.3; +https://openai.com/gptbot)"
74.7.227.62 - - [16/Dec/2025:07:57:52 -0500] "GET /wp-content/plugins/pro-elements/assets/js/loop-filter-editor.46a4c013b80a381a50c9.bundle.js.map HTTP/2.0" 404 103902 "-" "Mozilla/5.0 AppleWebKit/537.36 (KHTML, like Gecko; compatible; GPTBot/1.3; +https://openai.com/gptbot)"
74.7.227.62 - - [16/Dec/2025:07:58:00 -0500] "GET /wp-content/plugins/pro-elements/modules/floating-buttons/classes/render/ HTTP/2.0" 200 3062 "-" "Mozilla/5.0 AppleWebKit/537.36 (KHTML, like Gecko; compatible; GPTBot/1.3; +https://openai.com/gptbot)"
74.7.227.62 - - [16/Dec/2025:07:58:09 -0500] "GET /wp-content/plugins/pro-elements/modules/carousel/widgets/media-carousel.php HTTP/2.0" 200 - "-" "Mozilla/5.0 AppleWebKit/537.36 (KHTML, like Gecko; compatible; GPTBot/1.3; +https://openai.com/gptbot)"
74.7.227.62 - - [16/Dec/2025:07:58:16 -0500] "GET /wp-content/plugins/pro-elements/assets/js/off-canvas.41d355285c19e4440547.bundle.min.js HTTP/2.0" 200 6946 "-" "Mozilla/5.0 AppleWebKit/537.36 (KHTML, like Gecko; compatible; GPTBot/1.3; +https://openai.com/gptbot)"
74.7.227.62 - - [16/Dec/2025:07:58:23 -0500] "GET /wp-content/plugins/pro-elements/assets/js/contact-buttons-var-10.0dc9f4c9e85e7c4baa3a.bundle.min.js HTTP/2.0" 200 7864 "-" "Mozilla/5.0 AppleWebKit/537.36 (KHTML, like Gecko; compatible; GPTBot/1.3; +https://openai.com/gptbot)"
50.6.4.141 - - [16/Dec/2025:07:58:30 -0500] "POST /wp-cron.php?doing_wp_cron=1765889910.6048750877380371093750 HTTP/1.1" 200 - "-" "WordPress/6.9; https://emtiyz.com"
74.7.227.62 - - [16/Dec/2025:07:58:29 -0500] "GET /wp-content/plugins/pro-elements/assets/js/contact-buttons-var-10.49a45dadc9c2facb4972.bundle.js.map HTTP/2.0" 404 103926 "-" "Mozilla/5.0 AppleWebKit/537.36 (KHTML, like Gecko; compatible; GPTBot/1.3; +https://openai.com/gptbot)"
74.7.227.62 - - [16/Dec/2025:07:58:35 -0500] "GET /wp-content/plugins/pro-elements/sample-data/simple-taxonomy-loop-template.json HTTP/2.0" 200 6698 "-" "Mozilla/5.0 AppleWebKit/537.36 (KHTML, like Gecko; compatible; GPTBot/1.3; +https://openai.com/gptbot)"
74.7.227.62 - - [16/Dec/2025:07:58:40 -0500] "GET /wp-content/plugins/pro-elements/modules/woocommerce/tags/traits/?C=D;O=A HTTP/2.0" 200 994 "-" "Mozilla/5.0 AppleWebKit/537.36 (KHTML, like Gecko; compatible; GPTBot/1.3; +https://openai.com/gptbot)"
74.7.227.62 - - [16/Dec/2025:07:58:45 -0500] "GET /wp-content/plugins/pro-elements/modules/woocommerce/tags/traits/?C=N;O=D HTTP/2.0" 200 994 "-" "Mozilla/5.0 AppleWebKit/537.36 (KHTML, like Gecko; compatible; GPTBot/1.3; +https://openai.com/gptbot)"
74.7.227.62 - - [16/Dec/2025:07:58:49 -0500] "GET /wp-content/plugins/pro-elements/modules/woocommerce/tags/traits/?C=S;O=A HTTP/2.0" 200 994 "-" "Mozilla/5.0 AppleWebKit/537.36 (KHTML, like Gecko; compatible; GPTBot/1.3; +https://openai.com/gptbot)"
74.7.227.62 - - [16/Dec/2025:07:58:53 -0500] "GET /wp-content/plugins/pro-elements/modules/woocommerce/tags/traits/?C=M;O=A HTTP/2.0" 200 994 "-" "Mozilla/5.0 AppleWebKit/537.36 (KHTML, like Gecko; compatible; GPTBot/1.3; +https://openai.com/gptbot)"
74.7.227.62 - - [16/Dec/2025:07:58:57 -0500] "GET /wp-content/plugins/elementor/core/app/modules/kit-library/connect/kit-library.php HTTP/2.0" 200 - "-" "Mozilla/5.0 AppleWebKit/537.36 (KHTML, like Gecko; compatible; GPTBot/1.3; +https://openai.com/gptbot)"
74.7.227.62 - - [16/Dec/2025:07:59:00 -0500] "GET /wp-content/plugins/pro-elements/modules/floating-buttons/classes/render/floating-bars-var-3-render.php HTTP/2.0" 500 - "-" "Mozilla/5.0 AppleWebKit/537.36 (KHTML, like Gecko; compatible; GPTBot/1.3; +https://openai.com/gptbot)"
50.6.4.141 - - [16/Dec/2025:07:59:02 -0500] "POST /wp-cron.php?doing_wp_cron=1765889942.4911179542541503906250 HTTP/1.1" 200 - "-" "WordPress/6.9; https://emtiyz.com"
5.192.17.158 - - [16/Dec/2025:07:59:01 -0500] "POST /wp-admin/admin-ajax.php HTTP/2.0" 200 47 "https://emtiyz.com/wp-admin/users.php" "Mozilla/5.0 (Windows NT 10.0; Win64; x64) AppleWebKit/537.36 (KHTML, like Gecko) Chrome/143.0.0.0 Safari/537.36"
74.7.227.62 - - [16/Dec/2025:07:59:03 -0500] "GET /wp-content/plugins/pro-elements/modules/floating-buttons/classes/render/floating-bars-var-2-render.php HTTP/2.0" 500 - "-" "Mozilla/5.0 AppleWebKit/537.36 (KHTML, like Gecko; compatible; GPTBot/1.3; +https://openai.com/gptbot)"
74.7.227.62 - - [16/Dec/2025:07:59:12 -0500] "GET /wp-content/plugins/pro-elements/modules/floating-buttons/classes/render/contact-buttons-var-1-render.php HTTP/2.0" 500 - "-" "Mozilla/5.0 AppleWebKit/537.36 (KHTML, like Gecko; compatible; GPTBot/1.3; +https://openai.com/gptbot)"
74.7.227.62 - - [16/Dec/2025:07:59:39 -0500] "GET /wp-content/plugins/pro-elements/modules/floating-buttons/classes/render/?C=N;O=D HTTP/2.0" 200 3062 "-" "Mozilla/5.0 AppleWebKit/537.36 (KHTML, like Gecko; compatible; GPTBot/1.3; +https://openai.com/gptbot)"
74.7.227.62 - - [16/Dec/2025:08:00:44 -0500] "GET /wp-content/plugins/pro-elements/modules/floating-buttons/classes/render/?C=M;O=A HTTP/2.0" 200 3062 "-" "Mozilla/5.0 AppleWebKit/537.36 (KHTML, like Gecko; compatible; GPTBot/1.3; +https://openai.com/gptbot)"
5.192.17.158 - - [16/Dec/2025:08:01:01 -0500] "POST /wp-admin/admin-ajax.php HTTP/2.0" 200 47 "https://emtiyz.com/wp-admin/users.php" "Mozilla/5.0 (Windows NT 10.0; Win64; x64) AppleWebKit/537.36 (KHTML, like Gecko) Chrome/143.0.0.0 Safari/537.36"
40.124.171.173 - - [16/Dec/2025:08:01:27 -0500] "GET / HTTP/1.1" 301 - "-" "Mozilla/5.0 zgrab/0.x"
40.124.171.173 - - [16/Dec/2025:08:01:32 -0500] "GET / HTTP/1.1" 200 375307 "https://50.6.4.141/" "Mozilla/5.0 zgrab/0.x"
74.7.227.62 - - [16/Dec/2025:08:01:39 -0500] "GET /wp-content/plugins/pro-elements/modules/floating-buttons/classes/render/?C=S;O=A HTTP/2.0" 200 3062 "-" "Mozilla/5.0 AppleWebKit/537.36 (KHTML, like Gecko; compatible; GPTBot/1.3; +https://openai.com/gptbot)"
74.7.227.62 - - [16/Dec/2025:08:02:28 -0500] "GET /wp-content/plugins/pro-elements/modules/floating-buttons/classes/render/?C=D;O=A HTTP/2.0" 200 3062 "-" "Mozilla/5.0 AppleWebKit/537.36 (KHTML, like Gecko; compatible; GPTBot/1.3; +https://openai.com/gptbot)"
5.192.17.158 - - [16/Dec/2025:08:03:03 -0500] "POST /wp-admin/admin-ajax.php HTTP/2.0" 200 47 "https://emtiyz.com/wp-admin/users.php" "Mozilla/5.0 (Windows NT 10.0; Win64; x64) AppleWebKit/537.36 (KHTML, like Gecko) Chrome/143.0.0.0 Safari/537.36"
74.7.227.62 - - [16/Dec/2025:08:03:15 -0500] "GET /wp-content/plugins/pro-elements/modules/floating-buttons/classes/render/contact-buttons-var-6-render.php HTTP/2.0" 500 - "-" "Mozilla/5.0 AppleWebKit/537.36 (KHTML, like Gecko; compatible; GPTBot/1.3; +https://openai.com/gptbot)"
74.7.227.62 - - [16/Dec/2025:08:03:55 -0500] "GET /wp-content/plugins/pro-elements/modules/floating-buttons/classes/render/contact-buttons-var-5-render.php HTTP/2.0" 500 - "-" "Mozilla/5.0 AppleWebKit/537.36 (KHTML, like Gecko; compatible; GPTBot/1.3; +https://openai.com/gptbot)"
74.7.227.62 - - [16/Dec/2025:08:04:56 -0500] "GET /wp-content/plugins/pro-elements/modules/floating-buttons/classes/render/contact-buttons-var-7-render.php HTTP/2.0" 500 - "-" "Mozilla/5.0 AppleWebKit/537.36 (KHTML, like Gecko; compatible; GPTBot/1.3; +https://openai.com/gptbot)"
5.192.17.158 - - [16/Dec/2025:08:05:03 -0500] "POST /wp-admin/admin-ajax.php HTTP/2.0" 200 47 "https://emtiyz.com/wp-admin/users.php" "Mozilla/5.0 (Windows NT 10.0; Win64; x64) AppleWebKit/537.36 (KHTML, like Gecko) Chrome/143.0.0.0 Safari/537.36"
74.7.227.62 - - [16/Dec/2025:08:05:58 -0500] "GET /wp-content/plugins/pro-elements/modules/floating-buttons/classes/render/contact-buttons-var-4-render.php HTTP/2.0" 500 - "-" "Mozilla/5.0 AppleWebKit/537.36 (KHTML, like Gecko; compatible; GPTBot/1.3; +https://openai.com/gptbot)"
74.7.227.62 - - [16/Dec/2025:08:07:04 -0500] "GET /wp-content/plugins/pro-elements/modules/floating-buttons/classes/render/contact-buttons-var-9-render.php HTTP/2.0" 500 - "-" "Mozilla/5.0 AppleWebKit/537.36 (KHTML, like Gecko; compatible; GPTBot/1.3; +https://openai.com/gptbot)"
5.192.17.158 - - [16/Dec/2025:08:07:04 -0500] "POST /wp-admin/admin-ajax.php HTTP/2.0" 200 47 "https://emtiyz.com/wp-admin/users.php" "Mozilla/5.0 (Windows NT 10.0; Win64; x64) AppleWebKit/537.36 (KHTML, like Gecko) Chrome/143.0.0.0 Safari/537.36"
74.7.227.62 - - [16/Dec/2025:08:08:09 -0500] "GET /wp-content/plugins/pro-elements/modules/floating-buttons/classes/render/contact-buttons-var-3-render.php HTTP/2.0" 500 - "-" "Mozilla/5.0 AppleWebKit/537.36 (KHTML, like Gecko; compatible; GPTBot/1.3; +https://openai.com/gptbot)"
209.145.48.233 - - [16/Dec/2025:08:08:09 -0500] "POST / HTTP/1.1" 200 375355 "-" "Mozilla/5.0 (Windows NT 10.0; Win64; x64) AppleWebKit/537.36"
5.192.17.158 - - [16/Dec/2025:08:09:05 -0500] "POST /wp-admin/admin-ajax.php HTTP/2.0" 200 47 "https://emtiyz.com/wp-admin/users.php" "Mozilla/5.0 (Windows NT 10.0; Win64; x64) AppleWebKit/537.36 (KHTML, like Gecko) Chrome/143.0.0.0 Safari/537.36"
74.7.227.62 - - [16/Dec/2025:08:09:12 -0500] "GET /wp-content/plugins/pro-elements/modules/floating-buttons/classes/render/contact-buttons-var-8-render.php HTTP/2.0" 500 - "-" "Mozilla/5.0 AppleWebKit/537.36 (KHTML, like Gecko; compatible; GPTBot/1.3; +https://openai.com/gptbot)"
47.128.96.131 - - [16/Dec/2025:08:09:24 -0500] "GET /robots.txt HTTP/2.0" 301 - "-" "Go-http-client/2.0"
47.128.96.131 - - [16/Dec/2025:08:09:25 -0500] "GET /robots.txt HTTP/2.0" 200 153 "https://www.emtiyz.com/robots.txt" "Go-http-client/2.0"
74.7.227.62 - - [16/Dec/2025:08:10:14 -0500] "GET /wp-content/plugins/pro-elements/modules/floating-buttons/classes/render/floating-bars-var-2-render.php HTTP/2.0" 500 - "-" "Mozilla/5.0 AppleWebKit/537.36 (KHTML, like Gecko; compatible; GPTBot/1.3; +https://openai.com/gptbot)"
45.80.158.32 - - [16/Dec/2025:08:10:19 -0500] "GET /.env HTTP/1.1" 404 103303 "-" "Mozilla/5.0 (Linux; U; Android 4.4.2; en-US; HM NOTE 1W Build/KOT49H) AppleWebKit/534.30 (KHTML, like Gecko) Version/4.0 UCBrowser/11.0.5.850 U3/0.8.0 Mobile Safari/534.30"
45.80.158.32 - - [16/Dec/2025:08:10:20 -0500] "POST / HTTP/1.1" 200 375355 "-" "Mozilla/5.0 (Linux; U; Android 4.4.2; en-US; HM NOTE 1W Build/KOT49H) AppleWebKit/534.30 (KHTML, like Gecko) Version/4.0 UCBrowser/11.0.5.850 U3/0.8.0 Mobile Safari/534.30"
5.192.17.158 - - [16/Dec/2025:08:11:07 -0500] "POST /wp-admin/admin-ajax.php HTTP/2.0" 200 47 "https://emtiyz.com/wp-admin/users.php" "Mozilla/5.0 (Windows NT 10.0; Win64; x64) AppleWebKit/537.36 (KHTML, like Gecko) Chrome/143.0.0.0 Safari/537.36"
51.158.253.248 - - [16/Dec/2025:08:11:17 -0500] "POST / HTTP/1.1" 200 375355 "-" "Mozilla/5.0 (Windows NT 10.0; Win64; x64) AppleWebKit/537.36"
74.7.227.62 - - [16/Dec/2025:08:11:19 -0500] "GET /wp-content/plugins/pro-elements/modules/floating-buttons/classes/render/floating-bars-var-3-render.php HTTP/2.0" 500 - "-" "Mozilla/5.0 AppleWebKit/537.36 (KHTML, like Gecko; compatible; GPTBot/1.3; +https://openai.com/gptbot)"
74.7.227.62 - - [16/Dec/2025:08:12:22 -0500] "GET /wp-content/plugins/pro-elements/modules/floating-buttons/classes/render/contact-buttons-var-1-render.php HTTP/2.0" 500 - "-" "Mozilla/5.0 AppleWebKit/537.36 (KHTML, like Gecko; compatible; GPTBot/1.3; +https://openai.com/gptbot)"
5.192.17.158 - - [16/Dec/2025:08:13:07 -0500] "POST /wp-admin/admin-ajax.php HTTP/2.0" 200 47 "https://emtiyz.com/wp-admin/users.php" "Mozilla/5.0 (Windows NT 10.0; Win64; x64) AppleWebKit/537.36 (KHTML, like Gecko) Chrome/143.0.0.0 Safari/537.36"
74.7.227.62 - - [16/Dec/2025:08:13:27 -0500] "GET /wp-content/plugins/pro-elements/modules/floating-buttons/classes/render/?C=M;O=D HTTP/2.0" 200 3062 "-" "Mozilla/5.0 AppleWebKit/537.36 (KHTML, like Gecko; compatible; GPTBot/1.3; +https://openai.com/gptbot)"
74.7.227.62 - - [16/Dec/2025:08:14:30 -0500] "GET /wp-content/plugins/pro-elements/modules/floating-buttons/classes/render/?C=D;O=D HTTP/2.0" 200 3062 "-" "Mozilla/5.0 AppleWebKit/537.36 (KHTML, like Gecko; compatible; GPTBot/1.3; +https://openai.com/gptbot)"
5.192.17.158 - - [16/Dec/2025:08:15:08 -0500] "POST /wp-admin/admin-ajax.php HTTP/2.0" 200 47 "https://emtiyz.com/wp-admin/users.php" "Mozilla/5.0 (Windows NT 10.0; Win64; x64) AppleWebKit/537.36 (KHTML, like Gecko) Chrome/143.0.0.0 Safari/537.36"
74.7.227.62 - - [16/Dec/2025:08:15:26 -0500] "GET /wp-content/plugins/pro-elements/modules/floating-buttons/classes/render/?C=N;O=A HTTP/2.0" 200 3062 "-" "Mozilla/5.0 AppleWebKit/537.36 (KHTML, like Gecko; compatible; GPTBot/1.3; +https://openai.com/gptbot)"
74.7.227.62 - - [16/Dec/2025:08:16:15 -0500] "GET /wp-content/plugins/pro-elements/modules/floating-buttons/classes/render/?C=S;O=D HTTP/2.0" 200 3062 "-" "Mozilla/5.0 AppleWebKit/537.36 (KHTML, like Gecko; compatible; GPTBot/1.3; +https://openai.com/gptbot)"
74.7.227.62 - - [16/Dec/2025:08:17:01 -0500] "GET /wp-content/plugins/pro-elements/modules/floating-buttons/classes/render/contact-buttons-var-10-render.php HTTP/2.0" 500 - "-" "Mozilla/5.0 AppleWebKit/537.36 (KHTML, like Gecko; compatible; GPTBot/1.3; +https://openai.com/gptbot)"
5.192.17.158 - - [16/Dec/2025:08:17:09 -0500] "POST /wp-admin/admin-ajax.php HTTP/2.0" 200 47 "https://emtiyz.com/wp-admin/users.php" "Mozilla/5.0 (Windows NT 10.0; Win64; x64) AppleWebKit/537.36 (KHTML, like Gecko) Chrome/143.0.0.0 Safari/537.36"
74.7.227.62 - - [16/Dec/2025:08:17:42 -0500] "GET /wp-content/plugins/pro-elements/modules/woocommerce/tags/traits/?C=D;O=D HTTP/2.0" 200 994 "-" "Mozilla/5.0 AppleWebKit/537.36 (KHTML, like Gecko; compatible; GPTBot/1.3; +https://openai.com/gptbot)"
209.141.48.80 - - [16/Dec/2025:08:18:33 -0500] "GET /?author=4 HTTP/1.1" 200 107745 "http://www.google.com.hk" "Mozilla/5.0 (Windows NT 6.1; WOW64) AppleWebKit/537.36 (KHTML, like Gecko) Chrome/42.0.2311.90 Safari/537.36"
74.7.227.62 - - [16/Dec/2025:08:18:43 -0500] "GET /wp-content/plugins/pro-elements/modules/woocommerce/tags/traits/?C=M;O=D HTTP/2.0" 200 994 "-" "Mozilla/5.0 AppleWebKit/537.36 (KHTML, like Gecko; compatible; GPTBot/1.3; +https://openai.com/gptbot)"
5.192.17.158 - - [16/Dec/2025:08:19:10 -0500] "POST /wp-admin/admin-ajax.php HTTP/2.0" 200 47 "https://emtiyz.com/wp-admin/users.php" "Mozilla/5.0 (Windows NT 10.0; Win64; x64) AppleWebKit/537.36 (KHTML, like Gecko) Chrome/143.0.0.0 Safari/537.36"
51.75.125.30 - - [16/Dec/2025:08:19:21 -0500] "POST / HTTP/1.1" 200 375355 "-" "Mozilla/5.0 (Windows NT 10.0; Win64; x64) AppleWebKit/537.36"
74.7.227.62 - - [16/Dec/2025:08:19:38 -0500] "GET /wp-content/plugins/pro-elements/modules/woocommerce/tags/traits/?C=N;O=A HTTP/2.0" 200 994 "-" "Mozilla/5.0 AppleWebKit/537.36 (KHTML, like Gecko; compatible; GPTBot/1.3; +https://openai.com/gptbot)"
74.7.227.62 - - [16/Dec/2025:08:20:28 -0500] "GET /wp-content/plugins/pro-elements/modules/woocommerce/tags/traits/?C=S;O=D HTTP/2.0" 200 994 "-" "Mozilla/5.0 AppleWebKit/537.36 (KHTML, like Gecko; compatible; GPTBot/1.3; +https://openai.com/gptbot)"
5.192.17.158 - - [16/Dec/2025:08:21:11 -0500] "POST /wp-admin/admin-ajax.php HTTP/2.0" 200 47 "https://emtiyz.com/wp-admin/users.php" "Mozilla/5.0 (Windows NT 10.0; Win64; x64) AppleWebKit/537.36 (KHTML, like Gecko) Chrome/143.0.0.0 Safari/537.36"
74.7.227.62 - - [16/Dec/2025:08:21:14 -0500] "GET /wp-content/plugins/pro-elements/vendor_prefixed/php-di/invoker/src/ParameterResolver/AssociativeArrayResolver.php HTTP/2.0" 500 - "-" "Mozilla/5.0 AppleWebKit/537.36 (KHTML, like Gecko; compatible; GPTBot/1.3; +https://openai.com/gptbot)"
74.7.227.62 - - [16/Dec/2025:08:21:55 -0500] "GET /wp-content/plugins/pro-elements/vendor_prefixed/php-di/invoker/src/ParameterResolver/TypeHintResolver.php HTTP/2.0" 500 - "-" "Mozilla/5.0 AppleWebKit/537.36 (KHTML, like Gecko; compatible; GPTBot/1.3; +https://openai.com/gptbot)"
209.141.48.80 - - [16/Dec/2025:08:21:58 -0500] "GET ///wp-login.php HTTP/1.1" 200 10442 "-" "Mozilla/5.0 (Windows NT 6.1; WOW64) AppleWebKit/537.36 (KHTML, like Gecko) Chrome/36.0.1985.125 Safari/537.36"
209.141.48.80 - - [16/Dec/2025:08:21:58 -0500] "POST ///wp-login.php HTTP/1.1" 200 10871 "-" "Mozilla/5.0 (Windows NT 6.1; WOW64) AppleWebKit/537.36 (KHTML, like Gecko) Chrome/36.0.1985.125 Safari/537.36"
74.7.227.62 - - [16/Dec/2025:08:23:01 -0500] "GET /ar/wp-content/plugins/elementor/modules/floating-buttons/control/hover-animation-floating-buttons.php HTTP/2.0" 500 - "-" "Mozilla/5.0 AppleWebKit/537.36 (KHTML, like Gecko; compatible; GPTBot/1.3; +https://openai.com/gptbot)"
5.192.17.158 - - [16/Dec/2025:08:23:12 -0500] "POST /wp-admin/admin-ajax.php HTTP/2.0" 200 47 "https://emtiyz.com/wp-admin/users.php" "Mozilla/5.0 (Windows NT 10.0; Win64; x64) AppleWebKit/537.36 (KHTML, like Gecko) Chrome/143.0.0.0 Safari/537.36"
74.7.227.62 - - [16/Dec/2025:08:24:04 -0500] "GET /wp-content/plugins/pro-elements/modules/floating-buttons/classes/render/floating-bars-var-3-render.php HTTP/2.0" 500 - "-" "Mozilla/5.0 AppleWebKit/537.36 (KHTML, like Gecko; compatible; GPTBot/1.3; +https://openai.com/gptbot)"
74.7.227.62 - - [16/Dec/2025:08:25:08 -0500] "GET /wp-content/plugins/pro-elements/modules/floating-buttons/classes/render/floating-bars-var-2-render.php HTTP/2.0" 500 - "-" "Mozilla/5.0 AppleWebKit/537.36 (KHTML, like Gecko; compatible; GPTBot/1.3; +https://openai.com/gptbot)"
5.192.17.158 - - [16/Dec/2025:08:25:13 -0500] "POST /wp-admin/admin-ajax.php HTTP/2.0" 200 47 "https://emtiyz.com/wp-admin/users.php" "Mozilla/5.0 (Windows NT 10.0; Win64; x64) AppleWebKit/537.36 (KHTML, like Gecko) Chrome/143.0.0.0 Safari/537.36"
50.6.4.141 - - [16/Dec/2025:08:25:27 -0500] "POST /ar/wp-cron.php?doing_wp_cron=1765891527.6449489593505859375000 HTTP/1.1" 200 - "-" "WordPress/6.9; https://emtiyz.com/ar"
216.73.216.20 - - [16/Dec/2025:08:25:26 -0500] "GET /ar/%d8%a7%d8%b3%d8%aa%d9%82%d8%b7%d8%a7%d8%a8-%d8%a7%d9%84%d8%b9%d9%84%d8%a7%d9%85%d8%a7%d8%aa-%d8%a7%d9%84%d8%aa%d8%ac%d8%a7%d8%b1%d9%8a%d8%a9-%d8%a7%d9%84%d8%b9%d8%a7%d9%84%d9%85%d9%8a%d8%a9 HTTP/2.0" 301 - "-" "Mozilla/5.0 AppleWebKit/537.36 (KHTML, like Gecko; compatible; ClaudeBot/1.0; +claudebot@anthropic.com)"
216.73.216.20 - - [16/Dec/2025:08:25:26 -0500] "GET /ar/feed HTTP/2.0" 301 - "-" "Mozilla/5.0 AppleWebKit/537.36 (KHTML, like Gecko; compatible; ClaudeBot/1.0; +claudebot@anthropic.com)"
216.73.216.20 - - [16/Dec/2025:08:25:28 -0500] "GET /ar/feed/ HTTP/2.0" 200 35067 "https://emtiyz.com/ar/feed" "Mozilla/5.0 AppleWebKit/537.36 (KHTML, like Gecko; compatible; ClaudeBot/1.0; +claudebot@anthropic.com)"
216.73.216.20 - - [16/Dec/2025:08:25:27 -0500] "GET /ar/%d8%a7%d8%b3%d8%aa%d9%82%d8%b7%d8%a7%d8%a8-%d8%a7%d9%84%d8%b9%d9%84%d8%a7%d9%85%d8%a7%d8%aa-%d8%a7%d9%84%d8%aa%d8%ac%d8%a7%d8%b1%d9%8a%d8%a9-%d8%a7%d9%84%d8%b9%d8%a7%d9%84%d9%85%d9%8a%d8%a9/ HTTP/2.0" 200 121482 "https://emtiyz.com/ar/%d8%a7%d8%b3%d8%aa%d9%82%d8%b7%d8%a7%d8%a8-%d8%a7%d9%84%d8%b9%d9%84%d8%a7%d9%85%d8%a7%d8%aa-%d8%a7%d9%84%d8%aa%d8%ac%d8%a7%d8%b1%d9%8a%d8%a9-%d8%a7%d9%84%d8%b9%d8%a7%d9%84%d9%85%d9%8a%d8%a9" "Mozilla/5.0 AppleWebKit/537.36 (KHTML, like Gecko; compatible; ClaudeBot/1.0; +claudebot@anthropic.com)"
216.73.216.20 - - [16/Dec/2025:08:25:30 -0500] "GET /ar/franchise/%d9%83%d9%88%d9%81%d9%8a-%d9%87%d8%a7%d9%88%d8%b3-%d8%a8%d8%b1%d8%a7%d9%8a%d9%85 HTTP/2.0" 301 - "-" "Mozilla/5.0 AppleWebKit/537.36 (KHTML, like Gecko; compatible; ClaudeBot/1.0; +claudebot@anthropic.com)"
216.73.216.20 - - [16/Dec/2025:08:25:31 -0500] "GET /ask-emtiyz-ai HTTP/2.0" 301 - "-" "Mozilla/5.0 AppleWebKit/537.36 (KHTML, like Gecko; compatible; ClaudeBot/1.0; +claudebot@anthropic.com)"
216.73.216.20 - - [16/Dec/2025:08:25:31 -0500] "GET /ar/franchise/%d9%83%d9%88%d9%81%d9%8a-%d9%87%d8%a7%d9%88%d8%b3-%d8%a8%d8%b1%d8%a7%d9%8a%d9%85/ HTTP/2.0" 200 174469 "https://emtiyz.com/ar/franchise/%d9%83%d9%88%d9%81%d9%8a-%d9%87%d8%a7%d9%88%d8%b3-%d8%a8%d8%b1%d8%a7%d9%8a%d9%85" "Mozilla/5.0 AppleWebKit/537.36 (KHTML, like Gecko; compatible; ClaudeBot/1.0; +claudebot@anthropic.com)"
216.73.216.20 - - [16/Dec/2025:08:25:32 -0500] "GET /ask-emtiyz-ai/ HTTP/2.0" 200 122593 "https://emtiyz.com/ask-emtiyz-ai" "Mozilla/5.0 AppleWebKit/537.36 (KHTML, like Gecko; compatible; ClaudeBot/1.0; +claudebot@anthropic.com)"
216.73.216.20 - - [16/Dec/2025:08:25:33 -0500] "GET /ar/%d8%a5%d8%af%d8%a7%d8%b1%d8%a9-%d8%b5%d9%81%d9%82%d8%a7%d8%aa-%d8%a7%d9%84%d9%81%d8%b1%d9%86%d8%b4%d8%a7%d9%8a%d8%b2 HTTP/2.0" 301 - "-" "Mozilla/5.0 AppleWebKit/537.36 (KHTML, like Gecko; compatible; ClaudeBot/1.0; +claudebot@anthropic.com)"
216.73.216.20 - - [16/Dec/2025:08:25:34 -0500] "GET /ar/franchise/%d8%b4%d9%88%d9%83%d9%88%d9%84%d9%8a%d8%b4%d9%88%d8%b2/feed HTTP/2.0" 301 - "-" "Mozilla/5.0 AppleWebKit/537.36 (KHTML, like Gecko; compatible; ClaudeBot/1.0; +claudebot@anthropic.com)"
216.73.216.20 - - [16/Dec/2025:08:25:34 -0500] "GET /ar/%d8%a5%d8%af%d8%a7%d8%b1%d8%a9-%d8%b5%d9%81%d9%82%d8%a7%d8%aa-%d8%a7%d9%84%d9%81%d8%b1%d9%86%d8%b4%d8%a7%d9%8a%d8%b2/ HTTP/2.0" 200 127232 "https://emtiyz.com/ar/%d8%a5%d8%af%d8%a7%d8%b1%d8%a9-%d8%b5%d9%81%d9%82%d8%a7%d8%aa-%d8%a7%d9%84%d9%81%d8%b1%d9%86%d8%b4%d8%a7%d9%8a%d8%b2" "Mozilla/5.0 AppleWebKit/537.36 (KHTML, like Gecko; compatible; ClaudeBot/1.0; +claudebot@anthropic.com)"
216.73.216.20 - - [16/Dec/2025:08:25:34 -0500] "GET /ar/franchise/%d8%b4%d9%88%d9%83%d9%88%d9%84%d9%8a%d8%b4%d9%88%d8%b2/feed/ HTTP/2.0" 200 851 "https://emtiyz.com/ar/franchise/%d8%b4%d9%88%d9%83%d9%88%d9%84%d9%8a%d8%b4%d9%88%d8%b2/feed" "Mozilla/5.0 AppleWebKit/537.36 (KHTML, like Gecko; compatible; ClaudeBot/1.0; +claudebot@anthropic.com)"
216.73.216.20 - - [16/Dec/2025:08:25:35 -0500] "GET /ar/%d8%aa%d8%b5%d9%85%d9%8a%d9%85-%d8%a7%d9%84%d9%87%d9%88%d9%8a%d8%a9-%d8%a7%d9%84%d9%85%d8%a4%d8%b3%d8%b3%d9%8a%d8%a9 HTTP/2.0" 301 - "-" "Mozilla/5.0 AppleWebKit/537.36 (KHTML, like Gecko; compatible; ClaudeBot/1.0; +claudebot@anthropic.com)"
216.73.216.20 - - [16/Dec/2025:08:25:36 -0500] "GET /ar/franchise/%d8%b4%d8%a7%d9%88%d8%b1%d9%85%d8%a7-%d9%87%d9%84%d9%8a%d9%84 HTTP/2.0" 301 - "-" "Mozilla/5.0 AppleWebKit/537.36 (KHTML, like Gecko; compatible; ClaudeBot/1.0; +claudebot@anthropic.com)"
216.73.216.20 - - [16/Dec/2025:08:25:36 -0500] "GET /ar/%d8%aa%d8%b5%d9%85%d9%8a%d9%85-%d8%a7%d9%84%d9%87%d9%88%d9%8a%d8%a9-%d8%a7%d9%84%d9%85%d8%a4%d8%b3%d8%b3%d9%8a%d8%a9/ HTTP/2.0" 200 125783 "https://emtiyz.com/ar/%d8%aa%d8%b5%d9%85%d9%8a%d9%85-%d8%a7%d9%84%d9%87%d9%88%d9%8a%d8%a9-%d8%a7%d9%84%d9%85%d8%a4%d8%b3%d8%b3%d9%8a%d8%a9" "Mozilla/5.0 AppleWebKit/537.36 (KHTML, like Gecko; compatible; ClaudeBot/1.0; +claudebot@anthropic.com)"
216.73.216.20 - - [16/Dec/2025:08:25:36 -0500] "GET /ar/franchise/%d8%b4%d8%a7%d9%88%d8%b1%d9%85%d8%a7-%d9%87%d9%84%d9%8a%d9%84/ HTTP/2.0" 200 174720 "https://emtiyz.com/ar/franchise/%d8%b4%d8%a7%d9%88%d8%b1%d9%85%d8%a7-%d9%87%d9%84%d9%8a%d9%84" "Mozilla/5.0 AppleWebKit/537.36 (KHTML, like Gecko; compatible; ClaudeBot/1.0; +claudebot@anthropic.com)"
216.73.216.20 - - [16/Dec/2025:08:25:37 -0500] "GET /ar/%d8%a7%d8%b3%d8%aa%d8%b4%d8%a7%d8%b1%d8%a7%d8%aa-%d8%a3%d9%86%d8%b8%d9%85%d8%a9-%d8%a7%d9%84%d9%81%d8%b1%d9%86%d8%b4%d8%a7%d9%8a%d8%b2 HTTP/2.0" 301 - "-" "Mozilla/5.0 AppleWebKit/537.36 (KHTML, like Gecko; compatible; ClaudeBot/1.0; +claudebot@anthropic.com)"
216.73.216.20 - - [16/Dec/2025:08:25:38 -0500] "GET /ar/listing-with-map HTTP/2.0" 301 - "-" "Mozilla/5.0 AppleWebKit/537.36 (KHTML, like Gecko; compatible; ClaudeBot/1.0; +claudebot@anthropic.com)"
216.73.216.20 - - [16/Dec/2025:08:25:38 -0500] "GET /ar/%d8%a7%d8%b3%d8%aa%d8%b4%d8%a7%d8%b1%d8%a7%d8%aa-%d8%a3%d9%86%d8%b8%d9%85%d8%a9-%d8%a7%d9%84%d9%81%d8%b1%d9%86%d8%b4%d8%a7%d9%8a%d8%b2/ HTTP/2.0" 200 121679 "https://emtiyz.com/ar/%d8%a7%d8%b3%d8%aa%d8%b4%d8%a7%d8%b1%d8%a7%d8%aa-%d8%a3%d9%86%d8%b8%d9%85%d8%a9-%d8%a7%d9%84%d9%81%d8%b1%d9%86%d8%b4%d8%a7%d9%8a%d8%b2" "Mozilla/5.0 AppleWebKit/537.36 (KHTML, like Gecko; compatible; ClaudeBot/1.0; +claudebot@anthropic.com)"
216.73.216.20 - - [16/Dec/2025:08:25:39 -0500] "GET /ar/listing-with-map/ HTTP/2.0" 200 313401 "https://emtiyz.com/ar/listing-with-map" "Mozilla/5.0 AppleWebKit/537.36 (KHTML, like Gecko; compatible; ClaudeBot/1.0; +claudebot@anthropic.com)"
216.73.216.20 - - [16/Dec/2025:08:25:40 -0500] "GET /ar/dashboard HTTP/2.0" 301 - "-" "Mozilla/5.0 AppleWebKit/537.36 (KHTML, like Gecko; compatible; ClaudeBot/1.0; +claudebot@anthropic.com)"
216.73.216.20 - - [16/Dec/2025:08:25:40 -0500] "GET /ar/franchise/%d8%af%d8%a7%d9%86%d9%88%d8%a8-%d9%87%d9%88%d9%85 HTTP/2.0" 301 - "-" "Mozilla/5.0 AppleWebKit/537.36 (KHTML, like Gecko; compatible; ClaudeBot/1.0; +claudebot@anthropic.com)"
216.73.216.20 - - [16/Dec/2025:08:25:41 -0500] "GET /ar/dashboard/ HTTP/2.0" 200 114700 "https://emtiyz.com/ar/dashboard" "Mozilla/5.0 AppleWebKit/537.36 (KHTML, like Gecko; compatible; ClaudeBot/1.0; +claudebot@anthropic.com)"
216.73.216.20 - - [16/Dec/2025:08:25:41 -0500] "GET /ar/franchise/%d8%af%d8%a7%d9%86%d9%88%d8%a8-%d9%87%d9%88%d9%85/ HTTP/2.0" 200 174760 "https://emtiyz.com/ar/franchise/%d8%af%d8%a7%d9%86%d9%88%d8%a8-%d9%87%d9%88%d9%85" "Mozilla/5.0 AppleWebKit/537.36 (KHTML, like Gecko; compatible; ClaudeBot/1.0; +claudebot@anthropic.com)"
216.73.216.20 - - [16/Dec/2025:08:25:42 -0500] "GET /ar/%d8%aa%d8%b7%d9%88%d9%8a%d8%b1-%d8%a3%d9%86%d8%b8%d9%85%d8%a9-%d8%a7%d9%84%d9%81%d8%b1%d9%86%d8%b4%d8%a7%d9%8a%d8%b2 HTTP/2.0" 301 - "-" "Mozilla/5.0 AppleWebKit/537.36 (KHTML, like Gecko; compatible; ClaudeBot/1.0; +claudebot@anthropic.com)"
216.73.216.20 - - [16/Dec/2025:08:25:43 -0500] "GET /ar/%d8%a5%d8%af%d8%a7%d8%b1%d8%a9-%d9%88%d8%ad%d8%af%d8%a7%d8%aa-%d8%a7%d9%84%d9%81%d8%b1%d9%86%d8%b4%d8%a7%d9%8a%d8%b2 HTTP/2.0" 301 - "-" "Mozilla/5.0 AppleWebKit/537.36 (KHTML, like Gecko; compatible; ClaudeBot/1.0; +claudebot@anthropic.com)"
216.73.216.20 - - [16/Dec/2025:08:25:43 -0500] "GET /ar/%d8%aa%d8%b7%d9%88%d9%8a%d8%b1-%d8%a3%d9%86%d8%b8%d9%85%d8%a9-%d8%a7%d9%84%d9%81%d8%b1%d9%86%d8%b4%d8%a7%d9%8a%d8%b2/ HTTP/2.0" 200 124919 "https://emtiyz.com/ar/%d8%aa%d8%b7%d9%88%d9%8a%d8%b1-%d8%a3%d9%86%d8%b8%d9%85%d8%a9-%d8%a7%d9%84%d9%81%d8%b1%d9%86%d8%b4%d8%a7%d9%8a%d8%b2" "Mozilla/5.0 AppleWebKit/537.36 (KHTML, like Gecko; compatible; ClaudeBot/1.0; +claudebot@anthropic.com)"
216.73.216.20 - - [16/Dec/2025:08:25:43 -0500] "GET /ar/package-list HTTP/2.0" 301 - "-" "Mozilla/5.0 AppleWebKit/537.36 (KHTML, like Gecko; compatible; ClaudeBot/1.0; +claudebot@anthropic.com)"
216.73.216.20 - - [16/Dec/2025:08:25:44 -0500] "GET /ar/%d8%a5%d8%af%d8%a7%d8%b1%d8%a9-%d9%88%d8%ad%d8%af%d8%a7%d8%aa-%d8%a7%d9%84%d9%81%d8%b1%d9%86%d8%b4%d8%a7%d9%8a%d8%b2/ HTTP/2.0" 200 126383 "https://emtiyz.com/ar/%d8%a5%d8%af%d8%a7%d8%b1%d8%a9-%d9%88%d8%ad%d8%af%d8%a7%d8%aa-%d8%a7%d9%84%d9%81%d8%b1%d9%86%d8%b4%d8%a7%d9%8a%d8%b2" "Mozilla/5.0 AppleWebKit/537.36 (KHTML, like Gecko; compatible; ClaudeBot/1.0; +claudebot@anthropic.com)"
216.73.216.20 - - [16/Dec/2025:08:25:45 -0500] "GET /ar/comments/feed HTTP/2.0" 301 - "-" "Mozilla/5.0 AppleWebKit/537.36 (KHTML, like Gecko; compatible; ClaudeBot/1.0; +claudebot@anthropic.com)"
216.73.216.20 - - [16/Dec/2025:08:25:45 -0500] "GET /ar/package-list/ HTTP/2.0" 200 120658 "https://emtiyz.com/ar/package-list" "Mozilla/5.0 AppleWebKit/537.36 (KHTML, like Gecko; compatible; ClaudeBot/1.0; +claudebot@anthropic.com)"
216.73.216.20 - - [16/Dec/2025:08:25:46 -0500] "GET /ar/comments/feed/ HTTP/2.0" 200 6500 "https://emtiyz.com/ar/comments/feed" "Mozilla/5.0 AppleWebKit/537.36 (KHTML, like Gecko; compatible; ClaudeBot/1.0; +claudebot@anthropic.com)"
74.7.227.62 - - [16/Dec/2025:08:26:10 -0500] "GET /wp-content/plugins/pro-elements/modules/floating-buttons/classes/render/contact-buttons-var-1-render.php HTTP/2.0" 500 - "-" "Mozilla/5.0 AppleWebKit/537.36 (KHTML, like Gecko; compatible; GPTBot/1.3; +https://openai.com/gptbot)"
74.7.227.62 - - [16/Dec/2025:08:27:11 -0500] "GET /ar/wp-content/plugins/pro-elements/modules/mega-menu/controls/control-menu-dropdown-animation.php HTTP/2.0" 500 - "-" "Mozilla/5.0 AppleWebKit/537.36 (KHTML, like Gecko; compatible; GPTBot/1.3; +https://openai.com/gptbot)"
5.192.17.158 - - [16/Dec/2025:08:27:14 -0500] "POST /wp-admin/admin-ajax.php HTTP/2.0" 200 47 "https://emtiyz.com/wp-admin/users.php" "Mozilla/5.0 (Windows NT 10.0; Win64; x64) AppleWebKit/537.36 (KHTML, like Gecko) Chrome/143.0.0.0 Safari/537.36"
213.209.157.162 - - [16/Dec/2025:08:27:30 -0500] "GET /.git/config HTTP/1.1" 404 103351 "-" "Mozilla/5.0 (Linux; Android 7.1.2; Pixel Build/NHG47N) AppleWebKit/537.36 (KHTML, like Gecko) Chrome/58.0.3029.83 Mobile Safari/537.36"
74.7.227.62 - - [16/Dec/2025:08:28:13 -0500] "GET /ar/wp-content/plugins/elementor/vendor_prefixed/dependency-injection/php-di/invoker/src/Exception/NotCallableException.php HTTP/2.0" 500 - "-" "Mozilla/5.0 AppleWebKit/537.36 (KHTML, like Gecko; compatible; GPTBot/1.3; +https://openai.com/gptbot)"
79.137.74.38 - - [16/Dec/2025:08:29:07 -0500] "POST / HTTP/1.1" 200 375355 "-" "Mozilla/5.0 (Windows NT 10.0; Win64; x64) AppleWebKit/537.36"
5.192.17.158 - - [16/Dec/2025:08:29:15 -0500] "POST /wp-admin/admin-ajax.php HTTP/2.0" 200 47 "https://emtiyz.com/wp-admin/users.php" "Mozilla/5.0 (Windows NT 10.0; Win64; x64) AppleWebKit/537.36 (KHTML, like Gecko) Chrome/143.0.0.0 Safari/537.36"
74.7.227.62 - - [16/Dec/2025:08:29:17 -0500] "GET /ar/wp-content/plugins/elementor/vendor_prefixed/dependency-injection/php-di/invoker/src/Exception/NotEnoughParametersException.php HTTP/2.0" 500 - "-" "Mozilla/5.0 AppleWebKit/537.36 (KHTML, like Gecko; compatible; GPTBot/1.3; +https://openai.com/gptbot)"
74.7.227.62 - - [16/Dec/2025:08:30:20 -0500] "GET /wp-content/plugins/pro-elements/vendor_prefixed/php-di/invoker/src/ParameterResolver/DefaultValueResolver.php HTTP/2.0" 500 - "-" "Mozilla/5.0 AppleWebKit/537.36 (KHTML, like Gecko; compatible; GPTBot/1.3; +https://openai.com/gptbot)"
5.192.17.158 - - [16/Dec/2025:08:31:16 -0500] "POST /wp-admin/admin-ajax.php HTTP/2.0" 200 47 "https://emtiyz.com/wp-admin/users.php" "Mozilla/5.0 (Windows NT 10.0; Win64; x64) AppleWebKit/537.36 (KHTML, like Gecko) Chrome/143.0.0.0 Safari/537.36"
74.7.227.62 - - [16/Dec/2025:08:31:22 -0500] "GET /wp-content/plugins/pro-elements/vendor_prefixed/php-di/invoker/src/ParameterResolver/NumericArrayResolver.php HTTP/2.0" 500 - "-" "Mozilla/5.0 AppleWebKit/537.36 (KHTML, like Gecko; compatible; GPTBot/1.3; +https://openai.com/gptbot)"
34.91.58.35 - - [16/Dec/2025:08:31:57 -0500] "POST / HTTP/1.1" 200 375355 "-" "Mozilla/5.0 (Windows NT 10.0; Win64; x64) AppleWebKit/537.36"
74.7.227.62 - - [16/Dec/2025:08:32:28 -0500] "GET /ar/wp-content/plugins/pro-elements/vendor_prefixed/laravel/serializable-closure/src/Serializers/Native.php HTTP/2.0" 500 - "-" "Mozilla/5.0 AppleWebKit/537.36 (KHTML, like Gecko; compatible; GPTBot/1.3; +https://openai.com/gptbot)"
5.192.17.158 - - [16/Dec/2025:08:33:17 -0500] "POST /wp-admin/admin-ajax.php HTTP/2.0" 200 47 "https://emtiyz.com/wp-admin/users.php" "Mozilla/5.0 (Windows NT 10.0; Win64; x64) AppleWebKit/537.36 (KHTML, like Gecko) Chrome/143.0.0.0 Safari/537.36"
74.7.227.62 - - [16/Dec/2025:08:33:29 -0500] "GET /ar/wp-content/plugins/pro-elements/vendor_prefixed/laravel/serializable-closure/src/Serializers/Signed.php HTTP/2.0" 500 - "-" "Mozilla/5.0 AppleWebKit/537.36 (KHTML, like Gecko; compatible; GPTBot/1.3; +https://openai.com/gptbot)"
74.7.227.62 - - [16/Dec/2025:08:34:31 -0500] "GET /wp-content/plugins/pro-elements/vendor_prefixed/php-di/invoker/src/ParameterResolver/ResolverChain.php HTTP/2.0" 500 - "-" "Mozilla/5.0 AppleWebKit/537.36 (KHTML, like Gecko; compatible; GPTBot/1.3; +https://openai.com/gptbot)"
5.192.17.158 - - [16/Dec/2025:08:35:18 -0500] "POST /wp-admin/admin-ajax.php HTTP/2.0" 200 47 "https://emtiyz.com/wp-admin/users.php" "Mozilla/5.0 (Windows NT 10.0; Win64; x64) AppleWebKit/537.36 (KHTML, like Gecko) Chrome/143.0.0.0 Safari/537.36"
5.161.245.196 - - [16/Dec/2025:08:35:27 -0500] "POST / HTTP/1.1" 200 375355 "-" "Mozilla/5.0 (Windows NT 10.0; Win64; x64) AppleWebKit/537.36"
74.7.227.62 - - [16/Dec/2025:08:35:34 -0500] "GET /wp-content/plugins/pro-elements/modules/floating-buttons/classes/render/contact-buttons-var-7-render.php HTTP/2.0" 500 - "-" "Mozilla/5.0 AppleWebKit/537.36 (KHTML, like Gecko; compatible; GPTBot/1.3; +https://openai.com/gptbot)"
173.252.83.4 - - [16/Dec/2025:08:35:59 -0500] "GET / HTTP/2.0" 301 - "-" "facebookexternalhit/1.1 (+http://www.facebook.com/externalhit_uatext.php)"
173.252.83.112 - - [16/Dec/2025:08:36:00 -0500] "GET / HTTP/2.0" 200 375307 "-" "facebookexternalhit/1.1 (+http://www.facebook.com/externalhit_uatext.php)"
43.173.181.93 - - [16/Dec/2025:08:36:15 -0500] "GET /transmission/6 HTTP/1.1" 301 - "-" "Mozilla/5.0 (Windows NT 6.1; Win64; x64) AppleWebKit/537.36 (KHTML, like Gecko) Chrome/126.0.6478.114 Safari/537.36"
43.173.181.93 - - [16/Dec/2025:08:36:17 -0500] "GET /transmission/6/ HTTP/1.1" 200 211880 "https://emtiyz.com/transmission/6" "Mozilla/5.0 (Windows NT 6.1; Win64; x64) AppleWebKit/537.36 (KHTML, like Gecko) Chrome/126.0.6478.114 Safari/537.36"
43.173.182.165 - - [16/Dec/2025:08:36:26 -0500] "GET /transmission/6 HTTP/1.1" 301 - "-" "Mozilla/5.0 (Windows NT 10.0; Win64; x64) AppleWebKit/537.36 (KHTML, like Gecko) Chrome/108.0.0.0 Safari/537.36"
74.7.227.62 - - [16/Dec/2025:08:36:40 -0500] "GET /wp-content/plugins/pro-elements/modules/floating-buttons/classes/render/contact-buttons-var-9-render.php HTTP/2.0" 500 - "-" "Mozilla/5.0 AppleWebKit/537.36 (KHTML, like Gecko; compatible; GPTBot/1.3; +https://openai.com/gptbot)"
43.173.182.165 - - [16/Dec/2025:08:36:30 -0500] "GET /transmission/6/ HTTP/1.1" 200 211880 "https://emtiyz.com/transmission/6" "Mozilla/5.0 (Windows NT 10.0; Win64; x64) AppleWebKit/537.36 (KHTML, like Gecko) Chrome/108.0.0.0 Safari/537.36"
5.192.17.158 - - [16/Dec/2025:08:37:19 -0500] "POST /wp-admin/admin-ajax.php HTTP/2.0" 200 47 "https://emtiyz.com/wp-admin/users.php" "Mozilla/5.0 (Windows NT 10.0; Win64; x64) AppleWebKit/537.36 (KHTML, like Gecko) Chrome/143.0.0.0 Safari/537.36"
74.7.227.62 - - [16/Dec/2025:08:37:41 -0500] "GET /wp-content/plugins/pro-elements/modules/floating-buttons/classes/render/contact-buttons-var-5-render.php HTTP/2.0" 500 - "-" "Mozilla/5.0 AppleWebKit/537.36 (KHTML, like Gecko; compatible; GPTBot/1.3; +https://openai.com/gptbot)"
50.6.4.141 - - [16/Dec/2025:08:38:21 -0500] "POST /wp-cron.php?doing_wp_cron=1765892301.9133410453796386718750 HTTP/1.1" 200 - "-" "WordPress/6.9; https://emtiyz.com"
54.166.104.83 - - [16/Dec/2025:08:38:21 -0500] "GET /make/entertainment/ HTTP/1.1" 200 132571 "-" "Mozilla/5.0 AppleWebKit/537.36 (KHTML, like Gecko; compatible; Amazonbot/0.1; +https://developer.amazon.com/support/amazonbot) Chrome/119.0.6045.214 Safari/537.36"
74.7.227.62 - - [16/Dec/2025:08:38:45 -0500] "GET /wp-content/plugins/pro-elements/modules/floating-buttons/classes/render/contact-buttons-var-6-render.php HTTP/2.0" 500 - "-" "Mozilla/5.0 AppleWebKit/537.36 (KHTML, like Gecko; compatible; GPTBot/1.3; +https://openai.com/gptbot)"
199.195.253.128 - - [16/Dec/2025:08:38:59 -0500] "GET /wp-login.php HTTP/1.1" 200 10442 "-" "Mozilla/5.0 (Macintosh; Intel Mac OS X 10_9_2) AppleWebKit/537.36 (KHTML, like Gecko) Chrome/35.0.1916.153 Safari/537.36"
199.195.253.128 - - [16/Dec/2025:08:39:00 -0500] "POST /wp-login.php HTTP/1.1" 200 10895 "-" "Mozilla/5.0 (Macintosh; Intel Mac OS X 10_9_2) AppleWebKit/537.36 (KHTML, like Gecko) Chrome/35.0.1916.153 Safari/537.36"
5.192.17.158 - - [16/Dec/2025:08:39:20 -0500] "POST /wp-admin/admin-ajax.php HTTP/2.0" 200 47 "https://emtiyz.com/wp-admin/users.php" "Mozilla/5.0 (Windows NT 10.0; Win64; x64) AppleWebKit/537.36 (KHTML, like Gecko) Chrome/143.0.0.0 Safari/537.36"
74.7.227.62 - - [16/Dec/2025:08:39:50 -0500] "GET /wp-content/plugins/pro-elements/modules/floating-buttons/classes/render/contact-buttons-var-4-render.php HTTP/2.0" 500 - "-" "Mozilla/5.0 AppleWebKit/537.36 (KHTML, like Gecko; compatible; GPTBot/1.3; +https://openai.com/gptbot)"
74.7.227.62 - - [16/Dec/2025:08:40:54 -0500] "GET /wp-content/plugins/pro-elements/modules/floating-buttons/classes/render/contact-buttons-var-3-render.php HTTP/2.0" 500 - "-" "Mozilla/5.0 AppleWebKit/537.36 (KHTML, like Gecko; compatible; GPTBot/1.3; +https://openai.com/gptbot)"
5.192.17.158 - - [16/Dec/2025:08:41:21 -0500] "POST /wp-admin/admin-ajax.php HTTP/2.0" 200 47 "https://emtiyz.com/wp-admin/users.php" "Mozilla/5.0 (Windows NT 10.0; Win64; x64) AppleWebKit/537.36 (KHTML, like Gecko) Chrome/143.0.0.0 Safari/537.36"
198.98.62.191 - - [16/Dec/2025:08:41:45 -0500] "GET /wp-login.php HTTP/1.1" 200 10442 "https://duckduckgo.com/" "Mozilla/5.0 (Linux; Android 14; SM-S928B Build/UP1A) AppleWebKit/537.36 (KHTML, like Gecko) Chrome/131.0.0.0 Mobile Safari/537.36"
198.98.62.191 - - [16/Dec/2025:08:41:49 -0500] "POST /wp-login.php HTTP/1.1" 200 10895 "https://duckduckgo.com/" "Mozilla/5.0 (Linux; Android 14; SM-S928B Build/UP1A) AppleWebKit/537.36 (KHTML, like Gecko) Chrome/131.0.0.0 Mobile Safari/537.36"
74.7.227.62 - - [16/Dec/2025:08:41:55 -0500] "GET /wp-content/plugins/pro-elements/modules/floating-buttons/classes/render/contact-buttons-var-8-render.php HTTP/2.0" 500 - "-" "Mozilla/5.0 AppleWebKit/537.36 (KHTML, like Gecko; compatible; GPTBot/1.3; +https://openai.com/gptbot)"
74.7.227.62 - - [16/Dec/2025:08:43:00 -0500] "GET /wp-content/plugins/pro-elements/modules/forms/submissions/data/responses/ HTTP/2.0" 200 1028 "-" "Mozilla/5.0 AppleWebKit/537.36 (KHTML, like Gecko; compatible; GPTBot/1.3; +https://openai.com/gptbot)"
5.192.17.158 - - [16/Dec/2025:08:43:22 -0500] "POST /wp-admin/admin-ajax.php HTTP/2.0" 200 47 "https://emtiyz.com/wp-admin/users.php" "Mozilla/5.0 (Windows NT 10.0; Win64; x64) AppleWebKit/537.36 (KHTML, like Gecko) Chrome/143.0.0.0 Safari/537.36"
193.142.147.209 - - [16/Dec/2025:08:43:46 -0500] "POST / HTTP/1.1" 200 155632 "-" "Mozilla/5.0 (Windows NT 10.0; Win64; x64) AppleWebKit/537.36"
74.7.227.62 - - [16/Dec/2025:08:44:02 -0500] "GET /wp-content/plugins/pro-elements/modules/forms/submissions/data/endpoints/ HTTP/2.0" 200 - "-" "Mozilla/5.0 AppleWebKit/537.36 (KHTML, like Gecko; compatible; GPTBot/1.3; +https://openai.com/gptbot)"
74.7.227.62 - - [16/Dec/2025:08:44:57 -0500] "GET /wp-content/plugins/pro-elements/modules/dynamic-tags/ HTTP/2.0" 200 1820 "-" "Mozilla/5.0 AppleWebKit/537.36 (KHTML, like Gecko; compatible; GPTBot/1.3; +https://openai.com/gptbot)"
170.205.37.134 - - [16/Dec/2025:08:45:11 -0500] "POST / HTTP/1.1" 200 375355 "-" "Mozilla/5.0 (Windows NT 10.0; Win64; x64) AppleWebKit/537.36"
5.192.17.158 - - [16/Dec/2025:08:45:23 -0500] "POST /wp-admin/admin-ajax.php HTTP/2.0" 200 47 "https://emtiyz.com/wp-admin/users.php" "Mozilla/5.0 (Windows NT 10.0; Win64; x64) AppleWebKit/537.36 (KHTML, like Gecko) Chrome/143.0.0.0 Safari/537.36"
74.7.227.62 - - [16/Dec/2025:08:45:49 -0500] "GET /wp-content/plugins/pro-elements/core/compatibility/ HTTP/2.0" 200 947 "-" "Mozilla/5.0 AppleWebKit/537.36 (KHTML, like Gecko; compatible; GPTBot/1.3; +https://openai.com/gptbot)"
74.7.227.62 - - [16/Dec/2025:08:46:37 -0500] "GET /wp-content/plugins/pro-elements/modules/attributes/ HTTP/2.0" 200 943 "-" "Mozilla/5.0 AppleWebKit/537.36 (KHTML, like Gecko; compatible; GPTBot/1.3; +https://openai.com/gptbot)"
45.94.31.25 - - [16/Dec/2025:08:47:02 -0500] "GET /.env HTTP/1.1" 404 103303 "-" "Mozilla/5.0 (Linux; U; Android 4.4.2; en-US; HM NOTE 1W Build/KOT49H) AppleWebKit/534.30 (KHTML, like Gecko) Version/4.0 UCBrowser/11.0.5.850 U3/0.8.0 Mobile Safari/534.30"
45.94.31.25 - - [16/Dec/2025:08:47:03 -0500] "POST / HTTP/1.1" 200 375355 "-" "Mozilla/5.0 (Linux; U; Android 4.4.2; en-US; HM NOTE 1W Build/KOT49H) AppleWebKit/534.30 (KHTML, like Gecko) Version/4.0 UCBrowser/11.0.5.850 U3/0.8.0 Mobile Safari/534.30"
74.7.227.62 - - [16/Dec/2025:08:47:18 -0500] "GET /wp-content/plugins/pro-elements/core/notifications/ HTTP/2.0" 200 1317 "-" "Mozilla/5.0 AppleWebKit/537.36 (KHTML, like Gecko; compatible; GPTBot/1.3; +https://openai.com/gptbot)"
50.6.4.141 - - [16/Dec/2025:08:47:25 -0500] "POST /wp-cron.php?doing_wp_cron=1765892845.3172769546508789062500 HTTP/1.1" 200 - "-" "WordPress/6.9; https://emtiyz.com"
5.192.17.158 - - [16/Dec/2025:08:47:24 -0500] "POST /wp-admin/admin-ajax.php HTTP/2.0" 200 47 "https://emtiyz.com/wp-admin/users.php" "Mozilla/5.0 (Windows NT 10.0; Win64; x64) AppleWebKit/537.36 (KHTML, like Gecko) Chrome/143.0.0.0 Safari/537.36"
74.7.227.62 - - [16/Dec/2025:08:47:56 -0500] "GET /wp-content/plugins/pro-elements/modules/query-control/classes/elementor-post-query.php HTTP/2.0" 200 - "-" "Mozilla/5.0 AppleWebKit/537.36 (KHTML, like Gecko; compatible; GPTBot/1.3; +https://openai.com/gptbot)"
74.7.227.62 - - [16/Dec/2025:08:48:31 -0500] "GET /wp-content/plugins/pro-elements/assets/js/woocommerce-menu-cart.eb61fe086245485310a4.bundle.min.js HTTP/2.0" 200 4730 "-" "Mozilla/5.0 AppleWebKit/537.36 (KHTML, like Gecko; compatible; GPTBot/1.3; +https://openai.com/gptbot)"
167.94.138.181 - - [16/Dec/2025:08:48:58 -0500] "GET /robots.txt HTTP/1.1" 200 153 "-" "Mozilla/5.0 (compatible; CensysInspect/1.1; +https://about.censys.io/)"
167.94.138.181 - - [16/Dec/2025:08:49:00 -0500] "GET /favicon.ico HTTP/1.1" 302 - "-" "Mozilla/5.0 (compatible; CensysInspect/1.1; +https://about.censys.io/)"
74.7.227.62 - - [16/Dec/2025:08:49:01 -0500] "GET /wp-content/plugins/pro-elements/modules/search/widgets/?C=D;O=D HTTP/2.0" 200 958 "-" "Mozilla/5.0 AppleWebKit/537.36 (KHTML, like Gecko; compatible; GPTBot/1.3; +https://openai.com/gptbot)"
167.94.138.181 - - [16/Dec/2025:08:49:03 -0500] "GET /wp-content/uploads/2024/10/New-Project.png HTTP/1.1" 200 41542 "https://50.6.4.141/favicon.ico" "Mozilla/5.0 (compatible; CensysInspect/1.1; +https://about.censys.io/)"
5.192.17.158 - - [16/Dec/2025:08:49:25 -0500] "POST /wp-admin/admin-ajax.php HTTP/2.0" 200 47 "https://emtiyz.com/wp-admin/users.php" "Mozilla/5.0 (Windows NT 10.0; Win64; x64) AppleWebKit/537.36 (KHTML, like Gecko) Chrome/143.0.0.0 Safari/537.36"
74.7.227.62 - - [16/Dec/2025:08:49:29 -0500] "GET /wp-content/plugins/pro-elements/assets/js/table-of-contents.430b97825da33e6685ed.bundle.js HTTP/2.0" 200 16124 "-" "Mozilla/5.0 AppleWebKit/537.36 (KHTML, like Gecko; compatible; GPTBot/1.3; +https://openai.com/gptbot)"
50.6.4.141 - - [16/Dec/2025:08:49:26 -0500] "POST /wp-admin/admin-ajax.php?action=as_async_request_queue_runner&nonce=d567e2068a HTTP/1.1" 200 - "-" "WordPress/6.9; https://emtiyz.com"
74.7.227.62 - - [16/Dec/2025:08:49:55 -0500] "GET /wp-content/plugins/pro-elements/assets/css/conditionals/ribbon.css HTTP/2.0" 200 907 "-" "Mozilla/5.0 AppleWebKit/537.36 (KHTML, like Gecko; compatible; GPTBot/1.3; +https://openai.com/gptbot)"
50.6.4.141 - - [16/Dec/2025:08:50:17 -0500] "POST /wp-cron.php?doing_wp_cron=1765893017.5117070674896240234375 HTTP/1.1" 200 - "-" "WordPress/6.9; https://emtiyz.com"
64.225.53.31 - - [16/Dec/2025:08:50:16 -0500] "POST / HTTP/1.1" 200 375355 "-" "Mozilla/5.0 (Windows NT 10.0; Win64; x64) AppleWebKit/537.36"
74.7.227.62 - - [16/Dec/2025:08:50:18 -0500] "GET /wp-content/plugins/pro-elements/modules/forms/submissions/data/responses/query-failed-response.php HTTP/2.0" 200 - "-" "Mozilla/5.0 AppleWebKit/537.36 (KHTML, like Gecko; compatible; GPTBot/1.3; +https://openai.com/gptbot)"
74.7.227.62 - - [16/Dec/2025:08:50:38 -0500] "GET /wp-content/plugins/pro-elements/assets/css/conditionals/popup.css HTTP/2.0" 200 1173 "-" "Mozilla/5.0 AppleWebKit/537.36 (KHTML, like Gecko; compatible; GPTBot/1.3; +https://openai.com/gptbot)"
74.7.227.62 - - [16/Dec/2025:08:50:55 -0500] "GET /wp-content/plugins/pro-elements/modules/dynamic-tags/pods/ HTTP/2.0" 200 1340 "-" "Mozilla/5.0 AppleWebKit/537.36 (KHTML, like Gecko; compatible; GPTBot/1.3; +https://openai.com/gptbot)"
74.7.227.62 - - [16/Dec/2025:08:51:12 -0500] "GET /wp-content/plugins/pro-elements/modules/dynamic-tags/toolset/ HTTP/2.0" 200 1149 "-" "Mozilla/5.0 AppleWebKit/537.36 (KHTML, like Gecko; compatible; GPTBot/1.3; +https://openai.com/gptbot)"
74.7.227.62 - - [16/Dec/2025:08:51:27 -0500] "GET /wp-content/plugins/pro-elements/core/compatibility/compatibility.php HTTP/2.0" 200 - "-" "Mozilla/5.0 AppleWebKit/537.36 (KHTML, like Gecko; compatible; GPTBot/1.3; +https://openai.com/gptbot)"
50.6.4.141 - - [16/Dec/2025:08:51:27 -0500] "POST /wp-cron.php?doing_wp_cron=1765893087.4340438842773437500000 HTTP/1.1" 200 - "-" "WordPress/6.9; https://emtiyz.com"
5.192.17.158 - - [16/Dec/2025:08:51:26 -0500] "POST /wp-admin/admin-ajax.php HTTP/2.0" 200 47 "https://emtiyz.com/wp-admin/users.php" "Mozilla/5.0 (Windows NT 10.0; Win64; x64) AppleWebKit/537.36 (KHTML, like Gecko) Chrome/143.0.0.0 Safari/537.36"
74.7.227.62 - - [16/Dec/2025:08:51:39 -0500] "GET /wp-content/plugins/pro-elements/modules/dynamic-tags/tags/ HTTP/2.0" 200 7605 "-" "Mozilla/5.0 AppleWebKit/537.36 (KHTML, like Gecko; compatible; GPTBot/1.3; +https://openai.com/gptbot)"
74.7.227.62 - - [16/Dec/2025:08:51:51 -0500] "GET /wp-content/plugins/pro-elements/core/compatibility/?C=D;O=A HTTP/2.0" 200 947 "-" "Mozilla/5.0 AppleWebKit/537.36 (KHTML, like Gecko; compatible; GPTBot/1.3; +https://openai.com/gptbot)"
74.7.227.62 - - [16/Dec/2025:08:52:01 -0500] "GET /wp-content/plugins/pro-elements/core/compatibility/?C=S;O=A HTTP/2.0" 200 947 "-" "Mozilla/5.0 AppleWebKit/537.36 (KHTML, like Gecko; compatible; GPTBot/1.3; +https://openai.com/gptbot)"
74.7.227.62 - - [16/Dec/2025:08:52:11 -0500] "GET /wp-content/plugins/pro-elements/core/compatibility/?C=N;O=D HTTP/2.0" 200 947 "-" "Mozilla/5.0 AppleWebKit/537.36 (KHTML, like Gecko; compatible; GPTBot/1.3; +https://openai.com/gptbot)"
74.7.227.62 - - [16/Dec/2025:08:52:19 -0500] "GET /wp-content/plugins/pro-elements/assets/js/table-of-contents.430b97825da33e6685ed.bundle.js.map HTTP/2.0" 404 103896 "-" "Mozilla/5.0 AppleWebKit/537.36 (KHTML, like Gecko; compatible; GPTBot/1.3; +https://openai.com/gptbot)"
74.7.227.62 - - [16/Dec/2025:08:52:27 -0500] "GET /wp-content/plugins/pro-elements/core/compatibility/?C=M;O=A HTTP/2.0" 200 947 "-" "Mozilla/5.0 AppleWebKit/537.36 (KHTML, like Gecko; compatible; GPTBot/1.3; +https://openai.com/gptbot)"
74.7.227.62 - - [16/Dec/2025:08:52:35 -0500] "GET /wp-content/plugins/pro-elements/core/notifications/?C=M;O=A HTTP/2.0" 200 1317 "-" "Mozilla/5.0 AppleWebKit/537.36 (KHTML, like Gecko; compatible; GPTBot/1.3; +https://openai.com/gptbot)"
74.7.227.62 - - [16/Dec/2025:08:52:42 -0500] "GET /wp-content/plugins/pro-elements/core/notifications/?C=D;O=A HTTP/2.0" 200 1317 "-" "Mozilla/5.0 AppleWebKit/537.36 (KHTML, like Gecko; compatible; GPTBot/1.3; +https://openai.com/gptbot)"
