84.65.47.104 - - [16/Dec/2025:13:48:38 -0500] "GET /wp-content/plugins/themesflat-core/assets/css/owl.carousel.min.css?ver=6.9 HTTP/2.0" 200 3414 "https://emtiyz.com/" "Mozilla/5.0 (iPhone; CPU iPhone OS 18_6_2 like Mac OS X) AppleWebKit/605.1.15 (KHTML, like Gecko) Version/18.6 Mobile/15E148 Safari/604.1"
84.65.47.104 - - [16/Dec/2025:13:48:38 -0500] "GET /wp-content/plugins/themesflat-core/assets/css/iconbox/tf-iconbox.css?ver=6.9 HTTP/2.0" 200 4719 "https://emtiyz.com/" "Mozilla/5.0 (iPhone; CPU iPhone OS 18_6_2 like Mac OS X) AppleWebKit/605.1.15 (KHTML, like Gecko) Version/18.6 Mobile/15E148 Safari/604.1"
84.65.47.104 - - [16/Dec/2025:13:48:38 -0500] "GET /wp-content/plugins/elementor/assets/css/widget-image.min.css?ver=3.31.3 HTTP/2.0" 200 254 "https://emtiyz.com/" "Mozilla/5.0 (iPhone; CPU iPhone OS 18_6_2 like Mac OS X) AppleWebKit/605.1.15 (KHTML, like Gecko) Version/18.6 Mobile/15E148 Safari/604.1"
84.65.47.104 - - [16/Dec/2025:13:48:38 -0500] "GET /wp-content/plugins/elementor/assets/css/widget-image-box.min.css?ver=3.31.3 HTTP/2.0" 200 1494 "https://emtiyz.com/" "Mozilla/5.0 (iPhone; CPU iPhone OS 18_6_2 like Mac OS X) AppleWebKit/605.1.15 (KHTML, like Gecko) Version/18.6 Mobile/15E148 Safari/604.1"
84.65.47.104 - - [16/Dec/2025:13:48:38 -0500] "GET /wp-content/plugins/elementor/assets/css/widget-counter.min.css?ver=3.31.3 HTTP/2.0" 200 793 "https://emtiyz.com/" "Mozilla/5.0 (iPhone; CPU iPhone OS 18_6_2 like Mac OS X) AppleWebKit/605.1.15 (KHTML, like Gecko) Version/18.6 Mobile/15E148 Safari/604.1"
84.65.47.104 - - [16/Dec/2025:13:48:38 -0500] "GET /wp-content/plugins/themesflat-core/assets/css/partner/tf-partner.css?ver=6.9 HTTP/2.0" 200 3246 "https://emtiyz.com/" "Mozilla/5.0 (iPhone; CPU iPhone OS 18_6_2 like Mac OS X) AppleWebKit/605.1.15 (KHTML, like Gecko) Version/18.6 Mobile/15E148 Safari/604.1"
84.65.47.104 - - [16/Dec/2025:13:48:38 -0500] "GET /wp-content/plugins/themesflat-core/assets/css/tf-main-post-type.css?ver=1 HTTP/2.0" 200 7187 "https://emtiyz.com/" "Mozilla/5.0 (iPhone; CPU iPhone OS 18_6_2 like Mac OS X) AppleWebKit/605.1.15 (KHTML, like Gecko) Version/18.6 Mobile/15E148 Safari/604.1"
84.65.47.104 - - [16/Dec/2025:13:48:38 -0500] "GET /wp-content/themes/autodeal/css/icon-autodeal.css?ver=1.0.0 HTTP/2.0" 200 9166 "https://emtiyz.com/" "Mozilla/5.0 (iPhone; CPU iPhone OS 18_6_2 like Mac OS X) AppleWebKit/605.1.15 (KHTML, like Gecko) Version/18.6 Mobile/15E148 Safari/604.1"
84.65.47.104 - - [16/Dec/2025:13:48:38 -0500] "GET /wp-includes/js/plupload/plupload.min.js?ver=2.1.9 HTTP/2.0" 200 15605 "https://emtiyz.com/" "Mozilla/5.0 (iPhone; CPU iPhone OS 18_6_2 like Mac OS X) AppleWebKit/605.1.15 (KHTML, like Gecko) Version/18.6 Mobile/15E148 Safari/604.1"
84.65.47.104 - - [16/Dec/2025:13:48:38 -0500] "GET /wp-includes/js/jquery/jquery-migrate.min.js?ver=3.4.1 HTTP/2.0" 200 13577 "https://emtiyz.com/" "Mozilla/5.0 (iPhone; CPU iPhone OS 18_6_2 like Mac OS X) AppleWebKit/605.1.15 (KHTML, like Gecko) Version/18.6 Mobile/15E148 Safari/604.1"
84.65.47.104 - - [16/Dec/2025:13:48:38 -0500] "GET /wp-content/plugins/tf-car-listing/includes/elementor-widget/assets/css/search.css?ver=6.9 HTTP/2.0" 200 29098 "https://emtiyz.com/" "Mozilla/5.0 (iPhone; CPU iPhone OS 18_6_2 like Mac OS X) AppleWebKit/605.1.15 (KHTML, like Gecko) Version/18.6 Mobile/15E148 Safari/604.1"
84.65.47.104 - - [16/Dec/2025:13:48:38 -0500] "GET /wp-content/plugins/tf-car-listing/includes/elementor-widget/assets/css/taxonomy.css?ver=6.9 HTTP/2.0" 200 17567 "https://emtiyz.com/" "Mozilla/5.0 (iPhone; CPU iPhone OS 18_6_2 like Mac OS X) AppleWebKit/605.1.15 (KHTML, like Gecko) Version/18.6 Mobile/15E148 Safari/604.1"
84.65.47.104 - - [16/Dec/2025:13:48:38 -0500] "GET /wp-content/plugins/themesflat-core/assets/css/posts/tf-posts.css?ver=6.9 HTTP/2.0" 200 16462 "https://emtiyz.com/" "Mozilla/5.0 (iPhone; CPU iPhone OS 18_6_2 like Mac OS X) AppleWebKit/605.1.15 (KHTML, like Gecko) Version/18.6 Mobile/15E148 Safari/604.1"
84.65.47.104 - - [16/Dec/2025:13:48:38 -0500] "GET /wp-content/uploads/elementor/css/post-5940.css?ver=1765555554 HTTP/2.0" 200 81281 "https://emtiyz.com/" "Mozilla/5.0 (iPhone; CPU iPhone OS 18_6_2 like Mac OS X) AppleWebKit/605.1.15 (KHTML, like Gecko) Version/18.6 Mobile/15E148 Safari/604.1"
84.65.47.104 - - [16/Dec/2025:13:48:38 -0500] "GET /wp-includes/js/plupload/moxie.min.js?ver=1.3.5.1 HTTP/2.0" 200 87394 "https://emtiyz.com/" "Mozilla/5.0 (iPhone; CPU iPhone OS 18_6_2 like Mac OS X) AppleWebKit/605.1.15 (KHTML, like Gecko) Version/18.6 Mobile/15E148 Safari/604.1"
84.65.47.104 - - [16/Dec/2025:13:48:38 -0500] "GET /wp-includes/js/jquery/jquery.min.js?ver=3.7.1 HTTP/2.0" 200 87553 "https://emtiyz.com/" "Mozilla/5.0 (iPhone; CPU iPhone OS 18_6_2 like Mac OS X) AppleWebKit/605.1.15 (KHTML, like Gecko) Version/18.6 Mobile/15E148 Safari/604.1"
84.65.47.104 - - [16/Dec/2025:13:48:38 -0500] "GET /wp-content/plugins/elementor/assets/css/conditionals/e-swiper.min.css?ver=3.31.3 HTTP/2.0" 200 5486 "https://emtiyz.com/" "Mozilla/5.0 (iPhone; CPU iPhone OS 18_6_2 like Mac OS X) AppleWebKit/605.1.15 (KHTML, like Gecko) Version/18.6 Mobile/15E148 Safari/604.1"
84.65.47.104 - - [16/Dec/2025:13:48:38 -0500] "GET /wp-content/plugins/pro-elements/assets/css/widget-slides.min.css?ver=3.31.2 HTTP/2.0" 200 2385 "https://emtiyz.com/" "Mozilla/5.0 (iPhone; CPU iPhone OS 18_6_2 like Mac OS X) AppleWebKit/605.1.15 (KHTML, like Gecko) Version/18.6 Mobile/15E148 Safari/604.1"
84.65.47.104 - - [16/Dec/2025:13:48:38 -0500] "GET /wp-content/plugins/pro-elements/assets/css/widget-hotspot.min.css?ver=3.31.2 HTTP/2.0" 200 5554 "https://emtiyz.com/" "Mozilla/5.0 (iPhone; CPU iPhone OS 18_6_2 like Mac OS X) AppleWebKit/605.1.15 (KHTML, like Gecko) Version/18.6 Mobile/15E148 Safari/604.1"
84.65.47.104 - - [16/Dec/2025:13:48:38 -0500] "GET /wp-content/plugins/themesflat-core/assets/css/testimonial/tf-testimonial.css?ver=6.9 HTTP/2.0" 200 16147 "https://emtiyz.com/" "Mozilla/5.0 (iPhone; CPU iPhone OS 18_6_2 like Mac OS X) AppleWebKit/605.1.15 (KHTML, like Gecko) Version/18.6 Mobile/15E148 Safari/604.1"
84.65.47.104 - - [16/Dec/2025:13:48:38 -0500] "GET /wp-content/plugins/tf-car-listing//public/assets/js/compare.js HTTP/2.0" 200 8809 "https://emtiyz.com/" "Mozilla/5.0 (iPhone; CPU iPhone OS 18_6_2 like Mac OS X) AppleWebKit/605.1.15 (KHTML, like Gecko) Version/18.6 Mobile/15E148 Safari/604.1"
84.65.47.104 - - [16/Dec/2025:13:48:38 -0500] "GET /wp-content/plugins/tf-car-listing/public/assets/js/range-slider.js?ver=6.9 HTTP/2.0" 200 5085 "https://emtiyz.com/" "Mozilla/5.0 (iPhone; CPU iPhone OS 18_6_2 like Mac OS X) AppleWebKit/605.1.15 (KHTML, like Gecko) Version/18.6 Mobile/15E148 Safari/604.1"
84.65.47.104 - - [16/Dec/2025:13:48:38 -0500] "GET /wp-content/plugins/tf-car-listing/public/assets/third-party/swiper/swiper-bundle.min.css?ver=6.9 HTTP/2.0" 200 13973 "https://emtiyz.com/" "Mozilla/5.0 (iPhone; CPU iPhone OS 18_6_2 like Mac OS X) AppleWebKit/605.1.15 (KHTML, like Gecko) Version/18.6 Mobile/15E148 Safari/604.1"
84.65.47.104 - - [16/Dec/2025:13:48:38 -0500] "GET /wp-content/uploads/elementor/css/post-3795.css?ver=1765554280 HTTP/2.0" 200 10502 "https://emtiyz.com/" "Mozilla/5.0 (iPhone; CPU iPhone OS 18_6_2 like Mac OS X) AppleWebKit/605.1.15 (KHTML, like Gecko) Version/18.6 Mobile/15E148 Safari/604.1"
84.65.47.104 - - [16/Dec/2025:13:48:38 -0500] "GET /wp-content/plugins/elementor/assets/css/widget-icon-list.min.css?ver=3.31.3 HTTP/2.0" 200 10470 "https://emtiyz.com/" "Mozilla/5.0 (iPhone; CPU iPhone OS 18_6_2 like Mac OS X) AppleWebKit/605.1.15 (KHTML, like Gecko) Version/18.6 Mobile/15E148 Safari/604.1"
84.65.47.104 - - [16/Dec/2025:13:48:38 -0500] "GET /wp-content/plugins/elementor/assets/css/widget-social-icons.min.css?ver=3.31.3 HTTP/2.0" 200 5150 "https://emtiyz.com/" "Mozilla/5.0 (iPhone; CPU iPhone OS 18_6_2 like Mac OS X) AppleWebKit/605.1.15 (KHTML, like Gecko) Version/18.6 Mobile/15E148 Safari/604.1"
84.65.47.104 - - [16/Dec/2025:13:48:38 -0500] "GET /wp-content/plugins/elementor/assets/css/conditionals/apple-webkit.min.css?ver=3.31.3 HTTP/2.0" 200 7025 "https://emtiyz.com/" "Mozilla/5.0 (iPhone; CPU iPhone OS 18_6_2 like Mac OS X) AppleWebKit/605.1.15 (KHTML, like Gecko) Version/18.6 Mobile/15E148 Safari/604.1"
84.65.47.104 - - [16/Dec/2025:13:48:38 -0500] "GET /wp-content/plugins/tf-car-listing//public/assets/js/review.js HTTP/2.0" 200 23765 "https://emtiyz.com/" "Mozilla/5.0 (iPhone; CPU iPhone OS 18_6_2 like Mac OS X) AppleWebKit/605.1.15 (KHTML, like Gecko) Version/18.6 Mobile/15E148 Safari/604.1"
84.65.47.104 - - [16/Dec/2025:13:48:38 -0500] "GET /wp-content/plugins/tf-car-listing/includes/elementor-widget/assets/css/listing.css?ver=6.9 HTTP/2.0" 200 42159 "https://emtiyz.com/" "Mozilla/5.0 (iPhone; CPU iPhone OS 18_6_2 like Mac OS X) AppleWebKit/605.1.15 (KHTML, like Gecko) Version/18.6 Mobile/15E148 Safari/604.1"
84.65.47.104 - - [16/Dec/2025:13:48:38 -0500] "GET /wp-content/uploads/2025/05/Emtiyz-1.png HTTP/2.0" 200 74612 "https://emtiyz.com/" "Mozilla/5.0 (iPhone; CPU iPhone OS 18_6_2 like Mac OS X) AppleWebKit/605.1.15 (KHTML, like Gecko) Version/18.6 Mobile/15E148 Safari/604.1"
84.65.47.104 - - [16/Dec/2025:13:48:38 -0500] "GET /wp-includes/js/underscore.min.js?ver=1.13.7 HTTP/2.0" 200 18905 "https://emtiyz.com/" "Mozilla/5.0 (iPhone; CPU iPhone OS 18_6_2 like Mac OS X) AppleWebKit/605.1.15 (KHTML, like Gecko) Version/18.6 Mobile/15E148 Safari/604.1"
84.65.47.104 - - [16/Dec/2025:13:48:38 -0500] "GET /wp-includes/js/backbone.min.js?ver=1.6.0 HTTP/2.0" 200 24301 "https://emtiyz.com/" "Mozilla/5.0 (iPhone; CPU iPhone OS 18_6_2 like Mac OS X) AppleWebKit/605.1.15 (KHTML, like Gecko) Version/18.6 Mobile/15E148 Safari/604.1"
84.65.47.104 - - [16/Dec/2025:13:48:38 -0500] "GET /wp-includes/js/wp-util.min.js?ver=6.9 HTTP/2.0" 200 1426 "https://emtiyz.com/" "Mozilla/5.0 (iPhone; CPU iPhone OS 18_6_2 like Mac OS X) AppleWebKit/605.1.15 (KHTML, like Gecko) Version/18.6 Mobile/15E148 Safari/604.1"
84.65.47.104 - - [16/Dec/2025:13:48:38 -0500] "GET /wp-includes/js/wp-backbone.min.js?ver=6.9 HTTP/2.0" 200 3039 "https://emtiyz.com/" "Mozilla/5.0 (iPhone; CPU iPhone OS 18_6_2 like Mac OS X) AppleWebKit/605.1.15 (KHTML, like Gecko) Version/18.6 Mobile/15E148 Safari/604.1"
84.65.47.104 - - [16/Dec/2025:13:48:38 -0500] "GET /wp-includes/js/media-models.min.js?ver=6.9 HTTP/2.0" 200 13284 "https://emtiyz.com/" "Mozilla/5.0 (iPhone; CPU iPhone OS 18_6_2 like Mac OS X) AppleWebKit/605.1.15 (KHTML, like Gecko) Version/18.6 Mobile/15E148 Safari/604.1"
84.65.47.104 - - [16/Dec/2025:13:48:38 -0500] "GET /wp-includes/js/plupload/wp-plupload.min.js?ver=6.9 HTTP/2.0" 200 6036 "https://emtiyz.com/" "Mozilla/5.0 (iPhone; CPU iPhone OS 18_6_2 like Mac OS X) AppleWebKit/605.1.15 (KHTML, like Gecko) Version/18.6 Mobile/15E148 Safari/604.1"
84.65.47.104 - - [16/Dec/2025:13:48:38 -0500] "GET /wp-content/plugins/themesflat-core/assets/js/tf-animated.js?ver=6.9 HTTP/2.0" 200 1859 "https://emtiyz.com/" "Mozilla/5.0 (iPhone; CPU iPhone OS 18_6_2 like Mac OS X) AppleWebKit/605.1.15 (KHTML, like Gecko) Version/18.6 Mobile/15E148 Safari/604.1"
84.65.47.104 - - [16/Dec/2025:13:48:38 -0500] "GET /wp-content/plugins/tf-car-listing/public/assets/third-party/magnific-popup/jquery.magnific-popup.min.js?ver=6.9 HTTP/2.0" 200 21020 "https://emtiyz.com/" "Mozilla/5.0 (iPhone; CPU iPhone OS 18_6_2 like Mac OS X) AppleWebKit/605.1.15 (KHTML, like Gecko) Version/18.6 Mobile/15E148 Safari/604.1"
84.65.47.104 - - [16/Dec/2025:13:48:38 -0500] "GET /wp-content/plugins/themesflat-core/assets/js/jquery.justified.min.js?ver=6.9 HTTP/2.0" 200 19291 "https://emtiyz.com/" "Mozilla/5.0 (iPhone; CPU iPhone OS 18_6_2 like Mac OS X) AppleWebKit/605.1.15 (KHTML, like Gecko) Version/18.6 Mobile/15E148 Safari/604.1"
84.65.47.104 - - [16/Dec/2025:13:48:38 -0500] "GET /wp-includes/js/jquery/ui/core.min.js?ver=1.13.3 HTTP/2.0" 200 21464 "https://emtiyz.com/" "Mozilla/5.0 (iPhone; CPU iPhone OS 18_6_2 like Mac OS X) AppleWebKit/605.1.15 (KHTML, like Gecko) Version/18.6 Mobile/15E148 Safari/604.1"
84.65.47.104 - - [16/Dec/2025:13:48:38 -0500] "GET /wp-includes/js/jquery/ui/datepicker.min.js?ver=1.13.3 HTTP/2.0" 200 36748 "https://emtiyz.com/" "Mozilla/5.0 (iPhone; CPU iPhone OS 18_6_2 like Mac OS X) AppleWebKit/605.1.15 (KHTML, like Gecko) Version/18.6 Mobile/15E148 Safari/604.1"
84.65.47.104 - - [16/Dec/2025:13:48:38 -0500] "GET /wp-content/plugins/themesflat-core/post-format/assets/js/jquery.mb.YTPlayer.js?ver=6.9 HTTP/2.0" 200 68480 "https://emtiyz.com/" "Mozilla/5.0 (iPhone; CPU iPhone OS 18_6_2 like Mac OS X) AppleWebKit/605.1.15 (KHTML, like Gecko) Version/18.6 Mobile/15E148 Safari/604.1"
84.65.47.104 - - [16/Dec/2025:13:48:38 -0500] "GET /wp-content/plugins/tf-car-listing/public/assets/third-party/nice-select/nice-select.min.js HTTP/2.0" 200 2822 "https://emtiyz.com/" "Mozilla/5.0 (iPhone; CPU iPhone OS 18_6_2 like Mac OS X) AppleWebKit/605.1.15 (KHTML, like Gecko) Version/18.6 Mobile/15E148 Safari/604.1"
84.65.47.104 - - [16/Dec/2025:13:48:38 -0500] "GET /wp-content/plugins/tf-car-listing//public/assets/js/user.js HTTP/2.0" 200 26683 "https://emtiyz.com/" "Mozilla/5.0 (iPhone; CPU iPhone OS 18_6_2 like Mac OS X) AppleWebKit/605.1.15 (KHTML, like Gecko) Version/18.6 Mobile/15E148 Safari/604.1"
84.65.47.104 - - [16/Dec/2025:13:48:38 -0500] "GET /wp-content/plugins/tf-car-listing/public/assets/third-party/jquery-ui/jquery-ui.min.js?ver=1.12.1 HTTP/2.0" 200 253681 "https://emtiyz.com/" "Mozilla/5.0 (iPhone; CPU iPhone OS 18_6_2 like Mac OS X) AppleWebKit/605.1.15 (KHTML, like Gecko) Version/18.6 Mobile/15E148 Safari/604.1"
84.65.47.104 - - [16/Dec/2025:13:48:38 -0500] "GET /wp-content/plugins/tf-car-listing/public/assets/js/main.js?ver=6.9 HTTP/2.0" 200 9925 "https://emtiyz.com/" "Mozilla/5.0 (iPhone; CPU iPhone OS 18_6_2 like Mac OS X) AppleWebKit/605.1.15 (KHTML, like Gecko) Version/18.6 Mobile/15E148 Safari/604.1"
84.65.47.104 - - [16/Dec/2025:13:48:38 -0500] "GET /wp-content/plugins/tf-car-listing/public/assets/js/jquery.validate.min.js HTTP/2.0" 200 24604 "https://emtiyz.com/" "Mozilla/5.0 (iPhone; CPU iPhone OS 18_6_2 like Mac OS X) AppleWebKit/605.1.15 (KHTML, like Gecko) Version/18.6 Mobile/15E148 Safari/604.1"
84.65.47.104 - - [16/Dec/2025:13:48:38 -0500] "GET /wp-content/plugins/tf-car-listing/public/assets/third-party/bootstrap/js/bootstrap.bundle.min.js?ver=4.6.2 HTTP/2.0" 200 136938 "https://emtiyz.com/" "Mozilla/5.0 (iPhone; CPU iPhone OS 18_6_2 like Mac OS X) AppleWebKit/605.1.15 (KHTML, like Gecko) Version/18.6 Mobile/15E148 Safari/604.1"
84.65.47.104 - - [16/Dec/2025:13:48:38 -0500] "GET /wp-content/plugins/tf-car-listing/public/assets/js/advanced-search.js HTTP/2.0" 200 12358 "https://emtiyz.com/" "Mozilla/5.0 (iPhone; CPU iPhone OS 18_6_2 like Mac OS X) AppleWebKit/605.1.15 (KHTML, like Gecko) Version/18.6 Mobile/15E148 Safari/604.1"
84.65.47.104 - - [16/Dec/2025:13:48:38 -0500] "GET /wp-content/themes/autodeal/js/html5shiv.js?ver=3.7.0 HTTP/2.0" 200 2437 "https://emtiyz.com/" "Mozilla/5.0 (iPhone; CPU iPhone OS 18_6_2 like Mac OS X) AppleWebKit/605.1.15 (KHTML, like Gecko) Version/18.6 Mobile/15E148 Safari/604.1"
84.65.47.104 - - [16/Dec/2025:13:48:38 -0500] "GET /wp-content/themes/autodeal/js/matchMedia.js?ver=1.2 HTTP/2.0" 200 1744 "https://emtiyz.com/" "Mozilla/5.0 (iPhone; CPU iPhone OS 18_6_2 like Mac OS X) AppleWebKit/605.1.15 (KHTML, like Gecko) Version/18.6 Mobile/15E148 Safari/604.1"
84.65.47.104 - - [16/Dec/2025:13:48:38 -0500] "GET /wp-content/themes/autodeal/js/main.js?ver=2.0.4 HTTP/2.0" 200 13999 "https://emtiyz.com/" "Mozilla/5.0 (iPhone; CPU iPhone OS 18_6_2 like Mac OS X) AppleWebKit/605.1.15 (KHTML, like Gecko) Version/18.6 Mobile/15E148 Safari/604.1"
84.65.47.104 - - [16/Dec/2025:13:48:38 -0500] "GET /wp-includes/js/imagesloaded.min.js?ver=5.0.0 HTTP/2.0" 200 5520 "https://emtiyz.com/" "Mozilla/5.0 (iPhone; CPU iPhone OS 18_6_2 like Mac OS X) AppleWebKit/605.1.15 (KHTML, like Gecko) Version/18.6 Mobile/15E148 Safari/604.1"
84.65.47.104 - - [16/Dec/2025:13:48:38 -0500] "GET /wp-content/plugins/tf-car-listing/includes/elementor-widget/assets/js/search.js?ver=6.9 HTTP/2.0" 200 17324 "https://emtiyz.com/" "Mozilla/5.0 (iPhone; CPU iPhone OS 18_6_2 like Mac OS X) AppleWebKit/605.1.15 (KHTML, like Gecko) Version/18.6 Mobile/15E148 Safari/604.1"
84.65.47.104 - - [16/Dec/2025:13:48:38 -0500] "GET /wp-content/plugins/tf-car-listing/public/assets/js/taxonomy.js HTTP/2.0" 200 43319 "https://emtiyz.com/" "Mozilla/5.0 (iPhone; CPU iPhone OS 18_6_2 like Mac OS X) AppleWebKit/605.1.15 (KHTML, like Gecko) Version/18.6 Mobile/15E148 Safari/604.1"
84.65.47.104 - - [16/Dec/2025:13:48:38 -0500] "GET /wp-content/plugins/elementor/assets/js/frontend-modules.min.js?ver=3.31.3 HTTP/2.0" 200 49432 "https://emtiyz.com/" "Mozilla/5.0 (iPhone; CPU iPhone OS 18_6_2 like Mac OS X) AppleWebKit/605.1.15 (KHTML, like Gecko) Version/18.6 Mobile/15E148 Safari/604.1"
84.65.47.104 - - [16/Dec/2025:13:48:38 -0500] "GET /wp-content/plugins/tf-car-listing/public/assets/js/listing.js?ver=6.9 HTTP/2.0" 200 77073 "https://emtiyz.com/" "Mozilla/5.0 (iPhone; CPU iPhone OS 18_6_2 like Mac OS X) AppleWebKit/605.1.15 (KHTML, like Gecko) Version/18.6 Mobile/15E148 Safari/604.1"
84.65.47.104 - - [16/Dec/2025:13:48:38 -0500] "GET /wp-content/plugins/elementor/assets/lib/swiper/v8/swiper.min.js?ver=8.4.5 HTTP/2.0" 200 143709 "https://emtiyz.com/" "Mozilla/5.0 (iPhone; CPU iPhone OS 18_6_2 like Mac OS X) AppleWebKit/605.1.15 (KHTML, like Gecko) Version/18.6 Mobile/15E148 Safari/604.1"
84.65.47.104 - - [16/Dec/2025:13:48:38 -0500] "GET /wp-content/plugins/elementor/assets/js/webpack.runtime.min.js?ver=3.31.3 HTTP/2.0" 200 5707 "https://emtiyz.com/" "Mozilla/5.0 (iPhone; CPU iPhone OS 18_6_2 like Mac OS X) AppleWebKit/605.1.15 (KHTML, like Gecko) Version/18.6 Mobile/15E148 Safari/604.1"
84.65.47.104 - - [16/Dec/2025:13:48:38 -0500] "GET /wp-content/plugins/elementor/assets/js/frontend.min.js?ver=3.31.3 HTTP/2.0" 200 32879 "https://emtiyz.com/" "Mozilla/5.0 (iPhone; CPU iPhone OS 18_6_2 like Mac OS X) AppleWebKit/605.1.15 (KHTML, like Gecko) Version/18.6 Mobile/15E148 Safari/604.1"
84.65.47.104 - - [16/Dec/2025:13:48:38 -0500] "GET /wp-content/plugins/themesflat-core/assets/js/owl.carousel.min.js?ver=6.9 HTTP/2.0" 200 44342 "https://emtiyz.com/" "Mozilla/5.0 (iPhone; CPU iPhone OS 18_6_2 like Mac OS X) AppleWebKit/605.1.15 (KHTML, like Gecko) Version/18.6 Mobile/15E148 Safari/604.1"
84.65.47.104 - - [16/Dec/2025:13:48:38 -0500] "GET /wp-content/plugins/tf-car-listing/includes/elementor-widget/assets/js/taxonomy.js?ver=6.9 HTTP/2.0" 200 2422 "https://emtiyz.com/" "Mozilla/5.0 (iPhone; CPU iPhone OS 18_6_2 like Mac OS X) AppleWebKit/605.1.15 (KHTML, like Gecko) Version/18.6 Mobile/15E148 Safari/604.1"
84.65.47.104 - - [16/Dec/2025:13:48:38 -0500] "GET /wp-content/plugins/themesflat-core/assets/js/imagesloaded.pkgd.min.js?ver=6.9 HTTP/2.0" 200 5600 "https://emtiyz.com/" "Mozilla/5.0 (iPhone; CPU iPhone OS 18_6_2 like Mac OS X) AppleWebKit/605.1.15 (KHTML, like Gecko) Version/18.6 Mobile/15E148 Safari/604.1"
84.65.47.104 - - [16/Dec/2025:13:48:38 -0500] "GET /wp-content/plugins/tf-car-listing/includes/elementor-widget/assets/js/listing.js?ver=6.9 HTTP/2.0" 200 18956 "https://emtiyz.com/" "Mozilla/5.0 (iPhone; CPU iPhone OS 18_6_2 like Mac OS X) AppleWebKit/605.1.15 (KHTML, like Gecko) Version/18.6 Mobile/15E148 Safari/604.1"
84.65.47.104 - - [16/Dec/2025:13:48:38 -0500] "GET /wp-content/plugins/pro-elements/assets/js/frontend.min.js?ver=3.31.2 HTTP/2.0" 200 24209 "https://emtiyz.com/" "Mozilla/5.0 (iPhone; CPU iPhone OS 18_6_2 like Mac OS X) AppleWebKit/605.1.15 (KHTML, like Gecko) Version/18.6 Mobile/15E148 Safari/604.1"
84.65.47.104 - - [16/Dec/2025:13:48:38 -0500] "GET /wp-content/plugins/tf-car-listing/public/assets/third-party/swiper/swiper-bundle.min.js?ver=6.9 HTTP/2.0" 200 146417 "https://emtiyz.com/" "Mozilla/5.0 (iPhone; CPU iPhone OS 18_6_2 like Mac OS X) AppleWebKit/605.1.15 (KHTML, like Gecko) Version/18.6 Mobile/15E148 Safari/604.1"
84.65.47.104 - - [16/Dec/2025:13:48:38 -0500] "GET /wp-content/plugins/elementor/assets/lib/jquery-numerator/jquery-numerator.min.js?ver=0.2.1 HTTP/2.0" 200 1801 "https://emtiyz.com/" "Mozilla/5.0 (iPhone; CPU iPhone OS 18_6_2 like Mac OS X) AppleWebKit/605.1.15 (KHTML, like Gecko) Version/18.6 Mobile/15E148 Safari/604.1"
84.65.47.104 - - [16/Dec/2025:13:48:38 -0500] "GET /wp-content/plugins/themesflat-core/assets/js/posts/tf-posts.js?ver=6.9 HTTP/2.0" 200 2173 "https://emtiyz.com/" "Mozilla/5.0 (iPhone; CPU iPhone OS 18_6_2 like Mac OS X) AppleWebKit/605.1.15 (KHTML, like Gecko) Version/18.6 Mobile/15E148 Safari/604.1"
84.65.47.104 - - [16/Dec/2025:13:48:38 -0500] "GET /wp-content/plugins/pro-elements/assets/js/webpack-pro.runtime.min.js?ver=3.31.2 HTTP/2.0" 200 6247 "https://emtiyz.com/" "Mozilla/5.0 (iPhone; CPU iPhone OS 18_6_2 like Mac OS X) AppleWebKit/605.1.15 (KHTML, like Gecko) Version/18.6 Mobile/15E148 Safari/604.1"
84.65.47.104 - - [16/Dec/2025:13:48:38 -0500] "GET /wp-includes/js/dist/hooks.min.js?ver=dd5603f07f9220ed27f1 HTTP/2.0" 200 5661 "https://emtiyz.com/" "Mozilla/5.0 (iPhone; CPU iPhone OS 18_6_2 like Mac OS X) AppleWebKit/605.1.15 (KHTML, like Gecko) Version/18.6 Mobile/15E148 Safari/604.1"
84.65.47.104 - - [16/Dec/2025:13:48:38 -0500] "GET /wp-includes/js/dist/i18n.min.js?ver=c26c3dc7bed366793375 HTTP/2.0" 200 5314 "https://emtiyz.com/" "Mozilla/5.0 (iPhone; CPU iPhone OS 18_6_2 like Mac OS X) AppleWebKit/605.1.15 (KHTML, like Gecko) Version/18.6 Mobile/15E148 Safari/604.1"
84.65.47.104 - - [16/Dec/2025:13:48:38 -0500] "GET /wp-content/plugins/pro-elements/assets/js/elements-handlers.min.js?ver=3.31.2 HTTP/2.0" 200 44669 "https://emtiyz.com/" "Mozilla/5.0 (iPhone; CPU iPhone OS 18_6_2 like Mac OS X) AppleWebKit/605.1.15 (KHTML, like Gecko) Version/18.6 Mobile/15E148 Safari/604.1"
84.65.47.104 - - [16/Dec/2025:13:48:38 -0500] "GET /wp-content/themes/autodeal/fonts/autodeal.ttf?muulyf HTTP/2.0" 200 57784 "https://emtiyz.com/" "Mozilla/5.0 (iPhone; CPU iPhone OS 18_6_2 like Mac OS X) AppleWebKit/605.1.15 (KHTML, like Gecko) Version/18.6 Mobile/15E148 Safari/604.1"
84.65.47.104 - - [16/Dec/2025:13:48:38 -0500] "GET /wp-content/uploads/2025/05/Logo-1.png HTTP/2.0" 200 10485 "https://emtiyz.com/" "Mozilla/5.0 (iPhone; CPU iPhone OS 18_6_2 like Mac OS X) AppleWebKit/605.1.15 (KHTML, like Gecko) Version/18.6 Mobile/15E148 Safari/604.1"
84.65.47.104 - - [16/Dec/2025:13:48:38 -0500] "GET /icons/royalty.png HTTP/2.0" 200 1532 "https://emtiyz.com/" "Mozilla/5.0 (iPhone; CPU iPhone OS 18_6_2 like Mac OS X) AppleWebKit/605.1.15 (KHTML, like Gecko) Version/18.6 Mobile/15E148 Safari/604.1"
84.65.47.104 - - [16/Dec/2025:13:48:38 -0500] "GET /wp-content/uploads/2024/10/Logo-2.png HTTP/2.0" 200 94975 "https://emtiyz.com/" "Mozilla/5.0 (iPhone; CPU iPhone OS 18_6_2 like Mac OS X) AppleWebKit/605.1.15 (KHTML, like Gecko) Version/18.6 Mobile/15E148 Safari/604.1"
84.65.47.104 - - [16/Dec/2025:13:48:38 -0500] "GET /wp-includes/js/wp-emoji-release.min.js?ver=6.9 HTTP/2.0" 200 22762 "https://emtiyz.com/" "Mozilla/5.0 (iPhone; CPU iPhone OS 18_6_2 like Mac OS X) AppleWebKit/605.1.15 (KHTML, like Gecko) Version/18.6 Mobile/15E148 Safari/604.1"
84.65.47.104 - - [16/Dec/2025:13:48:38 -0500] "GET /wp-content/plugins/elementor/assets/js/shared-frontend-handlers.4c8abccc3e268b0767b2.bundle.min.js HTTP/2.0" 200 8525 "https://emtiyz.com/" "Mozilla/5.0 (iPhone; CPU iPhone OS 18_6_2 like Mac OS X) AppleWebKit/605.1.15 (KHTML, like Gecko) Version/18.6 Mobile/15E148 Safari/604.1"
84.65.47.104 - - [16/Dec/2025:13:48:38 -0500] "GET /wp-content/plugins/pro-elements/assets/js/slides.c0029640cbdb48199471.bundle.min.js HTTP/2.0" 200 3925 "https://emtiyz.com/" "Mozilla/5.0 (iPhone; CPU iPhone OS 18_6_2 like Mac OS X) AppleWebKit/605.1.15 (KHTML, like Gecko) Version/18.6 Mobile/15E148 Safari/604.1"
84.65.47.104 - - [16/Dec/2025:13:48:38 -0500] "GET /wp-content/plugins/elementor/assets/js/text-editor.abc8f59c62f2820dc25a.bundle.min.js HTTP/2.0" 200 1392 "https://emtiyz.com/" "Mozilla/5.0 (iPhone; CPU iPhone OS 18_6_2 like Mac OS X) AppleWebKit/605.1.15 (KHTML, like Gecko) Version/18.6 Mobile/15E148 Safari/604.1"
84.65.47.104 - - [16/Dec/2025:13:48:38 -0500] "GET /wp-content/plugins/pro-elements/assets/js/hotspot.fa04300164c35a866a51.bundle.min.js HTTP/2.0" 200 2820 "https://emtiyz.com/" "Mozilla/5.0 (iPhone; CPU iPhone OS 18_6_2 like Mac OS X) AppleWebKit/605.1.15 (KHTML, like Gecko) Version/18.6 Mobile/15E148 Safari/604.1"
84.65.47.104 - - [16/Dec/2025:13:48:38 -0500] "GET /wp-content/plugins/elementor/assets/js/counter.12335f45aaa79d244f24.bundle.min.js HTTP/2.0" 200 946 "https://emtiyz.com/" "Mozilla/5.0 (iPhone; CPU iPhone OS 18_6_2 like Mac OS X) AppleWebKit/605.1.15 (KHTML, like Gecko) Version/18.6 Mobile/15E148 Safari/604.1"
84.65.47.104 - - [16/Dec/2025:13:48:38 -0500] "GET /icons/invesment.png HTTP/2.0" 200 1438 "https://emtiyz.com/" "Mozilla/5.0 (iPhone; CPU iPhone OS 18_6_2 like Mac OS X) AppleWebKit/605.1.15 (KHTML, like Gecko) Version/18.6 Mobile/15E148 Safari/604.1"
84.65.47.104 - - [16/Dec/2025:13:48:38 -0500] "GET /icons/units.png HTTP/2.0" 200 1859 "https://emtiyz.com/" "Mozilla/5.0 (iPhone; CPU iPhone OS 18_6_2 like Mac OS X) AppleWebKit/605.1.15 (KHTML, like Gecko) Version/18.6 Mobile/15E148 Safari/604.1"
84.65.47.104 - - [16/Dec/2025:13:48:38 -0500] "GET /icons/marketing.png HTTP/2.0" 200 1484 "https://emtiyz.com/" "Mozilla/5.0 (iPhone; CPU iPhone OS 18_6_2 like Mac OS X) AppleWebKit/605.1.15 (KHTML, like Gecko) Version/18.6 Mobile/15E148 Safari/604.1"
84.65.47.104 - - [16/Dec/2025:13:48:38 -0500] "GET /wp-content/uploads/2025/06/Franchise-System-Development-scaled.jpg HTTP/2.0" 200 348727 "https://emtiyz.com/" "Mozilla/5.0 (iPhone; CPU iPhone OS 18_6_2 like Mac OS X) AppleWebKit/605.1.15 (KHTML, like Gecko) Version/18.6 Mobile/15E148 Safari/604.1"
84.65.47.104 - - [16/Dec/2025:13:48:39 -0500] "GET /wp-content/uploads/2025/06/Attracting-Global-Brands-scaled.jpg HTTP/2.0" 200 482160 "https://emtiyz.com/" "Mozilla/5.0 (iPhone; CPU iPhone OS 18_6_2 like Mac OS X) AppleWebKit/605.1.15 (KHTML, like Gecko) Version/18.6 Mobile/15E148 Safari/604.1"
84.65.47.104 - - [16/Dec/2025:13:48:38 -0500] "POST /wp-admin/admin-ajax.php HTTP/2.0" 200 1270 "https://emtiyz.com/" "Mozilla/5.0 (iPhone; CPU iPhone OS 18_6_2 like Mac OS X) AppleWebKit/605.1.15 (KHTML, like Gecko) Version/18.6 Mobile/15E148 Safari/604.1"
84.65.47.104 - - [16/Dec/2025:13:48:39 -0500] "GET /wp-content/uploads/2025/06/Trademark-Registration-scaled.jpg HTTP/2.0" 200 415304 "https://emtiyz.com/" "Mozilla/5.0 (iPhone; CPU iPhone OS 18_6_2 like Mac OS X) AppleWebKit/605.1.15 (KHTML, like Gecko) Version/18.6 Mobile/15E148 Safari/604.1"
84.65.47.104 - - [16/Dec/2025:13:48:39 -0500] "GET /wp-content/uploads/2025/06/Design-Corporate-Identity-scaled.jpg HTTP/2.0" 200 558530 "https://emtiyz.com/" "Mozilla/5.0 (iPhone; CPU iPhone OS 18_6_2 like Mac OS X) AppleWebKit/605.1.15 (KHTML, like Gecko) Version/18.6 Mobile/15E148 Safari/604.1"
84.65.47.104 - - [16/Dec/2025:13:48:39 -0500] "GET /wp-content/uploads/2025/06/Franchise-Agreement-Review-scaled.jpg HTTP/2.0" 200 269747 "https://emtiyz.com/" "Mozilla/5.0 (iPhone; CPU iPhone OS 18_6_2 like Mac OS X) AppleWebKit/605.1.15 (KHTML, like Gecko) Version/18.6 Mobile/15E148 Safari/604.1"
84.65.47.104 - - [16/Dec/2025:13:48:39 -0500] "GET /wp-content/uploads/2025/06/Franchise-Unit-Management-scaled.jpg HTTP/2.0" 200 309429 "https://emtiyz.com/" "Mozilla/5.0 (iPhone; CPU iPhone OS 18_6_2 like Mac OS X) AppleWebKit/605.1.15 (KHTML, like Gecko) Version/18.6 Mobile/15E148 Safari/604.1"
84.65.47.104 - - [16/Dec/2025:13:48:39 -0500] "GET /wp-content/uploads/2025/06/Franchise-Deal-Management-scaled.jpg HTTP/2.0" 200 331599 "https://emtiyz.com/" "Mozilla/5.0 (iPhone; CPU iPhone OS 18_6_2 like Mac OS X) AppleWebKit/605.1.15 (KHTML, like Gecko) Version/18.6 Mobile/15E148 Safari/604.1"
84.65.47.104 - - [16/Dec/2025:13:48:39 -0500] "GET /wp-content/uploads/2025/11/PHOTO-2025-09-23-22-17-54.jpg HTTP/2.0" 200 92264 "https://emtiyz.com/" "Mozilla/5.0 (iPhone; CPU iPhone OS 18_6_2 like Mac OS X) AppleWebKit/605.1.15 (KHTML, like Gecko) Version/18.6 Mobile/15E148 Safari/604.1"
84.65.47.104 - - [16/Dec/2025:13:48:39 -0500] "GET /wp-content/uploads/2025/06/Franchise-Systems-Consulting-scaled.jpg HTTP/2.0" 200 331152 "https://emtiyz.com/" "Mozilla/5.0 (iPhone; CPU iPhone OS 18_6_2 like Mac OS X) AppleWebKit/605.1.15 (KHTML, like Gecko) Version/18.6 Mobile/15E148 Safari/604.1"
84.65.47.104 - - [16/Dec/2025:13:48:39 -0500] "GET /wp-content/uploads/2025/11/%D8%B4%D9%83%D8%B1-%D9%88%D8%AA%D9%87%D9%86%D8%A6%D8%A9-%D8%B3%D8%B9%D8%A7%D8%AF%D8%A9-%D8%B9%D8%B5%D9%80%D9%80%D9%80%D9%80%D8%A7%D9%85-%D9%84%D9%88%D8%AA%D9%80%D9%80%D9%80%D9%80%D9%80%D8%A7%D9%87_page-0001.jpg HTTP/2.0" 200 588452 "https://emtiyz.com/" "Mozilla/5.0 (iPhone; CPU iPhone OS 18_6_2 like Mac OS X) AppleWebKit/605.1.15 (KHTML, like Gecko) Version/18.6 Mobile/15E148 Safari/604.1"
84.65.47.104 - - [16/Dec/2025:13:48:39 -0500] "GET /wp-content/uploads/2025/11/photo.png HTTP/2.0" 200 1129733 "https://emtiyz.com/" "Mozilla/5.0 (iPhone; CPU iPhone OS 18_6_2 like Mac OS X) AppleWebKit/605.1.15 (KHTML, like Gecko) Version/18.6 Mobile/15E148 Safari/604.1"
84.65.47.104 - - [16/Dec/2025:13:48:39 -0500] "GET /wp-content/uploads/2024/10/young-asian-woman-professional-entrepreneur-stand-2025-02-22-01-15-59-utc-scaled.jpg HTTP/2.0" 200 359625 "https://emtiyz.com/" "Mozilla/5.0 (iPhone; CPU iPhone OS 18_6_2 like Mac OS X) AppleWebKit/605.1.15 (KHTML, like Gecko) Version/18.6 Mobile/15E148 Safari/604.1"
84.65.47.104 - - [16/Dec/2025:13:48:39 -0500] "GET /wp-content/uploads/2024/10/Beauty.svg HTTP/2.0" 200 7063 "https://emtiyz.com/" "Mozilla/5.0 (iPhone; CPU iPhone OS 18_6_2 like Mac OS X) AppleWebKit/605.1.15 (KHTML, like Gecko) Version/18.6 Mobile/15E148 Safari/604.1"
84.65.47.104 - - [16/Dec/2025:13:48:39 -0500] "GET /wp-content/uploads/2024/10/xx.svg HTTP/2.0" 200 23246 "https://emtiyz.com/" "Mozilla/5.0 (iPhone; CPU iPhone OS 18_6_2 like Mac OS X) AppleWebKit/605.1.15 (KHTML, like Gecko) Version/18.6 Mobile/15E148 Safari/604.1"
84.65.47.104 - - [16/Dec/2025:13:48:39 -0500] "GET /wp-content/uploads/2025/05/two-businesswomen-with-luggage-in-modern-hotel-lob-2025-01-07-20-10-22-utc-scaled.jpg HTTP/2.0" 200 292870 "https://emtiyz.com/" "Mozilla/5.0 (iPhone; CPU iPhone OS 18_6_2 like Mac OS X) AppleWebKit/605.1.15 (KHTML, like Gecko) Version/18.6 Mobile/15E148 Safari/604.1"
84.65.47.104 - - [16/Dec/2025:13:48:39 -0500] "GET /wp-content/uploads/2025/05/woman-makeup-artist-working-with-client-in-beauty-2025-01-16-23-39-05-utc-scaled.jpg HTTP/2.0" 200 427910 "https://emtiyz.com/" "Mozilla/5.0 (iPhone; CPU iPhone OS 18_6_2 like Mac OS X) AppleWebKit/605.1.15 (KHTML, like Gecko) Version/18.6 Mobile/15E148 Safari/604.1"
84.65.47.104 - - [16/Dec/2025:13:48:39 -0500] "GET /wp-content/uploads/2025/05/self-service-in-a-supermarket-a-young-arab-woman-2025-03-25-19-21-18-utc-scaled.jpg HTTP/2.0" 200 437452 "https://emtiyz.com/" "Mozilla/5.0 (iPhone; CPU iPhone OS 18_6_2 like Mac OS X) AppleWebKit/605.1.15 (KHTML, like Gecko) Version/18.6 Mobile/15E148 Safari/604.1"
84.65.47.104 - - [16/Dec/2025:13:48:39 -0500] "GET /wp-content/uploads/2025/06/dinner-in-cafe-2025-03-14-02-45-03-utc-scaled.jpg HTTP/2.0" 200 482141 "https://emtiyz.com/" "Mozilla/5.0 (iPhone; CPU iPhone OS 18_6_2 like Mac OS X) AppleWebKit/605.1.15 (KHTML, like Gecko) Version/18.6 Mobile/15E148 Safari/604.1"
84.65.47.104 - - [16/Dec/2025:13:48:39 -0500] "GET /wp-content/uploads/2025/05/Industry.jpg HTTP/2.0" 200 10887613 "https://emtiyz.com/" "Mozilla/5.0 (iPhone; CPU iPhone OS 18_6_2 like Mac OS X) AppleWebKit/605.1.15 (KHTML, like Gecko) Version/18.6 Mobile/15E148 Safari/604.1"
84.65.47.104 - - [16/Dec/2025:13:48:39 -0500] "GET /wp-content/uploads/2025/05/Education.jpg HTTP/2.0" 200 12103595 "https://emtiyz.com/" "Mozilla/5.0 (iPhone; CPU iPhone OS 18_6_2 like Mac OS X) AppleWebKit/605.1.15 (KHTML, like Gecko) Version/18.6 Mobile/15E148 Safari/604.1"
84.65.47.104 - - [16/Dec/2025:13:48:39 -0500] "GET /wp-content/uploads/2025/05/Health.jpg HTTP/2.0" 200 15961326 "https://emtiyz.com/" "Mozilla/5.0 (iPhone; CPU iPhone OS 18_6_2 like Mac OS X) AppleWebKit/605.1.15 (KHTML, like Gecko) Version/18.6 Mobile/15E148 Safari/604.1"
84.65.47.104 - - [16/Dec/2025:13:48:40 -0500] "GET /wp-content/uploads/2024/10/New-Project.png HTTP/2.0" 200 41542 "https://emtiyz.com/" "Mozilla/5.0 (iPhone; CPU iPhone OS 18_6_2 like Mac OS X) AppleWebKit/605.1.15 (KHTML, like Gecko) Version/18.6 Mobile/15E148 Safari/604.1"
74.7.227.62 - - [16/Dec/2025:13:49:12 -0500] "GET /wp-content/plugins/wpforms-lite/src/Integrations/Stripe/Api/?C=D;O=A HTTP/2.0" 200 2080 "-" "Mozilla/5.0 AppleWebKit/537.36 (KHTML, like Gecko; compatible; GPTBot/1.3; +https://openai.com/gptbot)"
50.6.4.141 - - [16/Dec/2025:13:49:36 -0500] "POST /wp-cron.php?doing_wp_cron=1765910976.5282158851623535156250 HTTP/1.1" 200 - "-" "WordPress/6.9; https://emtiyz.com"
43.173.179.123 - - [16/Dec/2025:13:49:35 -0500] "GET /make/food-beverage/ HTTP/1.1" 200 276496 "-" "Mozilla/5.0 (Windows NT 6.1; Win64; x64) AppleWebKit/537.36 (KHTML, like Gecko) Chrome/126.0.6478.114 Safari/537.36"
43.173.179.135 - - [16/Dec/2025:13:49:40 -0500] "POST /wp-admin/admin-ajax.php HTTP/1.1" 200 632 "https://emtiyz.com/make/food-beverage/" "Mozilla/5.0 (Windows NT 6.1; Win64; x64) AppleWebKit/537.36 (KHTML, like Gecko) Chrome/126.0.6478.114 Safari/537.36"
74.7.227.62 - - [16/Dec/2025:13:49:59 -0500] "GET /wp-content/plugins/wpforms-lite/vendor_prefixed/symfony/css-selector/Parser/Shortcut/HashParser.php HTTP/2.0" 500 - "-" "Mozilla/5.0 AppleWebKit/537.36 (KHTML, like Gecko; compatible; GPTBot/1.3; +https://openai.com/gptbot)"
50.6.4.141 - - [16/Dec/2025:13:50:39 -0500] "POST /wp-cron.php?doing_wp_cron=1765911039.8446071147918701171875 HTTP/1.1" 200 - "-" "WordPress/6.9; https://emtiyz.com"
43.173.175.26 - - [16/Dec/2025:13:50:39 -0500] "GET /?p=153 HTTP/1.1" 301 - "-" "Mozilla/5.0 (Windows NT 6.1; Win64; x64) AppleWebKit/537.36 (KHTML, like Gecko) Chrome/126.0.6478.114 Safari/537.36"
74.7.227.62 - - [16/Dec/2025:13:50:40 -0500] "GET /wp-content/plugins/wpforms-lite/src/Integrations/Stripe/Api/DomainManager.php HTTP/2.0" 200 - "-" "Mozilla/5.0 AppleWebKit/537.36 (KHTML, like Gecko; compatible; GPTBot/1.3; +https://openai.com/gptbot)"
43.173.175.26 - - [16/Dec/2025:13:50:40 -0500] "GET /advanced-search/ HTTP/1.1" 200 321958 "https://emtiyz.com/?p=153" "Mozilla/5.0 (Windows NT 6.1; Win64; x64) AppleWebKit/537.36 (KHTML, like Gecko) Chrome/126.0.6478.114 Safari/537.36"
43.173.179.238 - - [16/Dec/2025:13:50:45 -0500] "POST /wp-admin/admin-ajax.php HTTP/1.1" 200 1270 "https://emtiyz.com/?p=153" "Mozilla/5.0 (Windows NT 6.1; Win64; x64) AppleWebKit/537.36 (KHTML, like Gecko) Chrome/126.0.6478.114 Safari/537.36"
74.7.227.62 - - [16/Dec/2025:13:51:42 -0500] "GET /wp-content/plugins/wpforms-lite/src/Integrations/Stripe/Api/WebhookRoute.php HTTP/2.0" 500 - "-" "Mozilla/5.0 AppleWebKit/537.36 (KHTML, like Gecko; compatible; GPTBot/1.3; +https://openai.com/gptbot)"
74.7.227.62 - - [16/Dec/2025:13:52:37 -0500] "GET /wp-content/plugins/wpforms-lite/src/Integrations/Stripe/Api/WebhooksManager.php HTTP/2.0" 200 - "-" "Mozilla/5.0 AppleWebKit/537.36 (KHTML, like Gecko; compatible; GPTBot/1.3; +https://openai.com/gptbot)"
50.6.4.141 - - [16/Dec/2025:13:53:15 -0500] "POST /wp-cron.php?doing_wp_cron=1765911195.0523829460144042968750 HTTP/1.1" 200 - "-" "WordPress/6.9; https://emtiyz.com"
198.98.51.29 - - [16/Dec/2025:13:53:14 -0500] "GET /wp-login.php HTTP/1.1" 200 10442 "-" "Mozilla/5.0 (iPhone; CPU iPhone OS 7_1_2 like Mac OS X) AppleWebKit/537.51.1 (KHTML, like Gecko) GSA/4.1.0.31802 Mobile/11D257 Safari/9537.53"
198.98.51.29 - - [16/Dec/2025:13:53:15 -0500] "POST /wp-login.php HTTP/1.1" 200 10877 "-" "Mozilla/5.0 (iPhone; CPU iPhone OS 7_1_2 like Mac OS X) AppleWebKit/537.51.1 (KHTML, like Gecko) GSA/4.1.0.31802 Mobile/11D257 Safari/9537.53"
74.7.227.62 - - [16/Dec/2025:13:53:43 -0500] "GET /wp-content/plugins/wpforms-lite/vendor_prefixed/symfony/css-selector/Parser/Shortcut/?C=S;O=D HTTP/2.0" 200 1608 "-" "Mozilla/5.0 AppleWebKit/537.36 (KHTML, like Gecko; compatible; GPTBot/1.3; +https://openai.com/gptbot)"
43.166.129.247 - - [16/Dec/2025:13:53:59 -0500] "GET / HTTP/1.0" 301 - "-" "-"
74.7.227.62 - - [16/Dec/2025:13:54:40 -0500] "GET /wp-content/plugins/wpforms-lite/src/Integrations/Stripe/Stripe.php HTTP/2.0" 500 - "-" "Mozilla/5.0 AppleWebKit/537.36 (KHTML, like Gecko; compatible; GPTBot/1.3; +https://openai.com/gptbot)"
74.7.227.62 - - [16/Dec/2025:13:55:32 -0500] "GET /wp-content/plugins/wpforms-lite/src/Integrations/Stripe/?C=N;O=A HTTP/2.0" 200 2997 "-" "Mozilla/5.0 AppleWebKit/537.36 (KHTML, like Gecko; compatible; GPTBot/1.3; +https://openai.com/gptbot)"
50.6.4.141 - - [16/Dec/2025:13:55:54 -0500] "POST /wp-cron.php?doing_wp_cron=1765911354.6596300601959228515625 HTTP/1.1" 200 - "-" "WordPress/6.9; https://emtiyz.com"
216.73.216.20 - - [16/Dec/2025:13:55:54 -0500] "GET /robots.txt HTTP/2.0" 200 153 "-" "Mozilla/5.0 AppleWebKit/537.36 (KHTML, like Gecko; compatible; ClaudeBot/1.0; +claudebot@anthropic.com)"
216.73.216.20 - - [16/Dec/2025:13:56:15 -0500] "GET /sitemap.xml HTTP/2.0" 200 2423 "-" "Mozilla/5.0 AppleWebKit/537.36 (KHTML, like Gecko; compatible; ClaudeBot/1.0; +claudebot@anthropic.com)"
50.6.4.141 - - [16/Dec/2025:13:56:17 -0500] "POST /ar/wp-cron.php?doing_wp_cron=1765911377.6068060398101806640625 HTTP/1.1" 200 - "-" "WordPress/6.9; https://emtiyz.com/ar"
216.73.216.20 - - [16/Dec/2025:13:56:15 -0500] "GET /ar/wp-json/wp/v2/pages/1642 HTTP/2.0" 200 28598 "-" "Mozilla/5.0 AppleWebKit/537.36 (KHTML, like Gecko; compatible; ClaudeBot/1.0; +claudebot@anthropic.com)"
216.73.216.20 - - [16/Dec/2025:13:56:17 -0500] "GET /ar/wp-json/oembed/1.0/embed?format=xml&url=https%3A%2F%2Femtiyz.com%2Far%2Ffranchise%2F%25d8%25ac%25d9%258a%25d9%2583%25d9%258a%2F HTTP/2.0" 200 2609 "-" "Mozilla/5.0 AppleWebKit/537.36 (KHTML, like Gecko; compatible; ClaudeBot/1.0; +claudebot@anthropic.com)"
50.6.4.141 - - [16/Dec/2025:13:56:19 -0500] "POST /wp-cron.php?doing_wp_cron=1765911379.0539689064025878906250 HTTP/1.1" 200 - "-" "WordPress/6.9; https://emtiyz.com"
216.73.216.20 - - [16/Dec/2025:13:56:17 -0500] "GET /sitemap.rss HTTP/2.0" 200 16307 "-" "Mozilla/5.0 AppleWebKit/537.36 (KHTML, like Gecko; compatible; ClaudeBot/1.0; +claudebot@anthropic.com)"
74.7.227.62 - - [16/Dec/2025:13:56:38 -0500] "GET /wp-content/plugins/wpforms-lite/src/Integrations/Stripe/Api/?C=N;O=A HTTP/2.0" 200 2080 "-" "Mozilla/5.0 AppleWebKit/537.36 (KHTML, like Gecko; compatible; GPTBot/1.3; +https://openai.com/gptbot)"
74.7.227.62 - - [16/Dec/2025:13:57:36 -0500] "GET /wp-content/plugins/wpforms-lite/src/Integrations/Stripe/Api/?C=M;O=D HTTP/2.0" 200 2080 "-" "Mozilla/5.0 AppleWebKit/537.36 (KHTML, like Gecko; compatible; GPTBot/1.3; +https://openai.com/gptbot)"
74.7.227.62 - - [16/Dec/2025:13:58:26 -0500] "GET /wp-content/plugins/wpforms-lite/src/Integrations/Stripe/Api/?C=S;O=D HTTP/2.0" 200 2080 "-" "Mozilla/5.0 AppleWebKit/537.36 (KHTML, like Gecko; compatible; GPTBot/1.3; +https://openai.com/gptbot)"
74.7.227.62 - - [16/Dec/2025:13:59:13 -0500] "GET /wp-content/plugins/wpforms-lite/src/Integrations/Stripe/Api/?C=D;O=D HTTP/2.0" 200 2080 "-" "Mozilla/5.0 AppleWebKit/537.36 (KHTML, like Gecko; compatible; GPTBot/1.3; +https://openai.com/gptbot)"
74.7.227.62 - - [16/Dec/2025:13:59:54 -0500] "GET /wp-content/plugins/wpforms-lite/src/Integrations/Stripe/?C=N;O=D HTTP/2.0" 200 2997 "-" "Mozilla/5.0 AppleWebKit/537.36 (KHTML, like Gecko; compatible; GPTBot/1.3; +https://openai.com/gptbot)"
74.7.227.62 - - [16/Dec/2025:14:00:32 -0500] "GET /wp-content/plugins/wpforms-lite/src/Integrations/Stripe/?C=M;O=A HTTP/2.0" 200 2997 "-" "Mozilla/5.0 AppleWebKit/537.36 (KHTML, like Gecko; compatible; GPTBot/1.3; +https://openai.com/gptbot)"
74.7.227.62 - - [16/Dec/2025:14:01:05 -0500] "GET /wp-content/plugins/wpforms-lite/src/Integrations/Stripe/Admin/ HTTP/2.0" 200 1881 "-" "Mozilla/5.0 AppleWebKit/537.36 (KHTML, like Gecko; compatible; GPTBot/1.3; +https://openai.com/gptbot)"
50.6.4.141 - - [16/Dec/2025:14:01:19 -0500] "POST /wp-cron.php?doing_wp_cron=1765911679.9314761161804199218750 HTTP/1.1" 200 - "-" "WordPress/6.9; https://emtiyz.com"
43.173.177.72 - - [16/Dec/2025:14:01:19 -0500] "GET /drive-type/48/ HTTP/1.1" 200 146228 "-" "Mozilla/5.0 (Windows NT 6.1; Win64; x64) AppleWebKit/537.36 (KHTML, like Gecko) Chrome/126.0.6478.114 Safari/537.36"
43.173.178.82 - - [16/Dec/2025:14:01:23 -0500] "POST /wp-admin/admin-ajax.php HTTP/1.1" 200 1270 "https://emtiyz.com/drive-type/48/" "Mozilla/5.0 (Windows NT 6.1; Win64; x64) AppleWebKit/537.36 (KHTML, like Gecko) Chrome/126.0.6478.114 Safari/537.36"
74.7.227.62 - - [16/Dec/2025:14:01:37 -0500] "GET /wp-content/plugins/wpforms-lite/vendor_prefixed/symfony/css-selector/Parser/Shortcut/EmptyStringParser.php HTTP/2.0" 500 - "-" "Mozilla/5.0 AppleWebKit/537.36 (KHTML, like Gecko; compatible; GPTBot/1.3; +https://openai.com/gptbot)"
74.7.227.62 - - [16/Dec/2025:14:02:04 -0500] "GET /wp-content/plugins/wpforms-lite/vendor_prefixed/symfony/css-selector/Parser/Shortcut/HashParser.php HTTP/2.0" 500 - "-" "Mozilla/5.0 AppleWebKit/537.36 (KHTML, like Gecko; compatible; GPTBot/1.3; +https://openai.com/gptbot)"
74.7.227.62 - - [16/Dec/2025:14:03:07 -0500] "GET /wp-content/plugins/wpforms-lite/vendor_prefixed/symfony/css-selector/Parser/Handler/WhitespaceHandler.php HTTP/2.0" 500 - "-" "Mozilla/5.0 AppleWebKit/537.36 (KHTML, like Gecko; compatible; GPTBot/1.3; +https://openai.com/gptbot)"
74.7.227.62 - - [16/Dec/2025:14:04:08 -0500] "GET /wp-content/plugins/wpforms-lite/src/Integrations/Stripe/Stripe.php HTTP/2.0" 500 - "-" "Mozilla/5.0 AppleWebKit/537.36 (KHTML, like Gecko; compatible; GPTBot/1.3; +https://openai.com/gptbot)"
74.7.227.62 - - [16/Dec/2025:14:05:12 -0500] "GET /wp-content/plugins/wpforms-lite/src/Integrations/Stripe/Api/WebhookRoute.php HTTP/2.0" 500 - "-" "Mozilla/5.0 AppleWebKit/537.36 (KHTML, like Gecko; compatible; GPTBot/1.3; +https://openai.com/gptbot)"
50.6.4.141 - - [16/Dec/2025:14:05:20 -0500] "POST /wp-cron.php?doing_wp_cron=1765911920.4173069000244140625000 HTTP/1.1" 200 - "-" "WordPress/6.9; https://emtiyz.com"
66.249.79.65 - - [16/Dec/2025:14:05:19 -0500] "GET /robots.txt HTTP/1.1" 200 153 "-" "Mozilla/5.0 (compatible; Googlebot/2.1; +http://www.google.com/bot.html)"
66.249.79.65 - - [16/Dec/2025:14:05:20 -0500] "GET /wp-content/uploads/2025/06/4.png HTTP/1.1" 200 188521 "-" "Googlebot-Image/1.0"
43.173.179.70 - - [16/Dec/2025:14:05:35 -0500] "GET /make/retail/ HTTP/1.1" 200 146450 "-" "Mozilla/5.0 (Windows NT 6.1; Win64; x64) AppleWebKit/537.36 (KHTML, like Gecko) Chrome/126.0.6478.114 Safari/537.36"
43.173.182.178 - - [16/Dec/2025:14:05:39 -0500] "POST /wp-admin/admin-ajax.php HTTP/1.1" 200 148 "https://emtiyz.com/make/retail/" "Mozilla/5.0 (Windows NT 6.1; Win64; x64) AppleWebKit/537.36 (KHTML, like Gecko) Chrome/126.0.6478.114 Safari/537.36"
74.7.227.62 - - [16/Dec/2025:14:06:12 -0500] "GET /wp-content/plugins/wpforms-lite/vendor_prefixed/symfony/css-selector/Parser/Shortcut/ClassParser.php HTTP/2.0" 500 - "-" "Mozilla/5.0 AppleWebKit/537.36 (KHTML, like Gecko; compatible; GPTBot/1.3; +https://openai.com/gptbot)"
74.7.227.62 - - [16/Dec/2025:14:07:16 -0500] "GET /wp-content/plugins/wpforms-lite/vendor_prefixed/symfony/css-selector/Parser/Shortcut/ElementParser.php HTTP/2.0" 500 - "-" "Mozilla/5.0 AppleWebKit/537.36 (KHTML, like Gecko; compatible; GPTBot/1.3; +https://openai.com/gptbot)"
74.7.227.62 - - [16/Dec/2025:14:08:21 -0500] "GET /wp-content/plugins/wpforms-lite/templates/builder/?C=N;O=A HTTP/2.0" 200 2384 "-" "Mozilla/5.0 AppleWebKit/537.36 (KHTML, like Gecko; compatible; GPTBot/1.3; +https://openai.com/gptbot)"
74.7.227.62 - - [16/Dec/2025:14:09:24 -0500] "GET /wp-content/plugins/wpforms-lite/templates/builder/?C=S;O=D HTTP/2.0" 200 2384 "-" "Mozilla/5.0 AppleWebKit/537.36 (KHTML, like Gecko; compatible; GPTBot/1.3; +https://openai.com/gptbot)"
74.7.227.62 - - [16/Dec/2025:14:10:20 -0500] "GET /wp-content/plugins/wpforms-lite/src/Integrations/Stripe/?C=M;O=D HTTP/2.0" 200 2997 "-" "Mozilla/5.0 AppleWebKit/537.36 (KHTML, like Gecko; compatible; GPTBot/1.3; +https://openai.com/gptbot)"
74.7.227.62 - - [16/Dec/2025:14:11:10 -0500] "GET /wp-content/plugins/wpforms-lite/src/Integrations/Stripe/Admin/Payments/ HTTP/2.0" 200 1022 "-" "Mozilla/5.0 AppleWebKit/537.36 (KHTML, like Gecko; compatible; GPTBot/1.3; +https://openai.com/gptbot)"
74.7.227.62 - - [16/Dec/2025:14:11:54 -0500] "GET /wp-content/plugins/wpforms-lite/src/Integrations/Stripe/Admin/WebhookSettings.php HTTP/2.0" 200 - "-" "Mozilla/5.0 AppleWebKit/537.36 (KHTML, like Gecko; compatible; GPTBot/1.3; +https://openai.com/gptbot)"
50.6.4.141 - - [16/Dec/2025:14:12:31 -0500] "POST /ar/wp-cron.php?doing_wp_cron=1765912351.3523840904235839843750 HTTP/1.1" 200 - "-" "WordPress/6.9; https://emtiyz.com/ar"
216.73.216.20 - - [16/Dec/2025:14:12:30 -0500] "GET /ar/wp-json/wp/v2/pages/5389 HTTP/2.0" 200 2358 "-" "Mozilla/5.0 AppleWebKit/537.36 (KHTML, like Gecko; compatible; ClaudeBot/1.0; +claudebot@anthropic.com)"
216.73.216.20 - - [16/Dec/2025:14:12:30 -0500] "GET /ar/wp-json/wp/v2/pages/1833 HTTP/2.0" 200 16380 "-" "Mozilla/5.0 AppleWebKit/537.36 (KHTML, like Gecko; compatible; ClaudeBot/1.0; +claudebot@anthropic.com)"
216.73.216.20 - - [16/Dec/2025:14:12:31 -0500] "GET /ar/wp-json/oembed/1.0/embed?url=https%3A%2F%2Femtiyz.com%2Far%2Ffranchise%2F%25d8%25ac%25d9%258a%25d9%2583%25d9%258a%2F HTTP/2.0" 200 2418 "-" "Mozilla/5.0 AppleWebKit/537.36 (KHTML, like Gecko; compatible; ClaudeBot/1.0; +claudebot@anthropic.com)"
216.73.216.20 - - [16/Dec/2025:14:12:32 -0500] "GET /ar/wp-json/oembed/1.0/embed?url=https%3A%2F%2Femtiyz.com%2Far%2Fdealer%2Fronald-lasson%2F HTTP/2.0" 200 2336 "-" "Mozilla/5.0 AppleWebKit/537.36 (KHTML, like Gecko; compatible; ClaudeBot/1.0; +claudebot@anthropic.com)"
74.7.227.62 - - [16/Dec/2025:14:12:34 -0500] "GET /wp-content/plugins/wpforms-lite/src/Integrations/Stripe/Admin/Notices.php HTTP/2.0" 200 - "-" "Mozilla/5.0 AppleWebKit/537.36 (KHTML, like Gecko; compatible; GPTBot/1.3; +https://openai.com/gptbot)"
216.73.216.20 - - [16/Dec/2025:14:12:32 -0500] "GET /ar/xmlrpc.php HTTP/2.0" 405 42 "-" "Mozilla/5.0 AppleWebKit/537.36 (KHTML, like Gecko; compatible; ClaudeBot/1.0; +claudebot@anthropic.com)"
74.7.227.62 - - [16/Dec/2025:14:13:11 -0500] "GET /wp-content/plugins/wpforms-lite/src/Integrations/Stripe/Admin/Settings.php HTTP/2.0" 200 - "-" "Mozilla/5.0 AppleWebKit/537.36 (KHTML, like Gecko; compatible; GPTBot/1.3; +https://openai.com/gptbot)"
50.6.4.141 - - [16/Dec/2025:14:13:13 -0500] "POST /wp-cron.php?doing_wp_cron=1765912393.7479639053344726562500 HTTP/1.1" 200 - "-" "WordPress/6.9; https://emtiyz.com"
198.98.61.65 - - [16/Dec/2025:14:13:12 -0500] "GET /wp-login.php HTTP/1.1" 200 10442 "https://www.bing.com/" "Mozilla/5.0 (X11; Linux x86_64) AppleWebKit/537.36 (KHTML, like Gecko) Chrome/131.0.0.0 Safari/537.36"
74.7.227.62 - - [16/Dec/2025:14:13:44 -0500] "GET /wp-content/plugins/wpforms-lite/src/Integrations/Stripe/Admin/Connect.php HTTP/2.0" 200 - "-" "Mozilla/5.0 AppleWebKit/537.36 (KHTML, like Gecko; compatible; GPTBot/1.3; +https://openai.com/gptbot)"
74.7.227.62 - - [16/Dec/2025:14:14:14 -0500] "GET /wp-content/plugins/wpforms-lite/src/Integrations/Stripe/Admin/?C=N;O=D HTTP/2.0" 200 1881 "-" "Mozilla/5.0 AppleWebKit/537.36 (KHTML, like Gecko; compatible; GPTBot/1.3; +https://openai.com/gptbot)"
50.6.4.141 - - [16/Dec/2025:14:14:42 -0500] "POST /wp-cron.php?doing_wp_cron=1765912482.1152920722961425781250 HTTP/1.1" 200 - "-" "WordPress/6.9; https://emtiyz.com"
198.98.61.65 - - [16/Dec/2025:14:14:41 -0500] "POST /wp-login.php HTTP/1.1" 200 10899 "https://www.bing.com/" "Mozilla/5.0 (X11; Linux x86_64) AppleWebKit/537.36 (KHTML, like Gecko) Chrome/131.0.0.0 Safari/537.36"
74.7.227.62 - - [16/Dec/2025:14:14:42 -0500] "GET /wp-content/plugins/wpforms-lite/src/Integrations/Stripe/Admin/?C=D;O=A HTTP/2.0" 200 1881 "-" "Mozilla/5.0 AppleWebKit/537.36 (KHTML, like Gecko; compatible; GPTBot/1.3; +https://openai.com/gptbot)"
74.7.227.62 - - [16/Dec/2025:14:15:08 -0500] "GET /wp-content/plugins/wpforms-lite/src/Integrations/Stripe/Admin/?C=S;O=A HTTP/2.0" 200 1881 "-" "Mozilla/5.0 AppleWebKit/537.36 (KHTML, like Gecko; compatible; GPTBot/1.3; +https://openai.com/gptbot)"
74.7.227.62 - - [16/Dec/2025:14:15:29 -0500] "GET /wp-content/plugins/wpforms-lite/src/Integrations/Stripe/Admin/?C=M;O=A HTTP/2.0" 200 1881 "-" "Mozilla/5.0 AppleWebKit/537.36 (KHTML, like Gecko; compatible; GPTBot/1.3; +https://openai.com/gptbot)"
74.7.227.62 - - [16/Dec/2025:14:15:48 -0500] "GET /wp-content/plugins/wpforms-lite/templates/builder/?C=M;O=D HTTP/2.0" 200 2384 "-" "Mozilla/5.0 AppleWebKit/537.36 (KHTML, like Gecko; compatible; GPTBot/1.3; +https://openai.com/gptbot)"
74.7.227.62 - - [16/Dec/2025:14:16:05 -0500] "GET /wp-content/plugins/wpforms-lite/src/Integrations/Stripe/Stripe.php HTTP/2.0" 500 - "-" "Mozilla/5.0 AppleWebKit/537.36 (KHTML, like Gecko; compatible; GPTBot/1.3; +https://openai.com/gptbot)"
74.7.227.62 - - [16/Dec/2025:14:16:21 -0500] "GET /wp-content/plugins/wpforms-lite/src/Integrations/Stripe/Admin/Payments/SingleActionsHandler.php HTTP/2.0" 200 - "-" "Mozilla/5.0 AppleWebKit/537.36 (KHTML, like Gecko; compatible; GPTBot/1.3; +https://openai.com/gptbot)"
74.7.227.62 - - [16/Dec/2025:14:17:09 -0500] "GET /wp-content/plugins/wpforms-lite/src/Integrations/Stripe/Admin/Payments/?C=S;O=A HTTP/2.0" 200 1022 "-" "Mozilla/5.0 AppleWebKit/537.36 (KHTML, like Gecko; compatible; GPTBot/1.3; +https://openai.com/gptbot)"
