156.195.198.35 - - [16/Dec/2025:07:43:03 -0500] "GET /wp-content/uploads/2024/10/Winner-Icon-24-1.png HTTP/2.0" 200 57351 "https://emtiyz.com/" "Mozilla/5.0 (Windows NT 10.0; Win64; x64) AppleWebKit/537.36 (KHTML, like Gecko) Chrome/143.0.0.0 Safari/537.36 Edg/143.0.0.0"
156.195.198.35 - - [16/Dec/2025:07:43:03 -0500] "GET /wp-content/uploads/2024/10/Winner-Icon-22.png HTTP/2.0" 200 72494 "https://emtiyz.com/" "Mozilla/5.0 (Windows NT 10.0; Win64; x64) AppleWebKit/537.36 (KHTML, like Gecko) Chrome/143.0.0.0 Safari/537.36 Edg/143.0.0.0"
156.195.198.35 - - [16/Dec/2025:07:43:03 -0500] "GET /wp-content/uploads/2025/11/PHOTO-2025-09-23-22-17-54.jpg HTTP/2.0" 200 92264 "https://emtiyz.com/" "Mozilla/5.0 (Windows NT 10.0; Win64; x64) AppleWebKit/537.36 (KHTML, like Gecko) Chrome/143.0.0.0 Safari/537.36 Edg/143.0.0.0"
156.195.198.35 - - [16/Dec/2025:07:43:03 -0500] "GET /wp-content/uploads/2025/05/Map.png HTTP/2.0" 200 159834 "https://emtiyz.com/" "Mozilla/5.0 (Windows NT 10.0; Win64; x64) AppleWebKit/537.36 (KHTML, like Gecko) Chrome/143.0.0.0 Safari/537.36 Edg/143.0.0.0"
156.195.198.35 - - [16/Dec/2025:07:43:03 -0500] "GET /wp-content/uploads/2025/06/Franchise-Agreement-Review-scaled.jpg HTTP/2.0" 200 269747 "https://emtiyz.com/" "Mozilla/5.0 (Windows NT 10.0; Win64; x64) AppleWebKit/537.36 (KHTML, like Gecko) Chrome/143.0.0.0 Safari/537.36 Edg/143.0.0.0"
156.195.198.35 - - [16/Dec/2025:07:43:03 -0500] "GET /wp-content/uploads/2025/05/two-businesswomen-with-luggage-in-modern-hotel-lob-2025-01-07-20-10-22-utc-scaled.jpg HTTP/2.0" 200 292870 "https://emtiyz.com/wp-content/uploads/elementor/css/post-5940.css?ver=1765555554" "Mozilla/5.0 (Windows NT 10.0; Win64; x64) AppleWebKit/537.36 (KHTML, like Gecko) Chrome/143.0.0.0 Safari/537.36 Edg/143.0.0.0"
156.195.198.35 - - [16/Dec/2025:07:43:03 -0500] "GET /wp-content/uploads/2025/06/Franchise-Unit-Management-scaled.jpg HTTP/2.0" 200 309429 "https://emtiyz.com/" "Mozilla/5.0 (Windows NT 10.0; Win64; x64) AppleWebKit/537.36 (KHTML, like Gecko) Chrome/143.0.0.0 Safari/537.36 Edg/143.0.0.0"
156.195.198.35 - - [16/Dec/2025:07:43:03 -0500] "GET /wp-content/uploads/2025/06/Franchise-Deal-Management-scaled.jpg HTTP/2.0" 200 331599 "https://emtiyz.com/" "Mozilla/5.0 (Windows NT 10.0; Win64; x64) AppleWebKit/537.36 (KHTML, like Gecko) Chrome/143.0.0.0 Safari/537.36 Edg/143.0.0.0"
156.195.198.35 - - [16/Dec/2025:07:43:03 -0500] "GET /wp-content/uploads/2025/06/Franchise-Systems-Consulting-scaled.jpg HTTP/2.0" 200 331152 "https://emtiyz.com/" "Mozilla/5.0 (Windows NT 10.0; Win64; x64) AppleWebKit/537.36 (KHTML, like Gecko) Chrome/143.0.0.0 Safari/537.36 Edg/143.0.0.0"
156.195.198.35 - - [16/Dec/2025:07:43:03 -0500] "GET /wp-content/uploads/2024/10/young-asian-woman-professional-entrepreneur-stand-2025-02-22-01-15-59-utc-scaled.jpg HTTP/2.0" 200 359625 "https://emtiyz.com/" "Mozilla/5.0 (Windows NT 10.0; Win64; x64) AppleWebKit/537.36 (KHTML, like Gecko) Chrome/143.0.0.0 Safari/537.36 Edg/143.0.0.0"
156.195.198.35 - - [16/Dec/2025:07:43:03 -0500] "GET /wp-content/uploads/2025/06/Franchise-System-Development-scaled.jpg HTTP/2.0" 200 348727 "https://emtiyz.com/" "Mozilla/5.0 (Windows NT 10.0; Win64; x64) AppleWebKit/537.36 (KHTML, like Gecko) Chrome/143.0.0.0 Safari/537.36 Edg/143.0.0.0"
156.195.198.35 - - [16/Dec/2025:07:43:03 -0500] "GET /wp-content/plugins/pro-elements/assets/js/slides.c0029640cbdb48199471.bundle.min.js HTTP/2.0" 200 3925 "https://emtiyz.com/" "Mozilla/5.0 (Windows NT 10.0; Win64; x64) AppleWebKit/537.36 (KHTML, like Gecko) Chrome/143.0.0.0 Safari/537.36 Edg/143.0.0.0"
156.195.198.35 - - [16/Dec/2025:07:43:05 -0500] "GET /wp-content/plugins/elementor/assets/js/text-editor.abc8f59c62f2820dc25a.bundle.min.js HTTP/2.0" 200 1392 "https://emtiyz.com/" "Mozilla/5.0 (Windows NT 10.0; Win64; x64) AppleWebKit/537.36 (KHTML, like Gecko) Chrome/143.0.0.0 Safari/537.36 Edg/143.0.0.0"
156.195.198.35 - - [16/Dec/2025:07:43:05 -0500] "GET /wp-content/plugins/pro-elements/assets/js/hotspot.fa04300164c35a866a51.bundle.min.js HTTP/2.0" 200 2820 "https://emtiyz.com/" "Mozilla/5.0 (Windows NT 10.0; Win64; x64) AppleWebKit/537.36 (KHTML, like Gecko) Chrome/143.0.0.0 Safari/537.36 Edg/143.0.0.0"
156.195.198.35 - - [16/Dec/2025:07:43:05 -0500] "GET /wp-content/plugins/elementor/assets/js/counter.12335f45aaa79d244f24.bundle.min.js HTTP/2.0" 200 946 "https://emtiyz.com/" "Mozilla/5.0 (Windows NT 10.0; Win64; x64) AppleWebKit/537.36 (KHTML, like Gecko) Chrome/143.0.0.0 Safari/537.36 Edg/143.0.0.0"
156.195.198.35 - - [16/Dec/2025:07:43:03 -0500] "GET /wp-content/uploads/2025/06/Trademark-Registration-scaled.jpg HTTP/2.0" 200 415304 "https://emtiyz.com/" "Mozilla/5.0 (Windows NT 10.0; Win64; x64) AppleWebKit/537.36 (KHTML, like Gecko) Chrome/143.0.0.0 Safari/537.36 Edg/143.0.0.0"
156.195.198.35 - - [16/Dec/2025:07:43:03 -0500] "GET /wp-content/uploads/2025/05/woman-makeup-artist-working-with-client-in-beauty-2025-01-16-23-39-05-utc-scaled.jpg HTTP/2.0" 200 427910 "https://emtiyz.com/wp-content/uploads/elementor/css/post-5940.css?ver=1765555554" "Mozilla/5.0 (Windows NT 10.0; Win64; x64) AppleWebKit/537.36 (KHTML, like Gecko) Chrome/143.0.0.0 Safari/537.36 Edg/143.0.0.0"
156.195.198.35 - - [16/Dec/2025:07:43:03 -0500] "GET /wp-content/uploads/2025/05/self-service-in-a-supermarket-a-young-arab-woman-2025-03-25-19-21-18-utc-scaled.jpg HTTP/2.0" 200 437452 "https://emtiyz.com/wp-content/uploads/elementor/css/post-5940.css?ver=1765555554" "Mozilla/5.0 (Windows NT 10.0; Win64; x64) AppleWebKit/537.36 (KHTML, like Gecko) Chrome/143.0.0.0 Safari/537.36 Edg/143.0.0.0"
156.195.198.35 - - [16/Dec/2025:07:43:03 -0500] "GET /wp-content/uploads/2025/06/Attracting-Global-Brands-scaled.jpg HTTP/2.0" 200 482160 "https://emtiyz.com/" "Mozilla/5.0 (Windows NT 10.0; Win64; x64) AppleWebKit/537.36 (KHTML, like Gecko) Chrome/143.0.0.0 Safari/537.36 Edg/143.0.0.0"
156.195.198.35 - - [16/Dec/2025:07:43:03 -0500] "GET /wp-content/uploads/2025/06/details_23-2-2-1-660x471.png HTTP/2.0" 200 509901 "https://emtiyz.com/" "Mozilla/5.0 (Windows NT 10.0; Win64; x64) AppleWebKit/537.36 (KHTML, like Gecko) Chrome/143.0.0.0 Safari/537.36 Edg/143.0.0.0"
156.195.198.35 - - [16/Dec/2025:07:43:03 -0500] "GET /wp-content/uploads/2025/06/Design-Corporate-Identity-scaled.jpg HTTP/2.0" 200 558530 "https://emtiyz.com/" "Mozilla/5.0 (Windows NT 10.0; Win64; x64) AppleWebKit/537.36 (KHTML, like Gecko) Chrome/143.0.0.0 Safari/537.36 Edg/143.0.0.0"
156.195.198.35 - - [16/Dec/2025:07:43:03 -0500] "GET /wp-content/uploads/2025/11/%D8%B4%D9%83%D8%B1-%D9%88%D8%AA%D9%87%D9%86%D8%A6%D8%A9-%D8%B3%D8%B9%D8%A7%D8%AF%D8%A9-%D8%B9%D8%B5%D9%80%D9%80%D9%80%D9%80%D8%A7%D9%85-%D9%84%D9%88%D8%AA%D9%80%D9%80%D9%80%D9%80%D9%80%D8%A7%D9%87_page-0001.jpg HTTP/2.0" 200 588452 "https://emtiyz.com/" "Mozilla/5.0 (Windows NT 10.0; Win64; x64) AppleWebKit/537.36 (KHTML, like Gecko) Chrome/143.0.0.0 Safari/537.36 Edg/143.0.0.0"
156.195.198.35 - - [16/Dec/2025:07:43:03 -0500] "GET /wp-content/uploads/2025/05/Award-Abu-dhabi.png HTTP/2.0" 200 675085 "https://emtiyz.com/" "Mozilla/5.0 (Windows NT 10.0; Win64; x64) AppleWebKit/537.36 (KHTML, like Gecko) Chrome/143.0.0.0 Safari/537.36 Edg/143.0.0.0"
156.195.198.35 - - [16/Dec/2025:07:43:03 -0500] "GET /wp-content/uploads/2025/11/photo.png HTTP/2.0" 200 1129733 "https://emtiyz.com/" "Mozilla/5.0 (Windows NT 10.0; Win64; x64) AppleWebKit/537.36 (KHTML, like Gecko) Chrome/143.0.0.0 Safari/537.36 Edg/143.0.0.0"
156.195.198.35 - - [16/Dec/2025:07:43:05 -0500] "GET /wp-includes/js/wp-emoji-release.min.js?ver=6.9 HTTP/2.0" 200 22762 "https://emtiyz.com/" "Mozilla/5.0 (Windows NT 10.0; Win64; x64) AppleWebKit/537.36 (KHTML, like Gecko) Chrome/143.0.0.0 Safari/537.36 Edg/143.0.0.0"
156.195.198.35 - - [16/Dec/2025:07:43:03 -0500] "GET /wp-content/uploads/2025/05/Industry.jpg HTTP/2.0" 200 10887613 "https://emtiyz.com/wp-content/uploads/elementor/css/post-5940.css?ver=1765555554" "Mozilla/5.0 (Windows NT 10.0; Win64; x64) AppleWebKit/537.36 (KHTML, like Gecko) Chrome/143.0.0.0 Safari/537.36 Edg/143.0.0.0"
156.195.198.35 - - [16/Dec/2025:07:43:03 -0500] "GET /wp-content/uploads/2025/05/Education.jpg HTTP/2.0" 200 12103595 "https://emtiyz.com/wp-content/uploads/elementor/css/post-5940.css?ver=1765555554" "Mozilla/5.0 (Windows NT 10.0; Win64; x64) AppleWebKit/537.36 (KHTML, like Gecko) Chrome/143.0.0.0 Safari/537.36 Edg/143.0.0.0"
156.195.198.35 - - [16/Dec/2025:07:43:03 -0500] "GET /wp-content/uploads/2025/05/Health.jpg HTTP/2.0" 200 15961326 "https://emtiyz.com/wp-content/uploads/elementor/css/post-5940.css?ver=1765555554" "Mozilla/5.0 (Windows NT 10.0; Win64; x64) AppleWebKit/537.36 (KHTML, like Gecko) Chrome/143.0.0.0 Safari/537.36 Edg/143.0.0.0"
74.7.227.62 - - [16/Dec/2025:07:43:18 -0500] "GET /wp-content/plugins/pro-elements/modules/announcements/triggers/?C=D;O=A HTTP/2.0" 200 993 "-" "Mozilla/5.0 AppleWebKit/537.36 (KHTML, like Gecko; compatible; GPTBot/1.3; +https://openai.com/gptbot)"
156.195.198.35 - - [16/Dec/2025:07:43:38 -0500] "GET /wp-content/uploads/2024/10/user_01-2-2.jpg HTTP/2.0" 200 3713 "https://emtiyz.com/" "Mozilla/5.0 (Windows NT 10.0; Win64; x64) AppleWebKit/537.36 (KHTML, like Gecko) Chrome/143.0.0.0 Safari/537.36 Edg/143.0.0.0"
74.7.227.62 - - [16/Dec/2025:07:43:41 -0500] "GET /wp-content/plugins/pro-elements/modules/popup/module.php HTTP/2.0" 200 - "-" "Mozilla/5.0 AppleWebKit/537.36 (KHTML, like Gecko; compatible; GPTBot/1.3; +https://openai.com/gptbot)"
74.7.227.62 - - [16/Dec/2025:07:44:02 -0500] "GET /wp-content/plugins/pro-elements/modules/woocommerce/module.php HTTP/2.0" 200 - "-" "Mozilla/5.0 AppleWebKit/537.36 (KHTML, like Gecko; compatible; GPTBot/1.3; +https://openai.com/gptbot)"
74.7.227.62 - - [16/Dec/2025:07:44:21 -0500] "GET /wp-content/plugins/pro-elements/vendor/autoload.php HTTP/2.0" 200 - "-" "Mozilla/5.0 AppleWebKit/537.36 (KHTML, like Gecko; compatible; GPTBot/1.3; +https://openai.com/gptbot)"
156.195.198.35 - - [16/Dec/2025:07:44:37 -0500] "GET /wp-content/uploads/2025/05/BG.png HTTP/2.0" 200 304316 "https://emtiyz.com/wp-content/uploads/elementor/css/post-5940.css?ver=1765555554" "Mozilla/5.0 (Windows NT 10.0; Win64; x64) AppleWebKit/537.36 (KHTML, like Gecko) Chrome/143.0.0.0 Safari/537.36 Edg/143.0.0.0"
74.7.227.62 - - [16/Dec/2025:07:44:38 -0500] "GET /wp-content/plugins/pro-elements/modules/announcements/triggers/?C=M;O=D HTTP/2.0" 200 993 "-" "Mozilla/5.0 AppleWebKit/537.36 (KHTML, like Gecko; compatible; GPTBot/1.3; +https://openai.com/gptbot)"
74.7.227.62 - - [16/Dec/2025:07:44:54 -0500] "GET /wp-content/plugins/pro-elements/modules/announcements/triggers/?C=S;O=D HTTP/2.0" 200 993 "-" "Mozilla/5.0 AppleWebKit/537.36 (KHTML, like Gecko; compatible; GPTBot/1.3; +https://openai.com/gptbot)"
50.6.4.141 - - [16/Dec/2025:07:44:55 -0500] "POST /wp-cron.php?doing_wp_cron=1765889095.4653439521789550781250 HTTP/1.1" 200 - "-" "WordPress/6.9; https://emtiyz.com"
5.192.17.158 - - [16/Dec/2025:07:44:53 -0500] "POST /wp-admin/admin-ajax.php HTTP/2.0" 200 47 "https://emtiyz.com/wp-admin/users.php" "Mozilla/5.0 (Windows NT 10.0; Win64; x64) AppleWebKit/537.36 (KHTML, like Gecko) Chrome/143.0.0.0 Safari/537.36"
156.195.198.35 - - [16/Dec/2025:07:45:06 -0500] "GET /about-us/ HTTP/2.0" 200 118467 "https://emtiyz.com/" "Mozilla/5.0 (Windows NT 10.0; Win64; x64) AppleWebKit/537.36 (KHTML, like Gecko) Chrome/143.0.0.0 Safari/537.36 Edg/143.0.0.0"
156.195.198.35 - - [16/Dec/2025:07:45:08 -0500] "GET /wp-content/uploads/elementor/css/post-1642.css?ver=1765562119 HTTP/2.0" 200 16716 "https://emtiyz.com/about-us/" "Mozilla/5.0 (Windows NT 10.0; Win64; x64) AppleWebKit/537.36 (KHTML, like Gecko) Chrome/143.0.0.0 Safari/537.36 Edg/143.0.0.0"
74.7.227.62 - - [16/Dec/2025:07:45:08 -0500] "GET /wp-content/plugins/pro-elements/modules/announcements/triggers/?C=N;O=A HTTP/2.0" 200 993 "-" "Mozilla/5.0 AppleWebKit/537.36 (KHTML, like Gecko; compatible; GPTBot/1.3; +https://openai.com/gptbot)"
50.6.4.141 - - [16/Dec/2025:07:44:54 -0500] "POST /wp-admin/admin-ajax.php?action=as_async_request_queue_runner&nonce=d567e2068a HTTP/1.1" 200 - "-" "WordPress/6.9; https://emtiyz.com"
156.195.198.35 - - [16/Dec/2025:07:45:10 -0500] "GET /wp-content/uploads/2025/05/About-us.jpg HTTP/2.0" 200 15300414 "https://emtiyz.com/wp-content/uploads/elementor/css/post-1642.css?ver=1765562119" "Mozilla/5.0 (Windows NT 10.0; Win64; x64) AppleWebKit/537.36 (KHTML, like Gecko) Chrome/143.0.0.0 Safari/537.36 Edg/143.0.0.0"
74.7.227.62 - - [16/Dec/2025:07:45:21 -0500] "GET /wp-content/plugins/pro-elements/modules/page-transitions/module.php HTTP/2.0" 200 - "-" "Mozilla/5.0 AppleWebKit/537.36 (KHTML, like Gecko; compatible; GPTBot/1.3; +https://openai.com/gptbot)"
74.7.227.62 - - [16/Dec/2025:07:45:32 -0500] "GET /wp-content/plugins/pro-elements/modules/forms/registrars/form-fields-registrar.php HTTP/2.0" 200 - "-" "Mozilla/5.0 AppleWebKit/537.36 (KHTML, like Gecko; compatible; GPTBot/1.3; +https://openai.com/gptbot)"
74.7.227.62 - - [16/Dec/2025:07:45:41 -0500] "GET /wp-content/plugins/pro-elements/modules/loop-filter/traits/taxonomy-filter-trait.php HTTP/2.0" 500 - "-" "Mozilla/5.0 AppleWebKit/537.36 (KHTML, like Gecko; compatible; GPTBot/1.3; +https://openai.com/gptbot)"
74.7.227.62 - - [16/Dec/2025:07:45:50 -0500] "GET /wp-content/plugins/pro-elements/assets/js/woocommerce-checkout-page.943b06275712cd4b96a5.bundle.min.js HTTP/2.0" 200 6632 "-" "Mozilla/5.0 AppleWebKit/537.36 (KHTML, like Gecko; compatible; GPTBot/1.3; +https://openai.com/gptbot)"
50.6.4.141 - - [16/Dec/2025:07:46:05 -0500] "POST /wp-cron.php?doing_wp_cron=1765889165.5924510955810546875000 HTTP/1.1" 200 - "-" "WordPress/6.9; https://emtiyz.com"
142.44.225.186 - - [16/Dec/2025:07:46:04 -0500] "GET /sitemap.rss HTTP/2.0" 200 16308 "-" "Mozilla/5.0 (compatible; AhrefsBot/7.0; +http://ahrefs.com/robot/)"
74.7.227.62 - - [16/Dec/2025:07:46:16 -0500] "GET /wp-content/plugins/pro-elements/modules/announcements/triggers/?C=D;O=D HTTP/2.0" 200 993 "-" "Mozilla/5.0 AppleWebKit/537.36 (KHTML, like Gecko; compatible; GPTBot/1.3; +https://openai.com/gptbot)"
74.7.227.62 - - [16/Dec/2025:07:46:40 -0500] "GET /wp-content/plugins/pro-elements/modules/woocommerce/widgets/checkout.php HTTP/2.0" 200 - "-" "Mozilla/5.0 AppleWebKit/537.36 (KHTML, like Gecko; compatible; GPTBot/1.3; +https://openai.com/gptbot)"
50.6.4.141 - - [16/Dec/2025:07:46:56 -0500] "POST /wp-cron.php?doing_wp_cron=1765889216.7019948959350585937500 HTTP/1.1" 200 - "-" "WordPress/6.9; https://emtiyz.com"
5.192.17.158 - - [16/Dec/2025:07:46:54 -0500] "POST /wp-admin/admin-ajax.php HTTP/2.0" 200 47 "https://emtiyz.com/wp-admin/users.php" "Mozilla/5.0 (Windows NT 10.0; Win64; x64) AppleWebKit/537.36 (KHTML, like Gecko) Chrome/143.0.0.0 Safari/537.36"
74.7.227.62 - - [16/Dec/2025:07:47:01 -0500] "GET /wp-content/plugins/pro-elements/modules/gallery/module.php HTTP/2.0" 200 - "-" "Mozilla/5.0 AppleWebKit/537.36 (KHTML, like Gecko; compatible; GPTBot/1.3; +https://openai.com/gptbot)"
50.6.4.141 - - [16/Dec/2025:07:46:55 -0500] "POST /wp-admin/admin-ajax.php?action=as_async_request_queue_runner&nonce=d567e2068a HTTP/1.1" 200 - "-" "WordPress/6.9; https://emtiyz.com"
74.7.227.62 - - [16/Dec/2025:07:47:21 -0500] "GET /wp-content/plugins/pro-elements/assets/js/countdown.0e9e688751d29d07a8d3.bundle.min.js HTTP/2.0" 200 2687 "-" "Mozilla/5.0 AppleWebKit/537.36 (KHTML, like Gecko; compatible; GPTBot/1.3; +https://openai.com/gptbot)"
74.7.227.62 - - [16/Dec/2025:07:47:38 -0500] "GET /wp-content/plugins/pro-elements/core/app/modules/site-editor/ HTTP/2.0" 200 1523 "-" "Mozilla/5.0 AppleWebKit/537.36 (KHTML, like Gecko; compatible; GPTBot/1.3; +https://openai.com/gptbot)"
50.6.4.141 - - [16/Dec/2025:07:47:54 -0500] "POST /wp-cron.php?doing_wp_cron=1765889274.6845800876617431640625 HTTP/1.1" 200 - "-" "WordPress/6.9; https://emtiyz.com"
74.7.227.62 - - [16/Dec/2025:07:47:53 -0500] "GET /wp-content/plugins/pro-elements/assets/js/nested-carousel.4d07ea83632034f2e72e.bundle.js.map HTTP/2.0" 404 103884 "-" "Mozilla/5.0 AppleWebKit/537.36 (KHTML, like Gecko; compatible; GPTBot/1.3; +https://openai.com/gptbot)"
74.7.227.62 - - [16/Dec/2025:07:48:07 -0500] "GET /wp-content/plugins/pro-elements/assets/css/widget-login-rtl.min.css HTTP/2.0" 200 141 "-" "Mozilla/5.0 AppleWebKit/537.36 (KHTML, like Gecko; compatible; GPTBot/1.3; +https://openai.com/gptbot)"
74.7.227.62 - - [16/Dec/2025:07:48:21 -0500] "GET /wp-content/plugins/pro-elements/modules/loop-filter/widgets/taxonomy-filter.php HTTP/2.0" 200 - "-" "Mozilla/5.0 AppleWebKit/537.36 (KHTML, like Gecko; compatible; GPTBot/1.3; +https://openai.com/gptbot)"
50.6.4.141 - - [16/Dec/2025:07:48:27 -0500] "POST /wp-cron.php?doing_wp_cron=1765889307.6891489028930664062500 HTTP/1.1" 200 - "-" "WordPress/6.9; https://emtiyz.com"
198.98.61.40 - - [16/Dec/2025:07:48:27 -0500] "GET / HTTP/1.1" 301 - "https://www.baidu.com/" "Mozilla/5.0 (Linux; Android 13; Pixel 7) AppleWebKit/537.36 (KHTML, like Gecko) Chrome/128.0.0.0 Mobile Safari/537.36"
74.7.227.62 - - [16/Dec/2025:07:48:34 -0500] "GET /wp-content/plugins/pro-elements/core/behaviors/ HTTP/2.0" 200 1128 "-" "Mozilla/5.0 AppleWebKit/537.36 (KHTML, like Gecko; compatible; GPTBot/1.3; +https://openai.com/gptbot)"
74.7.227.62 - - [16/Dec/2025:07:48:46 -0500] "GET /wp-content/plugins/pro-elements/modules/forms/submissions/actions/save-to-database.php HTTP/2.0" 200 - "-" "Mozilla/5.0 AppleWebKit/537.36 (KHTML, like Gecko; compatible; GPTBot/1.3; +https://openai.com/gptbot)"
5.192.17.158 - - [16/Dec/2025:07:48:55 -0500] "POST /wp-admin/admin-ajax.php HTTP/2.0" 200 47 "https://emtiyz.com/wp-admin/users.php" "Mozilla/5.0 (Windows NT 10.0; Win64; x64) AppleWebKit/537.36 (KHTML, like Gecko) Chrome/143.0.0.0 Safari/537.36"
74.7.227.62 - - [16/Dec/2025:07:48:56 -0500] "GET /wp-content/plugins/pro-elements/assets/js/countdown.6e87ca40d36793d92aea.bundle.js HTTP/2.0" 200 4940 "-" "Mozilla/5.0 AppleWebKit/537.36 (KHTML, like Gecko; compatible; GPTBot/1.3; +https://openai.com/gptbot)"
74.7.227.62 - - [16/Dec/2025:07:49:06 -0500] "GET /wp-content/plugins/pro-elements/assets/js/carousel.298f1fc9c115422aad0e.bundle.js HTTP/2.0" 200 10165 "-" "Mozilla/5.0 AppleWebKit/537.36 (KHTML, like Gecko; compatible; GPTBot/1.3; +https://openai.com/gptbot)"
198.98.61.40 - - [16/Dec/2025:07:49:07 -0500] "GET / HTTP/1.1" 200 375307 "https://www.baidu.com/" "Mozilla/5.0 (Linux; Android 13; Pixel 7) AppleWebKit/537.36 (KHTML, like Gecko) Chrome/128.0.0.0 Mobile Safari/537.36"
74.7.227.62 - - [16/Dec/2025:07:49:14 -0500] "GET /wp-content/plugins/pro-elements/modules/assets-manager/asset-types/icons/import-export/import-runner.php HTTP/2.0" 200 - "-" "Mozilla/5.0 AppleWebKit/537.36 (KHTML, like Gecko; compatible; GPTBot/1.3; +https://openai.com/gptbot)"
74.7.227.62 - - [16/Dec/2025:07:49:21 -0500] "GET /wp-content/plugins/pro-elements/modules/assets-manager/asset-types/fonts/import-export/import-runner.php HTTP/2.0" 200 - "-" "Mozilla/5.0 AppleWebKit/537.36 (KHTML, like Gecko; compatible; GPTBot/1.3; +https://openai.com/gptbot)"
74.7.227.62 - - [16/Dec/2025:07:49:28 -0500] "GET /wp-content/plugins/pro-elements/vendor_prefixed/psr/container/src/?C=M;O=A HTTP/2.0" 200 1410 "-" "Mozilla/5.0 AppleWebKit/537.36 (KHTML, like Gecko; compatible; GPTBot/1.3; +https://openai.com/gptbot)"
74.7.227.62 - - [16/Dec/2025:07:49:34 -0500] "GET /wp-content/plugins/pro-elements/core/app/modules/site-editor/render-mode-template-preview.php HTTP/2.0" 200 - "-" "Mozilla/5.0 AppleWebKit/537.36 (KHTML, like Gecko; compatible; GPTBot/1.3; +https://openai.com/gptbot)"
74.7.227.62 - - [16/Dec/2025:07:49:40 -0500] "GET /wp-content/plugins/pro-elements/core/app/modules/site-editor/?C=N;O=D HTTP/2.0" 200 1523 "-" "Mozilla/5.0 AppleWebKit/537.36 (KHTML, like Gecko; compatible; GPTBot/1.3; +https://openai.com/gptbot)"
50.6.4.141 - - [16/Dec/2025:07:49:41 -0500] "POST /wp-cron.php?doing_wp_cron=1765889381.1070621013641357421875 HTTP/1.1" 200 - "-" "WordPress/6.9; https://emtiyz.com"
198.98.61.40 - - [16/Dec/2025:07:49:40 -0500] "GET /wp-login.php HTTP/1.1" 200 10442 "https://www.baidu.com/" "Mozilla/5.0 (Linux; Android 13; Pixel 7) AppleWebKit/537.36 (KHTML, like Gecko) Chrome/128.0.0.0 Mobile Safari/537.36"
198.98.61.40 - - [16/Dec/2025:07:49:41 -0500] "POST /wp-login.php HTTP/1.1" 200 10899 "https://www.baidu.com/" "Mozilla/5.0 (Linux; Android 13; Pixel 7) AppleWebKit/537.36 (KHTML, like Gecko) Chrome/128.0.0.0 Mobile Safari/537.36"
74.7.227.62 - - [16/Dec/2025:07:49:45 -0500] "GET /wp-content/plugins/pro-elements/core/app/modules/site-editor/?C=M;O=A HTTP/2.0" 200 1523 "-" "Mozilla/5.0 AppleWebKit/537.36 (KHTML, like Gecko; compatible; GPTBot/1.3; +https://openai.com/gptbot)"
74.7.227.62 - - [16/Dec/2025:07:49:49 -0500] "GET /wp-content/plugins/pro-elements/core/app/modules/site-editor/?C=D;O=A HTTP/2.0" 200 1523 "-" "Mozilla/5.0 AppleWebKit/537.36 (KHTML, like Gecko; compatible; GPTBot/1.3; +https://openai.com/gptbot)"
74.7.227.62 - - [16/Dec/2025:07:49:53 -0500] "GET /wp-content/plugins/pro-elements/core/behaviors/feature-lock.php HTTP/2.0" 200 - "-" "Mozilla/5.0 AppleWebKit/537.36 (KHTML, like Gecko; compatible; GPTBot/1.3; +https://openai.com/gptbot)"
74.7.227.62 - - [16/Dec/2025:07:49:56 -0500] "GET /wp-content/plugins/pro-elements/core/app/modules/site-editor/?C=S;O=A HTTP/2.0" 200 1523 "-" "Mozilla/5.0 AppleWebKit/537.36 (KHTML, like Gecko; compatible; GPTBot/1.3; +https://openai.com/gptbot)"
74.7.227.62 - - [16/Dec/2025:07:50:00 -0500] "GET /wp-content/plugins/pro-elements/assets/js/countdown.6e87ca40d36793d92aea.bundle.js.map HTTP/2.0" 404 103848 "-" "Mozilla/5.0 AppleWebKit/537.36 (KHTML, like Gecko; compatible; GPTBot/1.3; +https://openai.com/gptbot)"
74.7.227.62 - - [16/Dec/2025:07:50:03 -0500] "GET /wp-content/plugins/pro-elements/assets/js/carousel.298f1fc9c115422aad0e.bundle.js.map HTTP/2.0" 404 103842 "-" "Mozilla/5.0 AppleWebKit/537.36 (KHTML, like Gecko; compatible; GPTBot/1.3; +https://openai.com/gptbot)"
74.7.227.62 - - [16/Dec/2025:07:50:05 -0500] "GET /wp-content/plugins/pro-elements/core/app/modules/site-editor/module.php HTTP/2.0" 200 - "-" "Mozilla/5.0 AppleWebKit/537.36 (KHTML, like Gecko; compatible; GPTBot/1.3; +https://openai.com/gptbot)"
74.7.227.62 - - [16/Dec/2025:07:50:08 -0500] "GET /wp-content/plugins/pro-elements/core/behaviors/?C=N;O=D HTTP/2.0" 200 1128 "-" "Mozilla/5.0 AppleWebKit/537.36 (KHTML, like Gecko; compatible; GPTBot/1.3; +https://openai.com/gptbot)"
74.7.227.62 - - [16/Dec/2025:07:50:11 -0500] "GET /wp-content/plugins/pro-elements/vendor_prefixed/psr/container/src/?C=M;O=D HTTP/2.0" 200 1410 "-" "Mozilla/5.0 AppleWebKit/537.36 (KHTML, like Gecko; compatible; GPTBot/1.3; +https://openai.com/gptbot)"
74.7.227.62 - - [16/Dec/2025:07:50:13 -0500] "GET /wp-content/plugins/pro-elements/vendor_prefixed/psr/container/src/NotFoundExceptionInterface.php HTTP/2.0" 500 - "-" "Mozilla/5.0 AppleWebKit/537.36 (KHTML, like Gecko; compatible; GPTBot/1.3; +https://openai.com/gptbot)"
74.7.227.62 - - [16/Dec/2025:07:50:16 -0500] "GET /wp-content/plugins/pro-elements/core/app/modules/site-editor/?C=N;O=A HTTP/2.0" 200 1523 "-" "Mozilla/5.0 AppleWebKit/537.36 (KHTML, like Gecko; compatible; GPTBot/1.3; +https://openai.com/gptbot)"
74.7.227.62 - - [16/Dec/2025:07:50:22 -0500] "GET /wp-content/plugins/pro-elements/core/app/modules/site-editor/?C=M;O=D HTTP/2.0" 200 1523 "-" "Mozilla/5.0 AppleWebKit/537.36 (KHTML, like Gecko; compatible; GPTBot/1.3; +https://openai.com/gptbot)"
74.7.227.62 - - [16/Dec/2025:07:50:28 -0500] "GET /wp-content/plugins/pro-elements/core/behaviors/?C=D;O=A HTTP/2.0" 200 1128 "-" "Mozilla/5.0 AppleWebKit/537.36 (KHTML, like Gecko; compatible; GPTBot/1.3; +https://openai.com/gptbot)"
74.7.227.62 - - [16/Dec/2025:07:50:33 -0500] "GET /wp-content/plugins/pro-elements/core/behaviors/?C=M;O=A HTTP/2.0" 200 1128 "-" "Mozilla/5.0 AppleWebKit/537.36 (KHTML, like Gecko; compatible; GPTBot/1.3; +https://openai.com/gptbot)"
74.7.227.62 - - [16/Dec/2025:07:50:37 -0500] "GET /wp-content/plugins/pro-elements/core/app/modules/site-editor/?C=S;O=D HTTP/2.0" 200 1523 "-" "Mozilla/5.0 AppleWebKit/537.36 (KHTML, like Gecko; compatible; GPTBot/1.3; +https://openai.com/gptbot)"
74.7.227.62 - - [16/Dec/2025:07:50:41 -0500] "GET /wp-content/plugins/pro-elements/core/behaviors/?C=S;O=A HTTP/2.0" 200 1128 "-" "Mozilla/5.0 AppleWebKit/537.36 (KHTML, like Gecko; compatible; GPTBot/1.3; +https://openai.com/gptbot)"
74.7.227.62 - - [16/Dec/2025:07:50:45 -0500] "GET /wp-content/plugins/pro-elements/core/editor/notice-bar.php HTTP/2.0" 200 - "-" "Mozilla/5.0 AppleWebKit/537.36 (KHTML, like Gecko; compatible; GPTBot/1.3; +https://openai.com/gptbot)"
74.7.227.62 - - [16/Dec/2025:07:50:49 -0500] "GET /wp-content/plugins/pro-elements/modules/table-of-contents/widgets/ HTTP/2.0" 200 1002 "-" "Mozilla/5.0 AppleWebKit/537.36 (KHTML, like Gecko; compatible; GPTBot/1.3; +https://openai.com/gptbot)"
74.7.227.62 - - [16/Dec/2025:07:50:52 -0500] "GET /wp-content/plugins/pro-elements/core/behaviors/?C=N;O=A HTTP/2.0" 200 1128 "-" "Mozilla/5.0 AppleWebKit/537.36 (KHTML, like Gecko; compatible; GPTBot/1.3; +https://openai.com/gptbot)"
74.7.227.62 - - [16/Dec/2025:07:50:55 -0500] "GET /wp-content/plugins/pro-elements/modules/theme-elements/widgets/breadcrumbs.php HTTP/2.0" 200 - "-" "Mozilla/5.0 AppleWebKit/537.36 (KHTML, like Gecko; compatible; GPTBot/1.3; +https://openai.com/gptbot)"
74.7.227.62 - - [16/Dec/2025:07:50:57 -0500] "GET /wp-content/plugins/pro-elements/assets/js/animated-headline.375998d4790797e91f21.bundle.js HTTP/2.0" 200 11868 "-" "Mozilla/5.0 AppleWebKit/537.36 (KHTML, like Gecko; compatible; GPTBot/1.3; +https://openai.com/gptbot)"
50.6.4.141 - - [16/Dec/2025:07:50:58 -0500] "POST /wp-cron.php?doing_wp_cron=1765889458.4578440189361572265625 HTTP/1.1" 200 - "-" "WordPress/6.9; https://emtiyz.com"
5.192.17.158 - - [16/Dec/2025:07:50:56 -0500] "POST /wp-admin/admin-ajax.php HTTP/2.0" 200 47 "https://emtiyz.com/wp-admin/users.php" "Mozilla/5.0 (Windows NT 10.0; Win64; x64) AppleWebKit/537.36 (KHTML, like Gecko) Chrome/143.0.0.0 Safari/537.36"
74.7.227.62 - - [16/Dec/2025:07:50:59 -0500] "GET /wp-content/plugins/pro-elements/assets/css/widget-woocommerce-menu-cart-rtl.min.css HTTP/2.0" 200 14380 "-" "Mozilla/5.0 AppleWebKit/537.36 (KHTML, like Gecko; compatible; GPTBot/1.3; +https://openai.com/gptbot)"
156.195.198.35 - - [16/Dec/2025:07:50:59 -0500] "GET /about-us/ HTTP/2.0" 200 118467 "https://emtiyz.com/about-us/" "Mozilla/5.0 (Windows NT 10.0; Win64; x64) AppleWebKit/537.36 (KHTML, like Gecko) Chrome/143.0.0.0 Safari/537.36 Edg/143.0.0.0"
74.7.227.62 - - [16/Dec/2025:07:51:01 -0500] "GET /wp-content/plugins/pro-elements/updater/updater.php HTTP/2.0" 200 - "-" "Mozilla/5.0 AppleWebKit/537.36 (KHTML, like Gecko; compatible; GPTBot/1.3; +https://openai.com/gptbot)"
74.7.227.62 - - [16/Dec/2025:07:51:03 -0500] "GET /wp-content/plugins/pro-elements/core/behaviors/?C=D;O=D HTTP/2.0" 200 1128 "-" "Mozilla/5.0 AppleWebKit/537.36 (KHTML, like Gecko; compatible; GPTBot/1.3; +https://openai.com/gptbot)"
74.7.227.62 - - [16/Dec/2025:07:51:05 -0500] "GET /wp-content/plugins/pro-elements/core/behaviors/?C=M;O=D HTTP/2.0" 200 1128 "-" "Mozilla/5.0 AppleWebKit/537.36 (KHTML, like Gecko; compatible; GPTBot/1.3; +https://openai.com/gptbot)"
74.7.227.62 - - [16/Dec/2025:07:51:06 -0500] "GET /wp-content/plugins/pro-elements/assets/css/templates/widget-video-playlist-rtl.min.css HTTP/2.0" 200 10456 "-" "Mozilla/5.0 AppleWebKit/537.36 (KHTML, like Gecko; compatible; GPTBot/1.3; +https://openai.com/gptbot)"
74.7.227.62 - - [16/Dec/2025:07:51:08 -0500] "GET /wp-content/plugins/pro-elements/core/behaviors/?C=S;O=D HTTP/2.0" 200 1128 "-" "Mozilla/5.0 AppleWebKit/537.36 (KHTML, like Gecko; compatible; GPTBot/1.3; +https://openai.com/gptbot)"
156.195.198.35 - - [16/Dec/2025:07:51:06 -0500] "GET /emtiyz-plus/ HTTP/2.0" 200 191587 "https://emtiyz.com/about-us/" "Mozilla/5.0 (Windows NT 10.0; Win64; x64) AppleWebKit/537.36 (KHTML, like Gecko) Chrome/143.0.0.0 Safari/537.36 Edg/143.0.0.0"
156.195.198.35 - - [16/Dec/2025:07:51:09 -0500] "GET /wp-content/plugins/themesflat-core/assets/css/accordion/tf-accordion.css?ver=6.9 HTTP/2.0" 200 2252 "https://emtiyz.com/emtiyz-plus/" "Mozilla/5.0 (Windows NT 10.0; Win64; x64) AppleWebKit/537.36 (KHTML, like Gecko) Chrome/143.0.0.0 Safari/537.36 Edg/143.0.0.0"
156.195.198.35 - - [16/Dec/2025:07:51:09 -0500] "GET /wp-content/uploads/elementor/css/post-3329.css?ver=1765554280 HTTP/2.0" 200 33276 "https://emtiyz.com/emtiyz-plus/" "Mozilla/5.0 (Windows NT 10.0; Win64; x64) AppleWebKit/537.36 (KHTML, like Gecko) Chrome/143.0.0.0 Safari/537.36 Edg/143.0.0.0"
156.195.198.35 - - [16/Dec/2025:07:51:09 -0500] "GET /wp-content/uploads/elementor/css/post-4326.css?ver=1765554280 HTTP/2.0" 200 8028 "https://emtiyz.com/emtiyz-plus/" "Mozilla/5.0 (Windows NT 10.0; Win64; x64) AppleWebKit/537.36 (KHTML, like Gecko) Chrome/143.0.0.0 Safari/537.36 Edg/143.0.0.0"
156.195.198.35 - - [16/Dec/2025:07:51:09 -0500] "GET /wp-content/plugins/themesflat-core/assets/css/pricetable/tf-pricetable.css?ver=6.9 HTTP/2.0" 200 4913 "https://emtiyz.com/emtiyz-plus/" "Mozilla/5.0 (Windows NT 10.0; Win64; x64) AppleWebKit/537.36 (KHTML, like Gecko) Chrome/143.0.0.0 Safari/537.36 Edg/143.0.0.0"
156.195.198.35 - - [16/Dec/2025:07:51:09 -0500] "GET /wp-content/uploads/elementor/css/post-6089.css?ver=1765554280 HTTP/2.0" 200 2269 "https://emtiyz.com/emtiyz-plus/" "Mozilla/5.0 (Windows NT 10.0; Win64; x64) AppleWebKit/537.36 (KHTML, like Gecko) Chrome/143.0.0.0 Safari/537.36 Edg/143.0.0.0"
156.195.198.35 - - [16/Dec/2025:07:51:09 -0500] "GET /wp-content/plugins/pro-elements/assets/css/conditionals/popup.min.css?ver=3.31.2 HTTP/2.0" 200 995 "https://emtiyz.com/emtiyz-plus/" "Mozilla/5.0 (Windows NT 10.0; Win64; x64) AppleWebKit/537.36 (KHTML, like Gecko) Chrome/143.0.0.0 Safari/537.36 Edg/143.0.0.0"
156.195.198.35 - - [16/Dec/2025:07:51:09 -0500] "GET /wp-content/uploads/elementor/css/post-6135.css?ver=1765554280 HTTP/2.0" 200 2269 "https://emtiyz.com/emtiyz-plus/" "Mozilla/5.0 (Windows NT 10.0; Win64; x64) AppleWebKit/537.36 (KHTML, like Gecko) Chrome/143.0.0.0 Safari/537.36 Edg/143.0.0.0"
156.195.198.35 - - [16/Dec/2025:07:51:09 -0500] "GET /wp-content/uploads/elementor/css/post-6138.css?ver=1765554281 HTTP/2.0" 200 2269 "https://emtiyz.com/emtiyz-plus/" "Mozilla/5.0 (Windows NT 10.0; Win64; x64) AppleWebKit/537.36 (KHTML, like Gecko) Chrome/143.0.0.0 Safari/537.36 Edg/143.0.0.0"
156.195.198.35 - - [16/Dec/2025:07:51:09 -0500] "GET /wp-content/plugins/wpforms-lite/assets/css/frontend/modern/wpforms-full.min.css?ver=1.9.7.3 HTTP/2.0" 200 161745 "https://emtiyz.com/emtiyz-plus/" "Mozilla/5.0 (Windows NT 10.0; Win64; x64) AppleWebKit/537.36 (KHTML, like Gecko) Chrome/143.0.0.0 Safari/537.36 Edg/143.0.0.0"
156.195.198.35 - - [16/Dec/2025:07:51:09 -0500] "GET /wp-content/uploads/2025/05/Emtiyz-E-Logo-1.png HTTP/2.0" 200 16642 "https://emtiyz.com/emtiyz-plus/" "Mozilla/5.0 (Windows NT 10.0; Win64; x64) AppleWebKit/537.36 (KHTML, like Gecko) Chrome/143.0.0.0 Safari/537.36 Edg/143.0.0.0"
74.7.227.62 - - [16/Dec/2025:07:51:09 -0500] "GET /wp-content/plugins/pro-elements/modules/code-highlight/widgets/?C=N;O=D HTTP/2.0" 200 990 "-" "Mozilla/5.0 AppleWebKit/537.36 (KHTML, like Gecko; compatible; GPTBot/1.3; +https://openai.com/gptbot)"
156.195.198.35 - - [16/Dec/2025:07:51:09 -0500] "GET /wp-content/plugins/themesflat-core/assets/js/accordion/tf-accordion.js?ver=6.9 HTTP/2.0" 200 1264 "https://emtiyz.com/emtiyz-plus/" "Mozilla/5.0 (Windows NT 10.0; Win64; x64) AppleWebKit/537.36 (KHTML, like Gecko) Chrome/143.0.0.0 Safari/537.36 Edg/143.0.0.0"
156.195.198.35 - - [16/Dec/2025:07:51:09 -0500] "GET /wp-content/plugins/wpforms-lite/assets/js/frontend/wpforms.min.js?ver=1.9.7.3 HTTP/2.0" 200 48635 "https://emtiyz.com/emtiyz-plus/" "Mozilla/5.0 (Windows NT 10.0; Win64; x64) AppleWebKit/537.36 (KHTML, like Gecko) Chrome/143.0.0.0 Safari/537.36 Edg/143.0.0.0"
156.195.198.35 - - [16/Dec/2025:07:51:09 -0500] "GET /wp-content/plugins/wpforms-lite/assets/js/integrations/elementor/frontend.min.js?ver=1.9.7.3 HTTP/2.0" 200 1485 "https://emtiyz.com/emtiyz-plus/" "Mozilla/5.0 (Windows NT 10.0; Win64; x64) AppleWebKit/537.36 (KHTML, like Gecko) Chrome/143.0.0.0 Safari/537.36 Edg/143.0.0.0"
156.195.198.35 - - [16/Dec/2025:07:51:09 -0500] "GET /wp-content/plugins/wpforms-lite/assets/lib/jquery.validate.min.js?ver=1.21.0 HTTP/2.0" 200 25308 "https://emtiyz.com/emtiyz-plus/" "Mozilla/5.0 (Windows NT 10.0; Win64; x64) AppleWebKit/537.36 (KHTML, like Gecko) Chrome/143.0.0.0 Safari/537.36 Edg/143.0.0.0"
156.195.198.35 - - [16/Dec/2025:07:51:10 -0500] "GET /wp-content/plugins/wpforms-lite/assets/lib/mailcheck.min.js?ver=1.1.2 HTTP/2.0" 200 4014 "https://emtiyz.com/emtiyz-plus/" "Mozilla/5.0 (Windows NT 10.0; Win64; x64) AppleWebKit/537.36 (KHTML, like Gecko) Chrome/143.0.0.0 Safari/537.36 Edg/143.0.0.0"
156.195.198.35 - - [16/Dec/2025:07:51:10 -0500] "GET /wp-content/plugins/wpforms-lite/assets/lib/punycode.min.js?ver=1.0.0 HTTP/2.0" 200 1713 "https://emtiyz.com/emtiyz-plus/" "Mozilla/5.0 (Windows NT 10.0; Win64; x64) AppleWebKit/537.36 (KHTML, like Gecko) Chrome/143.0.0.0 Safari/537.36 Edg/143.0.0.0"
156.195.198.35 - - [16/Dec/2025:07:51:10 -0500] "GET /wp-content/plugins/wpforms-lite/assets/js/share/utils.min.js?ver=1.9.7.3 HTTP/2.0" 200 1490 "https://emtiyz.com/emtiyz-plus/" "Mozilla/5.0 (Windows NT 10.0; Win64; x64) AppleWebKit/537.36 (KHTML, like Gecko) Chrome/143.0.0.0 Safari/537.36 Edg/143.0.0.0"
74.7.227.62 - - [16/Dec/2025:07:51:10 -0500] "GET /wp-content/plugins/pro-elements/modules/table-of-contents/widgets/table-of-contents.php HTTP/2.0" 200 - "-" "Mozilla/5.0 AppleWebKit/537.36 (KHTML, like Gecko; compatible; GPTBot/1.3; +https://openai.com/gptbot)"
156.195.198.35 - - [16/Dec/2025:07:51:10 -0500] "GET /wp-content/plugins/wpforms-lite/assets/js/frontend/wpforms-modern.min.js?ver=1.9.7.3 HTTP/2.0" 200 6005 "https://emtiyz.com/emtiyz-plus/" "Mozilla/5.0 (Windows NT 10.0; Win64; x64) AppleWebKit/537.36 (KHTML, like Gecko) Chrome/143.0.0.0 Safari/537.36 Edg/143.0.0.0"
156.195.198.35 - - [16/Dec/2025:07:51:10 -0500] "GET /wp-content/plugins/wpforms-lite/assets/js/frontend/fields/address.min.js?ver=1.9.7.3 HTTP/2.0" 200 1057 "https://emtiyz.com/emtiyz-plus/" "Mozilla/5.0 (Windows NT 10.0; Win64; x64) AppleWebKit/537.36 (KHTML, like Gecko) Chrome/143.0.0.0 Safari/537.36 Edg/143.0.0.0"
74.7.227.62 - - [16/Dec/2025:07:51:11 -0500] "GET /wp-content/plugins/pro-elements/modules/table-of-contents/widgets/?C=M;O=A HTTP/2.0" 200 1002 "-" "Mozilla/5.0 AppleWebKit/537.36 (KHTML, like Gecko; compatible; GPTBot/1.3; +https://openai.com/gptbot)"
156.195.198.35 - - [16/Dec/2025:07:51:11 -0500] "GET /wp-content/plugins/wpforms-lite/assets/images/submit-spin.svg HTTP/2.0" 200 509 "https://emtiyz.com/emtiyz-plus/" "Mozilla/5.0 (Windows NT 10.0; Win64; x64) AppleWebKit/537.36 (KHTML, like Gecko) Chrome/143.0.0.0 Safari/537.36 Edg/143.0.0.0"
74.7.227.62 - - [16/Dec/2025:07:51:12 -0500] "GET /wp-content/plugins/pro-elements/modules/table-of-contents/widgets/?C=N;O=D HTTP/2.0" 200 1002 "-" "Mozilla/5.0 AppleWebKit/537.36 (KHTML, like Gecko; compatible; GPTBot/1.3; +https://openai.com/gptbot)"
74.7.227.62 - - [16/Dec/2025:07:51:12 -0500] "GET /wp-content/plugins/pro-elements/modules/table-of-contents/widgets/?C=S;O=A HTTP/2.0" 200 1002 "-" "Mozilla/5.0 AppleWebKit/537.36 (KHTML, like Gecko; compatible; GPTBot/1.3; +https://openai.com/gptbot)"
156.195.198.35 - - [16/Dec/2025:07:51:12 -0500] "GET /wp-content/uploads/2025/05/New-Project-11.png HTTP/2.0" 200 1662 "https://emtiyz.com/emtiyz-plus/" "Mozilla/5.0 (Windows NT 10.0; Win64; x64) AppleWebKit/537.36 (KHTML, like Gecko) Chrome/143.0.0.0 Safari/537.36 Edg/143.0.0.0"
156.195.198.35 - - [16/Dec/2025:07:51:12 -0500] "GET /wp-content/uploads/2025/05/New-Project-8.png HTTP/2.0" 200 3022 "https://emtiyz.com/emtiyz-plus/" "Mozilla/5.0 (Windows NT 10.0; Win64; x64) AppleWebKit/537.36 (KHTML, like Gecko) Chrome/143.0.0.0 Safari/537.36 Edg/143.0.0.0"
156.195.198.35 - - [16/Dec/2025:07:51:12 -0500] "GET /wp-content/uploads/2025/05/New-Project-7.png HTTP/2.0" 200 3882 "https://emtiyz.com/emtiyz-plus/" "Mozilla/5.0 (Windows NT 10.0; Win64; x64) AppleWebKit/537.36 (KHTML, like Gecko) Chrome/143.0.0.0 Safari/537.36 Edg/143.0.0.0"
156.195.198.35 - - [16/Dec/2025:07:51:12 -0500] "GET /wp-content/uploads/2025/05/New-Project-10.png HTTP/2.0" 200 3425 "https://emtiyz.com/emtiyz-plus/" "Mozilla/5.0 (Windows NT 10.0; Win64; x64) AppleWebKit/537.36 (KHTML, like Gecko) Chrome/143.0.0.0 Safari/537.36 Edg/143.0.0.0"
156.195.198.35 - - [16/Dec/2025:07:51:13 -0500] "GET /wp-content/uploads/2025/05/New-Project-6.png HTTP/2.0" 200 3862 "https://emtiyz.com/emtiyz-plus/" "Mozilla/5.0 (Windows NT 10.0; Win64; x64) AppleWebKit/537.36 (KHTML, like Gecko) Chrome/143.0.0.0 Safari/537.36 Edg/143.0.0.0"
156.195.198.35 - - [16/Dec/2025:07:51:13 -0500] "GET /wp-content/uploads/2025/05/New-Project-5.png HTTP/2.0" 200 3000 "https://emtiyz.com/emtiyz-plus/" "Mozilla/5.0 (Windows NT 10.0; Win64; x64) AppleWebKit/537.36 (KHTML, like Gecko) Chrome/143.0.0.0 Safari/537.36 Edg/143.0.0.0"
156.195.198.35 - - [16/Dec/2025:07:51:13 -0500] "GET /wp-content/uploads/2025/05/New-Project-4.png HTTP/2.0" 200 4274 "https://emtiyz.com/emtiyz-plus/" "Mozilla/5.0 (Windows NT 10.0; Win64; x64) AppleWebKit/537.36 (KHTML, like Gecko) Chrome/143.0.0.0 Safari/537.36 Edg/143.0.0.0"
156.195.198.35 - - [16/Dec/2025:07:51:13 -0500] "GET /wp-content/uploads/2025/05/New-Project-3.png HTTP/2.0" 200 4093 "https://emtiyz.com/emtiyz-plus/" "Mozilla/5.0 (Windows NT 10.0; Win64; x64) AppleWebKit/537.36 (KHTML, like Gecko) Chrome/143.0.0.0 Safari/537.36 Edg/143.0.0.0"
156.195.198.35 - - [16/Dec/2025:07:51:13 -0500] "GET /wp-content/uploads/2025/05/New-Project-2.png HTTP/2.0" 200 3082 "https://emtiyz.com/emtiyz-plus/" "Mozilla/5.0 (Windows NT 10.0; Win64; x64) AppleWebKit/537.36 (KHTML, like Gecko) Chrome/143.0.0.0 Safari/537.36 Edg/143.0.0.0"
156.195.198.35 - - [16/Dec/2025:07:51:11 -0500] "GET /wp-content/uploads/2025/05/emtiyz-.jpg HTTP/2.0" 200 8510328 "https://emtiyz.com/wp-content/uploads/elementor/css/post-3329.css?ver=1765554280" "Mozilla/5.0 (Windows NT 10.0; Win64; x64) AppleWebKit/537.36 (KHTML, like Gecko) Chrome/143.0.0.0 Safari/537.36 Edg/143.0.0.0"
156.195.198.35 - - [16/Dec/2025:07:51:13 -0500] "GET /wp-content/uploads/2025/05/New-Project-9.png HTTP/2.0" 200 2814 "https://emtiyz.com/emtiyz-plus/" "Mozilla/5.0 (Windows NT 10.0; Win64; x64) AppleWebKit/537.36 (KHTML, like Gecko) Chrome/143.0.0.0 Safari/537.36 Edg/143.0.0.0"
156.195.198.35 - - [16/Dec/2025:07:51:13 -0500] "GET /wp-content/plugins/elementor/assets/lib/dialog/dialog.min.js?ver=4.9.3 HTTP/2.0" 200 11622 "https://emtiyz.com/emtiyz-plus/" "Mozilla/5.0 (Windows NT 10.0; Win64; x64) AppleWebKit/537.36 (KHTML, like Gecko) Chrome/143.0.0.0 Safari/537.36 Edg/143.0.0.0"
74.7.227.62 - - [16/Dec/2025:07:51:13 -0500] "GET /wp-content/plugins/pro-elements/modules/table-of-contents/widgets/?C=D;O=A HTTP/2.0" 200 1002 "-" "Mozilla/5.0 AppleWebKit/537.36 (KHTML, like Gecko; compatible; GPTBot/1.3; +https://openai.com/gptbot)"
74.7.227.62 - - [16/Dec/2025:07:51:14 -0500] "GET /wp-content/plugins/pro-elements/modules/code-highlight/widgets/?C=S;O=A HTTP/2.0" 200 990 "-" "Mozilla/5.0 AppleWebKit/537.36 (KHTML, like Gecko; compatible; GPTBot/1.3; +https://openai.com/gptbot)"
74.7.227.62 - - [16/Dec/2025:07:51:14 -0500] "GET /wp-content/plugins/pro-elements/modules/code-highlight/widgets/?C=D;O=A HTTP/2.0" 200 990 "-" "Mozilla/5.0 AppleWebKit/537.36 (KHTML, like Gecko; compatible; GPTBot/1.3; +https://openai.com/gptbot)"
74.7.227.62 - - [16/Dec/2025:07:51:15 -0500] "GET /wp-content/plugins/pro-elements/modules/code-highlight/widgets/?C=M;O=A HTTP/2.0" 200 990 "-" "Mozilla/5.0 AppleWebKit/537.36 (KHTML, like Gecko; compatible; GPTBot/1.3; +https://openai.com/gptbot)"
50.6.4.141 - - [16/Dec/2025:07:50:57 -0500] "POST /wp-admin/admin-ajax.php?action=as_async_request_queue_runner&nonce=d567e2068a HTTP/1.1" 200 - "-" "WordPress/6.9; https://emtiyz.com"
74.7.227.62 - - [16/Dec/2025:07:51:15 -0500] "GET /wp-content/plugins/pro-elements/assets/css/templates/widget-woocommerce-my-account-rtl.min.css HTTP/2.0" 200 35808 "-" "Mozilla/5.0 AppleWebKit/537.36 (KHTML, like Gecko; compatible; GPTBot/1.3; +https://openai.com/gptbot)"
74.7.227.62 - - [16/Dec/2025:07:51:16 -0500] "GET /wp-content/plugins/pro-elements/assets/css/admin.min.css HTTP/2.0" 200 21473 "-" "Mozilla/5.0 AppleWebKit/537.36 (KHTML, like Gecko; compatible; GPTBot/1.3; +https://openai.com/gptbot)"
74.7.227.62 - - [16/Dec/2025:07:51:16 -0500] "GET /wp-content/plugins/pro-elements/modules/code-highlight/widgets/?C=N;O=A HTTP/2.0" 200 990 "-" "Mozilla/5.0 AppleWebKit/537.36 (KHTML, like Gecko; compatible; GPTBot/1.3; +https://openai.com/gptbot)"
74.7.227.62 - - [16/Dec/2025:07:51:17 -0500] "GET /wp-content/plugins/pro-elements/vendor/composer/ HTTP/2.0" 200 2605 "-" "Mozilla/5.0 AppleWebKit/537.36 (KHTML, like Gecko; compatible; GPTBot/1.3; +https://openai.com/gptbot)"
74.7.227.62 - - [16/Dec/2025:07:51:17 -0500] "GET /wp-content/plugins/pro-elements/modules/table-of-contents/widgets/?C=N;O=A HTTP/2.0" 200 1002 "-" "Mozilla/5.0 AppleWebKit/537.36 (KHTML, like Gecko; compatible; GPTBot/1.3; +https://openai.com/gptbot)"
74.7.227.62 - - [16/Dec/2025:07:51:18 -0500] "GET /wp-content/plugins/pro-elements/modules/table-of-contents/widgets/?C=M;O=D HTTP/2.0" 200 1002 "-" "Mozilla/5.0 AppleWebKit/537.36 (KHTML, like Gecko; compatible; GPTBot/1.3; +https://openai.com/gptbot)"
74.7.227.62 - - [16/Dec/2025:07:51:19 -0500] "GET /wp-content/plugins/pro-elements/modules/table-of-contents/widgets/?C=S;O=D HTTP/2.0" 200 1002 "-" "Mozilla/5.0 AppleWebKit/537.36 (KHTML, like Gecko; compatible; GPTBot/1.3; +https://openai.com/gptbot)"
74.7.227.62 - - [16/Dec/2025:07:51:19 -0500] "GET /wp-content/plugins/pro-elements/modules/table-of-contents/widgets/?C=D;O=D HTTP/2.0" 200 1002 "-" "Mozilla/5.0 AppleWebKit/537.36 (KHTML, like Gecko; compatible; GPTBot/1.3; +https://openai.com/gptbot)"
74.7.227.62 - - [16/Dec/2025:07:51:20 -0500] "GET /wp-content/plugins/pro-elements/modules/code-highlight/widgets/?C=S;O=D HTTP/2.0" 200 990 "-" "Mozilla/5.0 AppleWebKit/537.36 (KHTML, like Gecko; compatible; GPTBot/1.3; +https://openai.com/gptbot)"
74.7.227.62 - - [16/Dec/2025:07:51:20 -0500] "GET /wp-content/plugins/pro-elements/modules/code-highlight/widgets/?C=D;O=D HTTP/2.0" 200 990 "-" "Mozilla/5.0 AppleWebKit/537.36 (KHTML, like Gecko; compatible; GPTBot/1.3; +https://openai.com/gptbot)"
74.7.227.62 - - [16/Dec/2025:07:51:21 -0500] "GET /wp-content/plugins/pro-elements/modules/code-highlight/widgets/?C=M;O=D HTTP/2.0" 200 990 "-" "Mozilla/5.0 AppleWebKit/537.36 (KHTML, like Gecko; compatible; GPTBot/1.3; +https://openai.com/gptbot)"
74.7.227.62 - - [16/Dec/2025:07:51:21 -0500] "GET /wp-content/plugins/pro-elements/modules/theme-builder/conditions/archive.php HTTP/2.0" 200 - "-" "Mozilla/5.0 AppleWebKit/537.36 (KHTML, like Gecko; compatible; GPTBot/1.3; +https://openai.com/gptbot)"
50.6.4.141 - - [16/Dec/2025:07:51:22 -0500] "POST /wp-cron.php?doing_wp_cron=1765889482.1453499794006347656250 HTTP/1.1" 200 - "-" "WordPress/6.9; https://emtiyz.com"
45.61.185.220 - - [16/Dec/2025:07:51:21 -0500] "GET /wp-login.php HTTP/1.1" 200 10442 "-" "Mozilla/5.0 (X11; Linux x86_64; rv:31.0) Gecko/20100101 Firefox/31.0"
74.7.227.62 - - [16/Dec/2025:07:51:22 -0500] "GET /wp-content/plugins/pro-elements/assets/css/templates/widget-flip-box-rtl.min.css HTTP/2.0" 200 8958 "-" "Mozilla/5.0 AppleWebKit/537.36 (KHTML, like Gecko; compatible; GPTBot/1.3; +https://openai.com/gptbot)"
74.7.227.62 - - [16/Dec/2025:07:51:22 -0500] "GET /wp-content/plugins/pro-elements/assets/js/nav-menu.a23fbd67486c5bedf26c.bundle.min.js HTTP/2.0" 200 5281 "-" "Mozilla/5.0 AppleWebKit/537.36 (KHTML, like Gecko; compatible; GPTBot/1.3; +https://openai.com/gptbot)"
74.7.227.62 - - [16/Dec/2025:07:51:23 -0500] "GET /wp-content/plugins/pro-elements/vendor/composer/LICENSE HTTP/2.0" 200 1070 "-" "Mozilla/5.0 AppleWebKit/537.36 (KHTML, like Gecko; compatible; GPTBot/1.3; +https://openai.com/gptbot)"
74.7.227.62 - - [16/Dec/2025:07:51:23 -0500] "GET /wp-content/plugins/pro-elements/vendor/composer/autoload_namespaces.php HTTP/2.0" 200 - "-" "Mozilla/5.0 AppleWebKit/537.36 (KHTML, like Gecko; compatible; GPTBot/1.3; +https://openai.com/gptbot)"
74.7.227.62 - - [16/Dec/2025:07:51:24 -0500] "GET /wp-content/plugins/pro-elements/vendor/composer/ClassLoader.php HTTP/2.0" 200 - "-" "Mozilla/5.0 AppleWebKit/537.36 (KHTML, like Gecko; compatible; GPTBot/1.3; +https://openai.com/gptbot)"
74.7.227.62 - - [16/Dec/2025:07:51:24 -0500] "GET /wp-content/plugins/pro-elements/vendor/composer/autoload_classmap.php HTTP/2.0" 200 - "-" "Mozilla/5.0 AppleWebKit/537.36 (KHTML, like Gecko; compatible; GPTBot/1.3; +https://openai.com/gptbot)"
74.7.227.62 - - [16/Dec/2025:07:51:25 -0500] "GET /wp-content/plugins/pro-elements/vendor/composer/?C=N;O=D HTTP/2.0" 200 2605 "-" "Mozilla/5.0 AppleWebKit/537.36 (KHTML, like Gecko; compatible; GPTBot/1.3; +https://openai.com/gptbot)"
74.7.227.62 - - [16/Dec/2025:07:51:25 -0500] "GET /wp-content/plugins/pro-elements/vendor/composer/?C=M;O=A HTTP/2.0" 200 2605 "-" "Mozilla/5.0 AppleWebKit/537.36 (KHTML, like Gecko; compatible; GPTBot/1.3; +https://openai.com/gptbot)"
74.7.227.62 - - [16/Dec/2025:07:51:26 -0500] "GET /wp-content/plugins/pro-elements/vendor/composer/?C=S;O=A HTTP/2.0" 200 2605 "-" "Mozilla/5.0 AppleWebKit/537.36 (KHTML, like Gecko; compatible; GPTBot/1.3; +https://openai.com/gptbot)"
74.7.227.62 - - [16/Dec/2025:07:51:26 -0500] "GET /wp-content/plugins/pro-elements/vendor/composer/?C=D;O=A HTTP/2.0" 200 2605 "-" "Mozilla/5.0 AppleWebKit/537.36 (KHTML, like Gecko; compatible; GPTBot/1.3; +https://openai.com/gptbot)"
74.7.227.62 - - [16/Dec/2025:07:51:27 -0500] "GET /wp-content/plugins/pro-elements/vendor/composer/autoload_static.php HTTP/2.0" 200 - "-" "Mozilla/5.0 AppleWebKit/537.36 (KHTML, like Gecko; compatible; GPTBot/1.3; +https://openai.com/gptbot)"
74.7.227.62 - - [16/Dec/2025:07:51:28 -0500] "GET /wp-content/plugins/pro-elements/vendor/composer/autoload_real.php HTTP/2.0" 200 - "-" "Mozilla/5.0 AppleWebKit/537.36 (KHTML, like Gecko; compatible; GPTBot/1.3; +https://openai.com/gptbot)"
74.7.227.62 - - [16/Dec/2025:07:51:28 -0500] "GET /wp-content/plugins/pro-elements/assets/css/widget-woocommerce-product-images-rtl.min.css HTTP/2.0" 200 1039 "-" "Mozilla/5.0 AppleWebKit/537.36 (KHTML, like Gecko; compatible; GPTBot/1.3; +https://openai.com/gptbot)"
74.7.227.62 - - [16/Dec/2025:07:51:29 -0500] "GET /wp-content/plugins/pro-elements/assets/css/widget-woocommerce-product-rating-rtl.min.css HTTP/2.0" 200 947 "-" "Mozilla/5.0 AppleWebKit/537.36 (KHTML, like Gecko; compatible; GPTBot/1.3; +https://openai.com/gptbot)"
74.7.227.62 - - [16/Dec/2025:07:51:29 -0500] "GET /wp-content/plugins/pro-elements/assets/css/widget-woocommerce-product-data-tabs.min.css HTTP/2.0" 200 738 "-" "Mozilla/5.0 AppleWebKit/537.36 (KHTML, like Gecko; compatible; GPTBot/1.3; +https://openai.com/gptbot)"
74.7.227.62 - - [16/Dec/2025:07:51:30 -0500] "GET /wp-content/plugins/pro-elements/assets/css/widget-woocommerce-product-price-rtl.min.css HTTP/2.0" 200 261 "-" "Mozilla/5.0 AppleWebKit/537.36 (KHTML, like Gecko; compatible; GPTBot/1.3; +https://openai.com/gptbot)"
74.7.227.62 - - [16/Dec/2025:07:51:30 -0500] "GET /wp-content/plugins/pro-elements/modules/theme-builder/skins/posts-archive-skin-classic.php HTTP/2.0" 200 - "-" "Mozilla/5.0 AppleWebKit/537.36 (KHTML, like Gecko; compatible; GPTBot/1.3; +https://openai.com/gptbot)"
74.7.227.62 - - [16/Dec/2025:07:51:31 -0500] "GET /wp-content/plugins/pro-elements/vendor/composer/?C=N;O=A HTTP/2.0" 200 2605 "-" "Mozilla/5.0 AppleWebKit/537.36 (KHTML, like Gecko; compatible; GPTBot/1.3; +https://openai.com/gptbot)"
74.7.227.62 - - [16/Dec/2025:07:51:31 -0500] "GET /wp-content/plugins/pro-elements/vendor/composer/?C=M;O=D HTTP/2.0" 200 2605 "-" "Mozilla/5.0 AppleWebKit/537.36 (KHTML, like Gecko; compatible; GPTBot/1.3; +https://openai.com/gptbot)"
74.7.227.62 - - [16/Dec/2025:07:51:32 -0500] "GET /wp-content/plugins/pro-elements/vendor/composer/?C=S;O=D HTTP/2.0" 200 2605 "-" "Mozilla/5.0 AppleWebKit/537.36 (KHTML, like Gecko; compatible; GPTBot/1.3; +https://openai.com/gptbot)"
74.7.227.62 - - [16/Dec/2025:07:51:32 -0500] "GET /wp-content/plugins/pro-elements/vendor/composer/?C=D;O=D HTTP/2.0" 200 2605 "-" "Mozilla/5.0 AppleWebKit/537.36 (KHTML, like Gecko; compatible; GPTBot/1.3; +https://openai.com/gptbot)"
74.7.227.62 - - [16/Dec/2025:07:51:33 -0500] "GET /wp-content/plugins/pro-elements/assets/js/off-canvas-editor.d20b8e528d36b21a024c.bundle.js HTTP/2.0" 200 6582 "-" "Mozilla/5.0 AppleWebKit/537.36 (KHTML, like Gecko; compatible; GPTBot/1.3; +https://openai.com/gptbot)"
74.7.227.62 - - [16/Dec/2025:07:51:33 -0500] "GET /wp-content/plugins/pro-elements/assets/js/jszip.vendor.a3c65615c1de5560962d.bundle.js.map HTTP/2.0" 404 103866 "-" "Mozilla/5.0 AppleWebKit/537.36 (KHTML, like Gecko; compatible; GPTBot/1.3; +https://openai.com/gptbot)"
74.7.227.62 - - [16/Dec/2025:07:51:34 -0500] "GET /wp-content/plugins/pro-elements/vendor_prefixed/laravel/serializable-closure/src/Exceptions/InvalidSignatureException.php HTTP/2.0" 200 - "-" "Mozilla/5.0 AppleWebKit/537.36 (KHTML, like Gecko; compatible; GPTBot/1.3; +https://openai.com/gptbot)"
74.7.227.62 - - [16/Dec/2025:07:51:34 -0500] "GET /wp-content/plugins/pro-elements/vendor_prefixed/laravel/serializable-closure/src/Exceptions/MissingSecretKeyException.php HTTP/2.0" 200 - "-" "Mozilla/5.0 AppleWebKit/537.36 (KHTML, like Gecko; compatible; GPTBot/1.3; +https://openai.com/gptbot)"
74.7.227.62 - - [16/Dec/2025:07:51:35 -0500] "GET /wp-content/plugins/pro-elements/assets/css/admin-rtl.css HTTP/2.0" 200 24168 "-" "Mozilla/5.0 AppleWebKit/537.36 (KHTML, like Gecko; compatible; GPTBot/1.3; +https://openai.com/gptbot)"
