74.7.227.62 - - [16/Dec/2025:14:17:51 -0500] "GET /wp-content/plugins/wpforms-lite/templates/builder/?C=D;O=D HTTP/2.0" 200 2384 "-" "Mozilla/5.0 AppleWebKit/537.36 (KHTML, like Gecko; compatible; GPTBot/1.3; +https://openai.com/gptbot)"
74.7.227.62 - - [16/Dec/2025:14:18:31 -0500] "GET /wp-content/plugins/wpforms-lite/assets/css/form-embed-wizard.min.css HTTP/2.0" 200 4388 "-" "Mozilla/5.0 AppleWebKit/537.36 (KHTML, like Gecko; compatible; GPTBot/1.3; +https://openai.com/gptbot)"
74.7.227.62 - - [16/Dec/2025:14:19:05 -0500] "GET /wp-content/plugins/wpforms-lite/assets/css/form-embed-wizard.css HTTP/2.0" 200 4928 "-" "Mozilla/5.0 AppleWebKit/537.36 (KHTML, like Gecko; compatible; GPTBot/1.3; +https://openai.com/gptbot)"
74.7.227.62 - - [16/Dec/2025:14:19:37 -0500] "GET /wp-content/plugins/wpforms-lite/src/Integrations/Stripe/Admin/?C=N;O=A HTTP/2.0" 200 1881 "-" "Mozilla/5.0 AppleWebKit/537.36 (KHTML, like Gecko; compatible; GPTBot/1.3; +https://openai.com/gptbot)"
50.6.4.141 - - [16/Dec/2025:14:19:53 -0500] "POST /wp-cron.php?doing_wp_cron=1765912793.9264459609985351562500 HTTP/1.1" 200 - "-" "WordPress/6.9; https://emtiyz.com"
85.208.96.202 - - [16/Dec/2025:14:19:53 -0500] "GET /robots.txt HTTP/1.1" 200 153 "-" "Mozilla/5.0 (compatible; SemrushBot/7~bl; +http://www.semrush.com/bot.html)"
185.191.171.15 - - [16/Dec/2025:14:19:54 -0500] "GET /wp-login.php?_wpnonce=01705e6500&action=logout&redirect_to=https%3A%2F%2Femtiyz.com%2Fmy-profile%2F HTTP/1.1" 403 459 "-" "Mozilla/5.0 (compatible; SemrushBot/7~bl; +http://www.semrush.com/bot.html)"
74.7.227.62 - - [16/Dec/2025:14:20:05 -0500] "GET /wp-content/plugins/wpforms-lite/src/Integrations/Stripe/Admin/?C=D;O=D HTTP/2.0" 200 1881 "-" "Mozilla/5.0 AppleWebKit/537.36 (KHTML, like Gecko; compatible; GPTBot/1.3; +https://openai.com/gptbot)"
74.7.227.62 - - [16/Dec/2025:14:20:30 -0500] "GET /wp-content/plugins/wpforms-lite/src/Integrations/Stripe/Admin/?C=S;O=D HTTP/2.0" 200 1881 "-" "Mozilla/5.0 AppleWebKit/537.36 (KHTML, like Gecko; compatible; GPTBot/1.3; +https://openai.com/gptbot)"
74.7.227.62 - - [16/Dec/2025:14:20:53 -0500] "GET /wp-content/plugins/wpforms-lite/src/Integrations/Stripe/Admin/?C=M;O=D HTTP/2.0" 200 1881 "-" "Mozilla/5.0 AppleWebKit/537.36 (KHTML, like Gecko; compatible; GPTBot/1.3; +https://openai.com/gptbot)"
74.7.227.62 - - [16/Dec/2025:14:21:14 -0500] "GET /wp-content/plugins/wpforms-lite/vendor_prefixed/symfony/css-selector/Parser/?C=D;O=A HTTP/2.0" 200 2278 "-" "Mozilla/5.0 AppleWebKit/537.36 (KHTML, like Gecko; compatible; GPTBot/1.3; +https://openai.com/gptbot)"
74.7.227.62 - - [16/Dec/2025:14:21:32 -0500] "GET /wp-content/plugins/wpforms-lite/vendor_prefixed/symfony/css-selector/Exception/?C=M;O=A HTTP/2.0" 200 1817 "-" "Mozilla/5.0 AppleWebKit/537.36 (KHTML, like Gecko; compatible; GPTBot/1.3; +https://openai.com/gptbot)"
50.6.4.141 - - [16/Dec/2025:14:21:46 -0500] "POST /wp-cron.php?doing_wp_cron=1765912906.8564169406890869140625 HTTP/1.1" 200 - "-" "WordPress/6.9; https://emtiyz.com"
77.75.78.164 - - [16/Dec/2025:14:21:46 -0500] "GET /ai-chat-assistant/ HTTP/1.1" 200 107304 "-" "Mozilla/5.0 (compatible; SeznamBot/4.0; +https://o-seznam.cz/napoveda/vyhledavani/en/seznambot-crawler/)"
74.7.227.62 - - [16/Dec/2025:14:21:49 -0500] "GET /wp-content/plugins/wpforms-lite/vendor_prefixed/symfony/css-selector/Exception/?C=N;O=D HTTP/2.0" 200 1817 "-" "Mozilla/5.0 AppleWebKit/537.36 (KHTML, like Gecko; compatible; GPTBot/1.3; +https://openai.com/gptbot)"
74.7.227.62 - - [16/Dec/2025:14:22:03 -0500] "GET /wp-content/plugins/wpforms-lite/vendor_prefixed/symfony/css-selector/Exception/?C=S;O=A HTTP/2.0" 200 1817 "-" "Mozilla/5.0 AppleWebKit/537.36 (KHTML, like Gecko; compatible; GPTBot/1.3; +https://openai.com/gptbot)"
74.7.227.62 - - [16/Dec/2025:14:22:17 -0500] "GET /wp-content/plugins/wpforms-lite/vendor_prefixed/symfony/css-selector/Parser/?C=M;O=A HTTP/2.0" 200 2278 "-" "Mozilla/5.0 AppleWebKit/537.36 (KHTML, like Gecko; compatible; GPTBot/1.3; +https://openai.com/gptbot)"
74.7.227.62 - - [16/Dec/2025:14:22:29 -0500] "GET /wp-content/plugins/wpforms-lite/vendor_prefixed/symfony/css-selector/Parser/?C=S;O=A HTTP/2.0" 200 2278 "-" "Mozilla/5.0 AppleWebKit/537.36 (KHTML, like Gecko; compatible; GPTBot/1.3; +https://openai.com/gptbot)"
74.7.227.62 - - [16/Dec/2025:14:22:40 -0500] "GET /wp-content/plugins/wpforms-lite/vendor_prefixed/symfony/css-selector/Exception/?C=D;O=A HTTP/2.0" 200 1817 "-" "Mozilla/5.0 AppleWebKit/537.36 (KHTML, like Gecko; compatible; GPTBot/1.3; +https://openai.com/gptbot)"
74.7.227.62 - - [16/Dec/2025:14:22:50 -0500] "GET /wp-content/plugins/wpforms-lite/vendor_prefixed/symfony/css-selector/Parser/?C=N;O=D HTTP/2.0" 200 2278 "-" "Mozilla/5.0 AppleWebKit/537.36 (KHTML, like Gecko; compatible; GPTBot/1.3; +https://openai.com/gptbot)"
74.7.227.62 - - [16/Dec/2025:14:22:59 -0500] "GET /wp-content/plugins/wpforms-lite/assets/images/integrations/ai/ai-answer-icon.svg HTTP/2.0" 200 7636 "-" "Mozilla/5.0 AppleWebKit/537.36 (KHTML, like Gecko; compatible; GPTBot/1.3; +https://openai.com/gptbot)"
74.7.227.62 - - [16/Dec/2025:14:23:07 -0500] "GET /wp-content/plugins/wpforms-lite/vendor_prefixed/symfony/css-selector/XPath/Translator.php HTTP/2.0" 500 - "-" "Mozilla/5.0 AppleWebKit/537.36 (KHTML, like Gecko; compatible; GPTBot/1.3; +https://openai.com/gptbot)"
74.7.227.62 - - [16/Dec/2025:14:23:14 -0500] "GET /wp-content/plugins/wpforms-lite/vendor_prefixed/symfony/css-selector/Parser/Token.php HTTP/2.0" 200 - "-" "Mozilla/5.0 AppleWebKit/537.36 (KHTML, like Gecko; compatible; GPTBot/1.3; +https://openai.com/gptbot)"
74.7.227.62 - - [16/Dec/2025:14:23:36 -0500] "GET /wp-content/plugins/wpforms-lite/vendor_prefixed/symfony/css-selector/Parser/?C=D;O=D HTTP/2.0" 200 2278 "-" "Mozilla/5.0 AppleWebKit/537.36 (KHTML, like Gecko; compatible; GPTBot/1.3; +https://openai.com/gptbot)"
74.7.227.62 - - [16/Dec/2025:14:23:55 -0500] "GET /wp-content/plugins/wpforms-lite/vendor_prefixed/symfony/css-selector/Exception/?C=M;O=D HTTP/2.0" 200 1817 "-" "Mozilla/5.0 AppleWebKit/537.36 (KHTML, like Gecko; compatible; GPTBot/1.3; +https://openai.com/gptbot)"
74.7.227.62 - - [16/Dec/2025:14:24:11 -0500] "GET /wp-content/plugins/wpforms-lite/vendor_prefixed/symfony/css-selector/Exception/?C=N;O=A HTTP/2.0" 200 1817 "-" "Mozilla/5.0 AppleWebKit/537.36 (KHTML, like Gecko; compatible; GPTBot/1.3; +https://openai.com/gptbot)"
74.7.227.62 - - [16/Dec/2025:14:24:28 -0500] "GET /wp-content/plugins/wpforms-lite/vendor_prefixed/symfony/css-selector/Exception/?C=S;O=D HTTP/2.0" 200 1817 "-" "Mozilla/5.0 AppleWebKit/537.36 (KHTML, like Gecko; compatible; GPTBot/1.3; +https://openai.com/gptbot)"
74.7.227.62 - - [16/Dec/2025:14:24:42 -0500] "GET /wp-content/plugins/wpforms-lite/vendor_prefixed/symfony/css-selector/Parser/?C=M;O=D HTTP/2.0" 200 2278 "-" "Mozilla/5.0 AppleWebKit/537.36 (KHTML, like Gecko; compatible; GPTBot/1.3; +https://openai.com/gptbot)"
74.7.227.62 - - [16/Dec/2025:14:24:55 -0500] "GET /wp-content/plugins/wpforms-lite/vendor_prefixed/symfony/css-selector/Parser/?C=S;O=D HTTP/2.0" 200 2278 "-" "Mozilla/5.0 AppleWebKit/537.36 (KHTML, like Gecko; compatible; GPTBot/1.3; +https://openai.com/gptbot)"
74.7.227.62 - - [16/Dec/2025:14:25:06 -0500] "GET /wp-content/plugins/wpforms-lite/vendor_prefixed/symfony/css-selector/Parser/?C=N;O=A HTTP/2.0" 200 2278 "-" "Mozilla/5.0 AppleWebKit/537.36 (KHTML, like Gecko; compatible; GPTBot/1.3; +https://openai.com/gptbot)"
74.7.227.62 - - [16/Dec/2025:14:25:17 -0500] "GET /wp-content/plugins/wpforms-lite/vendor_prefixed/symfony/css-selector/Exception/?C=D;O=D HTTP/2.0" 200 1817 "-" "Mozilla/5.0 AppleWebKit/537.36 (KHTML, like Gecko; compatible; GPTBot/1.3; +https://openai.com/gptbot)"
74.7.227.62 - - [16/Dec/2025:14:25:26 -0500] "GET /wp-content/plugins/wpforms-lite/vendor_prefixed/symfony/css-selector/Exception/ExpressionErrorException.php HTTP/2.0" 500 - "-" "Mozilla/5.0 AppleWebKit/537.36 (KHTML, like Gecko; compatible; GPTBot/1.3; +https://openai.com/gptbot)"
74.7.227.62 - - [16/Dec/2025:14:25:35 -0500] "GET /wp-content/plugins/wpforms-lite/src/Integrations/Stripe/Api/Webhooks/ HTTP/2.0" 200 2730 "-" "Mozilla/5.0 AppleWebKit/537.36 (KHTML, like Gecko; compatible; GPTBot/1.3; +https://openai.com/gptbot)"
50.6.4.141 - - [16/Dec/2025:14:25:56 -0500] "POST /wp-cron.php?doing_wp_cron=1765913156.8522439002990722656250 HTTP/1.1" 200 - "-" "WordPress/6.9; https://emtiyz.com"
43.173.181.118 - - [16/Dec/2025:14:25:55 -0500] "GET /attracting-global-brands HTTP/1.1" 301 - "-" "Mozilla/5.0 (Windows NT 6.1; Win64; x64) AppleWebKit/537.36 (KHTML, like Gecko) Chrome/126.0.6478.114 Safari/537.36"
74.7.227.62 - - [16/Dec/2025:14:26:01 -0500] "GET /wp-content/plugins/wpforms-lite/src/Helpers/DB.php HTTP/2.0" 200 - "-" "Mozilla/5.0 AppleWebKit/537.36 (KHTML, like Gecko; compatible; GPTBot/1.3; +https://openai.com/gptbot)"
43.173.181.118 - - [16/Dec/2025:14:25:57 -0500] "GET /attracting-global-brands/ HTTP/1.1" 200 114367 "https://emtiyz.com/attracting-global-brands" "Mozilla/5.0 (Windows NT 6.1; Win64; x64) AppleWebKit/537.36 (KHTML, like Gecko) Chrome/126.0.6478.114 Safari/537.36"
43.173.177.75 - - [16/Dec/2025:14:26:06 -0500] "GET /attracting-global-brands HTTP/1.1" 301 - "-" "Mozilla/5.0 (Windows NT 10.0; Win64; x64) AppleWebKit/537.36 (KHTML, like Gecko) Chrome/105.0.0.0 Safari/537.3"
43.173.177.75 - - [16/Dec/2025:14:26:08 -0500] "GET /attracting-global-brands/ HTTP/1.1" 200 114367 "https://emtiyz.com/attracting-global-brands" "Mozilla/5.0 (Windows NT 10.0; Win64; x64) AppleWebKit/537.36 (KHTML, like Gecko) Chrome/105.0.0.0 Safari/537.3"
74.7.227.62 - - [16/Dec/2025:14:26:25 -0500] "GET /wp-content/plugins/wpforms-lite/assets/languages/?C=M;O=A HTTP/2.0" 200 944 "-" "Mozilla/5.0 AppleWebKit/537.36 (KHTML, like Gecko; compatible; GPTBot/1.3; +https://openai.com/gptbot)"
74.7.227.62 - - [16/Dec/2025:14:26:45 -0500] "GET /wp-content/plugins/wpforms-lite/assets/languages/?C=N;O=D HTTP/2.0" 200 944 "-" "Mozilla/5.0 AppleWebKit/537.36 (KHTML, like Gecko; compatible; GPTBot/1.3; +https://openai.com/gptbot)"
74.7.227.62 - - [16/Dec/2025:14:27:04 -0500] "GET /wp-content/plugins/wpforms-lite/templates/emails/?C=N;O=D HTTP/2.0" 200 5420 "-" "Mozilla/5.0 AppleWebKit/537.36 (KHTML, like Gecko; compatible; GPTBot/1.3; +https://openai.com/gptbot)"
74.7.227.62 - - [16/Dec/2025:14:27:20 -0500] "GET /wp-content/plugins/wpforms-lite/assets/languages/?C=S;O=A HTTP/2.0" 200 944 "-" "Mozilla/5.0 AppleWebKit/537.36 (KHTML, like Gecko; compatible; GPTBot/1.3; +https://openai.com/gptbot)"
74.7.227.62 - - [16/Dec/2025:14:27:35 -0500] "GET /wp-content/plugins/wpforms-lite/assets/languages/?C=D;O=A HTTP/2.0" 200 944 "-" "Mozilla/5.0 AppleWebKit/537.36 (KHTML, like Gecko; compatible; GPTBot/1.3; +https://openai.com/gptbot)"
74.7.227.62 - - [16/Dec/2025:14:27:48 -0500] "GET /wp-content/plugins/wpforms-lite/templates/emails/?C=M;O=A HTTP/2.0" 200 5420 "-" "Mozilla/5.0 AppleWebKit/537.36 (KHTML, like Gecko; compatible; GPTBot/1.3; +https://openai.com/gptbot)"
74.7.227.62 - - [16/Dec/2025:14:28:00 -0500] "GET /wp-content/plugins/wpforms-lite/templates/emails/?C=D;O=A HTTP/2.0" 200 5420 "-" "Mozilla/5.0 AppleWebKit/537.36 (KHTML, like Gecko; compatible; GPTBot/1.3; +https://openai.com/gptbot)"
74.7.227.62 - - [16/Dec/2025:14:28:11 -0500] "GET /wp-content/plugins/wpforms-lite/templates/emails/?C=S;O=A HTTP/2.0" 200 5420 "-" "Mozilla/5.0 AppleWebKit/537.36 (KHTML, like Gecko; compatible; GPTBot/1.3; +https://openai.com/gptbot)"
74.7.227.62 - - [16/Dec/2025:14:28:21 -0500] "GET /wp-content/plugins/wpforms-lite/src/Emails/Templates/?C=M;O=A HTTP/2.0" 200 1850 "-" "Mozilla/5.0 AppleWebKit/537.36 (KHTML, like Gecko; compatible; GPTBot/1.3; +https://openai.com/gptbot)"
74.7.227.62 - - [16/Dec/2025:14:28:30 -0500] "GET /wp-content/plugins/wpforms-lite/src/Integrations/Stripe/Api/Webhooks/InvoicePaymentSucceeded.php HTTP/2.0" 500 - "-" "Mozilla/5.0 AppleWebKit/537.36 (KHTML, like Gecko; compatible; GPTBot/1.3; +https://openai.com/gptbot)"
74.7.227.62 - - [16/Dec/2025:14:28:38 -0500] "GET /wp-content/plugins/wpforms-lite/src/Integrations/Stripe/Api/Webhooks/Exceptions/ HTTP/2.0" 200 1050 "-" "Mozilla/5.0 AppleWebKit/537.36 (KHTML, like Gecko; compatible; GPTBot/1.3; +https://openai.com/gptbot)"
74.7.227.62 - - [16/Dec/2025:14:29:01 -0500] "GET /wp-content/plugins/wpforms-lite/src/Integrations/Stripe/Api/Webhooks/CustomerSubscriptionUpdated.php HTTP/2.0" 500 - "-" "Mozilla/5.0 AppleWebKit/537.36 (KHTML, like Gecko; compatible; GPTBot/1.3; +https://openai.com/gptbot)"
74.7.227.62 - - [16/Dec/2025:14:29:21 -0500] "GET /wp-content/plugins/wpforms-lite/src/Integrations/Stripe/Api/Webhooks/CustomerSubscriptionDeleted.php HTTP/2.0" 500 - "-" "Mozilla/5.0 AppleWebKit/537.36 (KHTML, like Gecko; compatible; GPTBot/1.3; +https://openai.com/gptbot)"
74.7.227.62 - - [16/Dec/2025:14:30:27 -0500] "GET /wp-content/plugins/wpforms-lite/src/Integrations/Stripe/Api/Webhooks/ChargeSucceeded.php HTTP/2.0" 500 - "-" "Mozilla/5.0 AppleWebKit/537.36 (KHTML, like Gecko; compatible; GPTBot/1.3; +https://openai.com/gptbot)"
74.7.227.62 - - [16/Dec/2025:14:31:28 -0500] "GET /wp-content/plugins/wpforms-lite/src/Integrations/Stripe/Api/Webhooks/InvoiceCreated.php HTTP/2.0" 500 - "-" "Mozilla/5.0 AppleWebKit/537.36 (KHTML, like Gecko; compatible; GPTBot/1.3; +https://openai.com/gptbot)"
45.148.10.244 - - [16/Dec/2025:14:32:00 -0500] "GET / HTTP/1.0" 301 - "-" "-"
45.148.10.244 - - [16/Dec/2025:14:32:03 -0500] "GET / HTTP/1.1" 200 172016 "-" "-"
45.148.10.244 - - [16/Dec/2025:14:32:08 -0500] "GET / HTTP/1.1" 200 175792 "-" "-"
45.148.10.244 - - [16/Dec/2025:14:32:14 -0500] "GET / HTTP/1.1" 200 375355 "-" "-"
50.6.4.141 - - [16/Dec/2025:14:32:19 -0500] "POST /wp-cron.php?doing_wp_cron=1765913539.4245760440826416015625 HTTP/1.1" 200 - "-" "WordPress/6.9; https://emtiyz.com"
45.148.10.244 - - [16/Dec/2025:14:32:18 -0500] "GET / HTTP/1.1" 301 - "-" "Mozilla/5.0 (Windows NT 6.1; Win64; x64; rv:47.0) Gecko/20100101 Firefox/47.0"
45.148.10.244 - - [16/Dec/2025:14:32:19 -0500] "GET /.env HTTP/1.1" 404 103303 "-" "Mozilla/5.0 (Windows NT 6.1; Win64; x64; rv:47.0) Gecko/20100101 Firefox/47.0"
45.148.10.244 - - [16/Dec/2025:14:32:30 -0500] "GET /phpinfo HTTP/1.1" 404 103321 "-" "Mozilla/5.0 (Windows NT 6.1; Win64; x64; rv:47.0) Gecko/20100101 Firefox/47.0"
45.148.10.244 - - [16/Dec/2025:14:32:31 -0500] "GET /phpinfo.php HTTP/1.1" 404 103345 "-" "Mozilla/5.0 (Windows NT 6.1; Win64; x64; rv:47.0) Gecko/20100101 Firefox/47.0"
74.7.227.62 - - [16/Dec/2025:14:32:33 -0500] "GET /wp-content/plugins/wpforms-lite/src/Integrations/Stripe/Api/Webhooks/ChargeRefunded.php HTTP/2.0" 500 - "-" "Mozilla/5.0 AppleWebKit/537.36 (KHTML, like Gecko; compatible; GPTBot/1.3; +https://openai.com/gptbot)"
45.148.10.244 - - [16/Dec/2025:14:32:34 -0500] "GET /portal/.env HTTP/1.1" 404 103351 "-" "Mozilla/5.0 (Windows NT 6.1; Win64; x64; rv:47.0) Gecko/20100101 Firefox/47.0"
45.148.10.244 - - [16/Dec/2025:14:32:35 -0500] "GET /env/.env HTTP/1.1" 404 103333 "-" "Mozilla/5.0 (Windows NT 6.1; Win64; x64; rv:47.0) Gecko/20100101 Firefox/47.0"
45.148.10.244 - - [16/Dec/2025:14:32:36 -0500] "GET /api/.env HTTP/1.1" 404 103333 "-" "Mozilla/5.0 (Windows NT 6.1; Win64; x64; rv:47.0) Gecko/20100101 Firefox/47.0"
45.148.10.244 - - [16/Dec/2025:14:32:37 -0500] "GET /app/.env HTTP/1.1" 404 103333 "-" "Mozilla/5.0 (Windows NT 6.1; Win64; x64; rv:47.0) Gecko/20100101 Firefox/47.0"
45.148.10.244 - - [16/Dec/2025:14:32:38 -0500] "GET /dev/.env HTTP/1.1" 404 103333 "-" "Mozilla/5.0 (Windows NT 6.1; Win64; x64; rv:47.0) Gecko/20100101 Firefox/47.0"
45.148.10.244 - - [16/Dec/2025:14:32:40 -0500] "GET /new/.env HTTP/1.1" 404 103333 "-" "Mozilla/5.0 (Windows NT 6.1; Win64; x64; rv:47.0) Gecko/20100101 Firefox/47.0"
45.148.10.244 - - [16/Dec/2025:14:32:40 -0500] "GET /new/.env.local HTTP/1.1" 404 103369 "-" "Mozilla/5.0 (Windows NT 6.1; Win64; x64; rv:47.0) Gecko/20100101 Firefox/47.0"
45.148.10.244 - - [16/Dec/2025:14:32:58 -0500] "GET /new/.env.local HTTP/1.1" 404 103369 "-" "Mozilla/5.0 (Windows NT 6.1; Win64; x64; rv:47.0) Gecko/20100101 Firefox/47.0"
45.148.10.244 - - [16/Dec/2025:14:32:59 -0500] "GET /new/.env.production HTTP/1.1" 404 103399 "-" "Mozilla/5.0 (Windows NT 6.1; Win64; x64; rv:47.0) Gecko/20100101 Firefox/47.0"
74.7.227.62 - - [16/Dec/2025:14:33:37 -0500] "GET /wp-content/plugins/wpforms-lite/assets/languages/?C=D;O=D HTTP/2.0" 200 944 "-" "Mozilla/5.0 AppleWebKit/537.36 (KHTML, like Gecko; compatible; GPTBot/1.3; +https://openai.com/gptbot)"
74.7.227.62 - - [16/Dec/2025:14:34:42 -0500] "GET /wp-content/plugins/wpforms-lite/templates/emails/?C=D;O=D HTTP/2.0" 200 5420 "-" "Mozilla/5.0 AppleWebKit/537.36 (KHTML, like Gecko; compatible; GPTBot/1.3; +https://openai.com/gptbot)"
34.106.85.202 - - [16/Dec/2025:14:34:42 -0500] "HEAD / HTTP/2.0" 301 - "http://www.emtiyz.com/" "Mozilla/5.0 (Linux; Android 11; RMX2195) AppleWebKit/537.36 (KHTML, like Gecko) Chrome/120.0.6099.210 Mobile Safari/537.36 OPR/75.2.3995.72468"
34.106.85.202 - - [16/Dec/2025:14:34:42 -0500] "HEAD / HTTP/2.0" 200 - "https://www.emtiyz.com/" "Mozilla/5.0 (Linux; Android 11; RMX2195) AppleWebKit/537.36 (KHTML, like Gecko) Chrome/120.0.6099.210 Mobile Safari/537.36 OPR/75.2.3995.72468"
74.7.227.62 - - [16/Dec/2025:14:35:41 -0500] "GET /wp-content/plugins/wpforms-lite/assets/languages/?C=S;O=D HTTP/2.0" 200 944 "-" "Mozilla/5.0 AppleWebKit/537.36 (KHTML, like Gecko; compatible; GPTBot/1.3; +https://openai.com/gptbot)"
74.7.227.62 - - [16/Dec/2025:14:36:34 -0500] "GET /wp-content/plugins/wpforms-lite/src/Emails/Templates/Notifications.php HTTP/2.0" 500 - "-" "Mozilla/5.0 AppleWebKit/537.36 (KHTML, like Gecko; compatible; GPTBot/1.3; +https://openai.com/gptbot)"
74.7.227.62 - - [16/Dec/2025:14:37:22 -0500] "GET /wp-content/plugins/wpforms-lite/src/Emails/Templates/Summary.php HTTP/2.0" 500 - "-" "Mozilla/5.0 AppleWebKit/537.36 (KHTML, like Gecko; compatible; GPTBot/1.3; +https://openai.com/gptbot)"
50.6.4.141 - - [16/Dec/2025:14:38:13 -0500] "POST /wp-cron.php?doing_wp_cron=1765913893.6537389755249023437500 HTTP/1.1" 200 - "-" "WordPress/6.9; https://emtiyz.com"
198.98.51.29 - - [16/Dec/2025:14:38:13 -0500] "GET /wp-login.php HTTP/1.1" 200 10442 "-" "Mozilla/5.0 (compatible; MSIE 10.0; Windows NT 6.1; WOW64; Trident/6.0)"
198.98.51.29 - - [16/Dec/2025:14:38:14 -0500] "POST /wp-login.php HTTP/1.1" 200 10877 "-" "Mozilla/5.0 (compatible; MSIE 10.0; Windows NT 6.1; WOW64; Trident/6.0)"
74.7.227.62 - - [16/Dec/2025:14:38:24 -0500] "GET /wp-content/plugins/wpforms-lite/src/Integrations/Stripe/Api/Webhooks/Exceptions/AmountMismatchException.php HTTP/2.0" 200 - "-" "Mozilla/5.0 AppleWebKit/537.36 (KHTML, like Gecko; compatible; GPTBot/1.3; +https://openai.com/gptbot)"
74.7.227.62 - - [16/Dec/2025:14:39:28 -0500] "GET /wp-content/plugins/wpforms-lite/src/Integrations/Stripe/Api/Webhooks/Exceptions/?C=M;O=A HTTP/2.0" 200 1050 "-" "Mozilla/5.0 AppleWebKit/537.36 (KHTML, like Gecko; compatible; GPTBot/1.3; +https://openai.com/gptbot)"
50.6.4.141 - - [16/Dec/2025:14:40:15 -0500] "POST /wp-cron.php?doing_wp_cron=1765914015.1434879302978515625000 HTTP/1.1" 200 - "-" "WordPress/6.9; https://emtiyz.com"
54.39.0.151 - - [16/Dec/2025:14:40:14 -0500] "GET /sitemap.rss HTTP/2.0" 200 16307 "-" "Mozilla/5.0 (compatible; AhrefsBot/7.0; +http://ahrefs.com/robot/)"
74.7.227.62 - - [16/Dec/2025:14:40:24 -0500] "GET /wp-content/plugins/wpforms-lite/src/Integrations/Stripe/Api/Webhooks/Exceptions/?C=S;O=A HTTP/2.0" 200 1050 "-" "Mozilla/5.0 AppleWebKit/537.36 (KHTML, like Gecko; compatible; GPTBot/1.3; +https://openai.com/gptbot)"
50.6.4.141 - - [16/Dec/2025:14:40:46 -0500] "POST /wp-cron.php?doing_wp_cron=1765914046.6198639869689941406250 HTTP/1.1" 200 - "-" "WordPress/6.9; https://emtiyz.com"
43.173.181.95 - - [16/Dec/2025:14:40:45 -0500] "GET /category/news/ HTTP/1.1" 200 111337 "-" "Mozilla/5.0 (Windows NT 6.1; Win64; x64) AppleWebKit/537.36 (KHTML, like Gecko) Chrome/126.0.6478.114 Safari/537.36"
74.7.227.62 - - [16/Dec/2025:14:41:15 -0500] "GET /wp-content/plugins/wpforms-lite/src/Integrations/Stripe/Api/Webhooks/Exceptions/?C=D;O=A HTTP/2.0" 200 1050 "-" "Mozilla/5.0 AppleWebKit/537.36 (KHTML, like Gecko; compatible; GPTBot/1.3; +https://openai.com/gptbot)"
74.7.227.62 - - [16/Dec/2025:14:42:02 -0500] "GET /wp-content/plugins/wpforms-lite/src/Emails/Templates/Plain.php HTTP/2.0" 500 - "-" "Mozilla/5.0 AppleWebKit/537.36 (KHTML, like Gecko; compatible; GPTBot/1.3; +https://openai.com/gptbot)"
5.255.231.155 - - [16/Dec/2025:14:42:05 -0500] "GET /robots.txt HTTP/1.1" 301 - "-" "Mozilla/5.0 (compatible; YandexBot/3.0; +http://yandex.com/bots)"
5.255.231.155 - - [16/Dec/2025:14:42:06 -0500] "GET /robots.txt HTTP/1.1" 200 153 "-" "Mozilla/5.0 (compatible; YandexBot/3.0; +http://yandex.com/bots)"
213.180.203.230 - - [16/Dec/2025:14:42:08 -0500] "GET / HTTP/1.1" 301 - "-" "Mozilla/5.0 (compatible; YandexBot/3.0; +http://yandex.com/bots)"
213.180.203.253 - - [16/Dec/2025:14:42:09 -0500] "GET /robots.txt HTTP/1.1" 200 153 "-" "Mozilla/5.0 (compatible; YandexBot/3.0; +http://yandex.com/bots)"
95.108.213.239 - - [16/Dec/2025:14:42:11 -0500] "GET / HTTP/1.1" 200 375307 "-" "Mozilla/5.0 (compatible; YandexBot/3.0; +http://yandex.com/bots)"
74.7.227.62 - - [16/Dec/2025:14:42:43 -0500] "GET /wp-content/plugins/wpforms-lite/src/Integrations/Stripe/Api/Webhooks/Exceptions/?C=N;O=D HTTP/2.0" 200 1050 "-" "Mozilla/5.0 AppleWebKit/537.36 (KHTML, like Gecko; compatible; GPTBot/1.3; +https://openai.com/gptbot)"
74.7.227.62 - - [16/Dec/2025:14:43:48 -0500] "GET /wp-content/plugins/wpforms-lite/src/Emails/Templates/Compact.php HTTP/2.0" 500 - "-" "Mozilla/5.0 AppleWebKit/537.36 (KHTML, like Gecko; compatible; GPTBot/1.3; +https://openai.com/gptbot)"
50.6.4.141 - - [16/Dec/2025:14:43:55 -0500] "POST /wp-cron.php?doing_wp_cron=1765914235.7152500152587890625000 HTTP/1.1" 200 - "-" "WordPress/6.9; https://emtiyz.com"
5.255.231.66 - - [16/Dec/2025:14:43:54 -0500] "GET / HTTP/1.1" 200 375307 "-" "Mozilla/5.0 (compatible; YandexBot/3.0; +http://yandex.com/bots)"
74.7.227.62 - - [16/Dec/2025:14:44:45 -0500] "GET /wp-content/plugins/wpforms-lite/src/Emails/Templates/Classic.php HTTP/2.0" 500 - "-" "Mozilla/5.0 AppleWebKit/537.36 (KHTML, like Gecko; compatible; GPTBot/1.3; +https://openai.com/gptbot)"