74.7.227.62 - - [16/Dec/2025:12:31:14 -0500] "GET /wp-content/plugins/wpforms-lite/templates/builder/payment/?C=S;O=A HTTP/2.0" 200 1146 "-" "Mozilla/5.0 AppleWebKit/537.36 (KHTML, like Gecko; compatible; GPTBot/1.3; +https://openai.com/gptbot)"
74.7.227.62 - - [16/Dec/2025:12:31:43 -0500] "GET /wp-content/plugins/wpforms-lite/templates/builder/revisions/notice-disabled.php HTTP/2.0" 200 - "-" "Mozilla/5.0 AppleWebKit/537.36 (KHTML, like Gecko; compatible; GPTBot/1.3; +https://openai.com/gptbot)"
207.46.13.130 - - [16/Dec/2025:12:31:48 -0500] "GET /wp-content/uploads/2025/06/details_23-2-1-5-660x471.png HTTP/2.0" 200 60353 "-" "Mozilla/5.0 AppleWebKit/537.36 (KHTML, like Gecko; compatible; bingbot/2.0; +http://www.bing.com/bingbot.htm) Chrome/116.0.1938.76 Safari/537.36"
74.7.227.62 - - [16/Dec/2025:12:32:09 -0500] "GET /wp-content/plugins/wpforms-lite/vendor_prefixed/symfony/css-selector/Node/AttributeNode.php HTTP/2.0" 500 - "-" "Mozilla/5.0 AppleWebKit/537.36 (KHTML, like Gecko; compatible; GPTBot/1.3; +https://openai.com/gptbot)"
74.7.227.62 - - [16/Dec/2025:12:32:34 -0500] "GET /wp-content/plugins/wpforms-lite/templates/builder/revisions/list.php HTTP/2.0" 200 - "-" "Mozilla/5.0 AppleWebKit/537.36 (KHTML, like Gecko; compatible; GPTBot/1.3; +https://openai.com/gptbot)"
74.7.227.62 - - [16/Dec/2025:12:33:35 -0500] "GET /wp-content/plugins/wpforms-lite/vendor_prefixed/symfony/css-selector/Node/?C=D;O=A HTTP/2.0" 200 3050 "-" "Mozilla/5.0 AppleWebKit/537.36 (KHTML, like Gecko; compatible; GPTBot/1.3; +https://openai.com/gptbot)"
50.6.4.141 - - [16/Dec/2025:12:34:19 -0500] "POST /wp-cron.php?doing_wp_cron=1765906459.5718090534210205078125 HTTP/1.1" 200 - "-" "WordPress/6.9; https://emtiyz.com"
216.73.216.20 - - [16/Dec/2025:12:34:18 -0500] "GET /robots.txt HTTP/2.0" 200 153 "-" "Mozilla/5.0 AppleWebKit/537.36 (KHTML, like Gecko; compatible; ClaudeBot/1.0; +claudebot@anthropic.com)"
74.7.227.62 - - [16/Dec/2025:12:34:34 -0500] "GET /wp-content/plugins/wpforms-lite/vendor_prefixed/symfony/css-selector/Node/?C=S;O=A HTTP/2.0" 200 3050 "-" "Mozilla/5.0 AppleWebKit/537.36 (KHTML, like Gecko; compatible; GPTBot/1.3; +https://openai.com/gptbot)"
74.7.227.62 - - [16/Dec/2025:12:35:24 -0500] "GET /wp-content/plugins/wpforms-lite/vendor_prefixed/symfony/css-selector/Node/?C=M;O=D HTTP/2.0" 200 3050 "-" "Mozilla/5.0 AppleWebKit/537.36 (KHTML, like Gecko; compatible; GPTBot/1.3; +https://openai.com/gptbot)"
216.73.216.20 - - [16/Dec/2025:12:35:30 -0500] "GET /ar/wp-json/oembed/1.0/embed?format=xml&url=https%3A%2F%2Femtiyz.com%2Far%2Fdealer%2Fjones-stonie%2F HTTP/2.0" 200 2520 "-" "Mozilla/5.0 AppleWebKit/537.36 (KHTML, like Gecko; compatible; ClaudeBot/1.0; +claudebot@anthropic.com)"
50.6.4.141 - - [16/Dec/2025:12:35:31 -0500] "POST /ar/wp-cron.php?doing_wp_cron=1765906531.2351090908050537109375 HTTP/1.1" 200 - "-" "WordPress/6.9; https://emtiyz.com/ar"
216.73.216.20 - - [16/Dec/2025:12:35:30 -0500] "GET /ar/wp-json/oembed/1.0/embed?url=https%3A%2F%2Femtiyz.com%2Far%2Fdealer%2Fjones-stonie%2F HTTP/2.0" 200 2341 "-" "Mozilla/5.0 AppleWebKit/537.36 (KHTML, like Gecko; compatible; ClaudeBot/1.0; +claudebot@anthropic.com)"
216.73.216.20 - - [16/Dec/2025:12:35:32 -0500] "GET /ar/wp-json/oembed/1.0/embed?url=https%3A%2F%2Femtiyz.com%2Far%2Fdealer%2Fjames-rome%2F HTTP/2.0" 200 2331 "-" "Mozilla/5.0 AppleWebKit/537.36 (KHTML, like Gecko; compatible; ClaudeBot/1.0; +claudebot@anthropic.com)"
216.73.216.20 - - [16/Dec/2025:12:35:33 -0500] "GET /ar/blog HTTP/2.0" 301 - "-" "Mozilla/5.0 AppleWebKit/537.36 (KHTML, like Gecko; compatible; ClaudeBot/1.0; +claudebot@anthropic.com)"
216.73.216.20 - - [16/Dec/2025:12:35:34 -0500] "GET /ar/wp-json/oembed/1.0/embed?format=xml&url=https%3A%2F%2Femtiyz.com%2Far%2Fdealer%2Fjames-rome%2F HTTP/2.0" 200 2510 "-" "Mozilla/5.0 AppleWebKit/537.36 (KHTML, like Gecko; compatible; ClaudeBot/1.0; +claudebot@anthropic.com)"
216.73.216.20 - - [16/Dec/2025:12:35:34 -0500] "GET /ar/blog/ HTTP/2.0" 200 133679 "https://emtiyz.com/ar/blog" "Mozilla/5.0 AppleWebKit/537.36 (KHTML, like Gecko; compatible; ClaudeBot/1.0; +claudebot@anthropic.com)"
74.7.227.62 - - [16/Dec/2025:12:36:12 -0500] "GET /wp-content/plugins/wpforms-lite/vendor_prefixed/symfony/css-selector/Node/?C=N;O=A HTTP/2.0" 200 3050 "-" "Mozilla/5.0 AppleWebKit/537.36 (KHTML, like Gecko; compatible; GPTBot/1.3; +https://openai.com/gptbot)"
74.7.227.62 - - [16/Dec/2025:12:36:51 -0500] "GET /wp-content/plugins/wpforms-lite/vendor_prefixed/symfony/css-selector/Node/?C=N;O=D HTTP/2.0" 200 3050 "-" "Mozilla/5.0 AppleWebKit/537.36 (KHTML, like Gecko; compatible; GPTBot/1.3; +https://openai.com/gptbot)"
50.6.4.141 - - [16/Dec/2025:12:37:24 -0500] "POST /wp-cron.php?doing_wp_cron=1765906644.8143498897552490234375 HTTP/1.1" 200 - "-" "WordPress/6.9; https://emtiyz.com"
205.210.31.153 - - [16/Dec/2025:12:37:24 -0500] "GET / HTTP/1.1" 301 - "-" "Hello from Palo Alto Networks, find out more about our scans in https://docs-cortex.paloaltonetworks.com/r/1/Cortex-Xpanse/Scanning-activity"
74.7.227.62 - - [16/Dec/2025:12:37:29 -0500] "GET /wp-content/plugins/wpforms-lite/assets/js/ HTTP/2.0" 200 1452 "-" "Mozilla/5.0 AppleWebKit/537.36 (KHTML, like Gecko; compatible; GPTBot/1.3; +https://openai.com/gptbot)"
74.7.227.62 - - [16/Dec/2025:12:38:03 -0500] "GET /wp-content/plugins/wpforms-lite/vendor_prefixed/symfony/css-selector/Parser/TokenStream.php HTTP/2.0" 200 - "-" "Mozilla/5.0 AppleWebKit/537.36 (KHTML, like Gecko; compatible; GPTBot/1.3; +https://openai.com/gptbot)"
43.173.173.62 - - [16/Dec/2025:12:38:14 -0500] "GET /transmission/7 HTTP/1.1" 301 - "-" "Mozilla/5.0 (Windows NT 6.1; Win64; x64) AppleWebKit/537.36 (KHTML, like Gecko) Chrome/126.0.6478.114 Safari/537.36"
43.173.173.62 - - [16/Dec/2025:12:38:15 -0500] "GET /transmission/7/ HTTP/1.1" 200 227209 "https://emtiyz.com/transmission/7" "Mozilla/5.0 (Windows NT 6.1; Win64; x64) AppleWebKit/537.36 (KHTML, like Gecko) Chrome/126.0.6478.114 Safari/537.36"
43.163.22.99 - - [16/Dec/2025:12:38:20 -0500] "GET /wp-content/plugins/tf-car-listing/public/assets/third-party/jquery-ui/jquery-ui.min.js?ver=1.12.1 HTTP/1.1" 200 253681 "https://emtiyz.com/transmission/7" "Mozilla/5.0 (Windows NT 6.1; Win64; x64) AppleWebKit/537.36 (KHTML, like Gecko) Chrome/126.0.6478.114 Safari/537.36"
50.6.4.141 - - [16/Dec/2025:12:38:25 -0500] "POST /wp-cron.php?doing_wp_cron=1765906705.4688520431518554687500 HTTP/1.1" 200 - "-" "WordPress/6.9; https://emtiyz.com"
43.173.172.157 - - [16/Dec/2025:12:38:23 -0500] "POST /wp-admin/admin-ajax.php HTTP/1.1" 200 1270 "https://emtiyz.com/transmission/7" "Mozilla/5.0 (Windows NT 6.1; Win64; x64) AppleWebKit/537.36 (KHTML, like Gecko) Chrome/126.0.6478.114 Safari/537.36"
50.6.4.141 - - [16/Dec/2025:12:38:24 -0500] "POST /wp-admin/admin-ajax.php?action=as_async_request_queue_runner&nonce=a8cfadf71d HTTP/1.1" 200 - "-" "WordPress/6.9; https://emtiyz.com"
74.7.227.62 - - [16/Dec/2025:12:38:34 -0500] "GET /wp-content/plugins/wpforms-lite/templates/builder/payment/?C=S;O=D HTTP/2.0" 200 1146 "-" "Mozilla/5.0 AppleWebKit/537.36 (KHTML, like Gecko; compatible; GPTBot/1.3; +https://openai.com/gptbot)"
74.7.227.62 - - [16/Dec/2025:12:39:01 -0500] "GET /wp-content/plugins/wpforms-lite/templates/builder/notifications/email-template-link.php HTTP/2.0" 200 - "-" "Mozilla/5.0 AppleWebKit/537.36 (KHTML, like Gecko; compatible; GPTBot/1.3; +https://openai.com/gptbot)"
74.7.227.62 - - [16/Dec/2025:12:39:24 -0500] "GET /wp-content/plugins/wpforms-lite/assets/lite/js/integrations/ HTTP/2.0" 200 1146 "-" "Mozilla/5.0 AppleWebKit/537.36 (KHTML, like Gecko; compatible; GPTBot/1.3; +https://openai.com/gptbot)"
74.7.227.62 - - [16/Dec/2025:12:39:47 -0500] "GET /wp-content/plugins/wpforms-lite/assets/css/ HTTP/2.0" 200 5768 "-" "Mozilla/5.0 AppleWebKit/537.36 (KHTML, like Gecko; compatible; GPTBot/1.3; +https://openai.com/gptbot)"
74.7.227.62 - - [16/Dec/2025:12:40:08 -0500] "GET /wp-content/plugins/wpforms-lite/vendor_prefixed/symfony/css-selector/Node/FunctionNode.php HTTP/2.0" 500 - "-" "Mozilla/5.0 AppleWebKit/537.36 (KHTML, like Gecko; compatible; GPTBot/1.3; +https://openai.com/gptbot)"
74.7.227.62 - - [16/Dec/2025:12:40:25 -0500] "GET /wp-content/plugins/wpforms-lite/vendor_prefixed/symfony/css-selector/Node/ClassNode.php HTTP/2.0" 500 - "-" "Mozilla/5.0 AppleWebKit/537.36 (KHTML, like Gecko; compatible; GPTBot/1.3; +https://openai.com/gptbot)"
74.7.227.62 - - [16/Dec/2025:12:41:20 -0500] "GET /wp-content/plugins/wpforms-lite/vendor_prefixed/symfony/css-selector/Node/NegationNode.php HTTP/2.0" 500 - "-" "Mozilla/5.0 AppleWebKit/537.36 (KHTML, like Gecko; compatible; GPTBot/1.3; +https://openai.com/gptbot)"
74.7.227.62 - - [16/Dec/2025:12:42:20 -0500] "GET /wp-content/plugins/wpforms-lite/vendor_prefixed/symfony/css-selector/Node/PseudoNode.php HTTP/2.0" 500 - "-" "Mozilla/5.0 AppleWebKit/537.36 (KHTML, like Gecko; compatible; GPTBot/1.3; +https://openai.com/gptbot)"
50.6.4.141 - - [16/Dec/2025:12:42:31 -0500] "POST /wp-cron.php?doing_wp_cron=1765906951.2139580249786376953125 HTTP/1.1" 200 - "-" "WordPress/6.9; https://emtiyz.com"
207.90.244.28 - - [16/Dec/2025:12:42:30 -0500] "GET / HTTP/1.1" 301 - "-" "Mozilla/5.0 (X11; Linux x86_64) AppleWebKit/537.36 (KHTML, like Gecko) Chrome/98.0.4758.102 Safari/537.36"
207.90.244.28 - - [16/Dec/2025:12:42:33 -0500] "GET / HTTP/1.1" 200 375307 "-" "Mozilla/5.0 (X11; Linux x86_64) AppleWebKit/537.36 (KHTML, like Gecko) Chrome/98.0.4758.102 Safari/537.36"
207.90.244.28 - - [16/Dec/2025:12:42:48 -0500] "\n" 400 - "-" "-"
207.90.244.28 - - [16/Dec/2025:12:42:49 -0500] "\n" 400 - "-" "-"
207.90.244.28 - - [16/Dec/2025:12:42:49 -0500] "\n" 400 - "-" "-"
207.90.244.28 - - [16/Dec/2025:12:42:50 -0500] "\n" 400 - "-" "-"
207.90.244.28 - - [16/Dec/2025:12:42:55 -0500] "GET /robots.txt HTTP/1.1" 200 153 "-" "-"
207.90.244.28 - - [16/Dec/2025:12:42:58 -0500] "GET /sitemap.xml HTTP/1.1" 200 2423 "-" "-"
207.90.244.28 - - [16/Dec/2025:12:43:00 -0500] "GET /.well-known/security.txt HTTP/1.1" 404 103381 "-" "-"
207.90.244.28 - - [16/Dec/2025:12:43:03 -0500] "GET /wp-content/uploads/2024/10/New-Project.png HTTP/1.1" 200 41542 "-" "Mozilla/5.0 (Windows NT 10.0; Win64; x64) AppleWebKit/537.36 (KHTML, like Gecko) Chrome/102.0.5005.63 Safari/537.36"
74.7.227.62 - - [16/Dec/2025:12:43:24 -0500] "GET /wp-content/plugins/wpforms-lite/vendor_prefixed/symfony/css-selector/Node/ElementNode.php HTTP/2.0" 500 - "-" "Mozilla/5.0 AppleWebKit/537.36 (KHTML, like Gecko; compatible; GPTBot/1.3; +https://openai.com/gptbot)"
74.7.227.62 - - [16/Dec/2025:12:44:28 -0500] "GET /wp-content/plugins/wpforms-lite/assets/js/integrations/ HTTP/2.0" 200 2368 "-" "Mozilla/5.0 AppleWebKit/537.36 (KHTML, like Gecko; compatible; GPTBot/1.3; +https://openai.com/gptbot)"
74.7.227.62 - - [16/Dec/2025:12:45:33 -0500] "GET /wp-content/plugins/wpforms-lite/vendor_prefixed/symfony/css-selector/Node/AttributeNode.php HTTP/2.0" 500 - "-" "Mozilla/5.0 AppleWebKit/537.36 (KHTML, like Gecko; compatible; GPTBot/1.3; +https://openai.com/gptbot)"
74.7.227.62 - - [16/Dec/2025:12:46:31 -0500] "GET /wp-content/plugins/wpforms-lite/vendor_prefixed/symfony/css-selector/Node/?C=S;O=D HTTP/2.0" 200 3050 "-" "Mozilla/5.0 AppleWebKit/537.36 (KHTML, like Gecko; compatible; GPTBot/1.3; +https://openai.com/gptbot)"
74.7.227.62 - - [16/Dec/2025:12:47:35 -0500] "GET /wp-content/plugins/wpforms-lite/vendor_prefixed/symfony/css-selector/Node/?C=D;O=D HTTP/2.0" 200 3050 "-" "Mozilla/5.0 AppleWebKit/537.36 (KHTML, like Gecko; compatible; GPTBot/1.3; +https://openai.com/gptbot)"
74.7.227.62 - - [16/Dec/2025:12:48:33 -0500] "GET /wp-content/plugins/wpforms-lite/assets/lite/js/integrations/?C=D;O=A HTTP/2.0" 200 1146 "-" "Mozilla/5.0 AppleWebKit/537.36 (KHTML, like Gecko; compatible; GPTBot/1.3; +https://openai.com/gptbot)"
74.7.227.62 - - [16/Dec/2025:12:49:25 -0500] "GET /wp-content/plugins/wpforms-lite/assets/css/admin-bar.min.css HTTP/2.0" 200 1443 "-" "Mozilla/5.0 AppleWebKit/537.36 (KHTML, like Gecko; compatible; GPTBot/1.3; +https://openai.com/gptbot)"
74.7.227.62 - - [16/Dec/2025:12:50:11 -0500] "GET /wp-content/plugins/wpforms-lite/assets/css/admin-notifications.min.css HTTP/2.0" 200 5259 "-" "Mozilla/5.0 AppleWebKit/537.36 (KHTML, like Gecko; compatible; GPTBot/1.3; +https://openai.com/gptbot)"
74.7.227.62 - - [16/Dec/2025:12:50:51 -0500] "GET /wp-content/plugins/wpforms-lite/assets/css/?C=M;O=A HTTP/2.0" 200 5768 "-" "Mozilla/5.0 AppleWebKit/537.36 (KHTML, like Gecko; compatible; GPTBot/1.3; +https://openai.com/gptbot)"
74.7.227.62 - - [16/Dec/2025:12:51:29 -0500] "GET /wp-content/plugins/wpforms-lite/assets/css/?C=D;O=A HTTP/2.0" 200 5768 "-" "Mozilla/5.0 AppleWebKit/537.36 (KHTML, like Gecko; compatible; GPTBot/1.3; +https://openai.com/gptbot)"
74.7.227.62 - - [16/Dec/2025:12:52:01 -0500] "GET /wp-content/plugins/wpforms-lite/assets/css/?C=N;O=D HTTP/2.0" 200 5768 "-" "Mozilla/5.0 AppleWebKit/537.36 (KHTML, like Gecko; compatible; GPTBot/1.3; +https://openai.com/gptbot)"
74.7.227.62 - - [16/Dec/2025:12:52:32 -0500] "GET /wp-content/plugins/wpforms-lite/assets/css/?C=S;O=A HTTP/2.0" 200 5768 "-" "Mozilla/5.0 AppleWebKit/537.36 (KHTML, like Gecko; compatible; GPTBot/1.3; +https://openai.com/gptbot)"
74.7.227.62 - - [16/Dec/2025:12:53:00 -0500] "GET /wp-content/plugins/wpforms-lite/assets/css/choices.css HTTP/2.0" 200 13604 "-" "Mozilla/5.0 AppleWebKit/537.36 (KHTML, like Gecko; compatible; GPTBot/1.3; +https://openai.com/gptbot)"
74.7.227.62 - - [16/Dec/2025:12:53:25 -0500] "GET /wp-content/plugins/wpforms-lite/assets/css/admin.css HTTP/2.0" 200 308205 "-" "Mozilla/5.0 AppleWebKit/537.36 (KHTML, like Gecko; compatible; GPTBot/1.3; +https://openai.com/gptbot)"
74.7.227.62 - - [16/Dec/2025:12:53:47 -0500] "GET /wp-content/plugins/wpforms-lite/vendor_prefixed/symfony/css-selector/Node/FunctionNode.php HTTP/2.0" 500 - "-" "Mozilla/5.0 AppleWebKit/537.36 (KHTML, like Gecko; compatible; GPTBot/1.3; +https://openai.com/gptbot)"
74.7.227.62 - - [16/Dec/2025:12:54:06 -0500] "GET /wp-content/plugins/wpforms-lite/vendor_prefixed/symfony/css-selector/Node/ClassNode.php HTTP/2.0" 500 - "-" "Mozilla/5.0 AppleWebKit/537.36 (KHTML, like Gecko; compatible; GPTBot/1.3; +https://openai.com/gptbot)"
74.7.227.62 - - [16/Dec/2025:12:55:04 -0500] "GET /wp-content/plugins/wpforms-lite/vendor_prefixed/symfony/css-selector/Node/NegationNode.php HTTP/2.0" 500 - "-" "Mozilla/5.0 AppleWebKit/537.36 (KHTML, like Gecko; compatible; GPTBot/1.3; +https://openai.com/gptbot)"
74.7.227.62 - - [16/Dec/2025:12:56:07 -0500] "GET /wp-content/plugins/wpforms-lite/vendor_prefixed/symfony/css-selector/Node/ElementNode.php HTTP/2.0" 500 - "-" "Mozilla/5.0 AppleWebKit/537.36 (KHTML, like Gecko; compatible; GPTBot/1.3; +https://openai.com/gptbot)"
43.167.157.80 - - [16/Dec/2025:12:56:51 -0500] "GET / HTTP/1.0" 301 - "-" "-"
74.7.227.62 - - [16/Dec/2025:12:57:10 -0500] "GET /wp-content/plugins/wpforms-lite/vendor_prefixed/symfony/css-selector/Node/PseudoNode.php HTTP/2.0" 500 - "-" "Mozilla/5.0 AppleWebKit/537.36 (KHTML, like Gecko; compatible; GPTBot/1.3; +https://openai.com/gptbot)"
50.6.4.141 - - [16/Dec/2025:12:57:21 -0500] "POST /wp-cron.php?doing_wp_cron=1765907841.3272008895874023437500 HTTP/1.1" 200 - "-" "WordPress/6.9; https://emtiyz.com"
185.191.171.1 - - [16/Dec/2025:12:57:20 -0500] "GET /wp-login.php?_wpnonce=57d2f411cc&action=logout&redirect_to=https%3A%2F%2Femtiyz.com%2Freview%2F HTTP/1.1" 403 455 "-" "Mozilla/5.0 (compatible; SemrushBot/7~bl; +http://www.semrush.com/bot.html)"
74.7.227.62 - - [16/Dec/2025:12:58:15 -0500] "GET /wp-content/plugins/wpforms-lite/assets/css/?C=M;O=D HTTP/2.0" 200 5768 "-" "Mozilla/5.0 AppleWebKit/537.36 (KHTML, like Gecko; compatible; GPTBot/1.3; +https://openai.com/gptbot)"
74.7.227.62 - - [16/Dec/2025:12:59:16 -0500] "GET /wp-content/plugins/wpforms-lite/assets/css/?C=D;O=D HTTP/2.0" 200 5768 "-" "Mozilla/5.0 AppleWebKit/537.36 (KHTML, like Gecko; compatible; GPTBot/1.3; +https://openai.com/gptbot)"
50.6.4.141 - - [16/Dec/2025:13:00:09 -0500] "POST /wp-cron.php?doing_wp_cron=1765908009.3755929470062255859375 HTTP/1.1" 200 - "-" "WordPress/6.9; https://emtiyz.com"
45.80.158.32 - - [16/Dec/2025:13:00:08 -0500] "GET /.env HTTP/1.1" 404 103303 "-" "Mozilla/5.0 (Linux; U; Android 4.4.2; en-US; HM NOTE 1W Build/KOT49H) AppleWebKit/534.30 (KHTML, like Gecko) Version/4.0 UCBrowser/11.0.5.850 U3/0.8.0 Mobile Safari/534.30"
45.80.158.32 - - [16/Dec/2025:13:00:10 -0500] "POST / HTTP/1.1" 200 375355 "-" "Mozilla/5.0 (Linux; U; Android 4.4.2; en-US; HM NOTE 1W Build/KOT49H) AppleWebKit/534.30 (KHTML, like Gecko) Version/4.0 UCBrowser/11.0.5.850 U3/0.8.0 Mobile Safari/534.30"
74.7.227.62 - - [16/Dec/2025:13:00:11 -0500] "GET /wp-content/plugins/wpforms-lite/assets/css/?C=N;O=A HTTP/2.0" 200 5768 "-" "Mozilla/5.0 AppleWebKit/537.36 (KHTML, like Gecko; compatible; GPTBot/1.3; +https://openai.com/gptbot)"
50.6.4.141 - - [16/Dec/2025:13:00:36 -0500] "POST /wp-cron.php?doing_wp_cron=1765908036.3872840404510498046875 HTTP/1.1" 200 - "-" "WordPress/6.9; https://emtiyz.com"
43.163.22.26 - - [16/Dec/2025:13:00:35 -0500] "GET / HTTP/1.1" 200 375307 "-" "Mozilla/5.0 (Windows NT 6.1; Win64; x64) AppleWebKit/537.36 (KHTML, like Gecko) Chrome/126.0.6478.114 Safari/537.36"
43.173.172.211 - - [16/Dec/2025:13:00:38 -0500] "GET /wp-content/plugins/tf-car-listing/public/assets/js/range-slider.js?ver=6.9 HTTP/1.1" 200 5085 "https://emtiyz.com/" "Mozilla/5.0 (Windows NT 6.1; Win64; x64) AppleWebKit/537.36 (KHTML, like Gecko) Chrome/126.0.6478.114 Safari/537.36"
43.173.175.55 - - [16/Dec/2025:13:00:38 -0500] "GET /wp-includes/js/wp-util.min.js?ver=6.9 HTTP/1.1" 200 1426 "https://emtiyz.com/" "Mozilla/5.0 (Windows NT 6.1; Win64; x64) AppleWebKit/537.36 (KHTML, like Gecko) Chrome/126.0.6478.114 Safari/537.36"
43.173.179.41 - - [16/Dec/2025:13:00:39 -0500] "GET /wp-includes/js/wp-backbone.min.js?ver=6.9 HTTP/1.1" 200 3039 "https://emtiyz.com/" "Mozilla/5.0 (Windows NT 6.1; Win64; x64) AppleWebKit/537.36 (KHTML, like Gecko) Chrome/126.0.6478.114 Safari/537.36"
43.173.173.30 - - [16/Dec/2025:13:00:39 -0500] "GET /wp-content/plugins/tf-car-listing/public/assets/third-party/magnific-popup/jquery.magnific-popup.min.js?ver=6.9 HTTP/1.1" 200 21020 "https://emtiyz.com/" "Mozilla/5.0 (Windows NT 6.1; Win64; x64) AppleWebKit/537.36 (KHTML, like Gecko) Chrome/126.0.6478.114 Safari/537.36"
43.173.173.173 - - [16/Dec/2025:13:00:40 -0500] "GET /wp-content/plugins/themesflat-core/assets/js/jquery.justified.min.js?ver=6.9 HTTP/1.1" 200 19291 "https://emtiyz.com/" "Mozilla/5.0 (Windows NT 6.1; Win64; x64) AppleWebKit/537.36 (KHTML, like Gecko) Chrome/126.0.6478.114 Safari/537.36"
129.226.204.35 - - [16/Dec/2025:13:00:40 -0500] "GET /wp-includes/js/dist/hooks.min.js?ver=dd5603f07f9220ed27f1 HTTP/1.1" 200 5661 "https://emtiyz.com/" "Mozilla/5.0 (Windows NT 6.1; Win64; x64) AppleWebKit/537.36 (KHTML, like Gecko) Chrome/126.0.6478.114 Safari/537.36"
43.173.182.41 - - [16/Dec/2025:13:00:40 -0500] "GET /wp-content/plugins/themesflat-core/assets/js/tf-animated.js?ver=6.9 HTTP/1.1" 200 1859 "https://emtiyz.com/" "Mozilla/5.0 (Windows NT 6.1; Win64; x64) AppleWebKit/537.36 (KHTML, like Gecko) Chrome/126.0.6478.114 Safari/537.36"
43.173.175.29 - - [16/Dec/2025:13:00:40 -0500] "GET /wp-includes/js/plupload/wp-plupload.min.js?ver=6.9 HTTP/1.1" 200 6036 "https://emtiyz.com/" "Mozilla/5.0 (Windows NT 6.1; Win64; x64) AppleWebKit/537.36 (KHTML, like Gecko) Chrome/126.0.6478.114 Safari/537.36"
43.173.179.147 - - [16/Dec/2025:13:00:40 -0500] "GET /wp-includes/js/media-models.min.js?ver=6.9 HTTP/1.1" 200 13284 "https://emtiyz.com/" "Mozilla/5.0 (Windows NT 6.1; Win64; x64) AppleWebKit/537.36 (KHTML, like Gecko) Chrome/126.0.6478.114 Safari/537.36"
43.173.180.34 - - [16/Dec/2025:13:00:40 -0500] "GET /wp-content/plugins/tf-car-listing/public/assets/js/main.js?ver=6.9 HTTP/1.1" 200 9925 "https://emtiyz.com/" "Mozilla/5.0 (Windows NT 6.1; Win64; x64) AppleWebKit/537.36 (KHTML, like Gecko) Chrome/126.0.6478.114 Safari/537.36"
43.173.173.111 - - [16/Dec/2025:13:00:40 -0500] "GET /wp-content/plugins/themesflat-core/assets/js/imagesloaded.pkgd.min.js?ver=6.9 HTTP/1.1" 200 5600 "https://emtiyz.com/" "Mozilla/5.0 (Windows NT 6.1; Win64; x64) AppleWebKit/537.36 (KHTML, like Gecko) Chrome/126.0.6478.114 Safari/537.36"
43.173.172.242 - - [16/Dec/2025:13:00:40 -0500] "GET /wp-content/plugins/tf-car-listing/public/assets/js/listing.js?ver=6.9 HTTP/1.1" 200 77073 "https://emtiyz.com/" "Mozilla/5.0 (Windows NT 6.1; Win64; x64) AppleWebKit/537.36 (KHTML, like Gecko) Chrome/126.0.6478.114 Safari/537.36"
43.173.173.168 - - [16/Dec/2025:13:00:40 -0500] "GET /wp-content/plugins/themesflat-core/post-format/assets/js/jquery.mb.YTPlayer.js?ver=6.9 HTTP/1.1" 200 68480 "https://emtiyz.com/" "Mozilla/5.0 (Windows NT 6.1; Win64; x64) AppleWebKit/537.36 (KHTML, like Gecko) Chrome/126.0.6478.114 Safari/537.36"
43.173.182.241 - - [16/Dec/2025:13:00:40 -0500] "GET /wp-includes/js/dist/i18n.min.js?ver=c26c3dc7bed366793375 HTTP/1.1" 200 5314 "https://emtiyz.com/" "Mozilla/5.0 (Windows NT 6.1; Win64; x64) AppleWebKit/537.36 (KHTML, like Gecko) Chrome/126.0.6478.114 Safari/537.36"
43.173.174.94 - - [16/Dec/2025:13:00:42 -0500] "GET /wp-includes/js/wp-emoji-release.min.js?ver=6.9 HTTP/1.1" 200 22762 "https://emtiyz.com/" "Mozilla/5.0 (Windows NT 6.1; Win64; x64) AppleWebKit/537.36 (KHTML, like Gecko) Chrome/126.0.6478.114 Safari/537.36"
43.173.179.243 - - [16/Dec/2025:13:00:42 -0500] "POST /wp-admin/admin-ajax.php HTTP/1.1" 200 1270 "https://emtiyz.com/" "Mozilla/5.0 (Windows NT 6.1; Win64; x64) AppleWebKit/537.36 (KHTML, like Gecko) Chrome/126.0.6478.114 Safari/537.36"
74.7.227.62 - - [16/Dec/2025:13:01:03 -0500] "GET /wp-content/plugins/wpforms-lite/assets/css/?C=S;O=D HTTP/2.0" 200 5768 "-" "Mozilla/5.0 AppleWebKit/537.36 (KHTML, like Gecko; compatible; GPTBot/1.3; +https://openai.com/gptbot)"
74.7.227.62 - - [16/Dec/2025:13:01:49 -0500] "GET /wp-content/plugins/wpforms-lite/assets/js/integrations/woocommerce/ HTTP/2.0" 200 1184 "-" "Mozilla/5.0 AppleWebKit/537.36 (KHTML, like Gecko; compatible; GPTBot/1.3; +https://openai.com/gptbot)"
74.7.227.62 - - [16/Dec/2025:13:02:30 -0500] "GET /wp-content/plugins/wpforms-lite/assets/images/payments/status/icon-n-a.svg HTTP/2.0" 200 195 "-" "Mozilla/5.0 AppleWebKit/537.36 (KHTML, like Gecko; compatible; GPTBot/1.3; +https://openai.com/gptbot)"
50.6.4.141 - - [16/Dec/2025:13:03:08 -0500] "POST /wp-cron.php?doing_wp_cron=1765908188.3499510288238525390625 HTTP/1.1" 200 - "-" "WordPress/6.9; https://emtiyz.com"
24.117.93.117 - - [16/Dec/2025:13:03:07 -0500] "POST / HTTP/1.1" 200 375355 "-" "Mozilla/5.0 (Windows NT 10.0; Win64; x64) AppleWebKit/537.36"
74.7.227.62 - - [16/Dec/2025:13:03:08 -0500] "GET /wp-content/plugins/wpforms-lite/assets/images/payments/icon-info.svg HTTP/2.0" 404 103744 "-" "Mozilla/5.0 AppleWebKit/537.36 (KHTML, like Gecko; compatible; GPTBot/1.3; +https://openai.com/gptbot)"
37.59.124.112 - - [16/Dec/2025:13:03:12 -0500] "POST / HTTP/1.1" 200 375355 "-" "Mozilla/5.0 (Windows NT 10.0; Win64; x64) AppleWebKit/537.36"
74.7.227.62 - - [16/Dec/2025:13:03:41 -0500] "GET /wp-content/plugins/wpforms-lite/assets/images/payments/chevron.svg HTTP/2.0" 200 278 "-" "Mozilla/5.0 AppleWebKit/537.36 (KHTML, like Gecko; compatible; GPTBot/1.3; +https://openai.com/gptbot)"
74.7.227.62 - - [16/Dec/2025:13:04:13 -0500] "GET /wp-content/plugins/wpforms-lite/assets/images/dashicons-arrow-right-alt.svg HTTP/2.0" 200 183 "-" "Mozilla/5.0 AppleWebKit/537.36 (KHTML, like Gecko; compatible; GPTBot/1.3; +https://openai.com/gptbot)"
50.6.4.141 - - [16/Dec/2025:13:04:26 -0500] "POST /wp-cron.php?doing_wp_cron=1765908266.7803380489349365234375 HTTP/1.1" 200 - "-" "WordPress/6.9; https://emtiyz.com"
64.225.53.31 - - [16/Dec/2025:13:04:26 -0500] "POST / HTTP/1.1" 200 375355 "-" "Mozilla/5.0 (Windows NT 10.0; Win64; x64) AppleWebKit/537.36"
74.7.227.62 - - [16/Dec/2025:13:04:43 -0500] "GET /wp-content/plugins/wpforms-lite/assets/images/payments/single/icon-coupon.svg HTTP/2.0" 200 709 "-" "Mozilla/5.0 AppleWebKit/537.36 (KHTML, like Gecko; compatible; GPTBot/1.3; +https://openai.com/gptbot)"
43.173.178.78 - - [16/Dec/2025:13:04:51 -0500] "GET /drive-type/1/ HTTP/1.1" 200 146208 "-" "Mozilla/5.0 (Windows NT 6.1; Win64; x64) AppleWebKit/537.36 (KHTML, like Gecko) Chrome/126.0.6478.114 Safari/537.36"
43.173.177.49 - - [16/Dec/2025:13:04:56 -0500] "POST /wp-admin/admin-ajax.php HTTP/1.1" 200 1270 "https://emtiyz.com/drive-type/1/" "Mozilla/5.0 (Windows NT 6.1; Win64; x64) AppleWebKit/537.36 (KHTML, like Gecko) Chrome/126.0.6478.114 Safari/537.36"
74.7.227.62 - - [16/Dec/2025:13:05:10 -0500] "GET /wp-content/plugins/wpforms-lite/assets/images/email/template-plaintext.svg HTTP/2.0" 200 853 "-" "Mozilla/5.0 AppleWebKit/537.36 (KHTML, like Gecko; compatible; GPTBot/1.3; +https://openai.com/gptbot)"
74.7.227.62 - - [16/Dec/2025:13:05:33 -0500] "GET /wp-content/plugins/wpforms-lite/assets/images/email/template-compact.svg HTTP/2.0" 200 1659 "-" "Mozilla/5.0 AppleWebKit/537.36 (KHTML, like Gecko; compatible; GPTBot/1.3; +https://openai.com/gptbot)"
74.7.227.62 - - [16/Dec/2025:13:05:54 -0500] "GET /wp-content/plugins/wpforms-lite/assets/images/payments/icon-total-refunded.svg HTTP/2.0" 200 603 "-" "Mozilla/5.0 AppleWebKit/537.36 (KHTML, like Gecko; compatible; GPTBot/1.3; +https://openai.com/gptbot)"
50.6.4.141 - - [16/Dec/2025:13:06:07 -0500] "POST /wp-cron.php?doing_wp_cron=1765908367.5308589935302734375000 HTTP/1.1" 200 - "-" "WordPress/6.9; https://emtiyz.com"
40.160.57.133 - - [16/Dec/2025:13:06:06 -0500] "POST / HTTP/1.1" 200 375355 "-" "Mozilla/5.0 (Windows NT 10.0; Win64; x64) AppleWebKit/537.36"
74.7.227.62 - - [16/Dec/2025:13:06:15 -0500] "GET /wp-content/plugins/wpforms-lite/assets/images/payments/icon-total-subscription.svg HTTP/2.0" 200 823 "-" "Mozilla/5.0 AppleWebKit/537.36 (KHTML, like Gecko; compatible; GPTBot/1.3; +https://openai.com/gptbot)"
74.7.227.62 - - [16/Dec/2025:13:06:33 -0500] "GET /wp-content/plugins/wpforms-lite/assets/images/payments/single/info-circle.svg HTTP/2.0" 200 670 "-" "Mozilla/5.0 AppleWebKit/537.36 (KHTML, like Gecko; compatible; GPTBot/1.3; +https://openai.com/gptbot)"
50.6.4.141 - - [16/Dec/2025:13:06:43 -0500] "POST /wp-cron.php?doing_wp_cron=1765908403.1511020660400390625000 HTTP/1.1" 200 - "-" "WordPress/6.9; https://emtiyz.com"
46.101.1.225 - - [16/Dec/2025:13:06:42 -0500] "GET / HTTP/1.1" 301 - "-" "-"
46.101.1.225 - - [16/Dec/2025:13:06:43 -0500] "GET / HTTP/1.1" 301 - "-" "Mozilla/5.0 (l9scan/2.0.134313e243e263e20353; +https://leakix.net)"
46.101.1.225 - - [16/Dec/2025:13:06:44 -0500] "POST /graphql HTTP/1.1" 404 103321 "-" "Mozilla/5.0 (l9scan/2.0.134313e243e263e20353; +https://leakix.net)"
46.101.1.225 - - [16/Dec/2025:13:06:45 -0500] "POST /api HTTP/1.1" 404 103297 "-" "Mozilla/5.0 (l9scan/2.0.134313e243e263e20353; +https://leakix.net)"
46.101.1.225 - - [16/Dec/2025:13:06:46 -0500] "POST /api/graphql HTTP/1.1" 404 103351 "-" "Mozilla/5.0 (l9scan/2.0.134313e243e263e20353; +https://leakix.net)"
46.101.1.225 - - [16/Dec/2025:13:06:46 -0500] "POST /graphql/api HTTP/1.1" 404 103351 "-" "Mozilla/5.0 (l9scan/2.0.134313e243e263e20353; +https://leakix.net)"
46.101.1.225 - - [16/Dec/2025:13:06:47 -0500] "POST /api/gql HTTP/1.1" 404 103327 "-" "Mozilla/5.0 (l9scan/2.0.134313e243e263e20353; +https://leakix.net)"
74.7.227.62 - - [16/Dec/2025:13:06:50 -0500] "GET /wp-content/plugins/wpforms-lite/assets/js/integrations/woocommerce/?C=S;O=A HTTP/2.0" 200 1184 "-" "Mozilla/5.0 AppleWebKit/537.36 (KHTML, like Gecko; compatible; GPTBot/1.3; +https://openai.com/gptbot)"
46.101.1.225 - - [16/Dec/2025:13:06:49 -0500] "GET /swagger-ui.html HTTP/1.1" 404 103369 "-" "Mozilla/5.0 (l9scan/2.0.134313e243e263e20353; +https://leakix.net)"
46.101.1.225 - - [16/Dec/2025:13:06:50 -0500] "GET /swagger/index.html HTTP/1.1" 404 103393 "-" "Mozilla/5.0 (l9scan/2.0.134313e243e263e20353; +https://leakix.net)"
46.101.1.225 - - [16/Dec/2025:13:06:51 -0500] "GET /swagger/swagger-ui.html HTTP/1.1" 404 103423 "-" "Mozilla/5.0 (l9scan/2.0.134313e243e263e20353; +https://leakix.net)"
46.101.1.225 - - [16/Dec/2025:13:06:52 -0500] "GET /webjars/swagger-ui/index.html HTTP/1.1" 404 103536 "-" "Mozilla/5.0 (l9scan/2.0.134313e243e263e20353; +https://leakix.net)"
46.101.1.225 - - [16/Dec/2025:13:06:53 -0500] "GET /swagger.json HTTP/1.1" 404 103351 "-" "Mozilla/5.0 (l9scan/2.0.134313e243e263e20353; +https://leakix.net)"
46.101.1.225 - - [16/Dec/2025:13:06:54 -0500] "GET /swagger/v1/swagger.json HTTP/1.1" 404 103500 "-" "Mozilla/5.0 (l9scan/2.0.134313e243e263e20353; +https://leakix.net)"
46.101.1.225 - - [16/Dec/2025:13:06:55 -0500] "GET /v2/api-docs HTTP/1.1" 404 103351 "-" "Mozilla/5.0 (l9scan/2.0.134313e243e263e20353; +https://leakix.net)"
46.101.1.225 - - [16/Dec/2025:13:06:57 -0500] "GET /v3/api-docs HTTP/1.1" 404 103351 "-" "Mozilla/5.0 (l9scan/2.0.134313e243e263e20353; +https://leakix.net)"
46.101.1.225 - - [16/Dec/2025:13:06:58 -0500] "GET /api-docs/swagger.json HTTP/1.1" 404 103411 "-" "Mozilla/5.0 (l9scan/2.0.134313e243e263e20353; +https://leakix.net)"
46.101.1.225 - - [16/Dec/2025:13:06:59 -0500] "GET /api/swagger.json HTTP/1.1" 404 103381 "-" "Mozilla/5.0 (l9scan/2.0.134313e243e263e20353; +https://leakix.net)"
46.101.1.225 - - [16/Dec/2025:13:07:00 -0500] "GET /@vite/env HTTP/1.1" 404 103339 "-" "Mozilla/5.0 (l9scan/2.0.134313e243e263e20353; +https://leakix.net)"
46.101.1.225 - - [16/Dec/2025:13:07:01 -0500] "GET /actuator/env HTTP/1.1" 404 103357 "-" "Mozilla/5.0 (l9scan/2.0.134313e243e263e20353; +https://leakix.net)"
46.101.1.225 - - [16/Dec/2025:13:07:02 -0500] "GET /server HTTP/1.1" 404 103315 "-" "Mozilla/5.0 (l9scan/2.0.134313e243e263e20353; +https://leakix.net)"
46.101.1.225 - - [16/Dec/2025:13:07:03 -0500] "GET /.vscode/sftp.json HTTP/1.1" 404 103387 "-" "Mozilla/5.0 (l9scan/2.0.134313e243e263e20353; +https://leakix.net)"
74.7.227.62 - - [16/Dec/2025:13:07:04 -0500] "GET /wp-content/plugins/wpforms-lite/assets/js/integrations/woocommerce/?C=M;O=A HTTP/2.0" 200 1184 "-" "Mozilla/5.0 AppleWebKit/537.36 (KHTML, like Gecko; compatible; GPTBot/1.3; +https://openai.com/gptbot)"
46.101.1.225 - - [16/Dec/2025:13:07:05 -0500] "GET /about HTTP/1.1" 404 103309 "-" "Mozilla/5.0 (l9scan/2.0.134313e243e263e20353; +https://leakix.net)"
46.101.1.225 - - [16/Dec/2025:13:07:06 -0500] "GET /debug/default/view?panel=config HTTP/1.1" 404 103470 "-" "Mozilla/5.0 (l9scan/2.0.134313e243e263e20353; +https://leakix.net)"
46.101.1.225 - - [16/Dec/2025:13:07:07 -0500] "GET /v2/_catalog HTTP/1.1" 404 103351 "-" "Mozilla/5.0 (l9scan/2.0.134313e243e263e20353; +https://leakix.net)"
46.101.1.225 - - [16/Dec/2025:13:07:08 -0500] "GET /ecp/Current/exporttool/microsoft.exchange.ediscovery.exporttool.application HTTP/1.1" 404 103818 "-" "Mozilla/5.0 (l9scan/2.0.134313e243e263e20353; +https://leakix.net)"
46.101.1.225 - - [16/Dec/2025:13:07:09 -0500] "GET /server-status HTTP/1.1" 404 103357 "-" "Mozilla/5.0 (l9scan/2.0.134313e243e263e20353; +https://leakix.net)"
46.101.1.225 - - [16/Dec/2025:13:07:10 -0500] "GET /login.action HTTP/1.1" 404 103351 "-" "Mozilla/5.0 (l9scan/2.0.134313e243e263e20353; +https://leakix.net)"
46.101.1.225 - - [16/Dec/2025:13:07:11 -0500] "GET /_all_dbs HTTP/1.1" 404 103327 "-" "Mozilla/5.0 (l9scan/2.0.134313e243e263e20353; +https://leakix.net)"
46.101.1.225 - - [16/Dec/2025:13:07:12 -0500] "GET /.DS_Store HTTP/1.1" 404 103333 "-" "Mozilla/5.0 (l9scan/2.0.134313e243e263e20353; +https://leakix.net)"
46.101.1.225 - - [16/Dec/2025:13:07:13 -0500] "GET /.env HTTP/1.1" 404 103303 "-" "Mozilla/5.0 (l9scan/2.0.134313e243e263e20353; +https://leakix.net)"
46.101.1.225 - - [16/Dec/2025:13:07:15 -0500] "GET /.git/config HTTP/1.1" 404 103351 "-" "Mozilla/5.0 (l9scan/2.0.134313e243e263e20353; +https://leakix.net)"
50.6.4.141 - - [16/Dec/2025:13:07:17 -0500] "POST /wp-cron.php?doing_wp_cron=1765908437.1957399845123291015625 HTTP/1.1" 200 - "-" "WordPress/6.9; https://emtiyz.com"
46.101.1.225 - - [16/Dec/2025:13:07:16 -0500] "GET /s/134313e243e263e20353/_/;/META-INF/maven/com.atlassian.jira/jira-webapp-dist/pom.properties HTTP/1.1" 404 103950 "-" "Mozilla/5.0 (l9scan/2.0.134313e243e263e20353; +https://leakix.net)"
74.7.227.62 - - [16/Dec/2025:13:07:17 -0500] "GET /wp-content/plugins/wpforms-lite/assets/js/integrations/woocommerce/?C=D;O=A HTTP/2.0" 200 1184 "-" "Mozilla/5.0 AppleWebKit/537.36 (KHTML, like Gecko; compatible; GPTBot/1.3; +https://openai.com/gptbot)"
46.101.1.225 - - [16/Dec/2025:13:07:17 -0500] "GET /config.json HTTP/1.1" 404 103345 "-" "Mozilla/5.0 (l9scan/2.0.134313e243e263e20353; +https://leakix.net)"
46.101.1.225 - - [16/Dec/2025:13:07:18 -0500] "GET /telescope/requests HTTP/1.1" 404 103393 "-" "Mozilla/5.0 (l9scan/2.0.134313e243e263e20353; +https://leakix.net)"
46.101.1.225 - - [16/Dec/2025:13:07:19 -0500] "GET /info.php HTTP/1.1" 404 103327 "-" "Mozilla/5.0 (l9scan/2.0.134313e243e263e20353; +https://leakix.net)"
46.101.1.225 - - [16/Dec/2025:13:07:20 -0500] "GET /?rest_route=/wp/v2/users/ HTTP/1.1" 200 833 "-" "Mozilla/5.0 (l9scan/2.0.134313e243e263e20353; +https://leakix.net)"
74.7.227.62 - - [16/Dec/2025:13:07:29 -0500] "GET /wp-content/plugins/wpforms-lite/assets/js/integrations/woocommerce/?C=N;O=D HTTP/2.0" 200 1184 "-" "Mozilla/5.0 AppleWebKit/537.36 (KHTML, like Gecko; compatible; GPTBot/1.3; +https://openai.com/gptbot)"
74.7.227.62 - - [16/Dec/2025:13:07:40 -0500] "GET /wp-content/plugins/wpforms-lite/assets/js/integrations/square/ HTTP/2.0" 200 1350 "-" "Mozilla/5.0 AppleWebKit/537.36 (KHTML, like Gecko; compatible; GPTBot/1.3; +https://openai.com/gptbot)"
74.7.227.62 - - [16/Dec/2025:13:07:49 -0500] "GET /wp-content/plugins/wpforms-lite/assets/js/integrations/stripe/ HTTP/2.0" 200 3215 "-" "Mozilla/5.0 AppleWebKit/537.36 (KHTML, like Gecko; compatible; GPTBot/1.3; +https://openai.com/gptbot)"
74.7.227.62 - - [16/Dec/2025:13:07:58 -0500] "GET /wp-content/plugins/wpforms-lite/assets/images/smtp/pattie.svg HTTP/2.0" 200 4054 "-" "Mozilla/5.0 AppleWebKit/537.36 (KHTML, like Gecko; compatible; GPTBot/1.3; +https://openai.com/gptbot)"
74.7.227.62 - - [16/Dec/2025:13:08:05 -0500] "GET /wp-content/plugins/wpforms-lite/assets/images/spinner.svg HTTP/2.0" 200 412 "-" "Mozilla/5.0 AppleWebKit/537.36 (KHTML, like Gecko; compatible; GPTBot/1.3; +https://openai.com/gptbot)"
74.7.227.62 - - [16/Dec/2025:13:08:12 -0500] "GET /wp-content/plugins/wpforms-lite/assets/images/payments/single/icon-subscription.svg HTTP/2.0" 200 1178 "-" "Mozilla/5.0 AppleWebKit/537.36 (KHTML, like Gecko; compatible; GPTBot/1.3; +https://openai.com/gptbot)"
74.7.227.62 - - [16/Dec/2025:13:08:18 -0500] "GET /wp-content/plugins/wpforms-lite/assets/images/payments/status/icon-pending.svg HTTP/2.0" 200 541 "-" "Mozilla/5.0 AppleWebKit/537.36 (KHTML, like Gecko; compatible; GPTBot/1.3; +https://openai.com/gptbot)"
74.7.227.62 - - [16/Dec/2025:13:08:24 -0500] "GET /wp-content/plugins/wpforms-lite/assets/images/payments/status/icon-processed.svg HTTP/2.0" 200 388 "-" "Mozilla/5.0 AppleWebKit/537.36 (KHTML, like Gecko; compatible; GPTBot/1.3; +https://openai.com/gptbot)"
74.7.227.62 - - [16/Dec/2025:13:08:29 -0500] "GET /wp-content/plugins/wpforms-lite/assets/js/integrations/woocommerce/?C=S;O=D HTTP/2.0" 200 1184 "-" "Mozilla/5.0 AppleWebKit/537.36 (KHTML, like Gecko; compatible; GPTBot/1.3; +https://openai.com/gptbot)"
74.7.227.62 - - [16/Dec/2025:13:08:34 -0500] "GET /wp-content/plugins/wpforms-lite/assets/js/integrations/woocommerce/?C=N;O=A HTTP/2.0" 200 1184 "-" "Mozilla/5.0 AppleWebKit/537.36 (KHTML, like Gecko; compatible; GPTBot/1.3; +https://openai.com/gptbot)"
74.7.227.62 - - [16/Dec/2025:13:08:38 -0500] "GET /wp-content/plugins/wpforms-lite/assets/js/integrations/woocommerce/?C=M;O=D HTTP/2.0" 200 1184 "-" "Mozilla/5.0 AppleWebKit/537.36 (KHTML, like Gecko; compatible; GPTBot/1.3; +https://openai.com/gptbot)"
74.7.227.62 - - [16/Dec/2025:13:08:42 -0500] "GET /wp-content/plugins/wpforms-lite/assets/images/payments/status/icon-active.svg HTTP/2.0" 200 786 "-" "Mozilla/5.0 AppleWebKit/537.36 (KHTML, like Gecko; compatible; GPTBot/1.3; +https://openai.com/gptbot)"
74.7.227.62 - - [16/Dec/2025:13:08:45 -0500] "GET /wp-content/plugins/wpforms-lite/assets/js/integrations/square/?C=S;O=A HTTP/2.0" 200 1350 "-" "Mozilla/5.0 AppleWebKit/537.36 (KHTML, like Gecko; compatible; GPTBot/1.3; +https://openai.com/gptbot)"
74.7.227.62 - - [16/Dec/2025:13:08:48 -0500] "GET /wp-content/plugins/wpforms-lite/assets/js/integrations/square/?C=D;O=A HTTP/2.0" 200 1350 "-" "Mozilla/5.0 AppleWebKit/537.36 (KHTML, like Gecko; compatible; GPTBot/1.3; +https://openai.com/gptbot)"
74.7.227.62 - - [16/Dec/2025:13:08:51 -0500] "GET /wp-content/plugins/wpforms-lite/assets/js/integrations/square/?C=N;O=D HTTP/2.0" 200 1350 "-" "Mozilla/5.0 AppleWebKit/537.36 (KHTML, like Gecko; compatible; GPTBot/1.3; +https://openai.com/gptbot)"
74.7.227.62 - - [16/Dec/2025:13:08:53 -0500] "GET /wp-content/plugins/wpforms-lite/assets/js/integrations/square/?C=M;O=A HTTP/2.0" 200 1350 "-" "Mozilla/5.0 AppleWebKit/537.36 (KHTML, like Gecko; compatible; GPTBot/1.3; +https://openai.com/gptbot)"
74.7.227.62 - - [16/Dec/2025:13:08:55 -0500] "GET /wp-content/plugins/wpforms-lite/assets/js/integrations/stripe/admin-settings-stripe.min.js HTTP/2.0" 200 1911 "-" "Mozilla/5.0 AppleWebKit/537.36 (KHTML, like Gecko; compatible; GPTBot/1.3; +https://openai.com/gptbot)"
74.7.227.62 - - [16/Dec/2025:13:08:57 -0500] "GET /wp-content/plugins/wpforms-lite/assets/js/integrations/stripe/admin-settings-stripe.js HTTP/2.0" 200 3608 "-" "Mozilla/5.0 AppleWebKit/537.36 (KHTML, like Gecko; compatible; GPTBot/1.3; +https://openai.com/gptbot)"
74.7.227.62 - - [16/Dec/2025:13:08:59 -0500] "GET /wp-content/plugins/wpforms-lite/assets/js/integrations/stripe/wpforms-stripe-payment-element.js HTTP/2.0" 200 37745 "-" "Mozilla/5.0 AppleWebKit/537.36 (KHTML, like Gecko; compatible; GPTBot/1.3; +https://openai.com/gptbot)"
74.7.227.62 - - [16/Dec/2025:13:09:01 -0500] "GET /wp-content/plugins/wpforms-lite/assets/js/integrations/stripe/admin-builder-modern-stripe.js HTTP/2.0" 200 12142 "-" "Mozilla/5.0 AppleWebKit/537.36 (KHTML, like Gecko; compatible; GPTBot/1.3; +https://openai.com/gptbot)"
74.7.227.62 - - [16/Dec/2025:13:09:02 -0500] "GET /wp-content/plugins/wpforms-lite/assets/css/integrations/ HTTP/2.0" 200 1652 "-" "Mozilla/5.0 AppleWebKit/537.36 (KHTML, like Gecko; compatible; GPTBot/1.3; +https://openai.com/gptbot)"
74.7.227.62 - - [16/Dec/2025:13:09:03 -0500] "GET /wp-content/plugins/wpforms-lite/assets/images/payments/status/icon-completed.svg HTTP/2.0" 200 388 "-" "Mozilla/5.0 AppleWebKit/537.36 (KHTML, like Gecko; compatible; GPTBot/1.3; +https://openai.com/gptbot)"
74.7.227.62 - - [16/Dec/2025:13:09:04 -0500] "GET /wp-content/plugins/wpforms-lite/assets/css/logger.min.css HTTP/2.0" 200 3253 "-" "Mozilla/5.0 AppleWebKit/537.36 (KHTML, like Gecko; compatible; GPTBot/1.3; +https://openai.com/gptbot)"
74.7.227.62 - - [16/Dec/2025:13:09:06 -0500] "GET /wp-content/plugins/wpforms-lite/assets/js/integrations/square/?C=N;O=A HTTP/2.0" 200 1350 "-" "Mozilla/5.0 AppleWebKit/537.36 (KHTML, like Gecko; compatible; GPTBot/1.3; +https://openai.com/gptbot)"
74.7.227.62 - - [16/Dec/2025:13:09:06 -0500] "GET /wp-content/plugins/wpforms-lite/assets/js/integrations/square/?C=S;O=D HTTP/2.0" 200 1350 "-" "Mozilla/5.0 AppleWebKit/537.36 (KHTML, like Gecko; compatible; GPTBot/1.3; +https://openai.com/gptbot)"
74.7.227.62 - - [16/Dec/2025:13:09:07 -0500] "GET /wp-content/plugins/wpforms-lite/assets/css/choices.min.css HTTP/2.0" 200 12157 "-" "Mozilla/5.0 AppleWebKit/537.36 (KHTML, like Gecko; compatible; GPTBot/1.3; +https://openai.com/gptbot)"
74.7.227.62 - - [16/Dec/2025:13:09:08 -0500] "GET /wp-content/plugins/wpforms-lite/assets/js/integrations/square/?C=M;O=D HTTP/2.0" 200 1350 "-" "Mozilla/5.0 AppleWebKit/537.36 (KHTML, like Gecko; compatible; GPTBot/1.3; +https://openai.com/gptbot)"
74.7.227.62 - - [16/Dec/2025:13:09:09 -0500] "GET /wp-content/plugins/wpforms-lite/assets/images/trash.svg HTTP/2.0" 200 606 "-" "Mozilla/5.0 AppleWebKit/537.36 (KHTML, like Gecko; compatible; GPTBot/1.3; +https://openai.com/gptbot)"
74.7.227.62 - - [16/Dec/2025:13:09:09 -0500] "GET /wp-content/plugins/wpforms-lite/assets/images/brand.svg HTTP/2.0" 200 505 "-" "Mozilla/5.0 AppleWebKit/537.36 (KHTML, like Gecko; compatible; GPTBot/1.3; +https://openai.com/gptbot)"
74.7.227.62 - - [16/Dec/2025:13:09:10 -0500] "GET /wp-content/plugins/wpforms-lite/assets/images/cross.svg HTTP/2.0" 200 380 "-" "Mozilla/5.0 AppleWebKit/537.36 (KHTML, like Gecko; compatible; GPTBot/1.3; +https://openai.com/gptbot)"
74.7.227.62 - - [16/Dec/2025:13:09:10 -0500] "GET /wp-content/plugins/wpforms-lite/assets/css/admin-integrations.min.css HTTP/2.0" 200 112087 "-" "Mozilla/5.0 AppleWebKit/537.36 (KHTML, like Gecko; compatible; GPTBot/1.3; +https://openai.com/gptbot)"
74.7.227.62 - - [16/Dec/2025:13:09:11 -0500] "GET /wp-content/plugins/wpforms-lite/assets/css/integrations/woocommerce/ HTTP/2.0" 200 1189 "-" "Mozilla/5.0 AppleWebKit/537.36 (KHTML, like Gecko; compatible; GPTBot/1.3; +https://openai.com/gptbot)"
74.7.227.62 - - [16/Dec/2025:13:09:11 -0500] "GET /wp-content/plugins/wpforms-lite/assets/css/integrations/ai/ HTTP/2.0" 200 2280 "-" "Mozilla/5.0 AppleWebKit/537.36 (KHTML, like Gecko; compatible; GPTBot/1.3; +https://openai.com/gptbot)"
74.7.227.62 - - [16/Dec/2025:13:09:12 -0500] "GET /wp-content/plugins/wpforms-lite/assets/js/integrations/woocommerce/notifications.js HTTP/2.0" 200 1381 "-" "Mozilla/5.0 AppleWebKit/537.36 (KHTML, like Gecko; compatible; GPTBot/1.3; +https://openai.com/gptbot)"
74.7.227.62 - - [16/Dec/2025:13:09:13 -0500] "GET /wp-content/plugins/wpforms-lite/assets/css/admin-list-table-ext.css HTTP/2.0" 200 27250 "-" "Mozilla/5.0 AppleWebKit/537.36 (KHTML, like Gecko; compatible; GPTBot/1.3; +https://openai.com/gptbot)"
74.7.227.62 - - [16/Dec/2025:13:09:13 -0500] "GET /wp-content/plugins/wpforms-lite/assets/css/admin-list-table-ext.min.css HTTP/2.0" 200 25281 "-" "Mozilla/5.0 AppleWebKit/537.36 (KHTML, like Gecko; compatible; GPTBot/1.3; +https://openai.com/gptbot)"
74.7.227.62 - - [16/Dec/2025:13:09:14 -0500] "GET /wp-content/plugins/wpforms-lite/assets/js/integrations/stripe/wpforms-stripe-payment-element.min.js HTTP/2.0" 200 17907 "-" "Mozilla/5.0 AppleWebKit/537.36 (KHTML, like Gecko; compatible; GPTBot/1.3; +https://openai.com/gptbot)"
74.7.227.62 - - [16/Dec/2025:13:09:14 -0500] "GET /wp-content/plugins/wpforms-lite/assets/js/integrations/stripe/admin-builder-modern-stripe.min.js HTTP/2.0" 200 6430 "-" "Mozilla/5.0 AppleWebKit/537.36 (KHTML, like Gecko; compatible; GPTBot/1.3; +https://openai.com/gptbot)"
74.7.227.62 - - [16/Dec/2025:13:09:15 -0500] "GET /wp-content/plugins/wpforms-lite/assets/js/integrations/stripe/admin-builder-stripe-card-field.js HTTP/2.0" 200 5498 "-" "Mozilla/5.0 AppleWebKit/537.36 (KHTML, like Gecko; compatible; GPTBot/1.3; +https://openai.com/gptbot)"
74.7.227.62 - - [16/Dec/2025:13:09:15 -0500] "GET /wp-content/plugins/wpforms-lite/assets/js/integrations/divi/ HTTP/2.0" 200 1359 "-" "Mozilla/5.0 AppleWebKit/537.36 (KHTML, like Gecko; compatible; GPTBot/1.3; +https://openai.com/gptbot)"
74.7.227.62 - - [16/Dec/2025:13:09:16 -0500] "GET /wp-content/plugins/wpforms-lite/vendor_prefixed/symfony/css-selector/Node/AttributeNode.php HTTP/2.0" 500 - "-" "Mozilla/5.0 AppleWebKit/537.36 (KHTML, like Gecko; compatible; GPTBot/1.3; +https://openai.com/gptbot)"
74.7.227.62 - - [16/Dec/2025:13:09:16 -0500] "GET /wp-content/plugins/wpforms-lite/assets/images/integrations/elementor/font/icon-wpforms.svg HTTP/2.0" 200 652 "-" "Mozilla/5.0 AppleWebKit/537.36 (KHTML, like Gecko; compatible; GPTBot/1.3; +https://openai.com/gptbot)"
74.7.227.62 - - [16/Dec/2025:13:09:18 -0500] "GET /wp-content/plugins/wpforms-lite/assets/images/integrations/elementor/font/icon-wpforms.ttf HTTP/2.0" 200 5808 "-" "Mozilla/5.0 AppleWebKit/537.36 (KHTML, like Gecko; compatible; GPTBot/1.3; +https://openai.com/gptbot)"
74.7.227.62 - - [16/Dec/2025:13:09:19 -0500] "GET /wp-content/plugins/wpforms-lite/assets/css/integrations/ai/form-templates-page.css HTTP/2.0" 200 1451 "-" "Mozilla/5.0 AppleWebKit/537.36 (KHTML, like Gecko; compatible; GPTBot/1.3; +https://openai.com/gptbot)"
74.7.227.62 - - [16/Dec/2025:13:09:20 -0500] "GET /wp-content/plugins/wpforms-lite/assets/images/integrations/elementor/font/icon-wpforms.eot HTTP/2.0" 200 5976 "-" "Mozilla/5.0 AppleWebKit/537.36 (KHTML, like Gecko; compatible; GPTBot/1.3; +https://openai.com/gptbot)"
74.7.227.62 - - [16/Dec/2025:13:09:22 -0500] "GET /wp-content/plugins/wpforms-lite/assets/css/integrations/ai/chat-element.min.css HTTP/2.0" 200 16112 "-" "Mozilla/5.0 AppleWebKit/537.36 (KHTML, like Gecko; compatible; GPTBot/1.3; +https://openai.com/gptbot)"
74.7.227.62 - - [16/Dec/2025:13:09:23 -0500] "GET /wp-content/plugins/wpforms-lite/assets/css/integrations/ai/?C=D;O=A HTTP/2.0" 200 2280 "-" "Mozilla/5.0 AppleWebKit/537.36 (KHTML, like Gecko; compatible; GPTBot/1.3; +https://openai.com/gptbot)"
74.7.227.62 - - [16/Dec/2025:13:09:23 -0500] "GET /wp-content/plugins/wpforms-lite/assets/css/integrations/ai/?C=M;O=A HTTP/2.0" 200 2280 "-" "Mozilla/5.0 AppleWebKit/537.36 (KHTML, like Gecko; compatible; GPTBot/1.3; +https://openai.com/gptbot)"
74.7.227.62 - - [16/Dec/2025:13:09:24 -0500] "GET /wp-content/plugins/wpforms-lite/assets/css/integrations/ai/?C=N;O=D HTTP/2.0" 200 2280 "-" "Mozilla/5.0 AppleWebKit/537.36 (KHTML, like Gecko; compatible; GPTBot/1.3; +https://openai.com/gptbot)"
74.7.227.62 - - [16/Dec/2025:13:09:25 -0500] "GET /wp-content/plugins/wpforms-lite/assets/css/integrations/ai/?C=S;O=A HTTP/2.0" 200 2280 "-" "Mozilla/5.0 AppleWebKit/537.36 (KHTML, like Gecko; compatible; GPTBot/1.3; +https://openai.com/gptbot)"
74.7.227.62 - - [16/Dec/2025:13:09:26 -0500] "GET /wp-content/plugins/wpforms-lite/assets/js/integrations/divi/?C=S;O=A HTTP/2.0" 200 1359 "-" "Mozilla/5.0 AppleWebKit/537.36 (KHTML, like Gecko; compatible; GPTBot/1.3; +https://openai.com/gptbot)"
74.7.227.62 - - [16/Dec/2025:13:09:26 -0500] "GET /wp-content/plugins/wpforms-lite/assets/js/integrations/divi/?C=M;O=A HTTP/2.0" 200 1359 "-" "Mozilla/5.0 AppleWebKit/537.36 (KHTML, like Gecko; compatible; GPTBot/1.3; +https://openai.com/gptbot)"
74.7.227.62 - - [16/Dec/2025:13:09:27 -0500] "GET /wp-content/plugins/wpforms-lite/assets/js/integrations/divi/?C=D;O=A HTTP/2.0" 200 1359 "-" "Mozilla/5.0 AppleWebKit/537.36 (KHTML, like Gecko; compatible; GPTBot/1.3; +https://openai.com/gptbot)"
74.7.227.62 - - [16/Dec/2025:13:09:27 -0500] "GET /wp-content/plugins/wpforms-lite/assets/js/integrations/divi/?C=N;O=D HTTP/2.0" 200 1359 "-" "Mozilla/5.0 AppleWebKit/537.36 (KHTML, like Gecko; compatible; GPTBot/1.3; +https://openai.com/gptbot)"
74.7.227.62 - - [16/Dec/2025:13:09:28 -0500] "GET /wp-content/plugins/wpforms-lite/assets/css/integrations/ai/form-templates-page.min.css HTTP/2.0" 200 1332 "-" "Mozilla/5.0 AppleWebKit/537.36 (KHTML, like Gecko; compatible; GPTBot/1.3; +https://openai.com/gptbot)"
74.7.227.62 - - [16/Dec/2025:13:09:28 -0500] "GET /wp-content/plugins/wpforms-lite/assets/images/integrations/elementor/font/icon-wpforms.woff2 HTTP/2.0" 200 2632 "-" "Mozilla/5.0 AppleWebKit/537.36 (KHTML, like Gecko; compatible; GPTBot/1.3; +https://openai.com/gptbot)"
74.7.227.62 - - [16/Dec/2025:13:09:29 -0500] "GET /wp-content/plugins/wpforms-lite/assets/images/integrations/ai/ai-feature.svg HTTP/2.0" 200 830 "-" "Mozilla/5.0 AppleWebKit/537.36 (KHTML, like Gecko; compatible; GPTBot/1.3; +https://openai.com/gptbot)"
74.7.227.62 - - [16/Dec/2025:13:09:29 -0500] "GET /wp-content/plugins/wpforms-lite/assets/images/integrations/ai/ai-warning-icon.svg HTTP/2.0" 200 810 "-" "Mozilla/5.0 AppleWebKit/537.36 (KHTML, like Gecko; compatible; GPTBot/1.3; +https://openai.com/gptbot)"
74.7.227.62 - - [16/Dec/2025:13:09:30 -0500] "GET /wp-content/plugins/wpforms-lite/assets/images/integrations/ai/globe-americas.svg HTTP/2.0" 200 2311 "-" "Mozilla/5.0 AppleWebKit/537.36 (KHTML, like Gecko; compatible; GPTBot/1.3; +https://openai.com/gptbot)"
74.7.227.62 - - [16/Dec/2025:13:09:30 -0500] "GET /wp-content/plugins/wpforms-lite/assets/css/integrations/ai/?C=M;O=D HTTP/2.0" 200 2280 "-" "Mozilla/5.0 AppleWebKit/537.36 (KHTML, like Gecko; compatible; GPTBot/1.3; +https://openai.com/gptbot)"
74.7.227.62 - - [16/Dec/2025:13:09:31 -0500] "GET /wp-content/plugins/wpforms-lite/assets/css/integrations/ai/?C=S;O=D HTTP/2.0" 200 2280 "-" "Mozilla/5.0 AppleWebKit/537.36 (KHTML, like Gecko; compatible; GPTBot/1.3; +https://openai.com/gptbot)"
74.7.227.62 - - [16/Dec/2025:13:09:32 -0500] "GET /wp-content/plugins/wpforms-lite/assets/js/integrations/divi/?C=S;O=D HTTP/2.0" 200 1359 "-" "Mozilla/5.0 AppleWebKit/537.36 (KHTML, like Gecko; compatible; GPTBot/1.3; +https://openai.com/gptbot)"
74.7.227.62 - - [16/Dec/2025:13:09:32 -0500] "GET /wp-content/plugins/wpforms-lite/assets/js/integrations/divi/?C=N;O=A HTTP/2.0" 200 1359 "-" "Mozilla/5.0 AppleWebKit/537.36 (KHTML, like Gecko; compatible; GPTBot/1.3; +https://openai.com/gptbot)"
74.7.227.62 - - [16/Dec/2025:13:09:33 -0500] "GET /wp-content/plugins/wpforms-lite/assets/js/integrations/divi/?C=D;O=D HTTP/2.0" 200 1359 "-" "Mozilla/5.0 AppleWebKit/537.36 (KHTML, like Gecko; compatible; GPTBot/1.3; +https://openai.com/gptbot)"
74.7.227.62 - - [16/Dec/2025:13:09:33 -0500] "GET /wp-content/plugins/wpforms-lite/assets/js/integrations/divi/?C=M;O=D HTTP/2.0" 200 1359 "-" "Mozilla/5.0 AppleWebKit/537.36 (KHTML, like Gecko; compatible; GPTBot/1.3; +https://openai.com/gptbot)"
74.7.227.62 - - [16/Dec/2025:13:09:34 -0500] "GET /wp-content/plugins/wpforms-lite/assets/css/integrations/ai/?C=N;O=A HTTP/2.0" 200 2280 "-" "Mozilla/5.0 AppleWebKit/537.36 (KHTML, like Gecko; compatible; GPTBot/1.3; +https://openai.com/gptbot)"
