74.7.227.62 - - [16/Dec/2025:10:29:58 -0500] "GET /ar/wp-content/plugins/elementor/includes/settings/admin-menu-items/?C=N;O=A HTTP/2.0" 200 1571 "-" "Mozilla/5.0 AppleWebKit/537.36 (KHTML, like Gecko; compatible; GPTBot/1.3; +https://openai.com/gptbot)"
74.7.227.62 - - [16/Dec/2025:10:29:58 -0500] "GET /wp-content/plugins/pro-elements/modules/dynamic-tags/acf/?C=S;O=A HTTP/2.0" 200 1338 "-" "Mozilla/5.0 AppleWebKit/537.36 (KHTML, like Gecko; compatible; GPTBot/1.3; +https://openai.com/gptbot)"
74.7.227.62 - - [16/Dec/2025:10:29:59 -0500] "GET /wp-content/plugins/pro-elements/modules/dynamic-tags/acf/?C=D;O=A HTTP/2.0" 200 1338 "-" "Mozilla/5.0 AppleWebKit/537.36 (KHTML, like Gecko; compatible; GPTBot/1.3; +https://openai.com/gptbot)"
74.7.227.62 - - [16/Dec/2025:10:29:59 -0500] "GET /ar/wp-content/plugins/elementor/includes/controls/raw-html.php HTTP/2.0" 200 - "-" "Mozilla/5.0 AppleWebKit/537.36 (KHTML, like Gecko; compatible; GPTBot/1.3; +https://openai.com/gptbot)"
74.7.227.62 - - [16/Dec/2025:10:30:00 -0500] "GET /ar/wp-content/plugins/elementor/includes/controls/textarea.php HTTP/2.0" 200 - "-" "Mozilla/5.0 AppleWebKit/537.36 (KHTML, like Gecko; compatible; GPTBot/1.3; +https://openai.com/gptbot)"
74.7.227.62 - - [16/Dec/2025:10:30:00 -0500] "GET /ar/wp-content/plugins/elementor/includes/controls/hover-animation.php HTTP/2.0" 200 - "-" "Mozilla/5.0 AppleWebKit/537.36 (KHTML, like Gecko; compatible; GPTBot/1.3; +https://openai.com/gptbot)"
74.7.227.62 - - [16/Dec/2025:10:30:01 -0500] "GET /ar/wp-content/plugins/elementor/includes/controls/image-dimensions.php HTTP/2.0" 200 - "-" "Mozilla/5.0 AppleWebKit/537.36 (KHTML, like Gecko; compatible; GPTBot/1.3; +https://openai.com/gptbot)"
74.7.227.62 - - [16/Dec/2025:10:30:01 -0500] "GET /ar/wp-content/plugins/elementor/includes/controls/switcher.php HTTP/2.0" 200 - "-" "Mozilla/5.0 AppleWebKit/537.36 (KHTML, like Gecko; compatible; GPTBot/1.3; +https://openai.com/gptbot)"
74.7.227.62 - - [16/Dec/2025:10:30:02 -0500] "GET /ar/wp-content/plugins/elementor/includes/controls/url.php HTTP/2.0" 200 - "-" "Mozilla/5.0 AppleWebKit/537.36 (KHTML, like Gecko; compatible; GPTBot/1.3; +https://openai.com/gptbot)"
74.7.227.62 - - [16/Dec/2025:10:30:02 -0500] "GET /ar/wp-content/plugins/elementor/includes/controls/groups/ HTTP/2.0" 200 2970 "-" "Mozilla/5.0 AppleWebKit/537.36 (KHTML, like Gecko; compatible; GPTBot/1.3; +https://openai.com/gptbot)"
74.7.227.62 - - [16/Dec/2025:10:30:03 -0500] "GET /ar/wp-content/plugins/elementor/includes/controls/?C=N;O=D HTTP/2.0" 200 9574 "-" "Mozilla/5.0 AppleWebKit/537.36 (KHTML, like Gecko; compatible; GPTBot/1.3; +https://openai.com/gptbot)"
74.7.227.62 - - [16/Dec/2025:10:30:03 -0500] "GET /ar/wp-content/plugins/elementor/includes/controls/?C=S;O=A HTTP/2.0" 200 9574 "-" "Mozilla/5.0 AppleWebKit/537.36 (KHTML, like Gecko; compatible; GPTBot/1.3; +https://openai.com/gptbot)"
74.7.227.62 - - [16/Dec/2025:10:30:04 -0500] "GET /ar/wp-content/plugins/elementor/includes/controls/?C=D;O=A HTTP/2.0" 200 9574 "-" "Mozilla/5.0 AppleWebKit/537.36 (KHTML, like Gecko; compatible; GPTBot/1.3; +https://openai.com/gptbot)"
74.7.227.62 - - [16/Dec/2025:10:30:04 -0500] "GET /ar/wp-content/plugins/elementor/includes/controls/?C=M;O=A HTTP/2.0" 200 9574 "-" "Mozilla/5.0 AppleWebKit/537.36 (KHTML, like Gecko; compatible; GPTBot/1.3; +https://openai.com/gptbot)"
74.7.227.62 - - [16/Dec/2025:10:30:05 -0500] "GET /ar/wp-content/plugins/elementor/includes/controls/animation.php HTTP/2.0" 200 - "-" "Mozilla/5.0 AppleWebKit/537.36 (KHTML, like Gecko; compatible; GPTBot/1.3; +https://openai.com/gptbot)"
103.211.134.164 - - [16/Dec/2025:10:30:05 -0500] "POST /xmlrpc.php HTTP/1.1" 200 403 "-" "Mozilla/5.0 (Windows NT 6.3; arm64) AppleWebKit/537.36 (KHTML, like Gecko) Opera/64.0.0.0 Safari/537.36"
74.7.227.62 - - [16/Dec/2025:10:30:05 -0500] "GET /ar/wp-content/plugins/elementor/includes/controls/structure.php HTTP/2.0" 200 - "-" "Mozilla/5.0 AppleWebKit/537.36 (KHTML, like Gecko; compatible; GPTBot/1.3; +https://openai.com/gptbot)"
74.7.227.62 - - [16/Dec/2025:10:30:06 -0500] "GET /ar/wp-content/plugins/elementor/includes/controls/repeater.php HTTP/2.0" 200 - "-" "Mozilla/5.0 AppleWebKit/537.36 (KHTML, like Gecko; compatible; GPTBot/1.3; +https://openai.com/gptbot)"
74.7.227.62 - - [16/Dec/2025:10:30:06 -0500] "GET /ar/wp-content/plugins/elementor/includes/controls/wp-widget.php HTTP/2.0" 200 - "-" "Mozilla/5.0 AppleWebKit/537.36 (KHTML, like Gecko; compatible; GPTBot/1.3; +https://openai.com/gptbot)"
74.7.227.62 - - [16/Dec/2025:10:30:07 -0500] "GET /ar/wp-content/plugins/elementor/includes/controls/deprecated-notice.php HTTP/2.0" 200 - "-" "Mozilla/5.0 AppleWebKit/537.36 (KHTML, like Gecko; compatible; GPTBot/1.3; +https://openai.com/gptbot)"
74.7.227.62 - - [16/Dec/2025:10:30:08 -0500] "GET /ar/wp-content/plugins/elementor/includes/controls/number.php HTTP/2.0" 200 - "-" "Mozilla/5.0 AppleWebKit/537.36 (KHTML, like Gecko; compatible; GPTBot/1.3; +https://openai.com/gptbot)"
74.7.227.62 - - [16/Dec/2025:10:30:08 -0500] "GET /ar/wp-content/plugins/elementor/includes/controls/groups/box-shadow.php HTTP/2.0" 200 - "-" "Mozilla/5.0 AppleWebKit/537.36 (KHTML, like Gecko; compatible; GPTBot/1.3; +https://openai.com/gptbot)"
74.7.227.62 - - [16/Dec/2025:10:30:09 -0500] "GET /ar/wp-content/plugins/elementor/includes/controls/groups/image-size.php HTTP/2.0" 200 - "-" "Mozilla/5.0 AppleWebKit/537.36 (KHTML, like Gecko; compatible; GPTBot/1.3; +https://openai.com/gptbot)"
74.7.227.62 - - [16/Dec/2025:10:30:09 -0500] "GET /ar/wp-content/plugins/elementor/includes/controls/groups/text-shadow.php HTTP/2.0" 200 - "-" "Mozilla/5.0 AppleWebKit/537.36 (KHTML, like Gecko; compatible; GPTBot/1.3; +https://openai.com/gptbot)"
74.7.227.62 - - [16/Dec/2025:10:30:10 -0500] "GET /ar/wp-content/plugins/elementor/includes/controls/groups/flex-container.php HTTP/2.0" 200 - "-" "Mozilla/5.0 AppleWebKit/537.36 (KHTML, like Gecko; compatible; GPTBot/1.3; +https://openai.com/gptbot)"
74.7.227.62 - - [16/Dec/2025:10:30:10 -0500] "GET /ar/wp-content/plugins/elementor/includes/controls/groups/text-stroke.php HTTP/2.0" 200 - "-" "Mozilla/5.0 AppleWebKit/537.36 (KHTML, like Gecko; compatible; GPTBot/1.3; +https://openai.com/gptbot)"
74.7.227.62 - - [16/Dec/2025:10:30:11 -0500] "GET /ar/wp-content/plugins/elementor/includes/controls/groups/css-filter.php HTTP/2.0" 200 - "-" "Mozilla/5.0 AppleWebKit/537.36 (KHTML, like Gecko; compatible; GPTBot/1.3; +https://openai.com/gptbot)"
74.7.227.62 - - [16/Dec/2025:10:30:11 -0500] "GET /ar/wp-content/plugins/elementor/includes/controls/?C=S;O=D HTTP/2.0" 200 9574 "-" "Mozilla/5.0 AppleWebKit/537.36 (KHTML, like Gecko; compatible; GPTBot/1.3; +https://openai.com/gptbot)"
74.7.227.62 - - [16/Dec/2025:10:30:12 -0500] "GET /ar/wp-content/plugins/elementor/includes/controls/?C=N;O=A HTTP/2.0" 200 9574 "-" "Mozilla/5.0 AppleWebKit/537.36 (KHTML, like Gecko; compatible; GPTBot/1.3; +https://openai.com/gptbot)"
74.7.227.62 - - [16/Dec/2025:10:30:12 -0500] "GET /ar/wp-content/plugins/elementor/includes/controls/?C=M;O=D HTTP/2.0" 200 9574 "-" "Mozilla/5.0 AppleWebKit/537.36 (KHTML, like Gecko; compatible; GPTBot/1.3; +https://openai.com/gptbot)"
74.7.227.62 - - [16/Dec/2025:10:30:13 -0500] "GET /ar/wp-content/plugins/elementor/includes/controls/?C=D;O=D HTTP/2.0" 200 9574 "-" "Mozilla/5.0 AppleWebKit/537.36 (KHTML, like Gecko; compatible; GPTBot/1.3; +https://openai.com/gptbot)"
74.7.227.62 - - [16/Dec/2025:10:30:13 -0500] "GET /ar/wp-content/plugins/elementor/includes/controls/visual-choice.php HTTP/2.0" 200 - "-" "Mozilla/5.0 AppleWebKit/537.36 (KHTML, like Gecko; compatible; GPTBot/1.3; +https://openai.com/gptbot)"
74.7.227.62 - - [16/Dec/2025:10:30:14 -0500] "GET /ar/wp-content/plugins/elementor/includes/controls/box-shadow.php HTTP/2.0" 200 - "-" "Mozilla/5.0 AppleWebKit/537.36 (KHTML, like Gecko; compatible; GPTBot/1.3; +https://openai.com/gptbot)"
74.7.227.62 - - [16/Dec/2025:10:30:14 -0500] "GET /ar/wp-content/plugins/elementor/includes/controls/base-multiple.php HTTP/2.0" 200 - "-" "Mozilla/5.0 AppleWebKit/537.36 (KHTML, like Gecko; compatible; GPTBot/1.3; +https://openai.com/gptbot)"
74.7.227.62 - - [16/Dec/2025:10:30:15 -0500] "GET /ar/wp-content/plugins/elementor/includes/controls/media.php HTTP/2.0" 200 - "-" "Mozilla/5.0 AppleWebKit/537.36 (KHTML, like Gecko; compatible; GPTBot/1.3; +https://openai.com/gptbot)"
74.7.227.62 - - [16/Dec/2025:10:30:15 -0500] "GET /ar/wp-content/plugins/elementor/includes/controls/tabs.php HTTP/2.0" 200 - "-" "Mozilla/5.0 AppleWebKit/537.36 (KHTML, like Gecko; compatible; GPTBot/1.3; +https://openai.com/gptbot)"
74.7.227.62 - - [16/Dec/2025:10:30:16 -0500] "GET /ar/wp-content/plugins/elementor/includes/controls/hidden.php HTTP/2.0" 200 - "-" "Mozilla/5.0 AppleWebKit/537.36 (KHTML, like Gecko; compatible; GPTBot/1.3; +https://openai.com/gptbot)"
74.7.227.62 - - [16/Dec/2025:10:30:16 -0500] "GET /ar/wp-content/plugins/elementor/includes/controls/text-shadow.php HTTP/2.0" 200 - "-" "Mozilla/5.0 AppleWebKit/537.36 (KHTML, like Gecko; compatible; GPTBot/1.3; +https://openai.com/gptbot)"
74.7.227.62 - - [16/Dec/2025:10:30:17 -0500] "GET /ar/wp-content/plugins/elementor/includes/controls/gaps.php HTTP/2.0" 200 - "-" "Mozilla/5.0 AppleWebKit/537.36 (KHTML, like Gecko; compatible; GPTBot/1.3; +https://openai.com/gptbot)"
74.7.227.62 - - [16/Dec/2025:10:30:17 -0500] "GET /ar/wp-content/plugins/elementor/includes/controls/base.php HTTP/2.0" 200 - "-" "Mozilla/5.0 AppleWebKit/537.36 (KHTML, like Gecko; compatible; GPTBot/1.3; +https://openai.com/gptbot)"
74.7.227.62 - - [16/Dec/2025:10:30:18 -0500] "GET /ar/wp-content/plugins/elementor/includes/controls/base-units.php HTTP/2.0" 200 - "-" "Mozilla/5.0 AppleWebKit/537.36 (KHTML, like Gecko; compatible; GPTBot/1.3; +https://openai.com/gptbot)"
74.7.227.62 - - [16/Dec/2025:10:30:19 -0500] "GET /ar/wp-content/plugins/elementor/includes/controls/dimensions.php HTTP/2.0" 200 - "-" "Mozilla/5.0 AppleWebKit/537.36 (KHTML, like Gecko; compatible; GPTBot/1.3; +https://openai.com/gptbot)"
74.7.227.62 - - [16/Dec/2025:10:30:19 -0500] "GET /ar/wp-content/plugins/elementor/includes/controls/gallery.php HTTP/2.0" 200 - "-" "Mozilla/5.0 AppleWebKit/537.36 (KHTML, like Gecko; compatible; GPTBot/1.3; +https://openai.com/gptbot)"
74.7.227.62 - - [16/Dec/2025:10:30:20 -0500] "GET /ar/wp-content/plugins/elementor/includes/controls/base-icon-font.php HTTP/2.0" 200 - "-" "Mozilla/5.0 AppleWebKit/537.36 (KHTML, like Gecko; compatible; GPTBot/1.3; +https://openai.com/gptbot)"
74.7.227.62 - - [16/Dec/2025:10:30:20 -0500] "GET /ar/wp-content/plugins/elementor/includes/controls/base-ui.php HTTP/2.0" 200 - "-" "Mozilla/5.0 AppleWebKit/537.36 (KHTML, like Gecko; compatible; GPTBot/1.3; +https://openai.com/gptbot)"
74.7.227.62 - - [16/Dec/2025:10:30:21 -0500] "GET /ar/wp-content/plugins/elementor/includes/controls/color.php HTTP/2.0" 200 - "-" "Mozilla/5.0 AppleWebKit/537.36 (KHTML, like Gecko; compatible; GPTBot/1.3; +https://openai.com/gptbot)"
74.7.227.62 - - [16/Dec/2025:10:30:21 -0500] "GET /ar/wp-content/plugins/elementor/includes/controls/groups/flex-item.php HTTP/2.0" 200 - "-" "Mozilla/5.0 AppleWebKit/537.36 (KHTML, like Gecko; compatible; GPTBot/1.3; +https://openai.com/gptbot)"
74.7.227.62 - - [16/Dec/2025:10:30:22 -0500] "GET /ar/wp-content/plugins/elementor/includes/controls/groups/border.php HTTP/2.0" 200 - "-" "Mozilla/5.0 AppleWebKit/537.36 (KHTML, like Gecko; compatible; GPTBot/1.3; +https://openai.com/gptbot)"
74.7.227.62 - - [16/Dec/2025:10:30:22 -0500] "GET /ar/wp-content/plugins/elementor/includes/controls/groups/base.php HTTP/2.0" 200 - "-" "Mozilla/5.0 AppleWebKit/537.36 (KHTML, like Gecko; compatible; GPTBot/1.3; +https://openai.com/gptbot)"
74.7.227.62 - - [16/Dec/2025:10:30:23 -0500] "GET /wp-content/plugins/elementor/assets/lib/nprogress/?C=M;O=A HTTP/2.0" 200 1127 "-" "Mozilla/5.0 AppleWebKit/537.36 (KHTML, like Gecko; compatible; GPTBot/1.3; +https://openai.com/gptbot)"
74.7.227.62 - - [16/Dec/2025:10:30:23 -0500] "GET /wp-content/plugins/elementor/assets/lib/nprogress/?C=N;O=D HTTP/2.0" 200 1127 "-" "Mozilla/5.0 AppleWebKit/537.36 (KHTML, like Gecko; compatible; GPTBot/1.3; +https://openai.com/gptbot)"
74.7.227.62 - - [16/Dec/2025:10:30:24 -0500] "GET /wp-content/plugins/elementor/assets/lib/nprogress/?C=S;O=A HTTP/2.0" 200 1127 "-" "Mozilla/5.0 AppleWebKit/537.36 (KHTML, like Gecko; compatible; GPTBot/1.3; +https://openai.com/gptbot)"
74.7.227.62 - - [16/Dec/2025:10:30:24 -0500] "GET /wp-content/plugins/elementor/assets/lib/nprogress/?C=D;O=A HTTP/2.0" 200 1127 "-" "Mozilla/5.0 AppleWebKit/537.36 (KHTML, like Gecko; compatible; GPTBot/1.3; +https://openai.com/gptbot)"
74.7.227.62 - - [16/Dec/2025:10:30:25 -0500] "GET /ar/wp-content/plugins/elementor/includes/controls/groups/?C=M;O=A HTTP/2.0" 200 2970 "-" "Mozilla/5.0 AppleWebKit/537.36 (KHTML, like Gecko; compatible; GPTBot/1.3; +https://openai.com/gptbot)"
74.7.227.62 - - [16/Dec/2025:10:30:25 -0500] "GET /ar/wp-content/plugins/elementor/includes/controls/groups/?C=N;O=D HTTP/2.0" 200 2970 "-" "Mozilla/5.0 AppleWebKit/537.36 (KHTML, like Gecko; compatible; GPTBot/1.3; +https://openai.com/gptbot)"
74.7.227.62 - - [16/Dec/2025:10:30:26 -0500] "GET /ar/wp-content/plugins/elementor/includes/controls/groups/?C=S;O=A HTTP/2.0" 200 2970 "-" "Mozilla/5.0 AppleWebKit/537.36 (KHTML, like Gecko; compatible; GPTBot/1.3; +https://openai.com/gptbot)"
74.7.227.62 - - [16/Dec/2025:10:30:26 -0500] "GET /ar/wp-content/plugins/elementor/includes/controls/groups/?C=D;O=A HTTP/2.0" 200 2970 "-" "Mozilla/5.0 AppleWebKit/537.36 (KHTML, like Gecko; compatible; GPTBot/1.3; +https://openai.com/gptbot)"
74.7.227.62 - - [16/Dec/2025:10:30:27 -0500] "GET /ar/wp-content/plugins/elementor/includes/controls/select.php HTTP/2.0" 200 - "-" "Mozilla/5.0 AppleWebKit/537.36 (KHTML, like Gecko; compatible; GPTBot/1.3; +https://openai.com/gptbot)"
74.7.227.62 - - [16/Dec/2025:10:30:27 -0500] "GET /ar/wp-content/plugins/elementor/includes/controls/font.php HTTP/2.0" 200 - "-" "Mozilla/5.0 AppleWebKit/537.36 (KHTML, like Gecko; compatible; GPTBot/1.3; +https://openai.com/gptbot)"
74.7.227.62 - - [16/Dec/2025:10:30:28 -0500] "GET /ar/wp-content/plugins/elementor/includes/controls/icons.php HTTP/2.0" 200 - "-" "Mozilla/5.0 AppleWebKit/537.36 (KHTML, like Gecko; compatible; GPTBot/1.3; +https://openai.com/gptbot)"
74.7.227.62 - - [16/Dec/2025:10:30:29 -0500] "GET /wp-content/plugins/elementor/assets/lib/nprogress/?C=M;O=D HTTP/2.0" 200 1127 "-" "Mozilla/5.0 AppleWebKit/537.36 (KHTML, like Gecko; compatible; GPTBot/1.3; +https://openai.com/gptbot)"
50.6.4.141 - - [16/Dec/2025:10:30:29 -0500] "POST /wp-cron.php?doing_wp_cron=1765899029.4962449073791503906250 HTTP/1.1" 200 - "-" "WordPress/6.9; https://emtiyz.com"
66.249.79.66 - - [16/Dec/2025:10:30:28 -0500] "GET /robots.txt HTTP/1.1" 200 153 "-" "Mozilla/5.0 (compatible; Googlebot/2.1; +http://www.google.com/bot.html)"
74.7.227.62 - - [16/Dec/2025:10:30:29 -0500] "GET /wp-content/plugins/elementor/assets/lib/nprogress/?C=N;O=A HTTP/2.0" 200 1127 "-" "Mozilla/5.0 AppleWebKit/537.36 (KHTML, like Gecko; compatible; GPTBot/1.3; +https://openai.com/gptbot)"
74.7.227.62 - - [16/Dec/2025:10:30:30 -0500] "GET /wp-content/plugins/elementor/assets/lib/nprogress/?C=S;O=D HTTP/2.0" 200 1127 "-" "Mozilla/5.0 AppleWebKit/537.36 (KHTML, like Gecko; compatible; GPTBot/1.3; +https://openai.com/gptbot)"
74.7.227.62 - - [16/Dec/2025:10:30:30 -0500] "GET /wp-content/plugins/elementor/assets/lib/nprogress/?C=D;O=D HTTP/2.0" 200 1127 "-" "Mozilla/5.0 AppleWebKit/537.36 (KHTML, like Gecko; compatible; GPTBot/1.3; +https://openai.com/gptbot)"
66.249.79.66 - - [16/Dec/2025:10:30:29 -0500] "GET / HTTP/1.1" 200 375307 "-" "Mozilla/5.0 (Linux; Android 6.0.1; Nexus 5X Build/MMB29P) AppleWebKit/537.36 (KHTML, like Gecko) Chrome/141.0.7390.122 Mobile Safari/537.36 (compatible; Googlebot/2.1; +http://www.google.com/bot.html)"
74.7.227.62 - - [16/Dec/2025:10:30:31 -0500] "GET /ar/wp-content/plugins/elementor/includes/controls/groups/?C=M;O=D HTTP/2.0" 200 2970 "-" "Mozilla/5.0 AppleWebKit/537.36 (KHTML, like Gecko; compatible; GPTBot/1.3; +https://openai.com/gptbot)"
74.7.227.62 - - [16/Dec/2025:10:30:31 -0500] "GET /ar/wp-content/plugins/elementor/includes/controls/groups/?C=N;O=A HTTP/2.0" 200 2970 "-" "Mozilla/5.0 AppleWebKit/537.36 (KHTML, like Gecko; compatible; GPTBot/1.3; +https://openai.com/gptbot)"
74.7.227.62 - - [16/Dec/2025:10:30:32 -0500] "GET /ar/wp-content/plugins/elementor/includes/controls/groups/?C=S;O=D HTTP/2.0" 200 2970 "-" "Mozilla/5.0 AppleWebKit/537.36 (KHTML, like Gecko; compatible; GPTBot/1.3; +https://openai.com/gptbot)"
66.249.79.67 - - [16/Dec/2025:10:30:32 -0500] "GET /wp-content/plugins/tf-car-listing/public/assets/third-party/magnific-popup/magnific-popup.min.css?ver=6.9 HTTP/1.1" 200 5263 "https://emtiyz.com/" "Mozilla/5.0 (Linux; Android 6.0.1; Nexus 5X Build/MMB29P) AppleWebKit/537.36 (KHTML, like Gecko) Chrome/141.0.7390.122 Mobile Safari/537.36 (compatible; Googlebot/2.1; +http://www.google.com/bot.html)"
74.7.227.62 - - [16/Dec/2025:10:30:32 -0500] "GET /ar/wp-content/plugins/elementor/includes/controls/groups/?C=D;O=D HTTP/2.0" 200 2970 "-" "Mozilla/5.0 AppleWebKit/537.36 (KHTML, like Gecko; compatible; GPTBot/1.3; +https://openai.com/gptbot)"
74.7.227.62 - - [16/Dec/2025:10:30:33 -0500] "GET /ar/wp-content/plugins/elementor/includes/controls/code.php HTTP/2.0" 200 - "-" "Mozilla/5.0 AppleWebKit/537.36 (KHTML, like Gecko; compatible; GPTBot/1.3; +https://openai.com/gptbot)"
66.249.79.65 - - [16/Dec/2025:10:30:33 -0500] "GET /wp-content/plugins/tf-car-listing/public/assets/third-party/jquery-ui/jquery-ui.min.css?ver=1.11.4 HTTP/1.1" 200 30169 "https://emtiyz.com/" "Mozilla/5.0 (Linux; Android 6.0.1; Nexus 5X Build/MMB29P) AppleWebKit/537.36 (KHTML, like Gecko) Chrome/141.0.7390.122 Mobile Safari/537.36 (compatible; Googlebot/2.1; +http://www.google.com/bot.html)"
74.7.227.62 - - [16/Dec/2025:10:30:33 -0500] "GET /ar/wp-content/plugins/elementor/includes/controls/slider.php HTTP/2.0" 200 - "-" "Mozilla/5.0 AppleWebKit/537.36 (KHTML, like Gecko; compatible; GPTBot/1.3; +https://openai.com/gptbot)"
74.7.227.62 - - [16/Dec/2025:10:30:34 -0500] "GET /ar/wp-content/plugins/elementor/includes/controls/choose.php HTTP/2.0" 200 - "-" "Mozilla/5.0 AppleWebKit/537.36 (KHTML, like Gecko; compatible; GPTBot/1.3; +https://openai.com/gptbot)"
66.249.79.65 - - [16/Dec/2025:10:30:34 -0500] "GET /wp-content/plugins/tf-car-listing/public/assets/css/shortcode-saved-advanced-search.css?ver=6.9 HTTP/1.1" 200 444 "https://emtiyz.com/" "Mozilla/5.0 (Linux; Android 6.0.1; Nexus 5X Build/MMB29P) AppleWebKit/537.36 (KHTML, like Gecko) Chrome/141.0.7390.122 Mobile Safari/537.36 (compatible; Googlebot/2.1; +http://www.google.com/bot.html)"
74.7.227.62 - - [16/Dec/2025:10:30:34 -0500] "GET /ar/wp-content/plugins/elementor/includes/controls/button.php HTTP/2.0" 200 - "-" "Mozilla/5.0 AppleWebKit/537.36 (KHTML, like Gecko; compatible; GPTBot/1.3; +https://openai.com/gptbot)"
74.7.227.62 - - [16/Dec/2025:10:30:35 -0500] "GET /ar/wp-content/plugins/elementor/includes/controls/text.php HTTP/2.0" 200 - "-" "Mozilla/5.0 AppleWebKit/537.36 (KHTML, like Gecko; compatible; GPTBot/1.3; +https://openai.com/gptbot)"
66.249.79.66 - - [16/Dec/2025:10:30:35 -0500] "GET /wp-content/plugins/pro-elements/assets/css/widget-slides.min.css?ver=3.31.2 HTTP/1.1" 200 2385 "https://emtiyz.com/" "Mozilla/5.0 (Linux; Android 6.0.1; Nexus 5X Build/MMB29P) AppleWebKit/537.36 (KHTML, like Gecko) Chrome/141.0.7390.122 Mobile Safari/537.36 (compatible; Googlebot/2.1; +http://www.google.com/bot.html)"
74.7.227.62 - - [16/Dec/2025:10:30:35 -0500] "GET /ar/wp-content/plugins/elementor/includes/controls/notice.php HTTP/2.0" 200 - "-" "Mozilla/5.0 AppleWebKit/537.36 (KHTML, like Gecko; compatible; GPTBot/1.3; +https://openai.com/gptbot)"
74.7.227.62 - - [16/Dec/2025:10:30:36 -0500] "GET /ar/wp-content/plugins/elementor/includes/controls/alert.php HTTP/2.0" 200 - "-" "Mozilla/5.0 AppleWebKit/537.36 (KHTML, like Gecko; compatible; GPTBot/1.3; +https://openai.com/gptbot)"
66.249.79.65 - - [16/Dec/2025:10:30:36 -0500] "GET /wp-content/plugins/tf-car-listing/includes/elementor-widget/assets/css/listing.css?ver=6.9 HTTP/1.1" 200 42159 "https://emtiyz.com/" "Mozilla/5.0 (Linux; Android 6.0.1; Nexus 5X Build/MMB29P) AppleWebKit/537.36 (KHTML, like Gecko) Chrome/141.0.7390.122 Mobile Safari/537.36 (compatible; Googlebot/2.1; +http://www.google.com/bot.html)"
74.7.227.62 - - [16/Dec/2025:10:30:36 -0500] "GET /ar/wp-content/plugins/elementor/includes/controls/icon.php HTTP/2.0" 200 - "-" "Mozilla/5.0 AppleWebKit/537.36 (KHTML, like Gecko; compatible; GPTBot/1.3; +https://openai.com/gptbot)"
74.7.227.62 - - [16/Dec/2025:10:30:37 -0500] "GET /wp-content/plugins/elementor/assets/lib/nprogress/nprogress.min.js HTTP/2.0" 200 5999 "-" "Mozilla/5.0 AppleWebKit/537.36 (KHTML, like Gecko; compatible; GPTBot/1.3; +https://openai.com/gptbot)"
74.7.227.62 - - [16/Dec/2025:10:30:38 -0500] "GET /ar/wp-content/plugins/elementor/includes/controls/section.php HTTP/2.0" 200 - "-" "Mozilla/5.0 AppleWebKit/537.36 (KHTML, like Gecko; compatible; GPTBot/1.3; +https://openai.com/gptbot)"
66.249.79.65 - - [16/Dec/2025:10:30:38 -0500] "GET /wp-content/plugins/tf-car-listing/includes/elementor-widget/assets/css/search.css?ver=6.9 HTTP/1.1" 200 29098 "https://emtiyz.com/" "Mozilla/5.0 (Linux; Android 6.0.1; Nexus 5X Build/MMB29P) AppleWebKit/537.36 (KHTML, like Gecko) Chrome/141.0.7390.122 Mobile Safari/537.36 (compatible; Googlebot/2.1; +http://www.google.com/bot.html)"
74.7.227.62 - - [16/Dec/2025:10:30:38 -0500] "GET /ar/wp-content/plugins/elementor/includes/controls/select2.php HTTP/2.0" 200 - "-" "Mozilla/5.0 AppleWebKit/537.36 (KHTML, like Gecko; compatible; GPTBot/1.3; +https://openai.com/gptbot)"
74.7.227.62 - - [16/Dec/2025:10:30:39 -0500] "GET /ar/wp-content/plugins/elementor/includes/controls/divider.php HTTP/2.0" 200 - "-" "Mozilla/5.0 AppleWebKit/537.36 (KHTML, like Gecko; compatible; GPTBot/1.3; +https://openai.com/gptbot)"
66.249.79.65 - - [16/Dec/2025:10:30:39 -0500] "GET /wp-content/plugins/tf-car-listing/includes/elementor-widget/assets/css/taxonomy.css?ver=6.9 HTTP/1.1" 200 17567 "https://emtiyz.com/" "Mozilla/5.0 (Linux; Android 6.0.1; Nexus 5X Build/MMB29P) AppleWebKit/537.36 (KHTML, like Gecko) Chrome/141.0.7390.122 Mobile Safari/537.36 (compatible; Googlebot/2.1; +http://www.google.com/bot.html)"
74.7.227.62 - - [16/Dec/2025:10:30:39 -0500] "GET /ar/wp-content/plugins/elementor/includes/controls/wysiwyg.php HTTP/2.0" 200 - "-" "Mozilla/5.0 AppleWebKit/537.36 (KHTML, like Gecko; compatible; GPTBot/1.3; +https://openai.com/gptbot)"
74.7.227.62 - - [16/Dec/2025:10:30:40 -0500] "GET /ar/wp-content/plugins/elementor/includes/controls/exit-animation.php HTTP/2.0" 200 - "-" "Mozilla/5.0 AppleWebKit/537.36 (KHTML, like Gecko; compatible; GPTBot/1.3; +https://openai.com/gptbot)"
74.7.227.62 - - [16/Dec/2025:10:30:40 -0500] "GET /ar/wp-content/plugins/elementor/includes/controls/heading.php HTTP/2.0" 200 - "-" "Mozilla/5.0 AppleWebKit/537.36 (KHTML, like Gecko; compatible; GPTBot/1.3; +https://openai.com/gptbot)"
66.249.79.65 - - [16/Dec/2025:10:30:40 -0500] "GET /wp-content/plugins/tf-car-listing/public/assets/css/range-slider.css?ver=6.9 HTTP/1.1" 200 3354 "https://emtiyz.com/" "Mozilla/5.0 (Linux; Android 6.0.1; Nexus 5X Build/MMB29P) AppleWebKit/537.36 (KHTML, like Gecko) Chrome/141.0.7390.122 Mobile Safari/537.36 (compatible; Googlebot/2.1; +http://www.google.com/bot.html)"
74.7.227.62 - - [16/Dec/2025:10:30:41 -0500] "GET /ar/wp-content/plugins/elementor/includes/controls/popover-toggle.php HTTP/2.0" 200 - "-" "Mozilla/5.0 AppleWebKit/537.36 (KHTML, like Gecko; compatible; GPTBot/1.3; +https://openai.com/gptbot)"
74.7.227.62 - - [16/Dec/2025:10:30:41 -0500] "GET /ar/wp-content/plugins/elementor/includes/controls/groups/grid-container.php HTTP/2.0" 200 - "-" "Mozilla/5.0 AppleWebKit/537.36 (KHTML, like Gecko; compatible; GPTBot/1.3; +https://openai.com/gptbot)"
66.249.79.65 - - [16/Dec/2025:10:30:42 -0500] "GET /wp-content/themes/autodeal/css/icon-autodeal.css?ver=6.9 HTTP/1.1" 200 9166 "https://emtiyz.com/" "Mozilla/5.0 (Linux; Android 6.0.1; Nexus 5X Build/MMB29P) AppleWebKit/537.36 (KHTML, like Gecko) Chrome/141.0.7390.122 Mobile Safari/537.36 (compatible; Googlebot/2.1; +http://www.google.com/bot.html)"
74.7.227.62 - - [16/Dec/2025:10:30:42 -0500] "GET /ar/wp-content/plugins/elementor/includes/controls/base-data.php HTTP/2.0" 200 - "-" "Mozilla/5.0 AppleWebKit/537.36 (KHTML, like Gecko; compatible; GPTBot/1.3; +https://openai.com/gptbot)"
74.7.227.62 - - [16/Dec/2025:10:30:42 -0500] "GET /ar/wp-content/plugins/elementor/includes/controls/date-time.php HTTP/2.0" 200 - "-" "Mozilla/5.0 AppleWebKit/537.36 (KHTML, like Gecko; compatible; GPTBot/1.3; +https://openai.com/gptbot)"
74.7.227.62 - - [16/Dec/2025:10:30:43 -0500] "GET /ar/wp-content/plugins/elementor/includes/controls/groups/typography.php HTTP/2.0" 200 - "-" "Mozilla/5.0 AppleWebKit/537.36 (KHTML, like Gecko; compatible; GPTBot/1.3; +https://openai.com/gptbot)"
66.249.79.65 - - [16/Dec/2025:10:30:43 -0500] "GET /wp-content/plugins/elementor/assets/css/conditionals/e-swiper.min.css?ver=3.31.3 HTTP/1.1" 200 5486 "https://emtiyz.com/" "Mozilla/5.0 (Linux; Android 6.0.1; Nexus 5X Build/MMB29P) AppleWebKit/537.36 (KHTML, like Gecko) Chrome/141.0.7390.122 Mobile Safari/537.36 (compatible; Googlebot/2.1; +http://www.google.com/bot.html)"
74.7.227.62 - - [16/Dec/2025:10:30:43 -0500] "GET /wp-content/plugins/elementor/assets/lib/nprogress/nprogress.js HTTP/2.0" 200 11565 "-" "Mozilla/5.0 AppleWebKit/537.36 (KHTML, like Gecko; compatible; GPTBot/1.3; +https://openai.com/gptbot)"
74.7.227.62 - - [16/Dec/2025:10:30:44 -0500] "GET /ar/wp-content/plugins/elementor/includes/controls/tab.php HTTP/2.0" 200 - "-" "Mozilla/5.0 AppleWebKit/537.36 (KHTML, like Gecko; compatible; GPTBot/1.3; +https://openai.com/gptbot)"
66.249.79.65 - - [16/Dec/2025:10:30:44 -0500] "GET /wp-content/plugins/themesflat-core/assets/js/jquery.justified.min.js?ver=6.9 HTTP/1.1" 200 19291 "https://emtiyz.com/" "Mozilla/5.0 (Linux; Android 6.0.1; Nexus 5X Build/MMB29P) AppleWebKit/537.36 (KHTML, like Gecko) Chrome/141.0.7390.122 Mobile Safari/537.36 (compatible; Googlebot/2.1; +http://www.google.com/bot.html)"
74.7.227.62 - - [16/Dec/2025:10:30:44 -0500] "GET /ar/wp-content/plugins/elementor/includes/controls/groups/background.php HTTP/2.0" 200 - "-" "Mozilla/5.0 AppleWebKit/537.36 (KHTML, like Gecko; compatible; GPTBot/1.3; +https://openai.com/gptbot)"
74.7.227.62 - - [16/Dec/2025:10:30:45 -0500] "GET /wp-content/plugins/pro-elements/modules/dynamic-tags/acf/?C=S;O=D HTTP/2.0" 200 1338 "-" "Mozilla/5.0 AppleWebKit/537.36 (KHTML, like Gecko; compatible; GPTBot/1.3; +https://openai.com/gptbot)"
74.7.227.62 - - [16/Dec/2025:10:30:45 -0500] "GET /wp-content/plugins/pro-elements/modules/dynamic-tags/pods/?C=S;O=A HTTP/2.0" 200 1340 "-" "Mozilla/5.0 AppleWebKit/537.36 (KHTML, like Gecko; compatible; GPTBot/1.3; +https://openai.com/gptbot)"
66.249.79.65 - - [16/Dec/2025:10:30:46 -0500] "GET /wp-content/plugins/pro-elements/assets/js/frontend.min.js?ver=3.31.2 HTTP/1.1" 200 24209 "https://emtiyz.com/" "Mozilla/5.0 (Linux; Android 6.0.1; Nexus 5X Build/MMB29P) AppleWebKit/537.36 (KHTML, like Gecko) Chrome/141.0.7390.122 Mobile Safari/537.36 (compatible; Googlebot/2.1; +http://www.google.com/bot.html)"
74.7.227.62 - - [16/Dec/2025:10:30:46 -0500] "GET /wp-content/plugins/pro-elements/modules/dynamic-tags/pods/?C=N;O=D HTTP/2.0" 200 1340 "-" "Mozilla/5.0 AppleWebKit/537.36 (KHTML, like Gecko; compatible; GPTBot/1.3; +https://openai.com/gptbot)"
74.7.227.62 - - [16/Dec/2025:10:30:46 -0500] "GET /ar/wp-content/plugins/pro-elements/modules/dynamic-tags/?C=S;O=A HTTP/2.0" 200 1829 "-" "Mozilla/5.0 AppleWebKit/537.36 (KHTML, like Gecko; compatible; GPTBot/1.3; +https://openai.com/gptbot)"
66.249.79.65 - - [16/Dec/2025:10:30:47 -0500] "GET /wp-content/plugins/tf-car-listing/public/assets/third-party/swiper/swiper-bundle.min.js?ver=6.9 HTTP/1.1" 200 146417 "https://emtiyz.com/" "Mozilla/5.0 (Linux; Android 6.0.1; Nexus 5X Build/MMB29P) AppleWebKit/537.36 (KHTML, like Gecko) Chrome/141.0.7390.122 Mobile Safari/537.36 (compatible; Googlebot/2.1; +http://www.google.com/bot.html)"
74.7.227.62 - - [16/Dec/2025:10:30:47 -0500] "GET /wp-content/plugins/pro-elements/modules/dynamic-tags/acf/?C=D;O=D HTTP/2.0" 200 1338 "-" "Mozilla/5.0 AppleWebKit/537.36 (KHTML, like Gecko; compatible; GPTBot/1.3; +https://openai.com/gptbot)"
74.7.227.62 - - [16/Dec/2025:10:30:47 -0500] "GET /wp-content/plugins/pro-elements/modules/dynamic-tags/acf/?C=M;O=A HTTP/2.0" 200 1338 "-" "Mozilla/5.0 AppleWebKit/537.36 (KHTML, like Gecko; compatible; GPTBot/1.3; +https://openai.com/gptbot)"
74.7.227.62 - - [16/Dec/2025:10:30:48 -0500] "GET /ar/wp-content/plugins/pro-elements/modules/dynamic-tags/?C=N;O=D HTTP/2.0" 200 1829 "-" "Mozilla/5.0 AppleWebKit/537.36 (KHTML, like Gecko; compatible; GPTBot/1.3; +https://openai.com/gptbot)"
66.249.79.65 - - [16/Dec/2025:10:30:48 -0500] "GET /wp-content/plugins/tf-car-listing/includes/elementor-widget/assets/js/listing.js?ver=6.9 HTTP/1.1" 200 18956 "https://emtiyz.com/" "Mozilla/5.0 (Linux; Android 6.0.1; Nexus 5X Build/MMB29P) AppleWebKit/537.36 (KHTML, like Gecko) Chrome/141.0.7390.122 Mobile Safari/537.36 (compatible; Googlebot/2.1; +http://www.google.com/bot.html)"
74.7.227.62 - - [16/Dec/2025:10:30:49 -0500] "GET /wp-content/plugins/pro-elements/modules/dynamic-tags/acf/?C=N;O=D HTTP/2.0" 200 1338 "-" "Mozilla/5.0 AppleWebKit/537.36 (KHTML, like Gecko; compatible; GPTBot/1.3; +https://openai.com/gptbot)"
74.7.227.62 - - [16/Dec/2025:10:30:49 -0500] "GET /ar/wp-content/plugins/pro-elements/modules/dynamic-tags/?C=M;O=A HTTP/2.0" 200 1829 "-" "Mozilla/5.0 AppleWebKit/537.36 (KHTML, like Gecko; compatible; GPTBot/1.3; +https://openai.com/gptbot)"
66.249.79.65 - - [16/Dec/2025:10:30:49 -0500] "GET /wp-content/plugins/themesflat-core/assets/js/imagesloaded.pkgd.min.js?ver=6.9 HTTP/1.1" 200 5600 "https://emtiyz.com/" "Mozilla/5.0 (Linux; Android 6.0.1; Nexus 5X Build/MMB29P) AppleWebKit/537.36 (KHTML, like Gecko) Chrome/141.0.7390.122 Mobile Safari/537.36 (compatible; Googlebot/2.1; +http://www.google.com/bot.html)"
74.7.227.62 - - [16/Dec/2025:10:30:50 -0500] "GET /ar/wp-content/plugins/pro-elements/modules/dynamic-tags/?C=D;O=A HTTP/2.0" 200 1829 "-" "Mozilla/5.0 AppleWebKit/537.36 (KHTML, like Gecko; compatible; GPTBot/1.3; +https://openai.com/gptbot)"
74.7.227.62 - - [16/Dec/2025:10:30:50 -0500] "GET /wp-content/plugins/pro-elements/modules/dynamic-tags/acf/?C=N;O=A HTTP/2.0" 200 1338 "-" "Mozilla/5.0 AppleWebKit/537.36 (KHTML, like Gecko; compatible; GPTBot/1.3; +https://openai.com/gptbot)"
74.7.227.62 - - [16/Dec/2025:10:30:51 -0500] "GET /wp-content/plugins/pro-elements/modules/dynamic-tags/pods/?C=D;O=A HTTP/2.0" 200 1340 "-" "Mozilla/5.0 AppleWebKit/537.36 (KHTML, like Gecko; compatible; GPTBot/1.3; +https://openai.com/gptbot)"
66.249.79.65 - - [16/Dec/2025:10:30:51 -0500] "GET /wp-includes/js/dist/hooks.min.js?ver=dd5603f07f9220ed27f1 HTTP/1.1" 200 5661 "https://emtiyz.com/" "Mozilla/5.0 (Linux; Android 6.0.1; Nexus 5X Build/MMB29P) AppleWebKit/537.36 (KHTML, like Gecko) Chrome/141.0.7390.122 Mobile Safari/537.36 (compatible; Googlebot/2.1; +http://www.google.com/bot.html)"
74.7.227.62 - - [16/Dec/2025:10:30:51 -0500] "GET /wp-content/plugins/pro-elements/modules/dynamic-tags/pods/?C=S;O=D HTTP/2.0" 200 1340 "-" "Mozilla/5.0 AppleWebKit/537.36 (KHTML, like Gecko; compatible; GPTBot/1.3; +https://openai.com/gptbot)"
74.7.227.62 - - [16/Dec/2025:10:30:52 -0500] "GET /wp-content/plugins/pro-elements/modules/dynamic-tags/pods/?C=N;O=A HTTP/2.0" 200 1340 "-" "Mozilla/5.0 AppleWebKit/537.36 (KHTML, like Gecko; compatible; GPTBot/1.3; +https://openai.com/gptbot)"
66.249.79.65 - - [16/Dec/2025:10:30:52 -0500] "GET /wp-includes/js/dist/i18n.min.js?ver=c26c3dc7bed366793375 HTTP/1.1" 200 5314 "https://emtiyz.com/" "Mozilla/5.0 (Linux; Android 6.0.1; Nexus 5X Build/MMB29P) AppleWebKit/537.36 (KHTML, like Gecko) Chrome/141.0.7390.122 Mobile Safari/537.36 (compatible; Googlebot/2.1; +http://www.google.com/bot.html)"
74.7.227.62 - - [16/Dec/2025:10:30:52 -0500] "GET /ar/wp-content/plugins/pro-elements/modules/dynamic-tags/?C=N;O=A HTTP/2.0" 200 1829 "-" "Mozilla/5.0 AppleWebKit/537.36 (KHTML, like Gecko; compatible; GPTBot/1.3; +https://openai.com/gptbot)"
74.7.227.62 - - [16/Dec/2025:10:30:53 -0500] "GET /ar/wp-content/plugins/pro-elements/modules/dynamic-tags/?C=S;O=D HTTP/2.0" 200 1829 "-" "Mozilla/5.0 AppleWebKit/537.36 (KHTML, like Gecko; compatible; GPTBot/1.3; +https://openai.com/gptbot)"
66.249.79.65 - - [16/Dec/2025:10:30:53 -0500] "GET /wp-content/themes/autodeal/js/matchMedia.js?ver=1.2 HTTP/1.1" 200 1744 "https://emtiyz.com/" "Mozilla/5.0 (Linux; Android 6.0.1; Nexus 5X Build/MMB29P) AppleWebKit/537.36 (KHTML, like Gecko) Chrome/141.0.7390.122 Mobile Safari/537.36 (compatible; Googlebot/2.1; +http://www.google.com/bot.html)"
74.7.227.62 - - [16/Dec/2025:10:30:53 -0500] "GET /wp-content/plugins/pro-elements/modules/dynamic-tags/acf/?C=M;O=D HTTP/2.0" 200 1338 "-" "Mozilla/5.0 AppleWebKit/537.36 (KHTML, like Gecko; compatible; GPTBot/1.3; +https://openai.com/gptbot)"
74.7.227.62 - - [16/Dec/2025:10:30:54 -0500] "GET /wp-content/plugins/pro-elements/modules/dynamic-tags/pods/?C=M;O=A HTTP/2.0" 200 1340 "-" "Mozilla/5.0 AppleWebKit/537.36 (KHTML, like Gecko; compatible; GPTBot/1.3; +https://openai.com/gptbot)"
74.7.227.62 - - [16/Dec/2025:10:30:54 -0500] "GET /ar/wp-content/uploads/2025/11/2323-350x197.png HTTP/2.0" 200 44466 "-" "Mozilla/5.0 AppleWebKit/537.36 (KHTML, like Gecko; compatible; GPTBot/1.3; +https://openai.com/gptbot)"
66.249.79.65 - - [16/Dec/2025:10:30:54 -0500] "GET /wp-content/plugins/tf-car-listing/public/assets/js/taxonomy.js HTTP/1.1" 200 43319 "https://emtiyz.com/" "Mozilla/5.0 (Linux; Android 6.0.1; Nexus 5X Build/MMB29P) AppleWebKit/537.36 (KHTML, like Gecko) Chrome/141.0.7390.122 Mobile Safari/537.36 (compatible; Googlebot/2.1; +http://www.google.com/bot.html)"
74.7.227.62 - - [16/Dec/2025:10:30:55 -0500] "GET /ar/wp-content/plugins/pro-elements/modules/dynamic-tags/?C=M;O=D HTTP/2.0" 200 1829 "-" "Mozilla/5.0 AppleWebKit/537.36 (KHTML, like Gecko; compatible; GPTBot/1.3; +https://openai.com/gptbot)"
74.7.227.62 - - [16/Dec/2025:10:30:55 -0500] "GET /ar/wp-content/plugins/pro-elements/modules/dynamic-tags/?C=D;O=D HTTP/2.0" 200 1829 "-" "Mozilla/5.0 AppleWebKit/537.36 (KHTML, like Gecko; compatible; GPTBot/1.3; +https://openai.com/gptbot)"
66.249.79.65 - - [16/Dec/2025:10:30:56 -0500] "GET /wp-content/plugins/tf-car-listing/includes/elementor-widget/assets/js/taxonomy.js?ver=6.9 HTTP/1.1" 200 2422 "https://emtiyz.com/" "Mozilla/5.0 (Linux; Android 6.0.1; Nexus 5X Build/MMB29P) AppleWebKit/537.36 (KHTML, like Gecko) Chrome/141.0.7390.122 Mobile Safari/537.36 (compatible; Googlebot/2.1; +http://www.google.com/bot.html)"
74.7.227.62 - - [16/Dec/2025:10:30:56 -0500] "GET /ar/wp-content/plugins/elementor/modules/library/traits/library.php HTTP/2.0" 200 - "-" "Mozilla/5.0 AppleWebKit/537.36 (KHTML, like Gecko; compatible; GPTBot/1.3; +https://openai.com/gptbot)"
74.7.227.62 - - [16/Dec/2025:10:30:56 -0500] "GET /wp-content/plugins/pro-elements/modules/dynamic-tags/pods/?C=D;O=D HTTP/2.0" 200 1340 "-" "Mozilla/5.0 AppleWebKit/537.36 (KHTML, like Gecko; compatible; GPTBot/1.3; +https://openai.com/gptbot)"
74.7.227.62 - - [16/Dec/2025:10:30:57 -0500] "GET /ar/wp-content/plugins/pro-elements/license/api.php HTTP/2.0" 200 - "-" "Mozilla/5.0 AppleWebKit/537.36 (KHTML, like Gecko; compatible; GPTBot/1.3; +https://openai.com/gptbot)"
66.249.79.65 - - [16/Dec/2025:10:30:57 -0500] "GET /wp-content/plugins/pro-elements/assets/js/slides.c0029640cbdb48199471.bundle.min.js HTTP/1.1" 200 3925 "https://emtiyz.com/" "Mozilla/5.0 (Linux; Android 6.0.1; Nexus 5X Build/MMB29P) AppleWebKit/537.36 (KHTML, like Gecko) Chrome/141.0.7390.122 Mobile Safari/537.36 (compatible; Googlebot/2.1; +http://www.google.com/bot.html)"
74.7.227.62 - - [16/Dec/2025:10:30:57 -0500] "GET /wp-content/plugins/pro-elements/modules/dynamic-tags/acf/tags/ HTTP/2.0" 200 2255 "-" "Mozilla/5.0 AppleWebKit/537.36 (KHTML, like Gecko; compatible; GPTBot/1.3; +https://openai.com/gptbot)"
74.7.227.62 - - [16/Dec/2025:10:30:58 -0500] "GET /wp-content/plugins/elementor/assets/js/packages/editor-documents/?C=S;O=D HTTP/2.0" 200 1776 "-" "Mozilla/5.0 AppleWebKit/537.36 (KHTML, like Gecko; compatible; GPTBot/1.3; +https://openai.com/gptbot)"
50.6.4.141 - - [16/Dec/2025:10:30:59 -0500] "POST /ar/wp-cron.php?doing_wp_cron=1765899059.4541850090026855468750 HTTP/1.1" 200 - "-" "WordPress/6.9; https://emtiyz.com/ar"
74.7.227.62 - - [16/Dec/2025:10:30:58 -0500] "GET /ar/wp-content/plugins/elementor/modules/atomic-widgets/elements/atomic-button/%7B%7B%20settings.link.href%20%7D%7D HTTP/2.0" 301 - "-" "Mozilla/5.0 AppleWebKit/537.36 (KHTML, like Gecko; compatible; GPTBot/1.3; +https://openai.com/gptbot)"
74.7.227.62 - - [16/Dec/2025:10:30:59 -0500] "GET /ar/wp-content/plugins/elementor/modules/atomic-widgets/elements/atomic-button/%7B%7B%20settings.link.href HTTP/2.0" 404 110851 "-" "Mozilla/5.0 AppleWebKit/537.36 (KHTML, like Gecko; compatible; GPTBot/1.3; +https://openai.com/gptbot)"
74.7.227.62 - - [16/Dec/2025:10:31:00 -0500] "GET /ar/wp-content/plugins/elementor/assets/css/modules/ai/?C=M;O=A HTTP/2.0" 200 1518 "-" "Mozilla/5.0 AppleWebKit/537.36 (KHTML, like Gecko; compatible; GPTBot/1.3; +https://openai.com/gptbot)"
74.7.227.62 - - [16/Dec/2025:10:31:01 -0500] "GET /wp-content/plugins/pro-elements/modules/dynamic-tags/pods/?C=M;O=D HTTP/2.0" 200 1340 "-" "Mozilla/5.0 AppleWebKit/537.36 (KHTML, like Gecko; compatible; GPTBot/1.3; +https://openai.com/gptbot)"
74.7.227.62 - - [16/Dec/2025:10:31:01 -0500] "GET /ar/wp-content/plugins/elementor/assets/lib/font-awesome/css/?C=S;O=A HTTP/2.0" 200 3709 "-" "Mozilla/5.0 AppleWebKit/537.36 (KHTML, like Gecko; compatible; GPTBot/1.3; +https://openai.com/gptbot)"
74.7.227.62 - - [16/Dec/2025:10:31:02 -0500] "GET /ar/wp-content/plugins/elementor/assets/lib/font-awesome/css/?C=M;O=A HTTP/2.0" 200 3709 "-" "Mozilla/5.0 AppleWebKit/537.36 (KHTML, like Gecko; compatible; GPTBot/1.3; +https://openai.com/gptbot)"
74.7.227.62 - - [16/Dec/2025:10:31:02 -0500] "GET /ar/wp-content/plugins/elementor/assets/css/modules/ai/?C=N;O=D HTTP/2.0" 200 1518 "-" "Mozilla/5.0 AppleWebKit/537.36 (KHTML, like Gecko; compatible; GPTBot/1.3; +https://openai.com/gptbot)"
74.7.227.62 - - [16/Dec/2025:10:31:03 -0500] "GET /ar/wp-content/plugins/elementor/assets/lib/font-awesome/css/?C=D;O=A HTTP/2.0" 200 3709 "-" "Mozilla/5.0 AppleWebKit/537.36 (KHTML, like Gecko; compatible; GPTBot/1.3; +https://openai.com/gptbot)"
74.7.227.62 - - [16/Dec/2025:10:31:03 -0500] "GET /ar/wp-content/plugins/elementor/assets/css/modules/ai/?C=D;O=A HTTP/2.0" 200 1518 "-" "Mozilla/5.0 AppleWebKit/537.36 (KHTML, like Gecko; compatible; GPTBot/1.3; +https://openai.com/gptbot)"
74.7.227.62 - - [16/Dec/2025:10:31:04 -0500] "GET /ar/wp-content/plugins/elementor/assets/lib/font-awesome/css/?C=N;O=D HTTP/2.0" 200 3709 "-" "Mozilla/5.0 AppleWebKit/537.36 (KHTML, like Gecko; compatible; GPTBot/1.3; +https://openai.com/gptbot)"
74.7.227.62 - - [16/Dec/2025:10:31:04 -0500] "GET /wp-content/plugins/pro-elements/modules/dynamic-tags/acf/tags/acf-text.php HTTP/2.0" 200 - "-" "Mozilla/5.0 AppleWebKit/537.36 (KHTML, like Gecko; compatible; GPTBot/1.3; +https://openai.com/gptbot)"
74.7.227.62 - - [16/Dec/2025:10:31:05 -0500] "GET /wp-content/plugins/pro-elements/modules/dynamic-tags/acf/tags/acf-url.php HTTP/2.0" 200 - "-" "Mozilla/5.0 AppleWebKit/537.36 (KHTML, like Gecko; compatible; GPTBot/1.3; +https://openai.com/gptbot)"
74.7.227.62 - - [16/Dec/2025:10:31:05 -0500] "GET /wp-content/plugins/pro-elements/modules/dynamic-tags/acf/tags/acf-gallery.php HTTP/2.0" 200 - "-" "Mozilla/5.0 AppleWebKit/537.36 (KHTML, like Gecko; compatible; GPTBot/1.3; +https://openai.com/gptbot)"
74.7.227.62 - - [16/Dec/2025:10:31:06 -0500] "GET /wp-content/plugins/pro-elements/modules/dynamic-tags/acf/tags/acf-date-time.php HTTP/2.0" 200 - "-" "Mozilla/5.0 AppleWebKit/537.36 (KHTML, like Gecko; compatible; GPTBot/1.3; +https://openai.com/gptbot)"
74.7.227.62 - - [16/Dec/2025:10:31:06 -0500] "GET /wp-content/plugins/pro-elements/modules/dynamic-tags/acf/tags/acf-number.php HTTP/2.0" 200 - "-" "Mozilla/5.0 AppleWebKit/537.36 (KHTML, like Gecko; compatible; GPTBot/1.3; +https://openai.com/gptbot)"
74.7.227.62 - - [16/Dec/2025:10:31:07 -0500] "GET /wp-content/plugins/pro-elements/modules/dynamic-tags/acf/tags/?C=M;O=A HTTP/2.0" 200 2255 "-" "Mozilla/5.0 AppleWebKit/537.36 (KHTML, like Gecko; compatible; GPTBot/1.3; +https://openai.com/gptbot)"
74.7.227.62 - - [16/Dec/2025:10:31:08 -0500] "GET /wp-content/plugins/pro-elements/modules/dynamic-tags/acf/tags/?C=D;O=A HTTP/2.0" 200 2255 "-" "Mozilla/5.0 AppleWebKit/537.36 (KHTML, like Gecko; compatible; GPTBot/1.3; +https://openai.com/gptbot)"
74.7.227.62 - - [16/Dec/2025:10:31:08 -0500] "GET /wp-content/plugins/pro-elements/modules/dynamic-tags/acf/tags/?C=N;O=D HTTP/2.0" 200 2255 "-" "Mozilla/5.0 AppleWebKit/537.36 (KHTML, like Gecko; compatible; GPTBot/1.3; +https://openai.com/gptbot)"
74.7.227.62 - - [16/Dec/2025:10:31:09 -0500] "GET /wp-content/plugins/pro-elements/modules/dynamic-tags/acf/tags/?C=S;O=A HTTP/2.0" 200 2255 "-" "Mozilla/5.0 AppleWebKit/537.36 (KHTML, like Gecko; compatible; GPTBot/1.3; +https://openai.com/gptbot)"
74.7.227.62 - - [16/Dec/2025:10:31:09 -0500] "GET /ar/wp-content/plugins/elementor/assets/css/modules/ai/?C=D;O=D HTTP/2.0" 200 1518 "-" "Mozilla/5.0 AppleWebKit/537.36 (KHTML, like Gecko; compatible; GPTBot/1.3; +https://openai.com/gptbot)"
74.7.227.62 - - [16/Dec/2025:10:31:10 -0500] "GET /wp-content/plugins/pro-elements/modules/dynamic-tags/acf/tags/acf-color.php HTTP/2.0" 200 - "-" "Mozilla/5.0 AppleWebKit/537.36 (KHTML, like Gecko; compatible; GPTBot/1.3; +https://openai.com/gptbot)"
74.7.227.62 - - [16/Dec/2025:10:31:10 -0500] "GET /wp-content/plugins/pro-elements/modules/dynamic-tags/acf/tags/acf-image.php HTTP/2.0" 200 - "-" "Mozilla/5.0 AppleWebKit/537.36 (KHTML, like Gecko; compatible; GPTBot/1.3; +https://openai.com/gptbot)"
74.7.227.62 - - [16/Dec/2025:10:31:11 -0500] "GET /wp-content/plugins/pro-elements/modules/dynamic-tags/acf/tags/acf-file.php HTTP/2.0" 200 - "-" "Mozilla/5.0 AppleWebKit/537.36 (KHTML, like Gecko; compatible; GPTBot/1.3; +https://openai.com/gptbot)"
74.7.227.62 - - [16/Dec/2025:10:31:11 -0500] "GET /ar/wp-content/plugins/elementor/assets/lib/font-awesome/css/?C=S;O=D HTTP/2.0" 200 3709 "-" "Mozilla/5.0 AppleWebKit/537.36 (KHTML, like Gecko; compatible; GPTBot/1.3; +https://openai.com/gptbot)"
74.7.227.62 - - [16/Dec/2025:10:31:12 -0500] "GET /ar/wp-content/plugins/elementor/assets/css/modules/ai/?C=N;O=A HTTP/2.0" 200 1518 "-" "Mozilla/5.0 AppleWebKit/537.36 (KHTML, like Gecko; compatible; GPTBot/1.3; +https://openai.com/gptbot)"
74.7.227.62 - - [16/Dec/2025:10:31:12 -0500] "GET /ar/wp-content/plugins/elementor/assets/lib/font-awesome/css/?C=N;O=A HTTP/2.0" 200 3709 "-" "Mozilla/5.0 AppleWebKit/537.36 (KHTML, like Gecko; compatible; GPTBot/1.3; +https://openai.com/gptbot)"
74.7.227.62 - - [16/Dec/2025:10:31:13 -0500] "GET /wp-content/plugins/pro-elements/modules/dynamic-tags/acf/tags/?C=M;O=D HTTP/2.0" 200 2255 "-" "Mozilla/5.0 AppleWebKit/537.36 (KHTML, like Gecko; compatible; GPTBot/1.3; +https://openai.com/gptbot)"
74.7.227.62 - - [16/Dec/2025:10:31:13 -0500] "GET /wp-content/plugins/pro-elements/modules/dynamic-tags/acf/tags/?C=N;O=A HTTP/2.0" 200 2255 "-" "Mozilla/5.0 AppleWebKit/537.36 (KHTML, like Gecko; compatible; GPTBot/1.3; +https://openai.com/gptbot)"
74.7.227.62 - - [16/Dec/2025:10:31:14 -0500] "GET /wp-content/plugins/pro-elements/modules/dynamic-tags/acf/tags/?C=D;O=D HTTP/2.0" 200 2255 "-" "Mozilla/5.0 AppleWebKit/537.36 (KHTML, like Gecko; compatible; GPTBot/1.3; +https://openai.com/gptbot)"
74.7.227.62 - - [16/Dec/2025:10:31:14 -0500] "GET /wp-content/plugins/pro-elements/modules/dynamic-tags/acf/tags/?C=S;O=D HTTP/2.0" 200 2255 "-" "Mozilla/5.0 AppleWebKit/537.36 (KHTML, like Gecko; compatible; GPTBot/1.3; +https://openai.com/gptbot)"
74.7.227.62 - - [16/Dec/2025:10:31:15 -0500] "GET /ar/wp-content/plugins/elementor/assets/lib/font-awesome/css/?C=M;O=D HTTP/2.0" 200 3709 "-" "Mozilla/5.0 AppleWebKit/537.36 (KHTML, like Gecko; compatible; GPTBot/1.3; +https://openai.com/gptbot)"
74.7.227.62 - - [16/Dec/2025:10:31:15 -0500] "GET /ar/wp-content/plugins/elementor/assets/lib/font-awesome/css/?C=D;O=D HTTP/2.0" 200 3709 "-" "Mozilla/5.0 AppleWebKit/537.36 (KHTML, like Gecko; compatible; GPTBot/1.3; +https://openai.com/gptbot)"
74.7.227.62 - - [16/Dec/2025:10:31:16 -0500] "GET /ar/wp-content/plugins/elementor/assets/css/modules/ai/?C=M;O=D HTTP/2.0" 200 1518 "-" "Mozilla/5.0 AppleWebKit/537.36 (KHTML, like Gecko; compatible; GPTBot/1.3; +https://openai.com/gptbot)"
74.7.227.62 - - [16/Dec/2025:10:31:16 -0500] "GET /ar/wp-content/plugins/elementor/assets/css/modules/ai/?C=S;O=A HTTP/2.0" 200 1518 "-" "Mozilla/5.0 AppleWebKit/537.36 (KHTML, like Gecko; compatible; GPTBot/1.3; +https://openai.com/gptbot)"
74.7.227.62 - - [16/Dec/2025:10:31:17 -0500] "GET /ar/wp-content/plugins/elementor/assets/lib/animations/styles/e-animation-wobble-to-top-right.css HTTP/2.0" 200 637 "-" "Mozilla/5.0 AppleWebKit/537.36 (KHTML, like Gecko; compatible; GPTBot/1.3; +https://openai.com/gptbot)"
74.7.227.62 - - [16/Dec/2025:10:31:17 -0500] "GET /ar/wp-content/plugins/elementor/assets/lib/animations/styles/e-animation-wobble-to-top-right.min.css HTTP/2.0" 200 550 "-" "Mozilla/5.0 AppleWebKit/537.36 (KHTML, like Gecko; compatible; GPTBot/1.3; +https://openai.com/gptbot)"
74.7.227.62 - - [16/Dec/2025:10:31:18 -0500] "GET /ar/wp-content/plugins/elementor/core/isolation/wordpress-adapter.php HTTP/2.0" 500 - "-" "Mozilla/5.0 AppleWebKit/537.36 (KHTML, like Gecko; compatible; GPTBot/1.3; +https://openai.com/gptbot)"
74.7.227.62 - - [16/Dec/2025:10:31:19 -0500] "GET /wp-content/plugins/elementor/assets/js/packages/schema/schema.js.LICENSE.txt HTTP/2.0" 200 2739 "-" "Mozilla/5.0 AppleWebKit/537.36 (KHTML, like Gecko; compatible; GPTBot/1.3; +https://openai.com/gptbot)"
74.7.227.62 - - [16/Dec/2025:10:31:20 -0500] "GET /wp-content/plugins/pro-elements/vendor_prefixed/php-di/invoker/src/Reflection/CallableReflection.php HTTP/2.0" 200 - "-" "Mozilla/5.0 AppleWebKit/537.36 (KHTML, like Gecko; compatible; GPTBot/1.3; +https://openai.com/gptbot)"
74.7.227.62 - - [16/Dec/2025:10:31:21 -0500] "GET /wp-content/plugins/elementor/core/admin/menu/ HTTP/2.0" 200 1678 "-" "Mozilla/5.0 AppleWebKit/537.36 (KHTML, like Gecko; compatible; GPTBot/1.3; +https://openai.com/gptbot)"
74.7.227.62 - - [16/Dec/2025:10:31:23 -0500] "GET /ar/wp-content/plugins/pro-elements/modules/dynamic-tags/tags/user-profile-picture.php HTTP/2.0" 200 - "-" "Mozilla/5.0 AppleWebKit/537.36 (KHTML, like Gecko; compatible; GPTBot/1.3; +https://openai.com/gptbot)"
74.7.227.62 - - [16/Dec/2025:10:31:24 -0500] "GET /wp-content/plugins/elementor/assets/lib/flatpickr/flatpickr.css HTTP/2.0" 200 18074 "-" "Mozilla/5.0 AppleWebKit/537.36 (KHTML, like Gecko; compatible; GPTBot/1.3; +https://openai.com/gptbot)"
74.7.227.62 - - [16/Dec/2025:10:31:25 -0500] "GET /ar/wp-content/plugins/elementor/includes/libraries/wp-background-process/wp-async-request.php HTTP/2.0" 200 - "-" "Mozilla/5.0 AppleWebKit/537.36 (KHTML, like Gecko; compatible; GPTBot/1.3; +https://openai.com/gptbot)"
74.7.227.62 - - [16/Dec/2025:10:31:26 -0500] "GET /ar/wp-content/plugins/elementor/assets/css/modules/container-converter/editor.css HTTP/2.0" 200 505 "-" "Mozilla/5.0 AppleWebKit/537.36 (KHTML, like Gecko; compatible; GPTBot/1.3; +https://openai.com/gptbot)"
74.7.227.62 - - [16/Dec/2025:10:31:27 -0500] "GET /ar/wp-content/plugins/elementor/assets/css/modules/ai/?C=S;O=D HTTP/2.0" 200 1518 "-" "Mozilla/5.0 AppleWebKit/537.36 (KHTML, like Gecko; compatible; GPTBot/1.3; +https://openai.com/gptbot)"
74.7.227.62 - - [16/Dec/2025:10:31:27 -0500] "GET /ar/wp-content/plugins/pro-elements/modules/notes/database/query/note-query-builder.php HTTP/2.0" 200 - "-" "Mozilla/5.0 AppleWebKit/537.36 (KHTML, like Gecko; compatible; GPTBot/1.3; +https://openai.com/gptbot)"
74.7.227.62 - - [16/Dec/2025:10:31:28 -0500] "GET /ar/wp-content/plugins/pro-elements/modules/display-conditions/conditions/archive-of-category-condition.php HTTP/2.0" 200 - "-" "Mozilla/5.0 AppleWebKit/537.36 (KHTML, like Gecko; compatible; GPTBot/1.3; +https://openai.com/gptbot)"
74.7.227.62 - - [16/Dec/2025:10:31:29 -0500] "GET /wp-content/plugins/elementor/modules/compatibility-tag/views/?C=S;O=A HTTP/2.0" 200 1010 "-" "Mozilla/5.0 AppleWebKit/537.36 (KHTML, like Gecko; compatible; GPTBot/1.3; +https://openai.com/gptbot)"
74.7.227.62 - - [16/Dec/2025:10:31:29 -0500] "GET /wp-content/plugins/elementor/modules/compatibility-tag/views/?C=N;O=D HTTP/2.0" 200 1010 "-" "Mozilla/5.0 AppleWebKit/537.36 (KHTML, like Gecko; compatible; GPTBot/1.3; +https://openai.com/gptbot)"
74.7.227.62 - - [16/Dec/2025:10:31:30 -0500] "GET /wp-content/plugins/elementor/modules/compatibility-tag/views/?C=D;O=A HTTP/2.0" 200 1010 "-" "Mozilla/5.0 AppleWebKit/537.36 (KHTML, like Gecko; compatible; GPTBot/1.3; +https://openai.com/gptbot)"
74.7.227.62 - - [16/Dec/2025:10:31:30 -0500] "GET /wp-content/plugins/elementor/core/admin/menu/base.php HTTP/2.0" 200 - "-" "Mozilla/5.0 AppleWebKit/537.36 (KHTML, like Gecko; compatible; GPTBot/1.3; +https://openai.com/gptbot)"
